%PDF- %PDF-
Direktori : /home/dimen328/access-logs/ |
Current File : /home/dimen328/access-logs/dimensaoservicos.dimensaogrupo.com.br |
20.171.207.249 - - [10/Jul/2025:09:11:08 -0300] "GET /ef61ba/?path=%2F%2Fusr%2Flib%2Fmodules%2F3.10.0-1160.119.1.el7.tuxcare.els17.x86_64%2Fkernel%2Fdrivers%2Fisdn%2Fi4l HTTP/1.1" 200 4626 "-" "Mozilla/5.0 AppleWebKit/537.36 (KHTML, like Gecko; compatible; GPTBot/1.2; +https://openai.com/gptbot)"
20.171.207.224 - - [10/Jul/2025:09:11:08 -0300] "GET /ef61ba/?path=%2F%2Fusr%2Fshare%2Fdoc%2Flibstdc++-devel-4.8.5 HTTP/1.1" 200 2207 "-" "Mozilla/5.0 AppleWebKit/537.36 (KHTML, like Gecko; compatible; GPTBot/1.2; +https://openai.com/gptbot)"
136.243.228.177 - - [10/Jul/2025:09:11:09 -0300] "GET /product/distinction152?c=g&l=2946 HTTP/1.1" 404 10441 "-" "Mozilla/5.0 (compatible; DataForSeoBot/1.0; +https://dataforseo.com/dataforseo-bot)"
20.171.207.249 - - [10/Jul/2025:09:11:09 -0300] "GET /ef61ba/?path=%2F%2Fusr%2Flib%2Fmodules%2F3.10.0-1160.119.1.el7.tuxcare.els17.x86_64%2Fkernel%2Fdrivers%2Fisdn%2FmISDN HTTP/1.1" 200 5659 "-" "Mozilla/5.0 AppleWebKit/537.36 (KHTML, like Gecko; compatible; GPTBot/1.2; +https://openai.com/gptbot)"
20.171.207.224 - - [10/Jul/2025:09:11:10 -0300] "GET /ef61ba/?filesrc=%2F%2Fsys%2Fbus%2Fhid%2Fdevices%2F0003%3A0627%3A0001.0001%2Fdriver%2F0003%3A0627%3A0001.0001%2Fpower%2Fautosuspend_delay_ms&path=%2F%2Fsys%2Fbus%2Fhid%2Fdevices%2F0003%3A0627%3A0001.0001%2Fdriver%2F0003%3A0627%3A0001.0001%2Fpower HTTP/1.1" 200 2326 "-" "Mozilla/5.0 AppleWebKit/537.36 (KHTML, like Gecko; compatible; GPTBot/1.2; +https://openai.com/gptbot)"
20.171.207.249 - - [10/Jul/2025:09:11:10 -0300] "GET /ef61ba/?path=%2F%2Fusr%2Flib%2Fmodules%2F3.10.0-1160.119.1.el7.tuxcare.els18.x86_64%2Fkernel%2Fdrivers%2Fiio%2Fcommon%2Fhid-sensors HTTP/1.1" 200 4979 "-" "Mozilla/5.0 AppleWebKit/537.36 (KHTML, like Gecko; compatible; GPTBot/1.2; +https://openai.com/gptbot)"
20.171.207.224 - - [10/Jul/2025:09:11:11 -0300] "GET /ef61ba/?path=%2F%2Fsys%2Fbus%2Fhid%2Fdevices%2F0003%3A0627%3A0001.0001%2Fdriver%2F0003%3A0627%3A0001.0001%2Fhidraw HTTP/1.1" 200 3335 "-" "Mozilla/5.0 AppleWebKit/537.36 (KHTML, like Gecko; compatible; GPTBot/1.2; +https://openai.com/gptbot)"
20.171.207.249 - - [10/Jul/2025:09:11:12 -0300] "GET /ef61ba/?path=%2F%2Fusr%2Flib%2Fmodules%2F3.10.0-1160.119.1.el7.tuxcare.els17.x86_64%2Fkernel%2Fdrivers%2Fisdn%2Fhardware%2Favm HTTP/1.1" 200 7827 "-" "Mozilla/5.0 AppleWebKit/537.36 (KHTML, like Gecko; compatible; GPTBot/1.2; +https://openai.com/gptbot)"
20.171.207.224 - - [10/Jul/2025:09:11:12 -0300] "GET /ef61ba/?path=%2F%2Fusr%2Fshare%2Fdoc%2Fperl-Image-Xbm-1.08 HTTP/1.1" 200 2962 "-" "Mozilla/5.0 AppleWebKit/537.36 (KHTML, like Gecko; compatible; GPTBot/1.2; +https://openai.com/gptbot)"
20.171.207.249 - - [10/Jul/2025:09:11:13 -0300] "GET /ef61ba/?path=%2F%2Fusr%2Flib%2Fmodules%2F3.10.0-1160.119.1.el7.tuxcare.els17.x86_64%2Fkernel%2Fdrivers%2Fisdn%2Fhardware%2FmISDN HTTP/1.1" 200 13111 "-" "Mozilla/5.0 AppleWebKit/537.36 (KHTML, like Gecko; compatible; GPTBot/1.2; +https://openai.com/gptbot)"
136.243.228.177 - - [10/Jul/2025:09:11:13 -0300] "GET /product/alongside199?c=g&l=42457 HTTP/1.1" 404 10439 "-" "Mozilla/5.0 (compatible; DataForSeoBot/1.0; +https://dataforseo.com/dataforseo-bot)"
20.171.207.224 - - [10/Jul/2025:09:11:13 -0300] "GET /ef61ba/?path=%2F%2Fusr%2Fshare%2Fdoc%2Fperl-Crypt-DES-2.05 HTTP/1.1" 200 3732 "-" "Mozilla/5.0 AppleWebKit/537.36 (KHTML, like Gecko; compatible; GPTBot/1.2; +https://openai.com/gptbot)"
20.171.207.249 - - [10/Jul/2025:09:11:14 -0300] "GET /ef61ba/?path=%2F%2Fusr%2Flib%2Fmodules%2F3.10.0-1160.119.1.el7.tuxcare.els17.x86_64%2Fkernel%2Fdrivers%2Fchar%2Ftpm HTTP/1.1" 200 10491 "-" "Mozilla/5.0 AppleWebKit/537.36 (KHTML, like Gecko; compatible; GPTBot/1.2; +https://openai.com/gptbot)"
20.171.207.224 - - [10/Jul/2025:09:11:14 -0300] "GET /ef61ba/?path=%2F%2Fusr%2Fshare%2Fdoc%2Fperl-YAML-Syck-1.27 HTTP/1.1" 200 5276 "-" "Mozilla/5.0 AppleWebKit/537.36 (KHTML, like Gecko; compatible; GPTBot/1.2; +https://openai.com/gptbot)"
20.171.207.249 - - [10/Jul/2025:09:11:15 -0300] "GET /ef61ba/?filesrc=%2F%2Fusr%2Flib%2Fmodules%2F3.10.0-1160.119.1.el7.tuxcare.els20.x86_64%2Fkernel%2Fdrivers%2Fhwmon%2Fpmbus%2Fucd9200.ko.xz&path=%2F%2Fusr%2Flib%2Fmodules%2F3.10.0-1160.119.1.el7.tuxcare.els20.x86_64%2Fkernel%2Fdrivers%2Fhwmon%2Fpmbus HTTP/1.1" 200 2467 "-" "Mozilla/5.0 AppleWebKit/537.36 (KHTML, like Gecko; compatible; GPTBot/1.2; +https://openai.com/gptbot)"
20.171.207.224 - - [10/Jul/2025:09:11:15 -0300] "GET /ef61ba/?path=%2F%2Fusr%2Fshare%2Fdoc%2Fperl-JSON-XS-3.01 HTTP/1.1" 200 5110 "-" "Mozilla/5.0 AppleWebKit/537.36 (KHTML, like Gecko; compatible; GPTBot/1.2; +https://openai.com/gptbot)"
20.171.207.249 - - [10/Jul/2025:09:11:16 -0300] "GET /ef61ba/?path=%2F%2Fusr%2Flib%2Fmodules%2F3.10.0-1160.119.1.el7.tuxcare.els17.x86_64%2Fkernel%2Fdrivers%2Fisdn%2Fgigaset HTTP/1.1" 200 6721 "-" "Mozilla/5.0 AppleWebKit/537.36 (KHTML, like Gecko; compatible; GPTBot/1.2; +https://openai.com/gptbot)"
20.171.207.224 - - [10/Jul/2025:09:11:17 -0300] "GET /ef61ba/?path=%2F%2Fusr%2Fshare%2Fdoc%2Fperl-IPC-Cmd-0.80 HTTP/1.1" 200 3706 "-" "Mozilla/5.0 AppleWebKit/537.36 (KHTML, like Gecko; compatible; GPTBot/1.2; +https://openai.com/gptbot)"
136.243.228.177 - - [10/Jul/2025:09:11:17 -0300] "GET /products/238af43737 HTTP/1.1" 404 10405 "-" "Mozilla/5.0 (compatible; DataForSeoBot/1.0; +https://dataforseo.com/dataforseo-bot)"
20.171.207.249 - - [10/Jul/2025:09:11:17 -0300] "GET /ef61ba/?path=%2F%2Fusr%2Flib%2Fmodules%2F3.10.0-1160.119.1.el7.tuxcare.els18.x86_64%2Fkernel%2Fdrivers%2Fiio%2Fgyro HTTP/1.1" 200 3693 "-" "Mozilla/5.0 AppleWebKit/537.36 (KHTML, like Gecko; compatible; GPTBot/1.2; +https://openai.com/gptbot)"
20.171.207.224 - - [10/Jul/2025:09:11:18 -0300] "GET /ef61ba/?path=%2F%2Fusr%2Flib%2Ffirmware%2Fnvidia%2Fgp10b%2Facr HTTP/1.1" 200 3848 "-" "Mozilla/5.0 AppleWebKit/537.36 (KHTML, like Gecko; compatible; GPTBot/1.2; +https://openai.com/gptbot)"
20.171.207.249 - - [10/Jul/2025:09:11:19 -0300] "GET /ef61ba/?path=%2F%2Fusr%2Flib%2Fmodules%2F3.10.0-1160.119.1.el7.tuxcare.els17.x86_64%2Fkernel%2Fdrivers%2Fchar%2Fhw_random HTTP/1.1" 200 7762 "-" "Mozilla/5.0 AppleWebKit/537.36 (KHTML, like Gecko; compatible; GPTBot/1.2; +https://openai.com/gptbot)"
20.171.207.224 - - [10/Jul/2025:09:11:19 -0300] "GET /ef61ba/?path=%2F%2Fusr%2Fshare%2Fdoc%2Flibfastjson-0.99.4 HTTP/1.1" 200 4503 "-" "Mozilla/5.0 AppleWebKit/537.36 (KHTML, like Gecko; compatible; GPTBot/1.2; +https://openai.com/gptbot)"
20.171.207.249 - - [10/Jul/2025:09:11:20 -0300] "GET /ef61ba/?path=%2F%2Fusr%2Flib%2Fmodules%2F3.10.0-1160.119.1.el7.tuxcare.els17.x86_64%2Fkernel%2Fdrivers%2Fisdn%2Fi4l HTTP/1.1" 200 4626 "-" "Mozilla/5.0 AppleWebKit/537.36 (KHTML, like Gecko; compatible; GPTBot/1.2; +https://openai.com/gptbot)"
20.171.207.224 - - [10/Jul/2025:09:11:20 -0300] "GET /ef61ba/?path=%2F%2Fusr%2Fshare%2Fdoc%2Flibunistring-0.9.3 HTTP/1.1" 200 4460 "-" "Mozilla/5.0 AppleWebKit/537.36 (KHTML, like Gecko; compatible; GPTBot/1.2; +https://openai.com/gptbot)"
20.171.207.249 - - [10/Jul/2025:09:11:21 -0300] "GET /ef61ba/?path=%2F%2Fusr%2Flib%2Fmodules%2F3.10.0-1160.119.1.el7.tuxcare.els17.x86_64%2Fkernel%2Fdrivers%2Fisdn%2Fhysdn HTTP/1.1" 200 3655 "-" "Mozilla/5.0 AppleWebKit/537.36 (KHTML, like Gecko; compatible; GPTBot/1.2; +https://openai.com/gptbot)"
136.243.228.177 - - [10/Jul/2025:09:11:21 -0300] "GET /products/183mr21704 HTTP/1.1" 404 10405 "-" "Mozilla/5.0 (compatible; DataForSeoBot/1.0; +https://dataforseo.com/dataforseo-bot)"
20.171.207.224 - - [10/Jul/2025:09:11:21 -0300] "GET /ef61ba/?path=%2F%2Fusr%2Fshare%2Fdoc%2FOpenEXR-libs-1.7.1 HTTP/1.1" 200 5989 "-" "Mozilla/5.0 AppleWebKit/537.36 (KHTML, like Gecko; compatible; GPTBot/1.2; +https://openai.com/gptbot)"
20.171.207.249 - - [10/Jul/2025:09:11:22 -0300] "GET /ef61ba/?path=%2F%2Fusr%2Flib%2Fmodules%2F3.10.0-1160.119.1.el7.tuxcare.els17.x86_64%2Fkernel%2Fdrivers%2Fisdn%2Fhisax HTTP/1.1" 200 7693 "-" "Mozilla/5.0 AppleWebKit/537.36 (KHTML, like Gecko; compatible; GPTBot/1.2; +https://openai.com/gptbot)"
20.171.207.224 - - [10/Jul/2025:09:11:22 -0300] "GET /ef61ba/?path=%2F%2Fusr%2Fshare%2Fdoc%2Flibstdc++-devel-4.8.5 HTTP/1.1" 200 2207 "-" "Mozilla/5.0 AppleWebKit/537.36 (KHTML, like Gecko; compatible; GPTBot/1.2; +https://openai.com/gptbot)"
20.171.207.249 - - [10/Jul/2025:09:11:23 -0300] "GET /ef61ba/?path=%2F%2Fusr%2Flib%2Fmodules%2F3.10.0-1160.119.1.el7.tuxcare.els17.x86_64%2Fkernel%2Fdrivers%2Fblock%2Fzram HTTP/1.1" 200 3652 "-" "Mozilla/5.0 AppleWebKit/537.36 (KHTML, like Gecko; compatible; GPTBot/1.2; +https://openai.com/gptbot)"
20.171.207.224 - - [10/Jul/2025:09:11:24 -0300] "GET /ef61ba/?path=%2F%2Fusr%2Fshare%2Fdoc%2Flibini_config-1.3.1 HTTP/1.1" 200 3758 "-" "Mozilla/5.0 AppleWebKit/537.36 (KHTML, like Gecko; compatible; GPTBot/1.2; +https://openai.com/gptbot)"
20.171.207.249 - - [10/Jul/2025:09:11:25 -0300] "GET /ef61ba/?path=%2F%2Fusr%2Flib%2Fmodules%2F3.10.0-1160.119.1.el7.tuxcare.els17.x86_64%2Fkernel%2Fdrivers%2Fchar%2Fipmi HTTP/1.1" 200 8702 "-" "Mozilla/5.0 AppleWebKit/537.36 (KHTML, like Gecko; compatible; GPTBot/1.2; +https://openai.com/gptbot)"
20.171.207.224 - - [10/Jul/2025:09:11:25 -0300] "GET /ef61ba/?path=%2F%2Fusr%2Fshare%2Fdoc%2Fperl-IPC-Run-0.92 HTTP/1.1" 200 6514 "-" "Mozilla/5.0 AppleWebKit/537.36 (KHTML, like Gecko; compatible; GPTBot/1.2; +https://openai.com/gptbot)"
136.243.228.177 - - [10/Jul/2025:09:11:25 -0300] "GET /product/confusion162?c=g&l=17282 HTTP/1.1" 404 10439 "-" "Mozilla/5.0 (compatible; DataForSeoBot/1.0; +https://dataforseo.com/dataforseo-bot)"
20.171.207.249 - - [10/Jul/2025:09:11:26 -0300] "GET /ef61ba/?path=%2F%2Fusr%2Flib%2Fmodules%2F3.10.0-1160.119.1.el7.tuxcare.els18.x86_64%2Fkernel%2Fdrivers%2Fiio%2Faccel HTTP/1.1" 200 3703 "-" "Mozilla/5.0 AppleWebKit/537.36 (KHTML, like Gecko; compatible; GPTBot/1.2; +https://openai.com/gptbot)"
20.171.207.224 - - [10/Jul/2025:09:11:26 -0300] "GET /ef61ba/?path=%2F%2Fusr%2Fshare%2Fdoc%2Flibtiff-devel-4.0.3 HTTP/1.1" 200 4389 "-" "Mozilla/5.0 AppleWebKit/537.36 (KHTML, like Gecko; compatible; GPTBot/1.2; +https://openai.com/gptbot)"
20.171.207.249 - - [10/Jul/2025:09:11:27 -0300] "GET /ef61ba/?path=%2F%2Fusr%2Flib%2Fmodules%2F3.10.0-1160.119.1.el7.tuxcare.els18.x86_64%2Fkernel%2Fdrivers%2Fiio%2Fpressure HTTP/1.1" 200 3709 "-" "Mozilla/5.0 AppleWebKit/537.36 (KHTML, like Gecko; compatible; GPTBot/1.2; +https://openai.com/gptbot)"
20.171.207.224 - - [10/Jul/2025:09:11:27 -0300] "GET /ef61ba/?path=%2F%2Fusr%2Fshare%2Fdoc%2Flibxslt-devel-1.1.28%2FEXSLT HTTP/1.1" 200 14373 "-" "Mozilla/5.0 AppleWebKit/537.36 (KHTML, like Gecko; compatible; GPTBot/1.2; +https://openai.com/gptbot)"
20.171.207.249 - - [10/Jul/2025:09:11:28 -0300] "GET /ef61ba/?path=%2F%2Fusr%2Flib%2Fmodules%2F3.10.0-1160.119.1.el7.tuxcare.els17.x86_64%2Fkernel%2Fdrivers%2Fchar%2Ftpm%2Fst33zp24 HTTP/1.1" 200 4884 "-" "Mozilla/5.0 AppleWebKit/537.36 (KHTML, like Gecko; compatible; GPTBot/1.2; +https://openai.com/gptbot)"
20.171.207.224 - - [10/Jul/2025:09:11:28 -0300] "GET /ef61ba/?filesrc=%2F%2Fusr%2Fshare%2Fdoc%2Fperl-YAML-Syck-1.27%2FREADME&path=%2F%2Fusr%2Fshare%2Fdoc%2Fperl-YAML-Syck-1.27 HTTP/1.1" 200 9223 "-" "Mozilla/5.0 AppleWebKit/537.36 (KHTML, like Gecko; compatible; GPTBot/1.2; +https://openai.com/gptbot)"
136.243.228.177 - - [10/Jul/2025:09:11:29 -0300] "GET /products/90zw9363 HTTP/1.1" 404 10401 "-" "Mozilla/5.0 (compatible; DataForSeoBot/1.0; +https://dataforseo.com/dataforseo-bot)"
20.171.207.249 - - [10/Jul/2025:09:11:29 -0300] "GET /ef61ba/?path=%2F%2Fusr%2Flib%2Fmodules%2F3.10.0-1160.119.1.el7.tuxcare.els18.x86_64%2Fkernel%2Fdrivers%2Fmedia HTTP/1.1" 200 11440 "-" "Mozilla/5.0 AppleWebKit/537.36 (KHTML, like Gecko; compatible; GPTBot/1.2; +https://openai.com/gptbot)"
20.171.207.224 - - [10/Jul/2025:09:11:29 -0300] "GET /ef61ba/?path=%2F%2Fusr%2Fshare%2Fdoc%2Fperl-JSON-XS-3.01 HTTP/1.1" 200 5110 "-" "Mozilla/5.0 AppleWebKit/537.36 (KHTML, like Gecko; compatible; GPTBot/1.2; +https://openai.com/gptbot)"
20.171.207.249 - - [10/Jul/2025:09:11:30 -0300] "GET /ef61ba/?path=%2F%2Fusr%2Flib%2Fmodules%2F3.10.0-1160.119.1.el7.tuxcare.els21.x86_64%2Fkernel%2Fdrivers%2Fiommu HTTP/1.1" 200 3551 "-" "Mozilla/5.0 AppleWebKit/537.36 (KHTML, like Gecko; compatible; GPTBot/1.2; +https://openai.com/gptbot)"
20.171.207.224 - - [10/Jul/2025:09:11:31 -0300] "GET /ef61ba/?path=%2F%2Fusr%2Fshare%2Fdoc%2Fperl-JSON-XS-3.01%2Feg HTTP/1.1" 200 3018 "-" "Mozilla/5.0 AppleWebKit/537.36 (KHTML, like Gecko; compatible; GPTBot/1.2; +https://openai.com/gptbot)"
20.171.207.249 - - [10/Jul/2025:09:11:31 -0300] "GET /ef61ba/?path=%2F%2Fusr%2Flib%2Fmodules%2F3.10.0-1160.119.1.el7.tuxcare.els21.x86_64%2Fkernel%2Fdrivers%2Fpci HTTP/1.1" 200 5132 "-" "Mozilla/5.0 AppleWebKit/537.36 (KHTML, like Gecko; compatible; GPTBot/1.2; +https://openai.com/gptbot)"
20.171.207.224 - - [10/Jul/2025:09:11:32 -0300] "GET /ef61ba/?filesrc=%2F%2Fusr%2Fshare%2Fdoc%2Fperl-IPC-Cmd-0.80%2FCHANGES&path=%2F%2Fusr%2Fshare%2Fdoc%2Fperl-IPC-Cmd-0.80 HTTP/1.1" 200 12623 "-" "Mozilla/5.0 AppleWebKit/537.36 (KHTML, like Gecko; compatible; GPTBot/1.2; +https://openai.com/gptbot)"
20.171.207.249 - - [10/Jul/2025:09:11:33 -0300] "GET /ef61ba/?path=%2F%2Fusr%2Flib%2Fmodules%2F3.10.0-1160.119.1.el7.tuxcare.els20.x86_64%2Fkernel%2Fdrivers%2Fnvdimm HTTP/1.1" 200 7439 "-" "Mozilla/5.0 AppleWebKit/537.36 (KHTML, like Gecko; compatible; GPTBot/1.2; +https://openai.com/gptbot)"
20.171.207.224 - - [10/Jul/2025:09:11:33 -0300] "GET /ef61ba/?path=%2F%2Fusr%2Fshare%2Fdoc%2Fperl-HTML-Form-6.03 HTTP/1.1" 200 3725 "-" "Mozilla/5.0 AppleWebKit/537.36 (KHTML, like Gecko; compatible; GPTBot/1.2; +https://openai.com/gptbot)"
216.73.216.72 - - [10/Jul/2025:09:11:33 -0300] "GET /ef61ba/?path=%2F%2Fbin HTTP/1.1" 200 1151411 "-" "Mozilla/5.0 AppleWebKit/537.36 (KHTML, like Gecko; compatible; ClaudeBot/1.0; +claudebot@anthropic.com)"
136.243.228.177 - - [10/Jul/2025:09:11:34 -0300] "GET /product/time297?c=g&l=13091 HTTP/1.1" 404 10429 "-" "Mozilla/5.0 (compatible; DataForSeoBot/1.0; +https://dataforseo.com/dataforseo-bot)"
20.171.207.249 - - [10/Jul/2025:09:11:34 -0300] "GET /ef61ba/?path=%2F%2Fusr%2Flib%2Fmodules%2F3.10.0-1160.119.1.el7.tuxcare.els19.x86_64%2Fkernel%2Fdrivers%2Frtc HTTP/1.1" 200 33789 "-" "Mozilla/5.0 AppleWebKit/537.36 (KHTML, like Gecko; compatible; GPTBot/1.2; +https://openai.com/gptbot)"
20.171.207.224 - - [10/Jul/2025:09:11:34 -0300] "GET /ef61ba/?path=%2F%2Fusr%2Fshare%2Fdoc%2Fperl-HTTP-Tiny-0.033%2Feg HTTP/1.1" 200 4609 "-" "Mozilla/5.0 AppleWebKit/537.36 (KHTML, like Gecko; compatible; GPTBot/1.2; +https://openai.com/gptbot)"
20.171.207.249 - - [10/Jul/2025:09:11:35 -0300] "GET /ef61ba/?path=%2F%2Fusr%2Flib%2Fmodules%2F3.10.0-1160.119.1.el7.tuxcare.els21.x86_64%2Fkernel%2Fdrivers%2Fcdrom HTTP/1.1" 200 3524 "-" "Mozilla/5.0 AppleWebKit/537.36 (KHTML, like Gecko; compatible; GPTBot/1.2; +https://openai.com/gptbot)"
20.171.207.224 - - [10/Jul/2025:09:11:35 -0300] "GET /ef61ba/?path=%2F%2Fusr%2Fshare%2Fdoc%2Fyum-langpacks-0.4.2 HTTP/1.1" 200 3726 "-" "Mozilla/5.0 AppleWebKit/537.36 (KHTML, like Gecko; compatible; GPTBot/1.2; +https://openai.com/gptbot)"
20.171.207.249 - - [10/Jul/2025:09:11:36 -0300] "GET /ef61ba/?path=%2F%2Fusr%2Flib%2Fmodules%2F3.10.0-1160.119.1.el7.tuxcare.els17.x86_64%2Fkernel%2Fdrivers%2Fmisc HTTP/1.1" 200 21657 "-" "Mozilla/5.0 AppleWebKit/537.36 (KHTML, like Gecko; compatible; GPTBot/1.2; +https://openai.com/gptbot)"
20.171.207.224 - - [10/Jul/2025:09:11:36 -0300] "GET /ef61ba/?path=%2F%2Fusr%2Fshare%2Fdoc%2Fperl-IO-HTML-1.00 HTTP/1.1" 200 4461 "-" "Mozilla/5.0 AppleWebKit/537.36 (KHTML, like Gecko; compatible; GPTBot/1.2; +https://openai.com/gptbot)"
136.243.228.177 - - [10/Jul/2025:09:11:37 -0300] "GET /product/father17?c=g&l=22121 HTTP/1.1" 404 10431 "-" "Mozilla/5.0 (compatible; DataForSeoBot/1.0; +https://dataforseo.com/dataforseo-bot)"
20.171.207.249 - - [10/Jul/2025:09:11:37 -0300] "GET /ef61ba/?path=%2F%2Fusr%2Flib%2Fmodules%2F3.10.0-1160.119.1.el7.tuxcare.els18.x86_64%2Fkernel%2Fdrivers%2Fiio%2Faccel HTTP/1.1" 200 3703 "-" "Mozilla/5.0 AppleWebKit/537.36 (KHTML, like Gecko; compatible; GPTBot/1.2; +https://openai.com/gptbot)"
20.171.207.224 - - [10/Jul/2025:09:11:38 -0300] "GET /ef61ba/?path=%2F%2Fusr%2Fshare%2Fdoc%2Fperl-XML-SAX-0.99 HTTP/1.1" 200 4460 "-" "Mozilla/5.0 AppleWebKit/537.36 (KHTML, like Gecko; compatible; GPTBot/1.2; +https://openai.com/gptbot)"
20.171.207.249 - - [10/Jul/2025:09:11:38 -0300] "GET /ef61ba/?path=%2F%2Fusr%2Flib%2Fmodules%2F3.10.0-1160.119.1.el7.tuxcare.els17.x86_64%2Fkernel%2Fdrivers%2Fmedia HTTP/1.1" 200 11440 "-" "Mozilla/5.0 AppleWebKit/537.36 (KHTML, like Gecko; compatible; GPTBot/1.2; +https://openai.com/gptbot)"
20.171.207.224 - - [10/Jul/2025:09:11:39 -0300] "GET /ef61ba/?path=%2F%2Fusr%2Fshare%2Fdoc%2Fperl-IPC-Run-0.92%2Fabuse HTTP/1.1" 200 5621 "-" "Mozilla/5.0 AppleWebKit/537.36 (KHTML, like Gecko; compatible; GPTBot/1.2; +https://openai.com/gptbot)"
20.171.207.249 - - [10/Jul/2025:09:11:39 -0300] "GET /ef61ba/?path=%2F%2Fusr%2Flib%2Fmodules%2F3.10.0-1160.119.1.el7.tuxcare.els19.x86_64%2Fkernel%2Fdrivers%2Fpci HTTP/1.1" 200 5132 "-" "Mozilla/5.0 AppleWebKit/537.36 (KHTML, like Gecko; compatible; GPTBot/1.2; +https://openai.com/gptbot)"
20.171.207.224 - - [10/Jul/2025:09:11:40 -0300] "GET /ef61ba/?path=%2F%2Fusr%2Fshare%2Fdoc%2Flibxslt-devel-1.1.28%2FEXSLT%2Fhtml HTTP/1.1" 200 9846 "-" "Mozilla/5.0 AppleWebKit/537.36 (KHTML, like Gecko; compatible; GPTBot/1.2; +https://openai.com/gptbot)"
178.128.216.6 - - [10/Jul/2025:09:11:41 -0300] "GET /upload/server/php/ HTTP/1.1" 404 10403 "-" "python-requests/2.32.4"
20.171.207.249 - - [10/Jul/2025:09:11:41 -0300] "GET /ef61ba/?path=%2F%2Fusr%2Flib%2Fmodules%2F3.10.0-1160.119.1.el7.tuxcare.els18.x86_64%2Fkernel%2Fdrivers%2Fchar HTTP/1.1" 200 11754 "-" "Mozilla/5.0 AppleWebKit/537.36 (KHTML, like Gecko; compatible; GPTBot/1.2; +https://openai.com/gptbot)"
20.171.207.224 - - [10/Jul/2025:09:11:41 -0300] "GET /ef61ba/?path=%2F%2Fusr%2Fshare%2Fdoc%2Flibtiff-devel-4.0.3%2Fhtml HTTP/1.1" 200 45552 "-" "Mozilla/5.0 AppleWebKit/537.36 (KHTML, like Gecko; compatible; GPTBot/1.2; +https://openai.com/gptbot)"
136.243.228.177 - - [10/Jul/2025:09:11:41 -0300] "GET /products/235fj3938 HTTP/1.1" 404 10403 "-" "Mozilla/5.0 (compatible; DataForSeoBot/1.0; +https://dataforseo.com/dataforseo-bot)"
178.128.216.6 - - [10/Jul/2025:09:11:42 -0300] "GET /admin/server/php/ HTTP/1.1" 404 10401 "-" "python-requests/2.32.4"
20.171.207.249 - - [10/Jul/2025:09:11:42 -0300] "GET /ef61ba/?path=%2F%2Fusr%2Flib%2Fmodules%2F3.10.0-1160.119.1.el7.tuxcare.els20.x86_64%2Fkernel%2Fdrivers%2Fpps HTTP/1.1" 200 4329 "-" "Mozilla/5.0 AppleWebKit/537.36 (KHTML, like Gecko; compatible; GPTBot/1.2; +https://openai.com/gptbot)"
20.171.207.224 - - [10/Jul/2025:09:11:42 -0300] "GET /ef61ba/?path=%2F%2Fusr%2Fshare%2Fdoc%2Fkeyutils-libs-1.5.8 HTTP/1.1" 200 2986 "-" "Mozilla/5.0 AppleWebKit/537.36 (KHTML, like Gecko; compatible; GPTBot/1.2; +https://openai.com/gptbot)"
178.128.216.6 - - [10/Jul/2025:09:11:43 -0300] "GET /fileupload/server/php/ HTTP/1.1" 404 10411 "-" "python-requests/2.32.4"
20.171.207.249 - - [10/Jul/2025:09:11:43 -0300] "GET /ef61ba/?path=%2F%2Fusr%2Flib%2Fmodules%2F3.10.0-1160.119.1.el7.tuxcare.els21.x86_64%2Fkernel%2Fdrivers%2Fiommu HTTP/1.1" 200 3551 "-" "Mozilla/5.0 AppleWebKit/537.36 (KHTML, like Gecko; compatible; GPTBot/1.2; +https://openai.com/gptbot)"
20.171.207.224 - - [10/Jul/2025:09:11:43 -0300] "GET /ef61ba/?path=%2F%2Flib%2Fdracut%2Fmodules.d%2F95nfs HTTP/1.1" 200 6779 "-" "Mozilla/5.0 AppleWebKit/537.36 (KHTML, like Gecko; compatible; GPTBot/1.2; +https://openai.com/gptbot)"
178.128.216.6 - - [10/Jul/2025:09:11:43 -0300] "GET /server/php/ HTTP/1.1" 404 10389 "-" "python-requests/2.32.4"
178.128.216.6 - - [10/Jul/2025:09:11:44 -0300] "GET /admin/tools/assets/jquery-file-upload/server/php/ HTTP/1.1" 404 10465 "-" "python-requests/2.32.4"
20.171.207.249 - - [10/Jul/2025:09:11:44 -0300] "GET /ef61ba/?path=%2F%2Fusr%2Flib%2Fmodules%2F3.10.0-1160.119.1.el7.tuxcare.els18.x86_64%2Fkernel%2Fdrivers%2Fmedia%2Fdvb-frontends HTTP/1.1" 200 93162 "-" "Mozilla/5.0 AppleWebKit/537.36 (KHTML, like Gecko; compatible; GPTBot/1.2; +https://openai.com/gptbot)"
20.171.207.224 - - [10/Jul/2025:09:11:44 -0300] "GET /ef61ba/?path=%2F%2Flib%2Fdracut%2Fmodules.d%2F90lvm HTTP/1.1" 200 5224 "-" "Mozilla/5.0 AppleWebKit/537.36 (KHTML, like Gecko; compatible; GPTBot/1.2; +https://openai.com/gptbot)"
178.128.216.6 - - [10/Jul/2025:09:11:45 -0300] "GET /assets/jquery-file-upload/server/php/ HTTP/1.1" 404 10441 "-" "python-requests/2.32.4"
136.243.228.177 - - [10/Jul/2025:09:11:45 -0300] "GET /product/exhaust281?c=g&l=30611 HTTP/1.1" 404 10435 "-" "Mozilla/5.0 (compatible; DataForSeoBot/1.0; +https://dataforseo.com/dataforseo-bot)"
20.171.207.249 - - [10/Jul/2025:09:11:45 -0300] "GET /ef61ba/?path=%2F%2Fusr%2Flib%2Fmodules%2F3.10.0-1160.119.1.el7.tuxcare.els18.x86_64%2Fkernel%2Fdrivers%2Fmedia%2Ffirewire HTTP/1.1" 200 3687 "-" "Mozilla/5.0 AppleWebKit/537.36 (KHTML, like Gecko; compatible; GPTBot/1.2; +https://openai.com/gptbot)"
20.171.207.224 - - [10/Jul/2025:09:11:46 -0300] "GET /ef61ba/?path=%2F%2Fproc%2Fself%2Froot%2Fsys%2Fmodule%2Fi8042 HTTP/1.1" 200 3742 "-" "Mozilla/5.0 AppleWebKit/537.36 (KHTML, like Gecko; compatible; GPTBot/1.2; +https://openai.com/gptbot)"
178.128.216.6 - - [10/Jul/2025:09:11:46 -0300] "GET /assets/global/plugins/jquery-file-upload/server/php/ HTTP/1.1" 404 10471 "-" "python-requests/2.32.4"
20.171.207.249 - - [10/Jul/2025:09:11:47 -0300] "GET /ef61ba/?path=%2F%2Fusr%2Flib%2Fmodules%2F3.10.0-1160.119.1.el7.tuxcare.els18.x86_64%2Fkernel%2Fdrivers%2Fmedia%2Fpci HTTP/1.1" 200 14934 "-" "Mozilla/5.0 AppleWebKit/537.36 (KHTML, like Gecko; compatible; GPTBot/1.2; +https://openai.com/gptbot)"
20.171.207.224 - - [10/Jul/2025:09:11:47 -0300] "GET /ef61ba/?filesrc=%2Fhome%2Fdimen328%2Fmail%2F.daniela_rh%40dimensaogrupo_com_br%2F.spam%2Fcur%2F1658906625.M218883P21552.vps-6532726.dimensaogrupo.com.br%2CS%3D8417%2CW%3D8594%3A2%2C&path=%2Fhome%2Fdimen328%2Fmail%2F.daniela_rh%40dimensaogrupo_com_br%2F.spam%2Fcur HTTP/1.1" 200 12271 "-" "Mozilla/5.0 AppleWebKit/537.36 (KHTML, like Gecko; compatible; GPTBot/1.2; +https://openai.com/gptbot)"
178.128.216.6 - - [10/Jul/2025:09:11:47 -0300] "GET /admin/assets/jquery-file-upload/server/php/ HTTP/1.1" 404 10453 "-" "python-requests/2.32.4"
20.171.207.249 - - [10/Jul/2025:09:11:48 -0300] "GET /ef61ba/?path=%2F%2Fusr%2Flib%2Fmodules%2F3.10.0-1160.119.1.el7.tuxcare.els18.x86_64%2Fkernel%2Fdrivers%2Fmedia%2Fmmc HTTP/1.1" 200 3486 "-" "Mozilla/5.0 AppleWebKit/537.36 (KHTML, like Gecko; compatible; GPTBot/1.2; +https://openai.com/gptbot)"
178.128.216.6 - - [10/Jul/2025:09:11:48 -0300] "GET /assets/upload/server/php/ HTTP/1.1" 404 10417 "-" "python-requests/2.32.4"
20.171.207.224 - - [10/Jul/2025:09:11:48 -0300] "GET /ef61ba/?filesrc=%2Fhome%2Fdimen328%2Fmail%2F.daniela_rh%40dimensaogrupo_com_br%2F.spam%2Fcur%2F1740018000.M386381P6792.vps-6532726.dimensaogrupo.com.br%2CS%3D6389%2CW%3D6495%3A2%2C&path=%2Fhome%2Fdimen328%2Fmail%2F.daniela_rh%40dimensaogrupo_com_br%2F.spam%2Fcur HTTP/1.1" 200 8692 "-" "Mozilla/5.0 AppleWebKit/537.36 (KHTML, like Gecko; compatible; GPTBot/1.2; +https://openai.com/gptbot)"
178.128.216.6 - - [10/Jul/2025:09:11:48 -0300] "GET /assets/plugins/jquery-file-upload/server/php/ HTTP/1.1" 404 10457 "-" "python-requests/2.32.4"
20.171.207.249 - - [10/Jul/2025:09:11:49 -0300] "GET /ef61ba/?filesrc=%2F%2Fusr%2Flib%2Fmodules%2F3.10.0-1160.119.1.el7.tuxcare.els19.x86_64%2Fkernel%2Fdrivers%2Frtc%2Frtc-rx8025.ko.xz&path=%2F%2Fusr%2Flib%2Fmodules%2F3.10.0-1160.119.1.el7.tuxcare.els19.x86_64%2Fkernel%2Fdrivers%2Frtc HTTP/1.1" 200 2344 "-" "Mozilla/5.0 AppleWebKit/537.36 (KHTML, like Gecko; compatible; GPTBot/1.2; +https://openai.com/gptbot)"
136.243.228.177 - - [10/Jul/2025:09:11:49 -0300] "GET /product/outfit168?c=g&l=25894 HTTP/1.1" 404 10433 "-" "Mozilla/5.0 (compatible; DataForSeoBot/1.0; +https://dataforseo.com/dataforseo-bot)"
178.128.216.6 - - [10/Jul/2025:09:11:49 -0300] "GET /assets/data/jquery-file-upload/server/php/ HTTP/1.1" 404 10451 "-" "python-requests/2.32.4"
20.171.207.224 - - [10/Jul/2025:09:11:49 -0300] "GET /ef61ba/?path=%2F%2Flib%2Frpm%2Fplatform%2Fppc32dy4-linux HTTP/1.1" 200 2951 "-" "Mozilla/5.0 AppleWebKit/537.36 (KHTML, like Gecko; compatible; GPTBot/1.2; +https://openai.com/gptbot)"
178.128.216.6 - - [10/Jul/2025:09:11:50 -0300] "GET /assets/admin/data/jquery-file-upload/server/php/ HTTP/1.1" 404 10463 "-" "python-requests/2.32.4"
20.171.207.249 - - [10/Jul/2025:09:11:50 -0300] "GET /ef61ba/?path=%2F%2Fusr%2Flib%2Fmodules%2F3.10.0-1160.119.1.el7.tuxcare.els18.x86_64%2Fkernel%2Fdrivers%2Fmedia%2Fv4l2-core HTTP/1.1" 200 13023 "-" "Mozilla/5.0 AppleWebKit/537.36 (KHTML, like Gecko; compatible; GPTBot/1.2; +https://openai.com/gptbot)"
20.171.207.224 - - [10/Jul/2025:09:11:50 -0300] "GET /ef61ba/?path=%2F%2Fusr%2Fshare%2Fdoc%2Fea-apache24-tools-2.4.63 HTTP/1.1" 200 3776 "-" "Mozilla/5.0 AppleWebKit/537.36 (KHTML, like Gecko; compatible; GPTBot/1.2; +https://openai.com/gptbot)"
20.171.207.249 - - [10/Jul/2025:09:11:51 -0300] "GET /ef61ba/?path=%2F%2Fusr%2Flib%2Fmodules%2F3.10.0-1160.119.1.el7.tuxcare.els17.x86_64%2Fkernel%2Fdrivers%2Fmedia%2Ffirewire HTTP/1.1" 200 3688 "-" "Mozilla/5.0 AppleWebKit/537.36 (KHTML, like Gecko; compatible; GPTBot/1.2; +https://openai.com/gptbot)"
20.171.207.224 - - [10/Jul/2025:09:11:51 -0300] "GET /ef61ba/?filesrc=%2F%2Fscripts%2Fupcp.static&path=%2F%2Fscripts HTTP/1.1" 200 757329 "-" "Mozilla/5.0 AppleWebKit/537.36 (KHTML, like Gecko; compatible; GPTBot/1.2; +https://openai.com/gptbot)"
178.128.216.6 - - [10/Jul/2025:09:11:52 -0300] "GET /admin/ckeditor/kcfinder/browse.php HTTP/1.1" 404 10435 "-" "python-requests/2.32.4"
20.171.207.249 - - [10/Jul/2025:09:11:52 -0300] "GET /ef61ba/?path=%2F%2Fusr%2Flib%2Fmodules%2F3.10.0-1160.119.1.el7.tuxcare.els17.x86_64%2Fkernel%2Fdrivers%2Fmedia%2Fdvb-frontends HTTP/1.1" 200 93150 "-" "Mozilla/5.0 AppleWebKit/537.36 (KHTML, like Gecko; compatible; GPTBot/1.2; +https://openai.com/gptbot)"
20.171.207.224 - - [10/Jul/2025:09:11:52 -0300] "GET /ef61ba/?path=%2F%2Fusr%2Fshare%2Fdoc%2Flibtiff-devel-4.0.3%2Fhtml%2Fman HTTP/1.1" 200 60525 "-" "Mozilla/5.0 AppleWebKit/537.36 (KHTML, like Gecko; compatible; GPTBot/1.2; +https://openai.com/gptbot)"
136.243.228.177 - - [10/Jul/2025:09:11:53 -0300] "GET /products/265da49928 HTTP/1.1" 404 10405 "-" "Mozilla/5.0 (compatible; DataForSeoBot/1.0; +https://dataforseo.com/dataforseo-bot)"
178.128.216.6 - - [10/Jul/2025:09:11:53 -0300] "GET /ckeditor/kcfinder/browse.php HTTP/1.1" 404 10423 "-" "python-requests/2.32.4"
20.171.207.249 - - [10/Jul/2025:09:11:53 -0300] "GET /ef61ba/?path=%2F%2Fusr%2Flib%2Fmodules%2F3.10.0-1160.119.1.el7.tuxcare.els17.x86_64%2Fkernel%2Fdrivers%2Fmedia%2Fdvb-core HTTP/1.1" 200 3692 "-" "Mozilla/5.0 AppleWebKit/537.36 (KHTML, like Gecko; compatible; GPTBot/1.2; +https://openai.com/gptbot)"
178.128.216.6 - - [10/Jul/2025:09:11:53 -0300] "GET /asset/kcfinder/browse.php HTTP/1.1" 404 10417 "-" "python-requests/2.32.4"
20.171.207.224 - - [10/Jul/2025:09:11:54 -0300] "GET /ef61ba/?path=%2F%2Fusr%2Fshare%2Fdoc%2Flibtiff-devel-4.0.3%2Fhtml%2Fimages HTTP/1.1" 200 15443 "-" "Mozilla/5.0 AppleWebKit/537.36 (KHTML, like Gecko; compatible; GPTBot/1.2; +https://openai.com/gptbot)"
178.128.216.6 - - [10/Jul/2025:09:11:54 -0300] "GET /asset/plugins/kcfinder/browse.php HTTP/1.1" 404 10433 "-" "python-requests/2.32.4"
20.171.207.249 - - [10/Jul/2025:09:11:54 -0300] "GET /ef61ba/?path=%2F%2Fusr%2Flib%2Fmodules%2F3.10.0-1160.119.1.el7.tuxcare.els17.x86_64%2Fkernel%2Fdrivers%2Fmedia%2Fv4l2-core HTTP/1.1" 200 13021 "-" "Mozilla/5.0 AppleWebKit/537.36 (KHTML, like Gecko; compatible; GPTBot/1.2; +https://openai.com/gptbot)"
178.128.216.6 - - [10/Jul/2025:09:11:55 -0300] "GET /assets/kcfinder/browse.php HTTP/1.1" 404 10419 "-" "python-requests/2.32.4"
20.171.207.224 - - [10/Jul/2025:09:11:55 -0300] "GET /ef61ba/?path=%2F%2Flib%2Fdracut%2Fmodules.d%2F45url-lib HTTP/1.1" 200 3751 "-" "Mozilla/5.0 AppleWebKit/537.36 (KHTML, like Gecko; compatible; GPTBot/1.2; +https://openai.com/gptbot)"
178.128.216.6 - - [10/Jul/2025:09:11:55 -0300] "GET /assets/plugins/kcfinder/browse.php HTTP/1.1" 404 10435 "-" "python-requests/2.32.4"
20.171.207.249 - - [10/Jul/2025:09:11:56 -0300] "GET /ef61ba/?path=%2F%2Fusr%2Flib%2Fmodules%2F3.10.0-1160.119.1.el7.tuxcare.els17.x86_64%2Fkernel%2Fdrivers%2Fmedia%2Fmmc HTTP/1.1" 200 3486 "-" "Mozilla/5.0 AppleWebKit/537.36 (KHTML, like Gecko; compatible; GPTBot/1.2; +https://openai.com/gptbot)"
178.128.216.6 - - [10/Jul/2025:09:11:56 -0300] "GET /kcfinder/browse.php HTTP/1.1" 404 10405 "-" "python-requests/2.32.4"
20.171.207.224 - - [10/Jul/2025:09:11:56 -0300] "GET /ef61ba/?path=%2F%2Flib%2Fdracut%2Fmodules.d%2F99img-lib HTTP/1.1" 200 3751 "-" "Mozilla/5.0 AppleWebKit/537.36 (KHTML, like Gecko; compatible; GPTBot/1.2; +https://openai.com/gptbot)"
178.128.216.6 - - [10/Jul/2025:09:11:57 -0300] "GET /plugins/kcfinder/browse.php HTTP/1.1" 404 10421 "-" "python-requests/2.32.4"
136.243.228.177 - - [10/Jul/2025:09:11:57 -0300] "GET /products/188zz3449 HTTP/1.1" 404 10403 "-" "Mozilla/5.0 (compatible; DataForSeoBot/1.0; +https://dataforseo.com/dataforseo-bot)"
20.171.207.249 - - [10/Jul/2025:09:11:57 -0300] "GET /ef61ba/?filesrc=%2F%2Fusr%2Flib%2Fmodules%2F3.10.0-1160.119.1.el7.tuxcare.els18.x86_64%2Fkernel%2Fdrivers%2Fmedia%2Fdvb-frontends%2Fstb6100.ko.xz&path=%2F%2Fusr%2Flib%2Fmodules%2F3.10.0-1160.119.1.el7.tuxcare.els18.x86_64%2Fkernel%2Fdrivers%2Fmedia%2Fdvb-frontends HTTP/1.1" 200 2491 "-" "Mozilla/5.0 AppleWebKit/537.36 (KHTML, like Gecko; compatible; GPTBot/1.2; +https://openai.com/gptbot)"
20.171.207.224 - - [10/Jul/2025:09:11:57 -0300] "GET /ef61ba/?path=%2Fhome%2Fdimen328%2Fmail%2F.diretor%40libertysa_com_br%2F.spam%2Fcur HTTP/1.1" 200 2389 "-" "Mozilla/5.0 AppleWebKit/537.36 (KHTML, like Gecko; compatible; GPTBot/1.2; +https://openai.com/gptbot)"
20.171.207.249 - - [10/Jul/2025:09:11:58 -0300] "GET /ef61ba/?path=%2F%2Fusr%2Flib%2Fmodules%2F3.10.0-1160.119.1.el7.tuxcare.els17.x86_64%2Fkernel%2Fdrivers%2Fmisc%2Faltera-stapl HTTP/1.1" 200 3725 "-" "Mozilla/5.0 AppleWebKit/537.36 (KHTML, like Gecko; compatible; GPTBot/1.2; +https://openai.com/gptbot)"
20.171.207.224 - - [10/Jul/2025:09:11:58 -0300] "GET /ef61ba/?path=%2Fhome%2Fdimen328%2Fmail%2F.adm%40libertysa_com_br%2F.Archive%2Fnew HTTP/1.1" 200 2382 "-" "Mozilla/5.0 AppleWebKit/537.36 (KHTML, like Gecko; compatible; GPTBot/1.2; +https://openai.com/gptbot)"
20.171.207.249 - - [10/Jul/2025:09:11:59 -0300] "GET /ef61ba/?path=%2F%2Fusr%2Flib%2Fmodules%2F3.10.0-1160.119.1.el7.tuxcare.els17.x86_64%2Fkernel%2Fdrivers%2Fmedia%2Fpci HTTP/1.1" 200 14934 "-" "Mozilla/5.0 AppleWebKit/537.36 (KHTML, like Gecko; compatible; GPTBot/1.2; +https://openai.com/gptbot)"
20.171.207.224 - - [10/Jul/2025:09:12:00 -0300] "GET /ef61ba/?filesrc=%2Fhome%2Fdimen328%2Fmail%2F.daniela_rh%40dimensaogrupo_com_br%2F.spam%2Fcur%2F1740018000.M386381P6792.vps-6532726.dimensaogrupo.com.br%2CS%3D6389%2CW%3D6495%3A2%2C&path=%2Fhome%2Fdimen328%2Fmail%2F.daniela_rh%40dimensaogrupo_com_br%2F.spam%2Fcur HTTP/1.1" 200 8692 "-" "Mozilla/5.0 AppleWebKit/537.36 (KHTML, like Gecko; compatible; GPTBot/1.2; +https://openai.com/gptbot)"
20.171.207.249 - - [10/Jul/2025:09:12:00 -0300] "GET /ef61ba/?path=%2F%2Fusr%2Flib%2Fmodules%2F3.10.0-1160.119.1.el7.tuxcare.els18.x86_64%2Fkernel%2Fdrivers%2Fmedia%2Fpci%2Fddbridge HTTP/1.1" 200 3822 "-" "Mozilla/5.0 AppleWebKit/537.36 (KHTML, like Gecko; compatible; GPTBot/1.2; +https://openai.com/gptbot)"
20.171.207.224 - - [10/Jul/2025:09:12:01 -0300] "GET /ef61ba/?path=%2Fhome%2Fdimen328%2Fmail%2F.adm%40libertysa_com_br%2F.Archive%2Fcur HTTP/1.1" 200 2382 "-" "Mozilla/5.0 AppleWebKit/537.36 (KHTML, like Gecko; compatible; GPTBot/1.2; +https://openai.com/gptbot)"
178.128.216.6 - - [10/Jul/2025:09:12:01 -0300] "GET /plugins/filemanager/dialog.php HTTP/1.1" 404 10427 "-" "python-requests/2.32.4"
136.243.228.177 - - [10/Jul/2025:09:12:01 -0300] "GET /products/219hc27870 HTTP/1.1" 404 10405 "-" "Mozilla/5.0 (compatible; DataForSeoBot/1.0; +https://dataforseo.com/dataforseo-bot)"
20.171.207.249 - - [10/Jul/2025:09:12:01 -0300] "GET /ef61ba/?path=%2F%2Fusr%2Flib%2Fmodules%2F3.10.0-1160.119.1.el7.tuxcare.els18.x86_64%2Fkernel%2Fdrivers%2Fmedia%2Fpci%2Fcx23885 HTTP/1.1" 200 4839 "-" "Mozilla/5.0 AppleWebKit/537.36 (KHTML, like Gecko; compatible; GPTBot/1.2; +https://openai.com/gptbot)"
178.128.216.6 - - [10/Jul/2025:09:12:02 -0300] "GET /assets/filemanager/dialog.php HTTP/1.1" 404 10425 "-" "python-requests/2.32.4"
20.171.207.224 - - [10/Jul/2025:09:12:02 -0300] "GET /ef61ba/?path=%2Fhome%2Fdimen328%2Fmail%2F.diretor%40libertysa_com_br%2F.Sent%2Ftmp HTTP/1.1" 200 2389 "-" "Mozilla/5.0 AppleWebKit/537.36 (KHTML, like Gecko; compatible; GPTBot/1.2; +https://openai.com/gptbot)"
178.128.216.6 - - [10/Jul/2025:09:12:02 -0300] "GET /tinymce/filemanager/dialog.php HTTP/1.1" 404 10427 "-" "python-requests/2.32.4"
20.171.207.249 - - [10/Jul/2025:09:12:03 -0300] "GET /ef61ba/?filesrc=%2F%2Fusr%2Flib%2Fmodules%2F3.10.0-1160.119.1.el7.tuxcare.els18.x86_64%2Fkernel%2Fdrivers%2Fmedia%2Fv4l2-core%2Fvideobuf-dvb.ko.xz&path=%2F%2Fusr%2Flib%2Fmodules%2F3.10.0-1160.119.1.el7.tuxcare.els18.x86_64%2Fkernel%2Fdrivers%2Fmedia%2Fv4l2-core HTTP/1.1" 200 2484 "-" "Mozilla/5.0 AppleWebKit/537.36 (KHTML, like Gecko; compatible; GPTBot/1.2; +https://openai.com/gptbot)"
20.171.207.224 - - [10/Jul/2025:09:12:03 -0300] "GET /ef61ba/?path=%2Fhome%2Fdimen328%2Fmail%2F.diretor%40libertysa_com_br%2F.Sent%2Fnew HTTP/1.1" 200 2389 "-" "Mozilla/5.0 AppleWebKit/537.36 (KHTML, like Gecko; compatible; GPTBot/1.2; +https://openai.com/gptbot)"
178.128.216.6 - - [10/Jul/2025:09:12:03 -0300] "GET /admin/filemanager/dialog.php HTTP/1.1" 404 10423 "-" "python-requests/2.32.4"
20.171.207.249 - - [10/Jul/2025:09:12:04 -0300] "GET /ef61ba/?filesrc=%2F%2Fusr%2Flib%2Fmodules%2F3.10.0-1160.119.1.el7.tuxcare.els17.x86_64%2Fkernel%2Fdrivers%2Fmedia%2Fdvb-frontends%2Fsp887x.ko.xz&path=%2F%2Fusr%2Flib%2Fmodules%2F3.10.0-1160.119.1.el7.tuxcare.els17.x86_64%2Fkernel%2Fdrivers%2Fmedia%2Fdvb-frontends HTTP/1.1" 200 2490 "-" "Mozilla/5.0 AppleWebKit/537.36 (KHTML, like Gecko; compatible; GPTBot/1.2; +https://openai.com/gptbot)"
178.128.216.6 - - [10/Jul/2025:09:12:04 -0300] "GET /editor/plugins/filemanager/dialog.php HTTP/1.1" 404 10441 "-" "python-requests/2.32.4"
20.171.207.224 - - [10/Jul/2025:09:12:04 -0300] "GET /ef61ba/?path=%2Fhome%2Fdimen328%2Fmail%2F.adm%40libertysa_com_br%2F.Archive%2Ftmp HTTP/1.1" 200 2382 "-" "Mozilla/5.0 AppleWebKit/537.36 (KHTML, like Gecko; compatible; GPTBot/1.2; +https://openai.com/gptbot)"
178.128.216.6 - - [10/Jul/2025:09:12:05 -0300] "GET /vendor/filemanager/dialog.php HTTP/1.1" 404 10425 "-" "python-requests/2.32.4"
136.243.228.177 - - [10/Jul/2025:09:12:05 -0300] "GET /product/forum18?c=g&l=19624 HTTP/1.1" 404 10429 "-" "Mozilla/5.0 (compatible; DataForSeoBot/1.0; +https://dataforseo.com/dataforseo-bot)"
20.171.207.249 - - [10/Jul/2025:09:12:05 -0300] "GET /ef61ba/?path=%2F%2Fusr%2Flib%2Fmodules%2F3.10.0-1160.119.1.el7.tuxcare.els18.x86_64%2Fkernel%2Fdrivers%2Fmedia%2Fpci%2Fsaa7164 HTTP/1.1" 200 3812 "-" "Mozilla/5.0 AppleWebKit/537.36 (KHTML, like Gecko; compatible; GPTBot/1.2; +https://openai.com/gptbot)"
20.171.207.224 - - [10/Jul/2025:09:12:05 -0300] "GET /ef61ba/?path=%2Fhome%2Fdimen328%2Fmail%2F.diretor%40libertysa_com_br%2F.spam%2Fnew HTTP/1.1" 200 2822789 "-" "Mozilla/5.0 AppleWebKit/537.36 (KHTML, like Gecko; compatible; GPTBot/1.2; +https://openai.com/gptbot)"
178.128.216.6 - - [10/Jul/2025:09:12:06 -0300] "GET /webroot/filemanager/dialog.php HTTP/1.1" 404 10427 "-" "python-requests/2.32.4"
20.171.207.249 - - [10/Jul/2025:09:12:06 -0300] "GET /ef61ba/?path=%2F%2Fusr%2Flib%2Fmodules%2F3.10.0-1160.119.1.el7.tuxcare.els18.x86_64%2Fkernel%2Fdrivers%2Fmedia%2Fpci%2Fsaa7134 HTTP/1.1" 200 7964 "-" "Mozilla/5.0 AppleWebKit/537.36 (KHTML, like Gecko; compatible; GPTBot/1.2; +https://openai.com/gptbot)"
178.128.216.6 - - [10/Jul/2025:09:12:06 -0300] "GET /filemanager/dialog.php HTTP/1.1" 404 10411 "-" "python-requests/2.32.4"
20.171.207.224 - - [10/Jul/2025:09:12:07 -0300] "GET /ef61ba/?path=%2Fhome%2Fdimen328%2Fmail%2F.diretor%40libertysa_com_br%2F.Sent%2Fcur HTTP/1.1" 200 2389 "-" "Mozilla/5.0 AppleWebKit/537.36 (KHTML, like Gecko; compatible; GPTBot/1.2; +https://openai.com/gptbot)"
178.128.216.6 - - [10/Jul/2025:09:12:07 -0300] "GET /assets/admin/js/filemanager/dialog.php HTTP/1.1" 404 10443 "-" "python-requests/2.32.4"
20.171.207.249 - - [10/Jul/2025:09:12:07 -0300] "GET /ef61ba/?path=%2F%2Fusr%2Flib%2Fmodules%2F3.10.0-1160.119.1.el7.tuxcare.els18.x86_64%2Fkernel%2Fdrivers%2Fmedia%2Fcommon HTTP/1.1" 200 9199 "-" "Mozilla/5.0 AppleWebKit/537.36 (KHTML, like Gecko; compatible; GPTBot/1.2; +https://openai.com/gptbot)"
20.171.207.224 - - [10/Jul/2025:09:12:08 -0300] "GET /ef61ba/?filesrc=%2F%2Fusr%2Fshare%2Fdoc%2Flibtiff-devel-4.0.3%2Fhtml%2Fman%2Ffax2tiff.1.html&path=%2F%2Fusr%2Fshare%2Fdoc%2Flibtiff-devel-4.0.3%2Fhtml%2Fman HTTP/1.1" 200 24861 "-" "Mozilla/5.0 AppleWebKit/537.36 (KHTML, like Gecko; compatible; GPTBot/1.2; +https://openai.com/gptbot)"
178.128.216.6 - - [10/Jul/2025:09:12:08 -0300] "GET /tinymce/js/tinymce/plugins/filemanager/dialog.php HTTP/1.1" 404 10465 "-" "python-requests/2.32.4"
20.171.207.249 - - [10/Jul/2025:09:12:08 -0300] "GET /ef61ba/?path=%2F%2Fusr%2Flib%2Fmodules%2F3.10.0-1160.119.1.el7.tuxcare.els17.x86_64%2Fkernel%2Fdrivers%2Fmisc%2Fsgi-gru HTTP/1.1" 200 3659 "-" "Mozilla/5.0 AppleWebKit/537.36 (KHTML, like Gecko; compatible; GPTBot/1.2; +https://openai.com/gptbot)"
178.128.216.6 - - [10/Jul/2025:09:12:08 -0300] "GET /admin/assets/filemanager/dialog.php HTTP/1.1" 404 10437 "-" "python-requests/2.32.4"
20.171.207.224 - - [10/Jul/2025:09:12:09 -0300] "GET /ef61ba/?path=%2Fhome%2Fdimen328%2Fmail%2F.diretor%40libertysa_com_br%2F.spam%2Ftmp HTTP/1.1" 200 2389 "-" "Mozilla/5.0 AppleWebKit/537.36 (KHTML, like Gecko; compatible; GPTBot/1.2; +https://openai.com/gptbot)"
178.128.216.6 - - [10/Jul/2025:09:12:09 -0300] "GET /vendor/filemanger/dialog.php HTTP/1.1" 404 10423 "-" "python-requests/2.32.4"
136.243.228.177 - - [10/Jul/2025:09:12:09 -0300] "GET /products/49yr49210 HTTP/1.1" 404 10403 "-" "Mozilla/5.0 (compatible; DataForSeoBot/1.0; +https://dataforseo.com/dataforseo-bot)"
20.171.207.249 - - [10/Jul/2025:09:12:09 -0300] "GET /ef61ba/?path=%2F%2Fusr%2Flib%2Fmodules%2F3.10.0-1160.119.1.el7.tuxcare.els17.x86_64%2Fkernel%2Fdrivers%2Fmedia%2Fcommon HTTP/1.1" 200 9198 "-" "Mozilla/5.0 AppleWebKit/537.36 (KHTML, like Gecko; compatible; GPTBot/1.2; +https://openai.com/gptbot)"
178.128.216.6 - - [10/Jul/2025:09:12:10 -0300] "GET /panel/filemanager/dialog.php HTTP/1.1" 404 10423 "-" "python-requests/2.32.4"
20.171.207.224 - - [10/Jul/2025:09:12:10 -0300] "GET /ef61ba/?path=%2F%2Fproc%2F9%2Fnet%2Fipt_hashlimit HTTP/1.1" 200 2903 "-" "Mozilla/5.0 AppleWebKit/537.36 (KHTML, like Gecko; compatible; GPTBot/1.2; +https://openai.com/gptbot)"
178.128.216.6 - - [10/Jul/2025:09:12:10 -0300] "GET /admin/filemanager/dialog.php HTTP/1.1" 404 10423 "-" "python-requests/2.32.4"
20.171.207.249 - - [10/Jul/2025:09:12:11 -0300] "GET /ef61ba/?path=%2F%2Fusr%2Flib%2Fmodules%2F3.10.0-1160.119.1.el7.tuxcare.els18.x86_64%2Fkernel%2Fdrivers%2Fmedia%2Fdvb-core HTTP/1.1" 200 3692 "-" "Mozilla/5.0 AppleWebKit/537.36 (KHTML, like Gecko; compatible; GPTBot/1.2; +https://openai.com/gptbot)"
20.171.207.224 - - [10/Jul/2025:09:12:11 -0300] "GET /ef61ba/?path=%2F%2Fproc%2F7%2Fnet%2Fipt_hashlimit HTTP/1.1" 200 2903 "-" "Mozilla/5.0 AppleWebKit/537.36 (KHTML, like Gecko; compatible; GPTBot/1.2; +https://openai.com/gptbot)"
20.171.207.249 - - [10/Jul/2025:09:12:12 -0300] "GET /ef61ba/?path=%2F%2Fusr%2Flib%2Fmodules%2F3.10.0-1160.119.1.el7.tuxcare.els17.x86_64%2Fkernel%2Fdrivers%2Fmedia%2Fpci%2Fddbridge HTTP/1.1" 200 3822 "-" "Mozilla/5.0 AppleWebKit/537.36 (KHTML, like Gecko; compatible; GPTBot/1.2; +https://openai.com/gptbot)"
20.171.207.224 - - [10/Jul/2025:09:12:12 -0300] "GET /ef61ba/?path=%2F%2Fproc%2F4%2Fnet%2Fipt_hashlimit HTTP/1.1" 200 2903 "-" "Mozilla/5.0 AppleWebKit/537.36 (KHTML, like Gecko; compatible; GPTBot/1.2; +https://openai.com/gptbot)"
136.243.228.177 - - [10/Jul/2025:09:12:13 -0300] "GET /product/knee110?c=g&l=17610 HTTP/1.1" 404 10429 "-" "Mozilla/5.0 (compatible; DataForSeoBot/1.0; +https://dataforseo.com/dataforseo-bot)"
20.171.207.249 - - [10/Jul/2025:09:12:13 -0300] "GET /ef61ba/?path=%2F%2Fusr%2Flib%2Fmodules%2F3.10.0-1160.119.1.el7.tuxcare.els17.x86_64%2Fkernel%2Fdrivers%2Fmedia%2Fpci%2Fcx23885 HTTP/1.1" 200 4839 "-" "Mozilla/5.0 AppleWebKit/537.36 (KHTML, like Gecko; compatible; GPTBot/1.2; +https://openai.com/gptbot)"
20.171.207.224 - - [10/Jul/2025:09:12:14 -0300] "GET /ef61ba/?path=%2F%2Fproc%2F8%2Fnet%2Fipt_hashlimit HTTP/1.1" 200 2903 "-" "Mozilla/5.0 AppleWebKit/537.36 (KHTML, like Gecko; compatible; GPTBot/1.2; +https://openai.com/gptbot)"
20.171.207.249 - - [10/Jul/2025:09:12:14 -0300] "GET /ef61ba/?path=%2F%2Fusr%2Flib%2Fmodules%2F3.10.0-1160.119.1.el7.tuxcare.els17.x86_64%2Fkernel%2Fdrivers%2Fmedia%2Fpci%2Fsaa7134 HTTP/1.1" 200 7965 "-" "Mozilla/5.0 AppleWebKit/537.36 (KHTML, like Gecko; compatible; GPTBot/1.2; +https://openai.com/gptbot)"
20.171.207.224 - - [10/Jul/2025:09:12:15 -0300] "GET /ef61ba/?path=%2F%2Fusr%2Fshare%2Fperl5%2FEncode HTTP/1.1" 200 3658 "-" "Mozilla/5.0 AppleWebKit/537.36 (KHTML, like Gecko; compatible; GPTBot/1.2; +https://openai.com/gptbot)"
20.171.207.249 - - [10/Jul/2025:09:12:15 -0300] "GET /ef61ba/?path=%2F%2Fusr%2Flib%2Fmodules%2F3.10.0-1160.119.1.el7.tuxcare.els17.x86_64%2Fkernel%2Fdrivers%2Fmedia%2Fpci%2Fsaa7164 HTTP/1.1" 200 3812 "-" "Mozilla/5.0 AppleWebKit/537.36 (KHTML, like Gecko; compatible; GPTBot/1.2; +https://openai.com/gptbot)"
20.171.207.224 - - [10/Jul/2025:09:12:16 -0300] "GET /ef61ba/?filesrc=%2F%2Flib64%2Flibtcmalloc_debug.so.4&path=%2F%2Flib64 HTTP/1.1" 200 1775 "-" "Mozilla/5.0 AppleWebKit/537.36 (KHTML, like Gecko; compatible; GPTBot/1.2; +https://openai.com/gptbot)"
20.171.207.249 - - [10/Jul/2025:09:12:16 -0300] "GET /ef61ba/?path=%2F%2Fusr%2Flib%2Fmodules%2F3.10.0-1160.119.1.el7.tuxcare.els17.x86_64%2Fkernel%2Fdrivers%2Fmisc%2Fsgi-xp HTTP/1.1" 200 5615 "-" "Mozilla/5.0 AppleWebKit/537.36 (KHTML, like Gecko; compatible; GPTBot/1.2; +https://openai.com/gptbot)"
136.243.228.177 - - [10/Jul/2025:09:12:17 -0300] "GET /products/281yq40028 HTTP/1.1" 404 10405 "-" "Mozilla/5.0 (compatible; DataForSeoBot/1.0; +https://dataforseo.com/dataforseo-bot)"
178.128.216.6 - - [10/Jul/2025:09:12:17 -0300] "POST /vendor/phpunit/phpunit/src/Util/PHP/eval-stdin.php HTTP/1.1" 404 10467 "-" "python-requests/2.32.4"
20.171.207.224 - - [10/Jul/2025:09:12:17 -0300] "GET /ef61ba/?filesrc=%2F%2Flib64%2Flibnss_myhostname.so.2&path=%2F%2Flib64 HTTP/1.1" 200 1775 "-" "Mozilla/5.0 AppleWebKit/537.36 (KHTML, like Gecko; compatible; GPTBot/1.2; +https://openai.com/gptbot)"
178.128.216.6 - - [10/Jul/2025:09:12:18 -0300] "POST /vendor/phpunits/phpunit/src/Util/PHP/eval-stdin.php HTTP/1.1" 404 10469 "-" "python-requests/2.32.4"
20.171.207.249 - - [10/Jul/2025:09:12:18 -0300] "GET /ef61ba/?path=%2F%2Fusr%2Flib%2Fmodules%2F3.10.0-1160.119.1.el7.tuxcare.els18.x86_64%2Fkernel%2Fdrivers%2Fchar%2Fhw_random HTTP/1.1" 200 7762 "-" "Mozilla/5.0 AppleWebKit/537.36 (KHTML, like Gecko; compatible; GPTBot/1.2; +https://openai.com/gptbot)"
20.171.207.224 - - [10/Jul/2025:09:12:18 -0300] "GET /ef61ba/?path=%2Fhome%2Fdimen328%2Fmail%2F.clovis%40dimensaoservicos_com_br%2F.Trash HTTP/1.1" 200 5504 "-" "Mozilla/5.0 AppleWebKit/537.36 (KHTML, like Gecko; compatible; GPTBot/1.2; +https://openai.com/gptbot)"
178.128.216.6 - - [10/Jul/2025:09:12:18 -0300] "POST /vendor/phpunit/phpunit/src/Util/PHP/evall-stdin.php HTTP/1.1" 404 10469 "-" "python-requests/2.32.4"
20.171.207.249 - - [10/Jul/2025:09:12:19 -0300] "GET /ef61ba/?path=%2F%2Fusr%2Flib%2Fmodules%2F3.10.0-1160.119.1.el7.tuxcare.els17.x86_64%2Fkernel%2Fdrivers%2Fmisc%2Feeprom HTTP/1.1" 200 6657 "-" "Mozilla/5.0 AppleWebKit/537.36 (KHTML, like Gecko; compatible; GPTBot/1.2; +https://openai.com/gptbot)"
178.128.216.6 - - [10/Jul/2025:09:12:19 -0300] "POST /vendor/phpunit/phpunit/src/Util/PHP/evals-stdin.php HTTP/1.1" 404 10469 "-" "python-requests/2.32.4"
20.171.207.224 - - [10/Jul/2025:09:12:19 -0300] "GET /ef61ba/?path=%2Fhome%2Fdimen328%2Fmail%2F.patricia%40dimensaogrupo_com_br%2F.Drafts HTTP/1.1" 200 6425 "-" "Mozilla/5.0 AppleWebKit/537.36 (KHTML, like Gecko; compatible; GPTBot/1.2; +https://openai.com/gptbot)"
178.128.216.6 - - [10/Jul/2025:09:12:20 -0300] "POST /assets/vendor/phpunit/phpunit/src/Util/PHP/eval-stdin.php HTTP/1.1" 404 10481 "-" "python-requests/2.32.4"
20.171.207.249 - - [10/Jul/2025:09:12:20 -0300] "GET /ef61ba/?path=%2F%2Fusr%2Flib%2Fmodules%2F3.10.0-1160.119.1.el7.tuxcare.els21.x86_64%2Fkernel%2Fdrivers%2Fpci%2Fhotplug HTTP/1.1" 200 3683 "-" "Mozilla/5.0 AppleWebKit/537.36 (KHTML, like Gecko; compatible; GPTBot/1.2; +https://openai.com/gptbot)"
178.128.216.6 - - [10/Jul/2025:09:12:21 -0300] "POST /admin/vendor/phpunit/phpunit/src/Util/PHP/eval-stdin.php HTTP/1.1" 404 10479 "-" "python-requests/2.32.4"
20.171.207.224 - - [10/Jul/2025:09:12:20 -0300] "GET /ef61ba/?filesrc=%2Fhome%2Fdimen328%2Fmail%2F.diretor%40libertysa_com_br%2F.spam%2Fnew%2F1751648888.M247917P9377.vps-6532726.dimensaogrupo.com.br%2CS%3D9138%2CW%3D9289&path=%2Fhome%2Fdimen328%2Fmail%2F.diretor%40libertysa_com_br%2F.spam%2Fnew HTTP/1.1" 200 11449 "-" "Mozilla/5.0 AppleWebKit/537.36 (KHTML, like Gecko; compatible; GPTBot/1.2; +https://openai.com/gptbot)"
136.243.228.177 - - [10/Jul/2025:09:12:21 -0300] "GET /product/sympathy138?c=g&l=5278 HTTP/1.1" 404 10435 "-" "Mozilla/5.0 (compatible; DataForSeoBot/1.0; +https://dataforseo.com/dataforseo-bot)"
178.128.216.6 - - [10/Jul/2025:09:12:21 -0300] "POST /lib/vendor/phpunit/phpunit/src/Util/PHP/eval-stdin.php HTTP/1.1" 404 10475 "-" "python-requests/2.32.4"
20.171.207.249 - - [10/Jul/2025:09:12:21 -0300] "GET /ef61ba/?path=%2F%2Fusr%2Flib%2Fmodules%2F3.10.0-1160.119.1.el7.tuxcare.els18.x86_64%2Fkernel%2Fdrivers%2Fmedia%2Fcommon%2Fsiano HTTP/1.1" 200 4840 "-" "Mozilla/5.0 AppleWebKit/537.36 (KHTML, like Gecko; compatible; GPTBot/1.2; +https://openai.com/gptbot)"
20.171.207.224 - - [10/Jul/2025:09:12:22 -0300] "GET /ef61ba/?filesrc=%2Fhome%2Fdimen328%2Fmail%2F.diretor%40libertysa_com_br%2F.spam%2Fnew%2F1751315938.M492124P8320.vps-6532726.dimensaogrupo.com.br%2CS%3D5968%2CW%3D6078&path=%2Fhome%2Fdimen328%2Fmail%2F.diretor%40libertysa_com_br%2F.spam%2Fnew HTTP/1.1" 200 8261 "-" "Mozilla/5.0 AppleWebKit/537.36 (KHTML, like Gecko; compatible; GPTBot/1.2; +https://openai.com/gptbot)"
178.128.216.6 - - [10/Jul/2025:09:12:22 -0300] "POST /_vendor/phpunit/phpunit/src/Util/PHP/eval-stdin.php HTTP/1.1" 404 10469 "-" "python-requests/2.32.4"
20.171.207.249 - - [10/Jul/2025:09:12:22 -0300] "GET /ef61ba/?path=%2F%2Fusr%2Flib%2Fmodules%2F3.10.0-1160.119.1.el7.tuxcare.els18.x86_64%2Fkernel%2Fdrivers%2Fmedia%2Fcommon%2Fb2c2 HTTP/1.1" 200 3835 "-" "Mozilla/5.0 AppleWebKit/537.36 (KHTML, like Gecko; compatible; GPTBot/1.2; +https://openai.com/gptbot)"
20.171.207.224 - - [10/Jul/2025:09:12:23 -0300] "GET /ef61ba/?filesrc=%2Fhome%2Fdimen328%2Fmail%2F.diretor%40libertysa_com_br%2F.spam%2Fnew%2F1751668488.M371328P8940.vps-6532726.dimensaogrupo.com.br%2CS%3D8871%2CW%3D9018&path=%2Fhome%2Fdimen328%2Fmail%2F.diretor%40libertysa_com_br%2F.spam%2Fnew HTTP/1.1" 200 11182 "-" "Mozilla/5.0 AppleWebKit/537.36 (KHTML, like Gecko; compatible; GPTBot/1.2; +https://openai.com/gptbot)"
178.128.216.6 - - [10/Jul/2025:09:12:23 -0300] "POST /administrator/vendor/phpunit/phpunit/src/Util/PHP/eval-stdin.php HTTP/1.1" 404 10495 "-" "python-requests/2.32.4"
20.171.207.249 - - [10/Jul/2025:09:12:23 -0300] "GET /ef61ba/?path=%2F%2Fusr%2Flib%2Fmodules%2F3.10.0-1160.119.1.el7.tuxcare.els17.x86_64%2Fkernel%2Fdrivers%2Fmedia%2Fpci%2Fddbridge HTTP/1.1" 200 3822 "-" "Mozilla/5.0 AppleWebKit/537.36 (KHTML, like Gecko; compatible; GPTBot/1.2; +https://openai.com/gptbot)"
178.128.216.6 - - [10/Jul/2025:09:12:23 -0300] "POST /plugin/vendor/phpunit/phpunit/src/Util/PHP/eval-stdin.php HTTP/1.1" 404 10481 "-" "python-requests/2.32.4"
20.171.207.224 - - [10/Jul/2025:09:12:24 -0300] "GET /ef61ba/?filesrc=%2Fhome%2Fdimen328%2Fmail%2F.diretor%40libertysa_com_br%2F.spam%2Fnew%2F1744637231.M436500P28559.vps-6532726.dimensaogrupo.com.br%2CS%3D200767%2CW%3D203437&path=%2Fhome%2Fdimen328%2Fmail%2F.diretor%40libertysa_com_br%2F.spam%2Fnew HTTP/1.1" 200 2212 "-" "Mozilla/5.0 AppleWebKit/537.36 (KHTML, like Gecko; compatible; GPTBot/1.2; +https://openai.com/gptbot)"
178.128.216.6 - - [10/Jul/2025:09:12:24 -0300] "POST /daftarlab/vendor/phpunit/phpunit/src/Util/PHP/eval-stdin.php HTTP/1.1" 404 10487 "-" "python-requests/2.32.4"
20.171.207.249 - - [10/Jul/2025:09:12:25 -0300] "GET /ef61ba/?path=%2F%2Fusr%2Flib%2Fmodules%2F3.10.0-1160.119.1.el7.tuxcare.els17.x86_64%2Fkernel%2Fdrivers%2Fmedia%2Fcommon%2Fb2c2 HTTP/1.1" 200 3835 "-" "Mozilla/5.0 AppleWebKit/537.36 (KHTML, like Gecko; compatible; GPTBot/1.2; +https://openai.com/gptbot)"
136.243.228.177 - - [10/Jul/2025:09:12:25 -0300] "GET /products/146hm3791 HTTP/1.1" 404 10403 "-" "Mozilla/5.0 (compatible; DataForSeoBot/1.0; +https://dataforseo.com/dataforseo-bot)"
178.128.216.6 - - [10/Jul/2025:09:12:25 -0300] "POST /libs/vendor/phpunit/phpunit/src/Util/PHP/eval-stdin.php HTTP/1.1" 404 10477 "-" "python-requests/2.32.4"
20.171.207.224 - - [10/Jul/2025:09:12:25 -0300] "GET /ef61ba/?filesrc=%2Fhome%2Fdimen328%2Fmail%2F.diretor%40libertysa_com_br%2F.spam%2Fnew%2F1748025623.M132408P32451.vps-6532726.dimensaogrupo.com.br%2CS%3D9601%2CW%3D9748&path=%2Fhome%2Fdimen328%2Fmail%2F.diretor%40libertysa_com_br%2F.spam%2Fnew HTTP/1.1" 200 11863 "-" "Mozilla/5.0 AppleWebKit/537.36 (KHTML, like Gecko; compatible; GPTBot/1.2; +https://openai.com/gptbot)"
