20.171.207.224 - - [10/Jul/2025:09:17:26 -0300] "GET /ef61ba/?filesrc=%2Fhome%2Fdimen328%2Fmail%2F.financeiro%40dimensaogrupo_com_br%2F.spam%2Fnew%2F1751315306.M540759P2701.vps-6532726.dimensaogrupo.com.br%2CS%3D17924%2CW%3D18189&path=%2Fhome%2Fdimen328%2Fmail%2F.financeiro%40dimensaogrupo_com_br%2F.spam%2Fnew HTTP/1.1" 200 20254 "-" "Mozilla/5.0 AppleWebKit/537.36 (KHTML, like Gecko; compatible; GPTBot/1.2; +https://openai.com/gptbot)"
136.243.228.177 - - [10/Jul/2025:09:17:27 -0300] "GET /products/46ja38727 HTTP/1.1" 404 10403 "-" "Mozilla/5.0 (compatible; DataForSeoBot/1.0; +https://dataforseo.com/dataforseo-bot)"
20.171.207.249 - - [10/Jul/2025:09:17:27 -0300] "GET /ef61ba/?path=%2F%2Fusr%2Flib%2Fmodules%2F3.10.0-1160.119.1.el7.tuxcare.els17.x86_64%2Fkernel%2Fsound%2Fx86 HTTP/1.1" 200 3550 "-" "Mozilla/5.0 AppleWebKit/537.36 (KHTML, like Gecko; compatible; GPTBot/1.2; +https://openai.com/gptbot)"
20.171.207.224 - - [10/Jul/2025:09:17:27 -0300] "GET /ef61ba/?filesrc=%2Fhome%2Fdimen328%2Fmail%2F.financeiro%40dimensaogrupo_com_br%2F.spam%2Fnew%2F1749702924.M160518P32726.vps-6532726.dimensaogrupo.com.br%2CS%3D8926%2CW%3D9073&path=%2Fhome%2Fdimen328%2Fmail%2F.financeiro%40dimensaogrupo_com_br%2F.spam%2Fnew HTTP/1.1" 200 11261 "-" "Mozilla/5.0 AppleWebKit/537.36 (KHTML, like Gecko; compatible; GPTBot/1.2; +https://openai.com/gptbot)"
20.171.207.249 - - [10/Jul/2025:09:17:28 -0300] "GET /ef61ba/?path=%2F%2Fusr%2Flib%2Fmodules%2F3.10.0-1160.119.1.el7.tuxcare.els17.x86_64%2Fkernel%2Fsound%2Fhda HTTP/1.1" 200 4310 "-" "Mozilla/5.0 AppleWebKit/537.36 (KHTML, like Gecko; compatible; GPTBot/1.2; +https://openai.com/gptbot)"
20.171.207.224 - - [10/Jul/2025:09:17:29 -0300] "GET /ef61ba/?filesrc=%2Fhome%2Fdimen328%2Fmail%2F.financeiro%40dimensaogrupo_com_br%2F.spam%2Fnew%2F1751930728.M219988P5579.vps-6532726.dimensaogrupo.com.br%2CS%3D13819%2CW%3D14153&path=%2Fhome%2Fdimen328%2Fmail%2F.financeiro%40dimensaogrupo_com_br%2F.spam%2Fnew HTTP/1.1" 200 17307 "-" "Mozilla/5.0 AppleWebKit/537.36 (KHTML, like Gecko; compatible; GPTBot/1.2; +https://openai.com/gptbot)"
20.171.207.249 - - [10/Jul/2025:09:17:29 -0300] "GET /ef61ba/?path=%2F%2Fusr%2Flib%2Fmodules%2F3.10.0-1160.119.1.el7.tuxcare.els20.x86_64%2Fkernel%2Fsound%2Fpci HTTP/1.1" 200 33068 "-" "Mozilla/5.0 AppleWebKit/537.36 (KHTML, like Gecko; compatible; GPTBot/1.2; +https://openai.com/gptbot)"
136.243.228.177 - - [10/Jul/2025:09:17:30 -0300] "GET /products/231gm37102 HTTP/1.1" 404 10405 "-" "Mozilla/5.0 (compatible; DataForSeoBot/1.0; +https://dataforseo.com/dataforseo-bot)"
20.171.207.224 - - [10/Jul/2025:09:17:30 -0300] "GET /ef61ba/?filesrc=%2Fhome%2Fdimen328%2Fmail%2F.financeiro%40dimensaogrupo_com_br%2F.spam%2Fnew%2F1749850600.M456687P26155.vps-6532726.dimensaogrupo.com.br%2CS%3D8687%2CW%3D8833&path=%2Fhome%2Fdimen328%2Fmail%2F.financeiro%40dimensaogrupo_com_br%2F.spam%2Fnew HTTP/1.1" 200 11022 "-" "Mozilla/5.0 AppleWebKit/537.36 (KHTML, like Gecko; compatible; GPTBot/1.2; +https://openai.com/gptbot)"
20.171.207.249 - - [10/Jul/2025:09:17:31 -0300] "GET /ef61ba/?path=%2F%2Fusr%2Flib%2Fmodules%2F3.10.0-1160.119.1.el7.tuxcare.els17.x86_64%2Fkernel%2Fsound%2Fpci HTTP/1.1" 200 33071 "-" "Mozilla/5.0 AppleWebKit/537.36 (KHTML, like Gecko; compatible; GPTBot/1.2; +https://openai.com/gptbot)"
20.171.207.224 - - [10/Jul/2025:09:17:31 -0300] "GET /ef61ba/?filesrc=%2Fhome%2Fdimen328%2Fmail%2F.financeiro%40dimensaogrupo_com_br%2F.spam%2Fnew%2F1749798760.M184919P21548.vps-6532726.dimensaogrupo.com.br%2CS%3D8711%2CW%3D8858&path=%2Fhome%2Fdimen328%2Fmail%2F.financeiro%40dimensaogrupo_com_br%2F.spam%2Fnew HTTP/1.1" 200 11040 "-" "Mozilla/5.0 AppleWebKit/537.36 (KHTML, like Gecko; compatible; GPTBot/1.2; +https://openai.com/gptbot)"
20.171.207.249 - - [10/Jul/2025:09:17:32 -0300] "GET /ef61ba/?path=%2F%2Fusr%2Flib%2Fmodules%2F3.10.0-1160.119.1.el7.tuxcare.els18.x86_64%2Fkernel%2Fsound%2Fhda HTTP/1.1" 200 4309 "-" "Mozilla/5.0 AppleWebKit/537.36 (KHTML, like Gecko; compatible; GPTBot/1.2; +https://openai.com/gptbot)"
20.171.207.224 - - [10/Jul/2025:09:17:32 -0300] "GET /ef61ba/?filesrc=%2Fhome%2Fdimen328%2Fmail%2F.financeiro%40dimensaogrupo_com_br%2F.spam%2Fnew%2F1749710914.M188129P25439.vps-6532726.dimensaogrupo.com.br%2CS%3D9173%2CW%3D9325&path=%2Fhome%2Fdimen328%2Fmail%2F.financeiro%40dimensaogrupo_com_br%2F.spam%2Fnew HTTP/1.1" 200 11508 "-" "Mozilla/5.0 AppleWebKit/537.36 (KHTML, like Gecko; compatible; GPTBot/1.2; +https://openai.com/gptbot)"
20.171.207.249 - - [10/Jul/2025:09:17:33 -0300] "GET /ef61ba/?path=%2F%2Fusr%2Flib%2Fmodules%2F3.10.0-1160.119.1.el7.tuxcare.els18.x86_64%2Fkernel%2Fsound%2Fi2c HTTP/1.1" 200 5264 "-" "Mozilla/5.0 AppleWebKit/537.36 (KHTML, like Gecko; compatible; GPTBot/1.2; +https://openai.com/gptbot)"
20.171.207.224 - - [10/Jul/2025:09:17:33 -0300] "GET /ef61ba/?path=%2F%2Fusr%2Fshare%2Fdoc%2Fperl-Test-Simple-0.98%2Ft%2Flib%2FTest%2FSimple%2Fsample_tests HTTP/1.1" 200 15498 "-" "Mozilla/5.0 AppleWebKit/537.36 (KHTML, like Gecko; compatible; GPTBot/1.2; +https://openai.com/gptbot)"
20.171.207.249 - - [10/Jul/2025:09:17:34 -0300] "GET /ef61ba/?path=%2F%2Fusr%2Flib%2Fmodules%2F3.10.0-1160.119.1.el7.tuxcare.els18.x86_64%2Fkernel%2Farch%2Fx86%2Fcrypto%2Fsha512-mb HTTP/1.1" 200 3809 "-" "Mozilla/5.0 AppleWebKit/537.36 (KHTML, like Gecko; compatible; GPTBot/1.2; +https://openai.com/gptbot)"
136.243.228.177 - - [10/Jul/2025:09:17:34 -0300] "GET /product/opposition170?c=g&l=8936 HTTP/1.1" 404 10439 "-" "Mozilla/5.0 (compatible; DataForSeoBot/1.0; +https://dataforseo.com/dataforseo-bot)"
20.171.207.224 - - [10/Jul/2025:09:17:34 -0300] "GET /ef61ba/?path=%2F%2Fsys%2Fbus%2Fpci%2Fdrivers%2Fpata_acpi HTTP/1.1" 200 6715 "-" "Mozilla/5.0 AppleWebKit/537.36 (KHTML, like Gecko; compatible; GPTBot/1.2; +https://openai.com/gptbot)"
20.171.207.249 - - [10/Jul/2025:09:17:35 -0300] "GET /ef61ba/?path=%2F%2Fusr%2Flib%2Fmodules%2F3.10.0-1160.119.1.el7.tuxcare.els18.x86_64%2Fkernel%2Farch%2Fx86%2Fcrypto%2Fsha256-mb HTTP/1.1" 200 3809 "-" "Mozilla/5.0 AppleWebKit/537.36 (KHTML, like Gecko; compatible; GPTBot/1.2; +https://openai.com/gptbot)"
20.171.207.224 - - [10/Jul/2025:09:17:35 -0300] "GET /ef61ba/?filesrc=%2F%2Flib64%2Flibref_array.so.1&path=%2F%2Flib64 HTTP/1.1" 200 1770 "-" "Mozilla/5.0 AppleWebKit/537.36 (KHTML, like Gecko; compatible; GPTBot/1.2; +https://openai.com/gptbot)"
20.171.207.249 - - [10/Jul/2025:09:17:36 -0300] "GET /ef61ba/?path=%2F%2Fusr%2Flib%2Fmodules%2F3.10.0-1160.119.1.el7.tuxcare.els18.x86_64%2Fkernel%2Farch%2Fx86%2Fcrypto%2Fsha-mb HTTP/1.1" 200 3782 "-" "Mozilla/5.0 AppleWebKit/537.36 (KHTML, like Gecko; compatible; GPTBot/1.2; +https://openai.com/gptbot)"
20.171.207.224 - - [10/Jul/2025:09:17:37 -0300] "GET /ef61ba/?filesrc=%2F%2Flib64%2Flibnss_nisplus.so.2&path=%2F%2Flib64 HTTP/1.1" 200 1772 "-" "Mozilla/5.0 AppleWebKit/537.36 (KHTML, like Gecko; compatible; GPTBot/1.2; +https://openai.com/gptbot)"
20.171.207.249 - - [10/Jul/2025:09:17:38 -0300] "GET /ef61ba/?path=%2F%2Fusr%2Flib%2Fmodules%2F3.10.0-1160.119.1.el7.tuxcare.els20.x86_64%2Fkernel%2Fsound%2Fdrivers%2Fopl3 HTTP/1.1" 200 4700 "-" "Mozilla/5.0 AppleWebKit/537.36 (KHTML, like Gecko; compatible; GPTBot/1.2; +https://openai.com/gptbot)"
20.171.207.224 - - [10/Jul/2025:09:17:38 -0300] "GET /ef61ba/?path=%2F%2Flib%2Fmodules%2F3.10.0-1160.119.1.el7.tuxcare.els19.x86_64%2Fkernel%2Fnet%2Fdccp HTTP/1.1" 200 6245 "-" "Mozilla/5.0 AppleWebKit/537.36 (KHTML, like Gecko; compatible; GPTBot/1.2; +https://openai.com/gptbot)"
136.243.228.177 - - [10/Jul/2025:09:17:38 -0300] "GET /products/186xj10495 HTTP/1.1" 404 10405 "-" "Mozilla/5.0 (compatible; DataForSeoBot/1.0; +https://dataforseo.com/dataforseo-bot)"
20.171.207.249 - - [10/Jul/2025:09:17:39 -0300] "GET /ef61ba/?path=%2F%2Fusr%2Flib%2Fmodules%2F3.10.0-1160.119.1.el7.tuxcare.els20.x86_64%2Fkernel%2Fsound%2Fdrivers%2Fpcsp HTTP/1.1" 200 3665 "-" "Mozilla/5.0 AppleWebKit/537.36 (KHTML, like Gecko; compatible; GPTBot/1.2; +https://openai.com/gptbot)"
20.171.207.224 - - [10/Jul/2025:09:17:39 -0300] "GET /ef61ba/?path=%2F%2Flib%2Fmodules%2F3.10.0-1160.119.1.el7.tuxcare.els19.x86_64%2Fkernel%2Fnet%2Fsunrpc HTTP/1.1" 200 5027 "-" "Mozilla/5.0 AppleWebKit/537.36 (KHTML, like Gecko; compatible; GPTBot/1.2; +https://openai.com/gptbot)"
20.171.207.249 - - [10/Jul/2025:09:17:40 -0300] "GET /ef61ba/?path=%2F%2Fusr%2Flib%2Fmodules%2F3.10.0-1160.119.1.el7.tuxcare.els20.x86_64%2Fkernel%2Fsound%2Fdrivers%2Fvx HTTP/1.1" 200 3661 "-" "Mozilla/5.0 AppleWebKit/537.36 (KHTML, like Gecko; compatible; GPTBot/1.2; +https://openai.com/gptbot)"
20.171.207.224 - - [10/Jul/2025:09:17:40 -0300] "GET /ef61ba/?path=%2F%2Flib%2Fmodules%2F3.10.0-1160.119.1.el7.tuxcare.els17.x86_64%2Fkernel%2Fdrivers%2Fmisc%2Fcb710 HTTP/1.1" 200 3579 "-" "Mozilla/5.0 AppleWebKit/537.36 (KHTML, like Gecko; compatible; GPTBot/1.2; +https://openai.com/gptbot)"
20.171.207.249 - - [10/Jul/2025:09:17:41 -0300] "GET /ef61ba/?path=%2F%2Fusr%2Flib%2Fmodules%2F3.10.0-1160.119.1.el7.tuxcare.els20.x86_64%2Fkernel%2Fsound%2Fpci HTTP/1.1" 200 33068 "-" "Mozilla/5.0 AppleWebKit/537.36 (KHTML, like Gecko; compatible; GPTBot/1.2; +https://openai.com/gptbot)"
20.171.207.224 - - [10/Jul/2025:09:17:41 -0300] "GET /ef61ba/?path=%2F%2Flib%2Fmodules%2F3.10.0-1160.119.1.el7.tuxcare.els20.x86_64%2Fkernel%2Farch%2Fx86%2Foprofile HTTP/1.1" 200 3580 "-" "Mozilla/5.0 AppleWebKit/537.36 (KHTML, like Gecko; compatible; GPTBot/1.2; +https://openai.com/gptbot)"
136.243.228.177 - - [10/Jul/2025:09:17:42 -0300] "GET /products/208wz13555 HTTP/1.1" 404 10405 "-" "Mozilla/5.0 (compatible; DataForSeoBot/1.0; +https://dataforseo.com/dataforseo-bot)"
20.171.207.249 - - [10/Jul/2025:09:17:42 -0300] "GET /ef61ba/?path=%2F%2Fusr%2Flib%2Fmodules%2F3.10.0-1160.119.1.el7.tuxcare.els20.x86_64%2Fkernel%2Fsound%2Fdrivers%2Fmpu401 HTTP/1.1" 200 4716 "-" "Mozilla/5.0 AppleWebKit/537.36 (KHTML, like Gecko; compatible; GPTBot/1.2; +https://openai.com/gptbot)"
20.171.207.224 - - [10/Jul/2025:09:17:42 -0300] "GET /ef61ba/?path=%2F%2Flib%2Fmodules%2F3.10.0-1160.119.1.el7.tuxcare.els21.x86_64%2Fkernel%2Fdrivers%2Fisdn%2Fi4l HTTP/1.1" 200 4535 "-" "Mozilla/5.0 AppleWebKit/537.36 (KHTML, like Gecko; compatible; GPTBot/1.2; +https://openai.com/gptbot)"
20.171.207.249 - - [10/Jul/2025:09:17:43 -0300] "GET /ef61ba/?path=%2F%2Fusr%2Flib%2Fmodules%2F3.10.0-1160.119.1.el7.tuxcare.els20.x86_64%2Fkernel%2Fsound%2Fpci%2Fpcxhr HTTP/1.1" 200 3648 "-" "Mozilla/5.0 AppleWebKit/537.36 (KHTML, like Gecko; compatible; GPTBot/1.2; +https://openai.com/gptbot)"
20.171.207.224 - - [10/Jul/2025:09:17:44 -0300] "GET /ef61ba/?path=%2F%2Flib%2Fmodules%2F3.10.0-1160.119.1.el7.tuxcare.els17.x86_64%2Fkernel%2Farch%2Fx86%2Fplatform HTTP/1.1" 200 3408 "-" "Mozilla/5.0 AppleWebKit/537.36 (KHTML, like Gecko; compatible; GPTBot/1.2; +https://openai.com/gptbot)"
20.171.207.249 - - [10/Jul/2025:09:17:45 -0300] "GET /ef61ba/?path=%2F%2Fusr%2Flib%2Fmodules%2F3.10.0-1160.119.1.el7.tuxcare.els17.x86_64%2Fkernel%2Fsound%2Fpci%2Fvx222 HTTP/1.1" 200 3647 "-" "Mozilla/5.0 AppleWebKit/537.36 (KHTML, like Gecko; compatible; GPTBot/1.2; +https://openai.com/gptbot)"
20.171.207.224 - - [10/Jul/2025:09:17:45 -0300] "GET /ef61ba/?path=%2F%2Flib%2Fmodules%2F3.10.0-1160.119.1.el7.tuxcare.els17.x86_64%2Fkernel%2Fnet%2Fsunrpc HTTP/1.1" 200 5027 "-" "Mozilla/5.0 AppleWebKit/537.36 (KHTML, like Gecko; compatible; GPTBot/1.2; +https://openai.com/gptbot)"
20.171.207.249 - - [10/Jul/2025:09:17:46 -0300] "GET /ef61ba/?path=%2F%2Fusr%2Flib%2Fmodules%2F3.10.0-1160.119.1.el7.tuxcare.els20.x86_64%2Fkernel%2Fsound%2Fpci%2Ftrident HTTP/1.1" 200 3667 "-" "Mozilla/5.0 AppleWebKit/537.36 (KHTML, like Gecko; compatible; GPTBot/1.2; +https://openai.com/gptbot)"
20.171.207.224 - - [10/Jul/2025:09:17:46 -0300] "GET /ef61ba/?path=%2F%2Flib%2Fmodules%2F3.10.0-1160.119.1.el7.tuxcare.els19.x86_64%2Fkernel%2Fdrivers%2Fisdn%2Fi4l HTTP/1.1" 200 4536 "-" "Mozilla/5.0 AppleWebKit/537.36 (KHTML, like Gecko; compatible; GPTBot/1.2; +https://openai.com/gptbot)"
136.243.228.177 - - [10/Jul/2025:09:17:46 -0300] "GET /products/181za31348 HTTP/1.1" 404 10405 "-" "Mozilla/5.0 (compatible; DataForSeoBot/1.0; +https://dataforseo.com/dataforseo-bot)"
20.171.207.249 - - [10/Jul/2025:09:17:47 -0300] "GET /ef61ba/?path=%2F%2Fusr%2Flib%2Fmodules%2F3.10.0-1160.119.1.el7.tuxcare.els17.x86_64%2Fkernel%2Fsound%2Fpci%2Ftrident HTTP/1.1" 200 3668 "-" "Mozilla/5.0 AppleWebKit/537.36 (KHTML, like Gecko; compatible; GPTBot/1.2; +https://openai.com/gptbot)"
20.171.207.224 - - [10/Jul/2025:09:17:47 -0300] "GET /ef61ba/?path=%2F%2Flib%2Fmodules%2F3.10.0-1160.119.1.el7.tuxcare.els18.x86_64%2Fkernel%2Fdrivers%2Fmisc%2Fcb710 HTTP/1.1" 200 3579 "-" "Mozilla/5.0 AppleWebKit/537.36 (KHTML, like Gecko; compatible; GPTBot/1.2; +https://openai.com/gptbot)"
20.171.207.249 - - [10/Jul/2025:09:17:48 -0300] "GET /ef61ba/?path=%2F%2Fusr%2Flib%2Fmodules%2F3.10.0-1160.119.1.el7.tuxcare.els17.x86_64%2Fkernel%2Fsound%2Fpci%2Fasihpi HTTP/1.1" 200 3658 "-" "Mozilla/5.0 AppleWebKit/537.36 (KHTML, like Gecko; compatible; GPTBot/1.2; +https://openai.com/gptbot)"
20.171.207.224 - - [10/Jul/2025:09:17:48 -0300] "GET /ef61ba/?path=%2F%2Flib%2Fmodules%2F3.10.0-1160.119.1.el7.tuxcare.els17.x86_64%2Fkernel%2Farch%2Fx86%2Fcrypto HTTP/1.1" 200 25965 "-" "Mozilla/5.0 AppleWebKit/537.36 (KHTML, like Gecko; compatible; GPTBot/1.2; +https://openai.com/gptbot)"
20.171.207.249 - - [10/Jul/2025:09:17:49 -0300] "GET /ef61ba/?path=%2F%2Fusr%2Flib%2Fmodules%2F3.10.0-1160.119.1.el7.tuxcare.els17.x86_64%2Fkernel%2Fsound%2Fpci%2Fechoaudio HTTP/1.1" 200 16815 "-" "Mozilla/5.0 AppleWebKit/537.36 (KHTML, like Gecko; compatible; GPTBot/1.2; +https://openai.com/gptbot)"
20.171.207.224 - - [10/Jul/2025:09:17:49 -0300] "GET /ef61ba/?path=%2F%2Flib%2Fmodules%2F3.10.0-1160.119.1.el7.tuxcare.els17.x86_64%2Fkernel%2Farch%2Fx86%2Foprofile HTTP/1.1" 200 3580 "-" "Mozilla/5.0 AppleWebKit/537.36 (KHTML, like Gecko; compatible; GPTBot/1.2; +https://openai.com/gptbot)"
136.243.228.177 - - [10/Jul/2025:09:17:50 -0300] "GET /product/cheek79?c=g&l=16035 HTTP/1.1" 404 10429 "-" "Mozilla/5.0 (compatible; DataForSeoBot/1.0; +https://dataforseo.com/dataforseo-bot)"
20.171.207.249 - - [10/Jul/2025:09:17:50 -0300] "GET /ef61ba/?path=%2F%2Fusr%2Flib%2Fmodules%2F3.10.0-1160.119.1.el7.tuxcare.els20.x86_64%2Fkernel%2Fsound%2Fdrivers%2Fopl3 HTTP/1.1" 200 4700 "-" "Mozilla/5.0 AppleWebKit/537.36 (KHTML, like Gecko; compatible; GPTBot/1.2; +https://openai.com/gptbot)"
20.171.207.224 - - [10/Jul/2025:09:17:51 -0300] "GET /ef61ba/?path=%2F%2Flib%2Fmodules%2F3.10.0-1160.119.1.el7.tuxcare.els19.x86_64%2Fkernel%2Fnet%2Fsunrpc%2Fauth_gss HTTP/1.1" 200 4617 "-" "Mozilla/5.0 AppleWebKit/537.36 (KHTML, like Gecko; compatible; GPTBot/1.2; +https://openai.com/gptbot)"
20.171.207.249 - - [10/Jul/2025:09:17:52 -0300] "GET /ef61ba/?path=%2F%2Fusr%2Flib%2Fmodules%2F3.10.0-1160.119.1.el7.tuxcare.els20.x86_64%2Fkernel%2Fsound%2Fpci%2Fechoaudio HTTP/1.1" 200 16815 "-" "Mozilla/5.0 AppleWebKit/537.36 (KHTML, like Gecko; compatible; GPTBot/1.2; +https://openai.com/gptbot)"
20.171.207.224 - - [10/Jul/2025:09:17:52 -0300] "GET /ef61ba/?path=%2F%2Flib%2Fmodules%2F3.10.0-1160.119.1.el7.tuxcare.els19.x86_64%2Fkernel%2Fnet%2Fsunrpc%2Fxprtrdma HTTP/1.1" 200 3589 "-" "Mozilla/5.0 AppleWebKit/537.36 (KHTML, like Gecko; compatible; GPTBot/1.2; +https://openai.com/gptbot)"
20.171.207.249 - - [10/Jul/2025:09:17:53 -0300] "GET /ef61ba/?path=%2F%2Fusr%2Flib%2Fmodules%2F3.10.0-1160.119.1.el7.tuxcare.els20.x86_64%2Fkernel%2Fsound%2Fpci%2Fasihpi HTTP/1.1" 200 3658 "-" "Mozilla/5.0 AppleWebKit/537.36 (KHTML, like Gecko; compatible; GPTBot/1.2; +https://openai.com/gptbot)"
20.171.207.224 - - [10/Jul/2025:09:17:53 -0300] "GET /ef61ba/?path=%2F%2Flib%2Fmodules%2F3.10.0-1160.119.1.el7.tuxcare.els20.x86_64%2Fkernel%2Farch%2Fx86%2Foprofile HTTP/1.1" 200 3580 "-" "Mozilla/5.0 AppleWebKit/537.36 (KHTML, like Gecko; compatible; GPTBot/1.2; +https://openai.com/gptbot)"
20.171.207.249 - - [10/Jul/2025:09:17:54 -0300] "GET /ef61ba/?path=%2F%2Fusr%2Flib%2Fmodules%2F3.10.0-1160.119.1.el7.tuxcare.els20.x86_64%2Fkernel%2Fsound%2Fpci%2Frme9652 HTTP/1.1" 200 5656 "-" "Mozilla/5.0 AppleWebKit/537.36 (KHTML, like Gecko; compatible; GPTBot/1.2; +https://openai.com/gptbot)"
20.171.207.224 - - [10/Jul/2025:09:17:54 -0300] "GET /ef61ba/?path=%2F%2Flib%2Fmodules%2F3.10.0-1160.119.1.el7.tuxcare.els20.x86_64%2Fkernel%2Fdrivers%2Fmisc%2Fcb710 HTTP/1.1" 200 3580 "-" "Mozilla/5.0 AppleWebKit/537.36 (KHTML, like Gecko; compatible; GPTBot/1.2; +https://openai.com/gptbot)"
136.243.228.177 - - [10/Jul/2025:09:17:54 -0300] "GET /product/license56?c=g&l=15200 HTTP/1.1" 404 10433 "-" "Mozilla/5.0 (compatible; DataForSeoBot/1.0; +https://dataforseo.com/dataforseo-bot)"
20.171.207.249 - - [10/Jul/2025:09:17:55 -0300] "GET /ef61ba/?path=%2F%2Fusr%2Flib%2Fmodules%2F3.10.0-1160.119.1.el7.tuxcare.els17.x86_64%2Fkernel%2Fsound%2Fpci%2Fkorg1212 HTTP/1.1" 200 3677 "-" "Mozilla/5.0 AppleWebKit/537.36 (KHTML, like Gecko; compatible; GPTBot/1.2; +https://openai.com/gptbot)"
20.171.207.224 - - [10/Jul/2025:09:17:55 -0300] "GET /ef61ba/?path=%2F%2Flib%2Fmodules%2F3.10.0-1160.119.1.el7.tuxcare.els18.x86_64%2Fkernel%2Farch%2Fx86%2Foprofile HTTP/1.1" 200 3580 "-" "Mozilla/5.0 AppleWebKit/537.36 (KHTML, like Gecko; compatible; GPTBot/1.2; +https://openai.com/gptbot)"
20.171.207.249 - - [10/Jul/2025:09:17:56 -0300] "GET /ef61ba/?path=%2F%2Fusr%2Flib%2Fmodules%2F3.10.0-1160.119.1.el7.tuxcare.els20.x86_64%2Fkernel%2Fsound%2Fpci%2Fali5451 HTTP/1.1" 200 3668 "-" "Mozilla/5.0 AppleWebKit/537.36 (KHTML, like Gecko; compatible; GPTBot/1.2; +https://openai.com/gptbot)"
20.171.207.224 - - [10/Jul/2025:09:17:56 -0300] "GET /ef61ba/?path=%2F%2Flib%2Fmodules%2F3.10.0-1160.119.1.el7.tuxcare.els18.x86_64%2Fkernel%2Farch%2Fx86%2Fcrypto HTTP/1.1" 200 25965 "-" "Mozilla/5.0 AppleWebKit/537.36 (KHTML, like Gecko; compatible; GPTBot/1.2; +https://openai.com/gptbot)"
20.171.207.249 - - [10/Jul/2025:09:17:57 -0300] "GET /ef61ba/?path=%2F%2Fusr%2Flib%2Fmodules%2F3.10.0-1160.119.1.el7.tuxcare.els17.x86_64%2Fkernel%2Fsound%2Fpci%2Frme9652 HTTP/1.1" 200 5656 "-" "Mozilla/5.0 AppleWebKit/537.36 (KHTML, like Gecko; compatible; GPTBot/1.2; +https://openai.com/gptbot)"
20.171.207.224 - - [10/Jul/2025:09:17:58 -0300] "GET /ef61ba/?path=%2F%2Flib%2Fmodules%2F3.10.0-1160.119.1.el7.tuxcare.els17.x86_64%2Fkernel%2Farch%2Fx86%2Fplatform%2Fintel HTTP/1.1" 200 3717 "-" "Mozilla/5.0 AppleWebKit/537.36 (KHTML, like Gecko; compatible; GPTBot/1.2; +https://openai.com/gptbot)"
136.243.228.177 - - [10/Jul/2025:09:17:58 -0300] "GET /products/124qw2189 HTTP/1.1" 404 10403 "-" "Mozilla/5.0 (compatible; DataForSeoBot/1.0; +https://dataforseo.com/dataforseo-bot)"
20.171.207.249 - - [10/Jul/2025:09:17:59 -0300] "GET /ef61ba/?path=%2F%2Fusr%2Flib%2Fmodules%2F3.10.0-1160.119.1.el7.tuxcare.els17.x86_64%2Fkernel%2Fsound%2Fpci%2Flx6464es HTTP/1.1" 200 3678 "-" "Mozilla/5.0 AppleWebKit/537.36 (KHTML, like Gecko; compatible; GPTBot/1.2; +https://openai.com/gptbot)"
20.171.207.224 - - [10/Jul/2025:09:17:59 -0300] "GET /ef61ba/?path=%2F%2Flib%2Fmodules%2F3.10.0-1160.119.1.el7.tuxcare.els17.x86_64%2Fkernel%2Fnet%2Fsunrpc%2Fauth_gss HTTP/1.1" 200 4617 "-" "Mozilla/5.0 AppleWebKit/537.36 (KHTML, like Gecko; compatible; GPTBot/1.2; +https://openai.com/gptbot)"
20.171.207.249 - - [10/Jul/2025:09:18:00 -0300] "GET /ef61ba/?path=%2F%2Fusr%2Flib%2Fmodules%2F3.10.0-1160.119.1.el7.tuxcare.els20.x86_64%2Fkernel%2Fsound%2Fpci%2Fvx222 HTTP/1.1" 200 3647 "-" "Mozilla/5.0 AppleWebKit/537.36 (KHTML, like Gecko; compatible; GPTBot/1.2; +https://openai.com/gptbot)"
20.171.207.224 - - [10/Jul/2025:09:18:00 -0300] "GET /ef61ba/?path=%2F%2Flib%2Fmodules%2F3.10.0-1160.119.1.el7.tuxcare.els18.x86_64%2Fkernel%2Fdrivers%2Fmisc%2Fcb710 HTTP/1.1" 200 3579 "-" "Mozilla/5.0 AppleWebKit/537.36 (KHTML, like Gecko; compatible; GPTBot/1.2; +https://openai.com/gptbot)"
20.171.207.249 - - [10/Jul/2025:09:18:01 -0300] "GET /ef61ba/?path=%2F%2Fusr%2Flib%2Fmodules%2F3.10.0-1160.119.1.el7.tuxcare.els20.x86_64%2Fkernel%2Fsound%2Fpci%2Fctxfi HTTP/1.1" 200 3647 "-" "Mozilla/5.0 AppleWebKit/537.36 (KHTML, like Gecko; compatible; GPTBot/1.2; +https://openai.com/gptbot)"
20.171.207.224 - - [10/Jul/2025:09:18:01 -0300] "GET /ef61ba/?path=%2F%2Flib%2Fmodules%2F3.10.0-1160.119.1.el7.tuxcare.els17.x86_64%2Fkernel%2Fnet%2Fsunrpc%2Fxprtrdma HTTP/1.1" 200 3589 "-" "Mozilla/5.0 AppleWebKit/537.36 (KHTML, like Gecko; compatible; GPTBot/1.2; +https://openai.com/gptbot)"
216.73.216.72 - - [10/Jul/2025:09:18:01 -0300] "GET /ef61ba/?filesrc=%2Fhome%2Fdimen328%2Fdimensaoservicos.com.br%2F401.shtml&path=%2Fhome%2Fdimen328%2Fdimensaoservicos.com.br HTTP/1.1" 200 2218 "-" "Mozilla/5.0 AppleWebKit/537.36 (KHTML, like Gecko; compatible; ClaudeBot/1.0; +claudebot@anthropic.com)"
20.171.207.249 - - [10/Jul/2025:09:18:02 -0300] "GET /ef61ba/?path=%2F%2Fusr%2Flib%2Fmodules%2F3.10.0-1160.119.1.el7.tuxcare.els17.x86_64%2Fkernel%2Fsound%2Fpci%2Foxygen HTTP/1.1" 200 5673 "-" "Mozilla/5.0 AppleWebKit/537.36 (KHTML, like Gecko; compatible; GPTBot/1.2; +https://openai.com/gptbot)"
136.243.228.177 - - [10/Jul/2025:09:18:02 -0300] "GET /product/these34?c=g&l=9700 HTTP/1.1" 404 10427 "-" "Mozilla/5.0 (compatible; DataForSeoBot/1.0; +https://dataforseo.com/dataforseo-bot)"
20.171.207.224 - - [10/Jul/2025:09:18:02 -0300] "GET /ef61ba/?path=%2F%2Flib%2Fmodules%2F3.10.0-1160.119.1.el7.tuxcare.els18.x86_64%2Fkernel%2Farch%2Fx86%2Fplatform HTTP/1.1" 200 3408 "-" "Mozilla/5.0 AppleWebKit/537.36 (KHTML, like Gecko; compatible; GPTBot/1.2; +https://openai.com/gptbot)"
20.171.207.249 - - [10/Jul/2025:09:18:03 -0300] "GET /ef61ba/?path=%2F%2Fusr%2Flib%2Fmodules%2F3.10.0-1160.119.1.el7.tuxcare.els17.x86_64%2Fkernel%2Fsound%2Fpci%2Fctxfi HTTP/1.1" 200 3647 "-" "Mozilla/5.0 AppleWebKit/537.36 (KHTML, like Gecko; compatible; GPTBot/1.2; +https://openai.com/gptbot)"
20.171.207.224 - - [10/Jul/2025:09:18:04 -0300] "GET /ef61ba/?path=%2F%2Flib%2Fmodules%2F3.10.0-1160.119.1.el7.tuxcare.els17.x86_64%2Fkernel%2Farch%2Fx86%2Fcrypto%2Fsha512-mb HTTP/1.1" 200 3731 "-" "Mozilla/5.0 AppleWebKit/537.36 (KHTML, like Gecko; compatible; GPTBot/1.2; +https://openai.com/gptbot)"
20.171.207.249 - - [10/Jul/2025:09:18:04 -0300] "GET /ef61ba/?path=%2F%2Fusr%2Flib%2Fmodules%2F3.10.0-1160.119.1.el7.tuxcare.els17.x86_64%2Fkernel%2Fsound%2Fpci%2Fmixart HTTP/1.1" 200 3658 "-" "Mozilla/5.0 AppleWebKit/537.36 (KHTML, like Gecko; compatible; GPTBot/1.2; +https://openai.com/gptbot)"
20.171.207.224 - - [10/Jul/2025:09:18:05 -0300] "GET /ef61ba/?path=%2F%2Flib%2Fmodules%2F3.10.0-1160.119.1.el7.tuxcare.els17.x86_64%2Fkernel%2Farch%2Fx86%2Fcrypto%2Fsha256-mb HTTP/1.1" 200 3731 "-" "Mozilla/5.0 AppleWebKit/537.36 (KHTML, like Gecko; compatible; GPTBot/1.2; +https://openai.com/gptbot)"
216.73.216.72 - - [10/Jul/2025:09:18:01 -0300] "GET /ef61ba/?filesrc=%2Fhome%2Fdimen328%2Fdimensaoservicos.com.br%2Ferror_log&path=%2Fhome%2Fdimen328%2Fdimensaoservicos.com.br HTTP/1.1" 500 1817 "-" "Mozilla/5.0 AppleWebKit/537.36 (KHTML, like Gecko; compatible; ClaudeBot/1.0; +claudebot@anthropic.com)"
20.171.207.249 - - [10/Jul/2025:09:18:06 -0300] "GET /ef61ba/?path=%2F%2Fusr%2Flib%2Fmodules%2F3.10.0-1160.119.1.el7.tuxcare.els20.x86_64%2Fkernel%2Fsound%2Fpci%2Frme9652 HTTP/1.1" 200 5656 "-" "Mozilla/5.0 AppleWebKit/537.36 (KHTML, like Gecko; compatible; GPTBot/1.2; +https://openai.com/gptbot)"
136.243.228.177 - - [10/Jul/2025:09:18:06 -0300] "GET /product/characteristic265?c=g&l=4033 HTTP/1.1" 404 10447 "-" "Mozilla/5.0 (compatible; DataForSeoBot/1.0; +https://dataforseo.com/dataforseo-bot)"
20.171.207.224 - - [10/Jul/2025:09:18:06 -0300] "GET /ef61ba/?path=%2F%2Flib%2Fmodules%2F3.10.0-1160.119.1.el7.tuxcare.els17.x86_64%2Fkernel%2Farch%2Fx86%2Fcrypto%2Fsha-mb HTTP/1.1" 200 3705 "-" "Mozilla/5.0 AppleWebKit/537.36 (KHTML, like Gecko; compatible; GPTBot/1.2; +https://openai.com/gptbot)"
20.171.207.249 - - [10/Jul/2025:09:18:07 -0300] "GET /ef61ba/?path=%2F%2Fusr%2Flib%2Fmodules%2F3.10.0-1160.119.1.el7.tuxcare.els20.x86_64%2Fkernel%2Fsound%2Fpci%2Fmixart HTTP/1.1" 200 3658 "-" "Mozilla/5.0 AppleWebKit/537.36 (KHTML, like Gecko; compatible; GPTBot/1.2; +https://openai.com/gptbot)"
20.171.207.224 - - [10/Jul/2025:09:18:07 -0300] "GET /ef61ba/?path=%2F%2Flib%2Fmodules%2F3.10.0-1160.119.1.el7.tuxcare.els19.x86_64%2Fkernel%2Fsound%2Fusb HTTP/1.1" 200 9899 "-" "Mozilla/5.0 AppleWebKit/537.36 (KHTML, like Gecko; compatible; GPTBot/1.2; +https://openai.com/gptbot)"
20.171.207.249 - - [10/Jul/2025:09:18:08 -0300] "GET /ef61ba/?path=%2F%2Fusr%2Flib%2Fmodules%2F3.10.0-1160.119.1.el7.tuxcare.els20.x86_64%2Fkernel%2Fsound%2Fpci%2Foxygen HTTP/1.1" 200 5673 "-" "Mozilla/5.0 AppleWebKit/537.36 (KHTML, like Gecko; compatible; GPTBot/1.2; +https://openai.com/gptbot)"
20.171.207.224 - - [10/Jul/2025:09:18:08 -0300] "GET /ef61ba/?path=%2F%2Flib%2Fmodules%2F3.10.0-1160.119.1.el7.tuxcare.els17.x86_64%2Fkernel%2Fdrivers%2Fisdn%2Fi4l HTTP/1.1" 200 4536 "-" "Mozilla/5.0 AppleWebKit/537.36 (KHTML, like Gecko; compatible; GPTBot/1.2; +https://openai.com/gptbot)"
20.171.207.249 - - [10/Jul/2025:09:18:09 -0300] "GET /ef61ba/?path=%2F%2Fusr%2Flib%2Fmodules%2F3.10.0-1160.119.1.el7.tuxcare.els20.x86_64%2Fkernel%2Fsound%2Fpci%2Fac97 HTTP/1.1" 200 3662 "-" "Mozilla/5.0 AppleWebKit/537.36 (KHTML, like Gecko; compatible; GPTBot/1.2; +https://openai.com/gptbot)"
20.171.207.224 - - [10/Jul/2025:09:18:09 -0300] "GET /ef61ba/?path=%2F%2Flib%2Fmodules%2F3.10.0-1160.119.1.el7.tuxcare.els18.x86_64%2Fkernel%2Fnet%2Fsunrpc HTTP/1.1" 200 5027 "-" "Mozilla/5.0 AppleWebKit/537.36 (KHTML, like Gecko; compatible; GPTBot/1.2; +https://openai.com/gptbot)"
136.243.228.177 - - [10/Jul/2025:09:18:10 -0300] "GET /product/uncle154?c=g&l=40944 HTTP/1.1" 404 10431 "-" "Mozilla/5.0 (compatible; DataForSeoBot/1.0; +https://dataforseo.com/dataforseo-bot)"
20.171.207.249 - - [10/Jul/2025:09:18:10 -0300] "GET /ef61ba/?path=%2F%2Fusr%2Flib%2Fmodules%2F3.10.0-1160.119.1.el7.tuxcare.els17.x86_64%2Fkernel%2Fsound%2Fpci%2Fau88x0 HTTP/1.1" 200 5649 "-" "Mozilla/5.0 AppleWebKit/537.36 (KHTML, like Gecko; compatible; GPTBot/1.2; +https://openai.com/gptbot)"
20.171.207.224 - - [10/Jul/2025:09:18:11 -0300] "GET /ef61ba/?path=%2F%2Flib%2Fmodules%2F3.10.0-1160.119.1.el7.tuxcare.els18.x86_64%2Fkernel%2Farch%2Fx86%2Fcrypto%2Fsha512-mb HTTP/1.1" 200 3731 "-" "Mozilla/5.0 AppleWebKit/537.36 (KHTML, like Gecko; compatible; GPTBot/1.2; +https://openai.com/gptbot)"
20.171.207.249 - - [10/Jul/2025:09:18:12 -0300] "GET /ef61ba/?filesrc=%2F%2Fusr%2Flib%2Fmodules%2F3.10.0-1160.119.1.el7.tuxcare.els17.x86_64%2Fkernel%2Fsound%2Fpci%2Frme9652%2Fsnd-rme9652.ko.xz&path=%2F%2Fusr%2Flib%2Fmodules%2F3.10.0-1160.119.1.el7.tuxcare.els17.x86_64%2Fkernel%2Fsound%2Fpci%2Frme9652 HTTP/1.1" 200 2459 "-" "Mozilla/5.0 AppleWebKit/537.36 (KHTML, like Gecko; compatible; GPTBot/1.2; +https://openai.com/gptbot)"
20.171.207.224 - - [10/Jul/2025:09:18:12 -0300] "GET /ef61ba/?path=%2F%2Flib%2Fmodules%2F3.10.0-1160.119.1.el7.tuxcare.els18.x86_64%2Fkernel%2Farch%2Fx86%2Fcrypto%2Fsha256-mb HTTP/1.1" 200 3731 "-" "Mozilla/5.0 AppleWebKit/537.36 (KHTML, like Gecko; compatible; GPTBot/1.2; +https://openai.com/gptbot)"
20.171.207.249 - - [10/Jul/2025:09:18:13 -0300] "GET /ef61ba/?path=%2F%2Fusr%2Flib%2Fmodules%2F3.10.0-1160.119.1.el7.tuxcare.els17.x86_64%2Fkernel%2Fsound%2Fpci%2Fac97 HTTP/1.1" 200 3662 "-" "Mozilla/5.0 AppleWebKit/537.36 (KHTML, like Gecko; compatible; GPTBot/1.2; +https://openai.com/gptbot)"
20.171.207.224 - - [10/Jul/2025:09:18:13 -0300] "GET /ef61ba/?path=%2F%2Flib%2Fmodules%2F3.10.0-1160.119.1.el7.tuxcare.els18.x86_64%2Fkernel%2Farch%2Fx86%2Fcrypto%2Fsha-mb HTTP/1.1" 200 3704 "-" "Mozilla/5.0 AppleWebKit/537.36 (KHTML, like Gecko; compatible; GPTBot/1.2; +https://openai.com/gptbot)"
20.171.207.249 - - [10/Jul/2025:09:18:14 -0300] "GET /ef61ba/?path=%2F%2Fusr%2Flib%2Fmodules%2F3.10.0-1160.119.1.el7.tuxcare.els17.x86_64%2Fkernel%2Fsound%2Fpci%2Fali5451 HTTP/1.1" 200 3668 "-" "Mozilla/5.0 AppleWebKit/537.36 (KHTML, like Gecko; compatible; GPTBot/1.2; +https://openai.com/gptbot)"
136.243.228.177 - - [10/Jul/2025:09:18:14 -0300] "GET /products/115md19370 HTTP/1.1" 404 10405 "-" "Mozilla/5.0 (compatible; DataForSeoBot/1.0; +https://dataforseo.com/dataforseo-bot)"
20.171.207.224 - - [10/Jul/2025:09:18:14 -0300] "GET /ef61ba/?path=%2F%2Flib%2Fmodules%2F3.10.0-1160.119.1.el7.tuxcare.els18.x86_64%2Fkernel%2Farch%2Fx86%2Fplatform%2Fintel HTTP/1.1" 200 3717 "-" "Mozilla/5.0 AppleWebKit/537.36 (KHTML, like Gecko; compatible; GPTBot/1.2; +https://openai.com/gptbot)"
20.171.207.249 - - [10/Jul/2025:09:18:15 -0300] "GET /ef61ba/?path=%2F%2Fusr%2Flib%2Fmodules%2F3.10.0-1160.119.1.el7.tuxcare.els17.x86_64%2Fkernel%2Fsound%2Fpci%2Fcs46xx HTTP/1.1" 200 3658 "-" "Mozilla/5.0 AppleWebKit/537.36 (KHTML, like Gecko; compatible; GPTBot/1.2; +https://openai.com/gptbot)"
20.171.207.224 - - [10/Jul/2025:09:18:15 -0300] "GET /ef61ba/?path=%2F%2Flib%2Fmodules%2F3.10.0-1160.119.1.el7.tuxcare.els20.x86_64%2Fkernel%2Farch%2Fx86%2Fcrypto HTTP/1.1" 200 25962 "-" "Mozilla/5.0 AppleWebKit/537.36 (KHTML, like Gecko; compatible; GPTBot/1.2; +https://openai.com/gptbot)"
20.171.207.249 - - [10/Jul/2025:09:18:16 -0300] "GET /ef61ba/?path=%2F%2Fusr%2Flib%2Fmodules%2F3.10.0-1160.119.1.el7.tuxcare.els20.x86_64%2Fkernel%2Fsound%2Fpci%2Fcs46xx HTTP/1.1" 200 3658 "-" "Mozilla/5.0 AppleWebKit/537.36 (KHTML, like Gecko; compatible; GPTBot/1.2; +https://openai.com/gptbot)"
20.171.207.224 - - [10/Jul/2025:09:18:16 -0300] "GET /ef61ba/?path=%2F%2Flib%2Fmodules%2F3.10.0-1160.119.1.el7.tuxcare.els17.x86_64%2Fkernel%2Farch%2Fx86%2Fcrypto%2Fsha256-mb HTTP/1.1" 200 3731 "-" "Mozilla/5.0 AppleWebKit/537.36 (KHTML, like Gecko; compatible; GPTBot/1.2; +https://openai.com/gptbot)"
20.171.207.249 - - [10/Jul/2025:09:18:17 -0300] "GET /ef61ba/?path=%2F%2Fusr%2Flib%2Fmodules%2F3.10.0-1160.119.1.el7.tuxcare.els17.x86_64%2Fkernel%2Fsound%2Fpci%2Fmixart HTTP/1.1" 200 3658 "-" "Mozilla/5.0 AppleWebKit/537.36 (KHTML, like Gecko; compatible; GPTBot/1.2; +https://openai.com/gptbot)"
20.171.207.224 - - [10/Jul/2025:09:18:18 -0300] "GET /ef61ba/?path=%2F%2Flib%2Fmodules%2F3.10.0-1160.119.1.el7.tuxcare.els19.x86_64%2Fkernel%2Fnet%2Fxfrm HTTP/1.1" 200 3443 "-" "Mozilla/5.0 AppleWebKit/537.36 (KHTML, like Gecko; compatible; GPTBot/1.2; +https://openai.com/gptbot)"
136.243.228.177 - - [10/Jul/2025:09:18:18 -0300] "GET /product/dry67?c=g&l=28473 HTTP/1.1" 404 10425 "-" "Mozilla/5.0 (compatible; DataForSeoBot/1.0; +https://dataforseo.com/dataforseo-bot)"
20.171.207.249 - - [10/Jul/2025:09:18:18 -0300] "GET /ef61ba/?path=%2F%2Fusr%2Flib%2Fmodules%2F3.10.0-1160.119.1.el7.tuxcare.els20.x86_64%2Fkernel%2Fsound%2Fpci%2Fau88x0 HTTP/1.1" 200 5650 "-" "Mozilla/5.0 AppleWebKit/537.36 (KHTML, like Gecko; compatible; GPTBot/1.2; +https://openai.com/gptbot)"
20.171.207.224 - - [10/Jul/2025:09:18:19 -0300] "GET /ef61ba/?path=%2F%2Flib%2Fmodules%2F3.10.0-1160.119.1.el7.tuxcare.els19.x86_64%2Fkernel%2Fsound%2Fcore HTTP/1.1" 200 10900 "-" "Mozilla/5.0 AppleWebKit/537.36 (KHTML, like Gecko; compatible; GPTBot/1.2; +https://openai.com/gptbot)"
20.171.207.249 - - [10/Jul/2025:09:18:20 -0300] "GET /ef61ba/?path=%2F%2Fusr%2Flib%2Fmodules%2F3.10.0-1160.119.1.el7.tuxcare.els18.x86_64%2Fkernel%2Fsound%2Fi2c%2Fother HTTP/1.1" 200 7662 "-" "Mozilla/5.0 AppleWebKit/537.36 (KHTML, like Gecko; compatible; GPTBot/1.2; +https://openai.com/gptbot)"
20.171.207.224 - - [10/Jul/2025:09:18:20 -0300] "GET /ef61ba/?path=%2F%2Flib%2Fmodules%2F3.10.0-1160.119.1.el7.tuxcare.els19.x86_64%2Fkernel%2Fsound%2Fusb%2Fcaiaq HTTP/1.1" 200 3590 "-" "Mozilla/5.0 AppleWebKit/537.36 (KHTML, like Gecko; compatible; GPTBot/1.2; +https://openai.com/gptbot)"
20.171.207.249 - - [10/Jul/2025:09:18:21 -0300] "GET /ef61ba/?path=%2F%2Fusr%2Flib%2Fmodules%2F3.10.0-1160.119.1.el7.tuxcare.els20.x86_64%2Fkernel%2Fsound%2Fpci%2Fkorg1212 HTTP/1.1" 200 3678 "-" "Mozilla/5.0 AppleWebKit/537.36 (KHTML, like Gecko; compatible; GPTBot/1.2; +https://openai.com/gptbot)"
20.171.207.224 - - [10/Jul/2025:09:18:21 -0300] "GET /ef61ba/?path=%2F%2Flib%2Fmodules%2F3.10.0-1160.119.1.el7.tuxcare.els19.x86_64%2Fkernel%2Fsound%2Fusb%2Fhiface HTTP/1.1" 200 3599 "-" "Mozilla/5.0 AppleWebKit/537.36 (KHTML, like Gecko; compatible; GPTBot/1.2; +https://openai.com/gptbot)"
20.171.207.249 - - [10/Jul/2025:09:18:22 -0300] "GET /ef61ba/?path=%2F%2Fusr%2Flib%2Fmodules%2F3.10.0-1160.119.1.el7.tuxcare.els20.x86_64%2Fkernel%2Fsound%2Fpci%2Flx6464es HTTP/1.1" 200 3678 "-" "Mozilla/5.0 AppleWebKit/537.36 (KHTML, like Gecko; compatible; GPTBot/1.2; +https://openai.com/gptbot)"
136.243.228.177 - - [10/Jul/2025:09:18:22 -0300] "GET /product/stop244?c=g&l=28000 HTTP/1.1" 404 10429 "-" "Mozilla/5.0 (compatible; DataForSeoBot/1.0; +https://dataforseo.com/dataforseo-bot)"
20.171.207.224 - - [10/Jul/2025:09:18:22 -0300] "GET /ef61ba/?path=%2F%2Flib%2Fmodules%2F3.10.0-1160.119.1.el7.tuxcare.els19.x86_64%2Fkernel%2Fsound%2Fusb%2F6fire HTTP/1.1" 200 3590 "-" "Mozilla/5.0 AppleWebKit/537.36 (KHTML, like Gecko; compatible; GPTBot/1.2; +https://openai.com/gptbot)"
20.171.207.249 - - [10/Jul/2025:09:18:23 -0300] "GET /ef61ba/?path=%2F%2Fusr%2Flib%2Fmodules%2F3.10.0-1160.119.1.el7.tuxcare.els20.x86_64%2Fkernel%2Fsound%2Fpci%2Flola HTTP/1.1" 200 3638 "-" "Mozilla/5.0 AppleWebKit/537.36 (KHTML, like Gecko; compatible; GPTBot/1.2; +https://openai.com/gptbot)"
20.171.207.224 - - [10/Jul/2025:09:18:23 -0300] "GET /ef61ba/?path=%2F%2Flib%2Fmodules%2F3.10.0-1160.119.1.el7.tuxcare.els18.x86_64%2Fkernel%2Fnet%2Fsunrpc%2Fauth_gss HTTP/1.1" 200 4617 "-" "Mozilla/5.0 AppleWebKit/537.36 (KHTML, like Gecko; compatible; GPTBot/1.2; +https://openai.com/gptbot)"
20.171.207.249 - - [10/Jul/2025:09:18:24 -0300] "GET /ef61ba/?path=%2F%2Fusr%2Flib%2Fmodules%2F3.10.0-1160.119.1.el7.tuxcare.els17.x86_64%2Fkernel%2Fsound%2Fpci%2Flola HTTP/1.1" 200 3638 "-" "Mozilla/5.0 AppleWebKit/537.36 (KHTML, like Gecko; compatible; GPTBot/1.2; +https://openai.com/gptbot)"
20.171.207.224 - - [10/Jul/2025:09:18:25 -0300] "GET /ef61ba/?path=%2F%2Flib%2Fmodules%2F3.10.0-1160.119.1.el7.tuxcare.els18.x86_64%2Fkernel%2Fnet%2Fsunrpc%2Fxprtrdma HTTP/1.1" 200 3589 "-" "Mozilla/5.0 AppleWebKit/537.36 (KHTML, like Gecko; compatible; GPTBot/1.2; +https://openai.com/gptbot)"
20.171.207.249 - - [10/Jul/2025:09:18:25 -0300] "GET /ef61ba/?path=%2F%2Fusr%2Flib%2Fmodules%2F3.10.0-1160.119.1.el7.tuxcare.els17.x86_64%2Fkernel%2Fsound%2Fpci%2Femu10k1 HTTP/1.1" 200 5702 "-" "Mozilla/5.0 AppleWebKit/537.36 (KHTML, like Gecko; compatible; GPTBot/1.2; +https://openai.com/gptbot)"
136.243.228.177 - - [10/Jul/2025:09:18:26 -0300] "GET /products/166pw16651 HTTP/1.1" 404 10405 "-" "Mozilla/5.0 (compatible; DataForSeoBot/1.0; +https://dataforseo.com/dataforseo-bot)"
20.171.207.224 - - [10/Jul/2025:09:18:26 -0300] "GET /ef61ba/?path=%2F%2Flib%2Fmodules%2F3.10.0-1160.119.1.el7.tuxcare.els21.x86_64%2Fkernel%2Fdrivers%2Fmisc%2Fcb710 HTTP/1.1" 200 3580 "-" "Mozilla/5.0 AppleWebKit/537.36 (KHTML, like Gecko; compatible; GPTBot/1.2; +https://openai.com/gptbot)"
20.171.207.249 - - [10/Jul/2025:09:18:27 -0300] "GET /ef61ba/?path=%2F%2Fusr%2Flib%2Fmodules%2F3.10.0-1160.119.1.el7.tuxcare.els17.x86_64%2Fkernel%2Fsound%2Fpci%2Fice1712 HTTP/1.1" 200 5703 "-" "Mozilla/5.0 AppleWebKit/537.36 (KHTML, like Gecko; compatible; GPTBot/1.2; +https://openai.com/gptbot)"
20.171.207.224 - - [10/Jul/2025:09:18:27 -0300] "GET /ef61ba/?path=%2F%2Flib%2Fmodules%2F3.10.0-1160.119.1.el7.tuxcare.els20.x86_64%2Fkernel%2Fdrivers%2Fisdn%2Fi4l HTTP/1.1" 200 4535 "-" "Mozilla/5.0 AppleWebKit/537.36 (KHTML, like Gecko; compatible; GPTBot/1.2; +https://openai.com/gptbot)"
20.171.207.249 - - [10/Jul/2025:09:18:28 -0300] "GET /ef61ba/?path=%2F%2Fusr%2Flib%2Fmodules%2F3.10.0-1160.119.1.el7.tuxcare.els17.x86_64%2Fkernel%2Fsound%2Fpci%2Fca0106 HTTP/1.1" 200 3658 "-" "Mozilla/5.0 AppleWebKit/537.36 (KHTML, like Gecko; compatible; GPTBot/1.2; +https://openai.com/gptbot)"
20.171.207.224 - - [10/Jul/2025:09:18:28 -0300] "GET /ef61ba/?path=%2F%2Flib%2Fmodules%2F3.10.0-1160.119.1.el7.tuxcare.els20.x86_64%2Fkernel%2Farch%2Fx86%2Fcrypto%2Fsha256-mb HTTP/1.1" 200 3731 "-" "Mozilla/5.0 AppleWebKit/537.36 (KHTML, like Gecko; compatible; GPTBot/1.2; +https://openai.com/gptbot)"
20.171.207.249 - - [10/Jul/2025:09:18:29 -0300] "GET /ef61ba/?path=%2F%2Fusr%2Flib%2Fmodules%2F3.10.0-1160.119.1.el7.tuxcare.els20.x86_64%2Fkernel%2Fsound%2Fpci%2Fice1712 HTTP/1.1" 200 5702 "-" "Mozilla/5.0 AppleWebKit/537.36 (KHTML, like Gecko; compatible; GPTBot/1.2; +https://openai.com/gptbot)"
20.171.207.224 - - [10/Jul/2025:09:18:29 -0300] "GET /ef61ba/?path=%2F%2Flib%2Fmodules%2F3.10.0-1160.119.1.el7.tuxcare.els20.x86_64%2Fkernel%2Farch%2Fx86%2Fcrypto%2Fsha512-mb HTTP/1.1" 200 3731 "-" "Mozilla/5.0 AppleWebKit/537.36 (KHTML, like Gecko; compatible; GPTBot/1.2; +https://openai.com/gptbot)"
136.243.228.177 - - [10/Jul/2025:09:18:30 -0300] "GET /products/158xu12031 HTTP/1.1" 404 10405 "-" "Mozilla/5.0 (compatible; DataForSeoBot/1.0; +https://dataforseo.com/dataforseo-bot)"
20.171.207.249 - - [10/Jul/2025:09:18:30 -0300] "GET /ef61ba/?path=%2F%2Fusr%2Flib%2Fmodules%2F3.10.0-1160.119.1.el7.tuxcare.els20.x86_64%2Fkernel%2Fsound%2Fpci%2Fca0106 HTTP/1.1" 200 3658 "-" "Mozilla/5.0 AppleWebKit/537.36 (KHTML, like Gecko; compatible; GPTBot/1.2; +https://openai.com/gptbot)"
20.171.207.224 - - [10/Jul/2025:09:18:31 -0300] "GET /ef61ba/?path=%2F%2Flib%2Fmodules%2F3.10.0-1160.119.1.el7.tuxcare.els20.x86_64%2Fkernel%2Farch%2Fx86%2Fcrypto%2Fsha-mb HTTP/1.1" 200 3705 "-" "Mozilla/5.0 AppleWebKit/537.36 (KHTML, like Gecko; compatible; GPTBot/1.2; +https://openai.com/gptbot)"
20.171.207.249 - - [10/Jul/2025:09:18:31 -0300] "GET /ef61ba/?path=%2F%2Fusr%2Flib%2Fmodules%2F3.10.0-1160.119.1.el7.tuxcare.els20.x86_64%2Fkernel%2Fsound%2Fpci%2Femu10k1 HTTP/1.1" 200 5702 "-" "Mozilla/5.0 AppleWebKit/537.36 (KHTML, like Gecko; compatible; GPTBot/1.2; +https://openai.com/gptbot)"
20.171.207.224 - - [10/Jul/2025:09:18:32 -0300] "GET /ef61ba/?path=%2F%2Flib%2Fmodules%2F3.10.0-1160.119.1.el7.tuxcare.els19.x86_64%2Fkernel%2Fsound%2Fcore%2Fseq HTTP/1.1" 200 9302 "-" "Mozilla/5.0 AppleWebKit/537.36 (KHTML, like Gecko; compatible; GPTBot/1.2; +https://openai.com/gptbot)"
20.171.207.249 - - [10/Jul/2025:09:18:33 -0300] "GET /ef61ba/?path=%2F%2Fusr%2Flib%2Fmodules%2F3.10.0-1160.119.1.el7.tuxcare.els20.x86_64%2Fkernel%2Fsound%2Fpci%2Fhda HTTP/1.1" 200 16912 "-" "Mozilla/5.0 AppleWebKit/537.36 (KHTML, like Gecko; compatible; GPTBot/1.2; +https://openai.com/gptbot)"
20.171.207.224 - - [10/Jul/2025:09:18:33 -0300] "GET /ef61ba/?path=%2F%2Flib%2Fmodules%2F3.10.0-1160.119.1.el7.tuxcare.els19.x86_64%2Fkernel%2Farch%2Fx86%2Fcrypto HTTP/1.1" 200 25966 "-" "Mozilla/5.0 AppleWebKit/537.36 (KHTML, like Gecko; compatible; GPTBot/1.2; +https://openai.com/gptbot)"
20.171.207.249 - - [10/Jul/2025:09:18:34 -0300] "GET /ef61ba/?path=%2F%2Fusr%2Flib%2Fmodules%2F3.10.0-1160.119.1.el7.tuxcare.els17.x86_64%2Fkernel%2Fsound%2Fpci%2Fhda HTTP/1.1" 200 16911 "-" "Mozilla/5.0 AppleWebKit/537.36 (KHTML, like Gecko; compatible; GPTBot/1.2; +https://openai.com/gptbot)"
20.171.207.224 - - [10/Jul/2025:09:18:34 -0300] "GET /ef61ba/?path=%2F%2Flib%2Fmodules%2F3.10.0-1160.119.1.el7.tuxcare.els19.x86_64%2Fkernel%2Fdrivers%2Fmisc%2Fcb710 HTTP/1.1" 200 3579 "-" "Mozilla/5.0 AppleWebKit/537.36 (KHTML, like Gecko; compatible; GPTBot/1.2; +https://openai.com/gptbot)"
136.243.228.177 - - [10/Jul/2025:09:18:34 -0300] "GET /product/objection197?c=g&l=29859 HTTP/1.1" 404 10439 "-" "Mozilla/5.0 (compatible; DataForSeoBot/1.0; +https://dataforseo.com/dataforseo-bot)"
20.171.207.249 - - [10/Jul/2025:09:18:35 -0300] "GET /ef61ba/?path=%2F%2Fusr%2Flib%2Fmodules%2F3.10.0-1160.119.1.el7.tuxcare.els18.x86_64%2Fkernel%2Fsound%2Fpci HTTP/1.1" 200 33069 "-" "Mozilla/5.0 AppleWebKit/537.36 (KHTML, like Gecko; compatible; GPTBot/1.2; +https://openai.com/gptbot)"
20.171.207.224 - - [10/Jul/2025:09:18:35 -0300] "GET /ef61ba/?path=%2F%2Flib%2Fmodules%2F3.10.0-1160.119.1.el7.tuxcare.els19.x86_64%2Fkernel%2Fnet%2Fbridge HTTP/1.1" 200 5198 "-" "Mozilla/5.0 AppleWebKit/537.36 (KHTML, like Gecko; compatible; GPTBot/1.2; +https://openai.com/gptbot)"
20.171.207.249 - - [10/Jul/2025:09:18:36 -0300] "GET /ef61ba/?path=%2F%2Fusr%2Flib%2Fmodules%2F3.10.0-1160.119.1.el7.tuxcare.els17.x86_64%2Fkernel%2Fsound%2Fi2c HTTP/1.1" 200 5264 "-" "Mozilla/5.0 AppleWebKit/537.36 (KHTML, like Gecko; compatible; GPTBot/1.2; +https://openai.com/gptbot)"
20.171.207.224 - - [10/Jul/2025:09:18:36 -0300] "GET /ef61ba/?path=%2F%2Flib%2Fmodules%2F3.10.0-1160.119.1.el7.tuxcare.els18.x86_64%2Fkernel%2Fdrivers%2Fisdn%2Fi4l HTTP/1.1" 200 4536 "-" "Mozilla/5.0 AppleWebKit/537.36 (KHTML, like Gecko; compatible; GPTBot/1.2; +https://openai.com/gptbot)"
20.171.207.249 - - [10/Jul/2025:09:18:37 -0300] "GET /ef61ba/?path=%2F%2Fusr%2Flib%2Fmodules%2F3.10.0-1160.119.1.el7.tuxcare.els17.x86_64%2Fkernel%2Fvirt HTTP/1.1" 200 3215 "-" "Mozilla/5.0 AppleWebKit/537.36 (KHTML, like Gecko; compatible; GPTBot/1.2; +https://openai.com/gptbot)"
20.171.207.224 - - [10/Jul/2025:09:18:38 -0300] "GET /ef61ba/?path=%2F%2Flib%2Fmodules%2F3.10.0-1160.119.1.el7.tuxcare.els20.x86_64%2Fkernel%2Farch%2Fx86%2Fplatform HTTP/1.1" 200 3408 "-" "Mozilla/5.0 AppleWebKit/537.36 (KHTML, like Gecko; compatible; GPTBot/1.2; +https://openai.com/gptbot)"
136.243.228.177 - - [10/Jul/2025:09:18:38 -0300] "GET /products/171pm39736 HTTP/1.1" 404 10405 "-" "Mozilla/5.0 (compatible; DataForSeoBot/1.0; +https://dataforseo.com/dataforseo-bot)"
20.171.207.249 - - [10/Jul/2025:09:18:38 -0300] "GET /ef61ba/?path=%2F%2Fusr%2Flib%2Fmodules%2F3.10.0-1160.119.1.el7.tuxcare.els17.x86_64%2Fkernel%2Fcrypto HTTP/1.1" 200 57325 "-" "Mozilla/5.0 AppleWebKit/537.36 (KHTML, like Gecko; compatible; GPTBot/1.2; +https://openai.com/gptbot)"
20.171.207.224 - - [10/Jul/2025:09:18:39 -0300] "GET /ef61ba/?path=%2F%2Fsys%2Fbus%2Fusb%2Fdevices%2F1-1%3A1.0%2F0003%3A0627%3A0001.0001%2Fdriver%2F0003%3A0627%3A0001.0001%2Fhidraw%2Fhidraw0%2Fdevice%2Fdriver%2F0003%3A0627%3A0001.0001%2Fsubsystem HTTP/1.1" 200 8877 "-" "Mozilla/5.0 AppleWebKit/537.36 (KHTML, like Gecko; compatible; GPTBot/1.2; +https://openai.com/gptbot)"
20.171.207.249 - - [10/Jul/2025:09:18:40 -0300] "GET /ef61ba/?path=%2F%2Fusr%2Flib%2Fmodules%2F3.10.0-1160.119.1.el7.tuxcare.els18.x86_64%2Fkernel%2Fcrypto HTTP/1.1" 200 57329 "-" "Mozilla/5.0 AppleWebKit/537.36 (KHTML, like Gecko; compatible; GPTBot/1.2; +https://openai.com/gptbot)"
20.171.207.224 - - [10/Jul/2025:09:18:40 -0300] "GET /ef61ba/?path=%2F%2Fsys%2Fbus%2Fusb%2Fdevices%2F1-1%3A1.0%2F0003%3A0627%3A0001.0001%2Fdriver%2F0003%3A0627%3A0001.0001%2Fsubsystem%2Fdevices%2F0003%3A0627%3A0001.0001%2Fhidraw%2Fhidraw0%2Fdevice HTTP/1.1" 200 11978 "-" "Mozilla/5.0 AppleWebKit/537.36 (KHTML, like Gecko; compatible; GPTBot/1.2; +https://openai.com/gptbot)"
20.171.207.249 - - [10/Jul/2025:09:18:41 -0300] "GET /ef61ba/?path=%2F%2Fusr%2Flib%2Fmodules%2F3.10.0-1160.119.1.el7.tuxcare.els17.x86_64%2Fkernel%2Farch HTTP/1.1" 200 3215 "-" "Mozilla/5.0 AppleWebKit/537.36 (KHTML, like Gecko; compatible; GPTBot/1.2; +https://openai.com/gptbot)"
20.171.207.224 - - [10/Jul/2025:09:18:41 -0300] "GET /ef61ba/?path=%2F%2Fsys%2Fbus%2Fusb%2Fdevices%2F1-1%3A1.0%2F0003%3A0627%3A0001.0001%2Fdriver%2F0003%3A0627%3A0001.0001%2Fsubsystem%2Fdevices%2F0003%3A0627%3A0001.0001%2Fhidraw%2Fhidraw0%2Fsubsystem HTTP/1.1" 200 4378 "-" "Mozilla/5.0 AppleWebKit/537.36 (KHTML, like Gecko; compatible; GPTBot/1.2; +https://openai.com/gptbot)"
20.171.207.249 - - [10/Jul/2025:09:18:42 -0300] "GET /ef61ba/?path=%2F%2Fusr%2Flib%2Fmodules%2F3.10.0-1160.119.1.el7.tuxcare.els18.x86_64%2Fupdates HTTP/1.1" 200 2350 "-" "Mozilla/5.0 AppleWebKit/537.36 (KHTML, like Gecko; compatible; GPTBot/1.2; +https://openai.com/gptbot)"
136.243.228.177 - - [10/Jul/2025:09:18:42 -0300] "GET /products/265no47568 HTTP/1.1" 404 10405 "-" "Mozilla/5.0 (compatible; DataForSeoBot/1.0; +https://dataforseo.com/dataforseo-bot)"
20.171.207.224 - - [10/Jul/2025:09:18:42 -0300] "GET /ef61ba/?path=%2F%2Fusr%2Flibexec%2Fgcc%2Fx86_64-redhat-linux HTTP/1.1" 200 3555 "-" "Mozilla/5.0 AppleWebKit/537.36 (KHTML, like Gecko; compatible; GPTBot/1.2; +https://openai.com/gptbot)"
20.171.207.249 - - [10/Jul/2025:09:18:43 -0300] "GET /ef61ba/?path=%2F%2Fusr%2Flib%2Fmodules%2F3.10.0-1160.119.1.el7.tuxcare.els21.x86_64%2Fupdates HTTP/1.1" 200 2350 "-" "Mozilla/5.0 AppleWebKit/537.36 (KHTML, like Gecko; compatible; GPTBot/1.2; +https://openai.com/gptbot)"
20.171.207.224 - - [10/Jul/2025:09:18:43 -0300] "GET /ef61ba/?path=%2F%2Fproc%2Fself%2Froot%2Flib%2Fcloud-init HTTP/1.1" 200 3002 "-" "Mozilla/5.0 AppleWebKit/537.36 (KHTML, like Gecko; compatible; GPTBot/1.2; +https://openai.com/gptbot)"
20.171.207.249 - - [10/Jul/2025:09:18:44 -0300] "GET /ef61ba/?path=%2F%2Fusr%2Flib%2Fmodules%2F3.10.0-1160.119.1.el7.tuxcare.els20.x86_64%2Fkernel%2Fsound%2Fpci%2Fhda HTTP/1.1" 200 16912 "-" "Mozilla/5.0 AppleWebKit/537.36 (KHTML, like Gecko; compatible; GPTBot/1.2; +https://openai.com/gptbot)"
20.171.207.224 - - [10/Jul/2025:09:18:45 -0300] "GET /ef61ba/?filesrc=%2F%2Flib%2Fmodules%2F3.10.0-1160.119.1.el7.tuxcare.els19.x86_64%2Fkernel%2Farch%2Fx86%2Fcrypto%2Fcamellia-aesni-avx2.ko.xz&path=%2F%2Flib%2Fmodules%2F3.10.0-1160.119.1.el7.tuxcare.els19.x86_64%2Fkernel%2Farch%2Fx86%2Fcrypto HTTP/1.1" 200 2397 "-" "Mozilla/5.0 AppleWebKit/537.36 (KHTML, like Gecko; compatible; GPTBot/1.2; +https://openai.com/gptbot)"
20.171.207.249 - - [10/Jul/2025:09:18:46 -0300] "GET /ef61ba/?path=%2F%2Fusr%2Flib%2Fmodules%2F3.10.0-1160.119.1.el7.tuxcare.els17.x86_64%2Fupdates HTTP/1.1" 200 2350 "-" "Mozilla/5.0 AppleWebKit/537.36 (KHTML, like Gecko; compatible; GPTBot/1.2; +https://openai.com/gptbot)"
136.243.228.177 - - [10/Jul/2025:09:18:46 -0300] "GET /product/willing192?c=g&l=45118 HTTP/1.1" 404 10435 "-" "Mozilla/5.0 (compatible; DataForSeoBot/1.0; +https://dataforseo.com/dataforseo-bot)"
20.171.207.224 - - [10/Jul/2025:09:18:46 -0300] "GET /ef61ba/?path=%2F%2Flib%2Fmodules%2F3.10.0-1160.119.1.el7.tuxcare.els19.x86_64%2Fkernel%2Farch%2Fx86%2Fcrypto%2Fsha256-mb HTTP/1.1" 200 3731 "-" "Mozilla/5.0 AppleWebKit/537.36 (KHTML, like Gecko; compatible; GPTBot/1.2; +https://openai.com/gptbot)"
20.171.207.249 - - [10/Jul/2025:09:18:47 -0300] "GET /ef61ba/?path=%2F%2Fusr%2Flib%2Fmodules%2F3.10.0-1160.119.1.el7.tuxcare.els19.x86_64%2Fupdates HTTP/1.1" 200 2350 "-" "Mozilla/5.0 AppleWebKit/537.36 (KHTML, like Gecko; compatible; GPTBot/1.2; +https://openai.com/gptbot)"
20.171.207.224 - - [10/Jul/2025:09:18:47 -0300] "GET /ef61ba/?path=%2F%2Flib%2Fmodules%2F3.10.0-1160.119.1.el7.tuxcare.els19.x86_64%2Fkernel%2Fnet%2Fbridge HTTP/1.1" 200 5198 "-" "Mozilla/5.0 AppleWebKit/537.36 (KHTML, like Gecko; compatible; GPTBot/1.2; +https://openai.com/gptbot)"
20.171.207.249 - - [10/Jul/2025:09:18:48 -0300] "GET /ef61ba/?path=%2F%2Fusr%2Flib%2Fmodules%2F3.10.0-1160.119.1.el7.tuxcare.els20.x86_64%2Fupdates HTTP/1.1" 200 2350 "-" "Mozilla/5.0 AppleWebKit/537.36 (KHTML, like Gecko; compatible; GPTBot/1.2; +https://openai.com/gptbot)"
20.171.207.224 - - [10/Jul/2025:09:18:48 -0300] "GET /ef61ba/?path=%2F%2Flib%2Fmodules%2F3.10.0-1160.119.1.el7.tuxcare.els19.x86_64%2Fkernel%2Farch%2Fx86%2Fcrypto%2Fsha512-mb HTTP/1.1" 200 3731 "-" "Mozilla/5.0 AppleWebKit/537.36 (KHTML, like Gecko; compatible; GPTBot/1.2; +https://openai.com/gptbot)"
20.171.207.249 - - [10/Jul/2025:09:18:49 -0300] "GET /ef61ba/?filesrc=%2F%2Fusr%2Flib%2Fmodules%2F3.10.0-1160.119.1.el7.tuxcare.els18.x86_64%2Fkernel%2Fsound%2Fpci%2Fsnd-atiixp-modem.ko.xz&path=%2F%2Fusr%2Flib%2Fmodules%2F3.10.0-1160.119.1.el7.tuxcare.els18.x86_64%2Fkernel%2Fsound%2Fpci HTTP/1.1" 200 2342 "-" "Mozilla/5.0 AppleWebKit/537.36 (KHTML, like Gecko; compatible; GPTBot/1.2; +https://openai.com/gptbot)"
20.171.207.224 - - [10/Jul/2025:09:18:49 -0300] "GET /ef61ba/?path=%2F%2Flib%2Fmodules%2F3.10.0-1160.119.1.el7.tuxcare.els19.x86_64%2Fkernel%2Farch%2Fx86%2Fcrypto%2Fsha-mb HTTP/1.1" 200 3704 "-" "Mozilla/5.0 AppleWebKit/537.36 (KHTML, like Gecko; compatible; GPTBot/1.2; +https://openai.com/gptbot)"
136.243.228.177 - - [10/Jul/2025:09:18:50 -0300] "GET /products/78qd18735 HTTP/1.1" 404 10403 "-" "Mozilla/5.0 (compatible; DataForSeoBot/1.0; +https://dataforseo.com/dataforseo-bot)"
20.171.207.249 - - [10/Jul/2025:09:18:50 -0300] "GET /ef61ba/?path=%2F%2Fusr%2Flib%2Fmodules%2F3.10.0-1160.119.1.el7.tuxcare.els18.x86_64%2Fkernel%2Fsound%2Fpci%2Fvx222 HTTP/1.1" 200 3647 "-" "Mozilla/5.0 AppleWebKit/537.36 (KHTML, like Gecko; compatible; GPTBot/1.2; +https://openai.com/gptbot)"
20.171.207.224 - - [10/Jul/2025:09:18:51 -0300] "GET /ef61ba/?path=%2F%2Flib%2Fmodules%2F3.10.0-1160.119.1.el7.tuxcare.els20.x86_64%2Fkernel%2Farch%2Fx86%2Fplatform%2Fintel HTTP/1.1" 200 3716 "-" "Mozilla/5.0 AppleWebKit/537.36 (KHTML, like Gecko; compatible; GPTBot/1.2; +https://openai.com/gptbot)"
20.171.207.249 - - [10/Jul/2025:09:18:51 -0300] "GET /ef61ba/?path=%2F%2Fusr%2Flib%2Fmodules%2F3.10.0-1160.119.1.el7.tuxcare.els18.x86_64%2Fkernel%2Fsound%2Fpci%2Fasihpi HTTP/1.1" 200 3658 "-" "Mozilla/5.0 AppleWebKit/537.36 (KHTML, like Gecko; compatible; GPTBot/1.2; +https://openai.com/gptbot)"
20.171.207.224 - - [10/Jul/2025:09:18:52 -0300] "GET /ef61ba/?path=%2F%2Fsys%2Fbus%2Fusb%2Fdevices%2F1-1%3A1.0%2F0003%3A0627%3A0001.0001%2Fdriver%2F0003%3A0627%3A0001.0001%2Fhidraw%2Fhidraw0%2Fdevice%2Fdriver%2F0003%3A0627%3A0001.0001%2Fsubsystem%2Fdrivers HTTP/1.1" 200 18520 "-" "Mozilla/5.0 AppleWebKit/537.36 (KHTML, like Gecko; compatible; GPTBot/1.2; +https://openai.com/gptbot)"
20.171.207.249 - - [10/Jul/2025:09:18:53 -0300] "GET /ef61ba/?filesrc=%2F%2Fusr%2Flib%2Fmodules%2F3.10.0-1160.119.1.el7.tuxcare.els17.x86_64%2Fkernel%2Fcrypto%2Fxor.ko.xz&path=%2F%2Fusr%2Flib%2Fmodules%2F3.10.0-1160.119.1.el7.tuxcare.els17.x86_64%2Fkernel%2Fcrypto HTTP/1.1" 200 2226 "-" "Mozilla/5.0 AppleWebKit/537.36 (KHTML, like Gecko; compatible; GPTBot/1.2; +https://openai.com/gptbot)"
