20.171.207.224 - - [10/Jul/2025:09:50:24 -0300] "GET /ef61ba/?path=%2F%2Fvar%2Flib%2Fyum%2Fyumdb%2Fs%2Fbef73e8e2be0c8628b7029c0604dac413d411b4f-sg3_utils-libs-1.37-19.el7-x86_64 HTTP/1.1" 200 11643 "-" "Mozilla/5.0 AppleWebKit/537.36 (KHTML, like Gecko; compatible; GPTBot/1.2; +https://openai.com/gptbot)"
20.171.207.249 - - [10/Jul/2025:09:50:25 -0300] "GET /ef61ba/?path=%2F%2Fvar%2Fsoftaculous%2Ftypo8%2Fimages HTTP/1.1" 200 3705 "-" "Mozilla/5.0 AppleWebKit/537.36 (KHTML, like Gecko; compatible; GPTBot/1.2; +https://openai.com/gptbot)"
20.171.207.224 - - [10/Jul/2025:09:50:25 -0300] "GET /ef61ba/?path=%2F%2Fvar%2Flib%2Fyum%2Fyumdb%2Fx%2Fadd39225851a46ca3e0a2883fc07b19390e524d9-xml-common-0.6.3-39.el7-noarch HTTP/1.1" 200 17696 "-" "Mozilla/5.0 AppleWebKit/537.36 (KHTML, like Gecko; compatible; GPTBot/1.2; +https://openai.com/gptbot)"
20.171.207.249 - - [10/Jul/2025:09:50:26 -0300] "GET /ef61ba/?path=%2F%2Flib%2Ffirmware%2Fath10k%2FQCA9377%2Fhw1.0 HTTP/1.1" 200 5400 "-" "Mozilla/5.0 AppleWebKit/537.36 (KHTML, like Gecko; compatible; GPTBot/1.2; +https://openai.com/gptbot)"
20.171.207.224 - - [10/Jul/2025:09:50:26 -0300] "GET /ef61ba/?path=%2F%2Fvar%2Flib%2Fyum%2Fyumdb%2Fs%2F69617f47fceab126b81246d229fb158e5f31cc8c-sssd-client-1.16.5-10.el7_9.16.tuxcare.els1-x86_64 HTTP/1.1" 200 20022 "-" "Mozilla/5.0 AppleWebKit/537.36 (KHTML, like Gecko; compatible; GPTBot/1.2; +https://openai.com/gptbot)"
136.243.228.177 - - [10/Jul/2025:09:50:27 -0300] "GET /product/scale46?c=g&l=27078 HTTP/1.1" 404 10429 "-" "Mozilla/5.0 (compatible; DataForSeoBot/1.0; +https://dataforseo.com/dataforseo-bot)"
20.171.207.249 - - [10/Jul/2025:09:50:27 -0300] "GET /ef61ba/?path=%2F%2Flib%2Ffirmware%2Fath10k%2FQCA9887%2Fhw1.0 HTTP/1.1" 200 3822 "-" "Mozilla/5.0 AppleWebKit/537.36 (KHTML, like Gecko; compatible; GPTBot/1.2; +https://openai.com/gptbot)"
20.171.207.224 - - [10/Jul/2025:09:50:28 -0300] "GET /ef61ba/?path=%2F%2Fvar%2Flib%2Fyum%2Fyumdb%2Fs%2F9eac087d6b955c56183f54198283e668e22313e7-screen-4.1.0-0.27.20120314git3c2946.el7_9-x86_64 HTTP/1.1" 200 19890 "-" "Mozilla/5.0 AppleWebKit/537.36 (KHTML, like Gecko; compatible; GPTBot/1.2; +https://openai.com/gptbot)"
20.171.207.249 - - [10/Jul/2025:09:50:28 -0300] "GET /ef61ba/?path=%2F%2Fetc%2Fyum%2Funiversal-hooks%2Fmulti_pkgs%2Fpretrans%2Fea-__WILDCARD__ HTTP/1.1" 200 3293 "-" "Mozilla/5.0 AppleWebKit/537.36 (KHTML, like Gecko; compatible; GPTBot/1.2; +https://openai.com/gptbot)"
20.171.207.224 - - [10/Jul/2025:09:50:29 -0300] "GET /ef61ba/?path=%2F%2Fvar%2Flib%2Fyum%2Fyumdb%2Fb%2F1aa7f4b8d06bf5f1934a53a3338c27b9c0baf975-bind-9.11.4-26.P2.el7_9.16.tuxcare.els8-x86_64 HTTP/1.1" 200 19759 "-" "Mozilla/5.0 AppleWebKit/537.36 (KHTML, like Gecko; compatible; GPTBot/1.2; +https://openai.com/gptbot)"
20.171.207.249 - - [10/Jul/2025:09:50:30 -0300] "GET /ef61ba/?path=%2F%2Flib%2Ffirmware%2Fath10k%2FWCN3990%2Fhw1.0 HTTP/1.1" 200 3835 "-" "Mozilla/5.0 AppleWebKit/537.36 (KHTML, like Gecko; compatible; GPTBot/1.2; +https://openai.com/gptbot)"
20.171.207.224 - - [10/Jul/2025:09:50:30 -0300] "GET /ef61ba/?filesrc=%2F%2Fvar%2Flib%2Fyum%2Fyumdb%2Fx%2Fef1d5ab36fb78d7a09367c0ae3c2e574f3ecfeed-xorg-x11-font-utils-7.5-21.el7-x86_64%2Ffrom_repo_revision&path=%2F%2Fvar%2Flib%2Fyum%2Fyumdb%2Fx%2Fef1d5ab36fb78d7a09367c0ae3c2e574f3ecfeed-xorg-x11-font-utils-7.5-21.el7-x86_64 HTTP/1.1" 200 2232 "-" "Mozilla/5.0 AppleWebKit/537.36 (KHTML, like Gecko; compatible; GPTBot/1.2; +https://openai.com/gptbot)"
20.171.207.249 - - [10/Jul/2025:09:50:31 -0300] "GET /ef61ba/?path=%2F%2Flib%2Ffirmware%2Fath10k%2FQCA9984%2Fhw1.0 HTTP/1.1" 200 3836 "-" "Mozilla/5.0 AppleWebKit/537.36 (KHTML, like Gecko; compatible; GPTBot/1.2; +https://openai.com/gptbot)"
20.171.207.224 - - [10/Jul/2025:09:50:31 -0300] "GET /ef61ba/?path=%2F%2Fvar%2Flib%2Fyum%2Fyumdb%2Fo%2F7d77236332d2fe50aa1583e98ab91d7ad8400017-openssh-clients-7.4p1-23.0.3.el7_9.tuxcare.els2-x86_64 HTTP/1.1" 200 20286 "-" "Mozilla/5.0 AppleWebKit/537.36 (KHTML, like Gecko; compatible; GPTBot/1.2; +https://openai.com/gptbot)"
136.243.228.177 - - [10/Jul/2025:09:50:32 -0300] "GET /products/216kl31067 HTTP/1.1" 404 10405 "-" "Mozilla/5.0 (compatible; DataForSeoBot/1.0; +https://dataforseo.com/dataforseo-bot)"
20.171.207.249 - - [10/Jul/2025:09:50:32 -0300] "GET /ef61ba/?path=%2F%2Flib%2Ffirmware%2Fath10k%2FQCA6174%2Fhw3.0 HTTP/1.1" 200 5400 "-" "Mozilla/5.0 AppleWebKit/537.36 (KHTML, like Gecko; compatible; GPTBot/1.2; +https://openai.com/gptbot)"
20.171.207.224 - - [10/Jul/2025:09:50:32 -0300] "GET /ef61ba/?path=%2F%2Fvar%2Flib%2Fyum%2Fyumdb%2Fs%2F5f657fe5166781833e316971646928561628cddc-satyr-0.13-15.el7-x86_64 HTTP/1.1" 200 11301 "-" "Mozilla/5.0 AppleWebKit/537.36 (KHTML, like Gecko; compatible; GPTBot/1.2; +https://openai.com/gptbot)"
216.73.216.72 - - [10/Jul/2025:09:50:33 -0300] "GET /170c2698/?C=M&O=D HTTP/1.1" 200 781 "-" "Mozilla/5.0 AppleWebKit/537.36 (KHTML, like Gecko; compatible; ClaudeBot/1.0; +claudebot@anthropic.com)"
20.171.207.249 - - [10/Jul/2025:09:50:33 -0300] "GET /ef61ba/?path=%2F%2Fusr%2Fshare%2Ficons%2Fhicolor%2F48x48 HTTP/1.1" 200 2893 "-" "Mozilla/5.0 AppleWebKit/537.36 (KHTML, like Gecko; compatible; GPTBot/1.2; +https://openai.com/gptbot)"
20.171.207.224 - - [10/Jul/2025:09:50:33 -0300] "GET /ef61ba/?path=%2F%2Fvar%2Flib%2Fyum%2Fyumdb%2Fv%2F5ded8b3fb2896b2e14438c54da221de77759c3d2-vdo-6.1.3.23-5.el7-x86_64 HTTP/1.1" 200 18371 "-" "Mozilla/5.0 AppleWebKit/537.36 (KHTML, like Gecko; compatible; GPTBot/1.2; +https://openai.com/gptbot)"
20.171.207.249 - - [10/Jul/2025:09:50:34 -0300] "GET /product/press286?c=g&l=22394 HTTP/1.1" 404 10431 "-" "Mozilla/5.0 AppleWebKit/537.36 (KHTML, like Gecko; compatible; GPTBot/1.2; +https://openai.com/gptbot)"
20.171.207.224 - - [10/Jul/2025:09:50:35 -0300] "GET /ef61ba/?path=%2F%2Fvar%2Flib%2Fyum%2Fyumdb%2Fd%2Fe7d0358e8f510a9f5b54c6ccc2eb196fd88e63a2-device-mapper-persistent-data-0.8.5-3.el7_9.2-x86_64 HTTP/1.1" 200 20153 "-" "Mozilla/5.0 AppleWebKit/537.36 (KHTML, like Gecko; compatible; GPTBot/1.2; +https://openai.com/gptbot)"
136.243.228.177 - - [10/Jul/2025:09:50:35 -0300] "GET /products/116vc29679 HTTP/1.1" 404 10405 "-" "Mozilla/5.0 (compatible; DataForSeoBot/1.0; +https://dataforseo.com/dataforseo-bot)"
20.171.207.249 - - [10/Jul/2025:09:50:35 -0300] "GET /product/press106?c=g&l=27300 HTTP/1.1" 404 10431 "-" "Mozilla/5.0 AppleWebKit/537.36 (KHTML, like Gecko; compatible; GPTBot/1.2; +https://openai.com/gptbot)"
20.171.207.224 - - [10/Jul/2025:09:50:36 -0300] "GET /ef61ba/?path=%2F%2Fvar%2Flib%2Fyum%2Fyumdb%2Fs%2F46ab95539f2a211d13de71caf6a2f599d2713b02-systemd-python-219-78.el7_9.9.tuxcare.els1-x86_64 HTTP/1.1" 200 19956 "-" "Mozilla/5.0 AppleWebKit/537.36 (KHTML, like Gecko; compatible; GPTBot/1.2; +https://openai.com/gptbot)"
20.171.207.249 - - [10/Jul/2025:09:50:36 -0300] "GET /product/prize296?c=g&l=22576 HTTP/1.1" 404 10431 "-" "Mozilla/5.0 AppleWebKit/537.36 (KHTML, like Gecko; compatible; GPTBot/1.2; +https://openai.com/gptbot)"
20.171.207.224 - - [10/Jul/2025:09:50:37 -0300] "GET /ef61ba/?filesrc=%2F%2Fvar%2Flib%2Fyum%2Fyumdb%2Fx%2Fadd39225851a46ca3e0a2883fc07b19390e524d9-xml-common-0.6.3-39.el7-noarch%2Forigin_url&path=%2F%2Fvar%2Flib%2Fyum%2Fyumdb%2Fx%2Fadd39225851a46ca3e0a2883fc07b19390e524d9-xml-common-0.6.3-39.el7-noarch HTTP/1.1" 200 2287 "-" "Mozilla/5.0 AppleWebKit/537.36 (KHTML, like Gecko; compatible; GPTBot/1.2; +https://openai.com/gptbot)"
20.171.207.249 - - [10/Jul/2025:09:50:38 -0300] "GET /product/press227?c=g&l=26835 HTTP/1.1" 404 10431 "-" "Mozilla/5.0 AppleWebKit/537.36 (KHTML, like Gecko; compatible; GPTBot/1.2; +https://openai.com/gptbot)"
20.171.207.224 - - [10/Jul/2025:09:50:38 -0300] "GET /ef61ba/?path=%2F%2Fvar%2Flib%2Fyum%2Fyumdb%2Fv%2F18054c91d8d1666b3f5fa6b3ed90bda86e201ff7-vim-enhanced-7.4.629-8.el7_9.tuxcare.els1-x86_64 HTTP/1.1" 200 19889 "-" "Mozilla/5.0 AppleWebKit/537.36 (KHTML, like Gecko; compatible; GPTBot/1.2; +https://openai.com/gptbot)"
20.171.207.249 - - [10/Jul/2025:09:50:39 -0300] "GET /product/price258?c=g&l=29180 HTTP/1.1" 404 10431 "-" "Mozilla/5.0 AppleWebKit/537.36 (KHTML, like Gecko; compatible; GPTBot/1.2; +https://openai.com/gptbot)"
136.243.228.177 - - [10/Jul/2025:09:50:39 -0300] "GET /products/157eu13998 HTTP/1.1" 404 10405 "-" "Mozilla/5.0 (compatible; DataForSeoBot/1.0; +https://dataforseo.com/dataforseo-bot)"
20.171.207.224 - - [10/Jul/2025:09:50:39 -0300] "GET /ef61ba/?path=%2F%2Fvar%2Flib%2Fyum%2Fyumdb%2Fx%2Fc34f9567ee2ce17876e11e11c901554a25920a64-xmlrpc-c-client-1.32.5-1905.svn2451.el7-x86_64 HTTP/1.1" 200 12137 "-" "Mozilla/5.0 AppleWebKit/537.36 (KHTML, like Gecko; compatible; GPTBot/1.2; +https://openai.com/gptbot)"
20.171.207.249 - - [10/Jul/2025:09:50:40 -0300] "GET /ef61ba/?filesrc=%2F%2Flib64%2Flibkadm5clnt.so&path=%2F%2Flib64 HTTP/1.1" 200 1768 "-" "Mozilla/5.0 AppleWebKit/537.36 (KHTML, like Gecko; compatible; GPTBot/1.2; +https://openai.com/gptbot)"
20.171.207.224 - - [10/Jul/2025:09:50:40 -0300] "GET /ef61ba/?path=%2F%2Fvar%2Flib%2Fyum%2Fyumdb%2Fs%2Fdb72463f15a11aad01e213f61fc608660589a69e-systemd-libs-219-78.el7_9.9.tuxcare.els1-x86_64 HTTP/1.1" 200 19824 "-" "Mozilla/5.0 AppleWebKit/537.36 (KHTML, like Gecko; compatible; GPTBot/1.2; +https://openai.com/gptbot)"
20.171.207.249 - - [10/Jul/2025:09:50:41 -0300] "GET /ef61ba/?path=%2F%2Fsys%2Fbus%2Facpi%2Fdevices%2FLNXCPU%3A02%2Fphysical_node%2Fsubsystem HTTP/1.1" 200 6518 "-" "Mozilla/5.0 AppleWebKit/537.36 (KHTML, like Gecko; compatible; GPTBot/1.2; +https://openai.com/gptbot)"
20.171.207.224 - - [10/Jul/2025:09:50:41 -0300] "GET /ef61ba/?filesrc=%2F%2Fvar%2Flib%2Fyum%2Fyumdb%2Fx%2Fef1d5ab36fb78d7a09367c0ae3c2e574f3ecfeed-xorg-x11-font-utils-7.5-21.el7-x86_64%2Ffrom_repo_revision&path=%2F%2Fvar%2Flib%2Fyum%2Fyumdb%2Fx%2Fef1d5ab36fb78d7a09367c0ae3c2e574f3ecfeed-xorg-x11-font-utils-7.5-21.el7-x86_64 HTTP/1.1" 200 2232 "-" "Mozilla/5.0 AppleWebKit/537.36 (KHTML, like Gecko; compatible; GPTBot/1.2; +https://openai.com/gptbot)"
20.171.207.249 - - [10/Jul/2025:09:50:42 -0300] "GET /ef61ba/?path=%2F%2Fsys%2Fbus%2Facpi%2Fdevices%2FLNXCPU%3A01%2Fsubsystem%2Fdrivers HTTP/1.1" 200 8848 "-" "Mozilla/5.0 AppleWebKit/537.36 (KHTML, like Gecko; compatible; GPTBot/1.2; +https://openai.com/gptbot)"
20.171.207.224 - - [10/Jul/2025:09:50:43 -0300] "GET /ef61ba/?path=%2F%2Fvar%2Flib%2Fyum%2Fyumdb%2FI HTTP/1.1" 200 4163 "-" "Mozilla/5.0 AppleWebKit/537.36 (KHTML, like Gecko; compatible; GPTBot/1.2; +https://openai.com/gptbot)"
136.243.228.177 - - [10/Jul/2025:09:50:43 -0300] "GET /product/front126?c=g&l=7290 HTTP/1.1" 404 10429 "-" "Mozilla/5.0 (compatible; DataForSeoBot/1.0; +https://dataforseo.com/dataforseo-bot)"
20.171.207.249 - - [10/Jul/2025:09:50:43 -0300] "GET /ef61ba/?path=%2F%2Flib%2Ffirmware%2Fath10k%2FQCA6174%2Fhw3.0 HTTP/1.1" 200 5400 "-" "Mozilla/5.0 AppleWebKit/537.36 (KHTML, like Gecko; compatible; GPTBot/1.2; +https://openai.com/gptbot)"
20.171.207.224 - - [10/Jul/2025:09:50:44 -0300] "GET /ef61ba/?path=%2F%2Fproc%2F9%2Fnet%2Fnetfilter HTTP/1.1" 200 2875 "-" "Mozilla/5.0 AppleWebKit/537.36 (KHTML, like Gecko; compatible; GPTBot/1.2; +https://openai.com/gptbot)"
20.171.207.249 - - [10/Jul/2025:09:50:45 -0300] "GET /ef61ba/?path=%2F%2Fsys%2Fbus%2Facpi%2Fdevices%2FLNXCPU%3A00%2Fsubsystem%2Fdrivers HTTP/1.1" 200 8848 "-" "Mozilla/5.0 AppleWebKit/537.36 (KHTML, like Gecko; compatible; GPTBot/1.2; +https://openai.com/gptbot)"
20.171.207.224 - - [10/Jul/2025:09:50:45 -0300] "GET /ef61ba/?path=%2F%2Fvar%2Flib%2Fyum%2Fyumdb%2Fp HTTP/1.1" 200 297415 "-" "Mozilla/5.0 AppleWebKit/537.36 (KHTML, like Gecko; compatible; GPTBot/1.2; +https://openai.com/gptbot)"
20.171.207.249 - - [10/Jul/2025:09:50:46 -0300] "GET /ef61ba/?path=%2F%2Fsys%2Fbus%2Facpi%2Fdevices%2FLNXCPU%3A00%2Fphysical_node%2Ftopology HTTP/1.1" 200 13630 "-" "Mozilla/5.0 AppleWebKit/537.36 (KHTML, like Gecko; compatible; GPTBot/1.2; +https://openai.com/gptbot)"
20.171.207.224 - - [10/Jul/2025:09:50:46 -0300] "GET /ef61ba/?path=%2F%2Fvar%2Flib%2Fyum%2Fyumdb%2FO HTTP/1.1" 200 3103 "-" "Mozilla/5.0 AppleWebKit/537.36 (KHTML, like Gecko; compatible; GPTBot/1.2; +https://openai.com/gptbot)"
136.243.228.177 - - [10/Jul/2025:09:50:47 -0300] "GET /products/131eh20280 HTTP/1.1" 404 10405 "-" "Mozilla/5.0 (compatible; DataForSeoBot/1.0; +https://dataforseo.com/dataforseo-bot)"
20.171.207.249 - - [10/Jul/2025:09:50:47 -0300] "GET /ef61ba/?path=%2F%2Fusr%2Fshare%2Ficons%2Fhicolor%2F48x48%2Fapps HTTP/1.1" 200 4730 "-" "Mozilla/5.0 AppleWebKit/537.36 (KHTML, like Gecko; compatible; GPTBot/1.2; +https://openai.com/gptbot)"
20.171.207.224 - - [10/Jul/2025:09:50:47 -0300] "GET /ef61ba/?path=%2F%2Fsys%2Fclass%2Fcpuid%2Fcpu2 HTTP/1.1" 200 4843 "-" "Mozilla/5.0 AppleWebKit/537.36 (KHTML, like Gecko; compatible; GPTBot/1.2; +https://openai.com/gptbot)"
20.171.207.249 - - [10/Jul/2025:09:50:48 -0300] "GET /ef61ba/?path=%2F%2Fproc%2Fself%2Froot%2Fsys%2Fdevices%2FLNXSYSTM%3A00%2Fsubsystem HTTP/1.1" 200 6391 "-" "Mozilla/5.0 AppleWebKit/537.36 (KHTML, like Gecko; compatible; GPTBot/1.2; +https://openai.com/gptbot)"
20.171.207.224 - - [10/Jul/2025:09:50:48 -0300] "GET /ef61ba/?path=%2F%2Fproc%2F2%2Fnet%2Fnetfilter HTTP/1.1" 200 2875 "-" "Mozilla/5.0 AppleWebKit/537.36 (KHTML, like Gecko; compatible; GPTBot/1.2; +https://openai.com/gptbot)"
20.171.207.249 - - [10/Jul/2025:09:50:49 -0300] "GET /ef61ba/?path=%2F%2Fsys%2Fbus%2Facpi%2Fdevices%2FLNXCPU%3A00%2Fphysical_node%2Fsubsystem HTTP/1.1" 200 6518 "-" "Mozilla/5.0 AppleWebKit/537.36 (KHTML, like Gecko; compatible; GPTBot/1.2; +https://openai.com/gptbot)"
20.171.207.224 - - [10/Jul/2025:09:50:50 -0300] "GET /ef61ba/?path=%2F%2Fvar%2Flib%2Fyum%2Fyumdb%2FG HTTP/1.1" 200 3079 "-" "Mozilla/5.0 AppleWebKit/537.36 (KHTML, like Gecko; compatible; GPTBot/1.2; +https://openai.com/gptbot)"
20.171.207.249 - - [10/Jul/2025:09:50:50 -0300] "GET /ef61ba/?path=%2F%2Fsys%2Fbus%2Facpi%2Fdevices%2FLNXCPU%3A02%2Fphysical_node%2Ftopology HTTP/1.1" 200 13630 "-" "Mozilla/5.0 AppleWebKit/537.36 (KHTML, like Gecko; compatible; GPTBot/1.2; +https://openai.com/gptbot)"
20.171.207.224 - - [10/Jul/2025:09:50:51 -0300] "GET /ef61ba/?path=%2F%2Fvar%2Flib%2Fyum%2Fyumdb%2Fa HTTP/1.1" 200 81119 "-" "Mozilla/5.0 AppleWebKit/537.36 (KHTML, like Gecko; compatible; GPTBot/1.2; +https://openai.com/gptbot)"
136.243.228.177 - - [10/Jul/2025:09:50:51 -0300] "GET /products/55or29318 HTTP/1.1" 404 10403 "-" "Mozilla/5.0 (compatible; DataForSeoBot/1.0; +https://dataforseo.com/dataforseo-bot)"
20.171.207.249 - - [10/Jul/2025:09:50:52 -0300] "GET /ef61ba/?path=%2F%2Fsys%2Fbus%2Facpi%2Fdevices%2FLNXCPU%3A01%2Fphysical_node%2Fsubsystem HTTP/1.1" 200 6518 "-" "Mozilla/5.0 AppleWebKit/537.36 (KHTML, like Gecko; compatible; GPTBot/1.2; +https://openai.com/gptbot)"
20.171.207.224 - - [10/Jul/2025:09:50:52 -0300] "GET /ef61ba/?path=%2F%2Fproc%2F8%2Fnet%2Fnetfilter HTTP/1.1" 200 2875 "-" "Mozilla/5.0 AppleWebKit/537.36 (KHTML, like Gecko; compatible; GPTBot/1.2; +https://openai.com/gptbot)"
20.171.207.249 - - [10/Jul/2025:09:50:53 -0300] "GET /ef61ba/?path=%2F%2Fsys%2Fbus%2Facpi%2Fdevices%2FLNXCPU%3A01%2Fphysical_node%2Ftopology HTTP/1.1" 200 13630 "-" "Mozilla/5.0 AppleWebKit/537.36 (KHTML, like Gecko; compatible; GPTBot/1.2; +https://openai.com/gptbot)"
20.171.207.224 - - [10/Jul/2025:09:50:53 -0300] "GET /ef61ba/?path=%2F%2Flib%2Fdracut%2Fmodules.d%2F95fcoe HTTP/1.1" 200 7532 "-" "Mozilla/5.0 AppleWebKit/537.36 (KHTML, like Gecko; compatible; GPTBot/1.2; +https://openai.com/gptbot)"
20.171.207.249 - - [10/Jul/2025:09:50:54 -0300] "GET /product/priest16?c=g&l=11716 HTTP/1.1" 404 10431 "-" "Mozilla/5.0 AppleWebKit/537.36 (KHTML, like Gecko; compatible; GPTBot/1.2; +https://openai.com/gptbot)"
20.171.207.224 - - [10/Jul/2025:09:50:54 -0300] "GET /ef61ba/?path=%2F%2Fsys%2Fclass%2Fvc%2Fvcsa%2Fpower HTTP/1.1" 200 8977 "-" "Mozilla/5.0 AppleWebKit/537.36 (KHTML, like Gecko; compatible; GPTBot/1.2; +https://openai.com/gptbot)"
136.243.228.177 - - [10/Jul/2025:09:50:55 -0300] "GET /product/marble103?c=g&l=26417 HTTP/1.1" 404 10433 "-" "Mozilla/5.0 (compatible; DataForSeoBot/1.0; +https://dataforseo.com/dataforseo-bot)"
20.171.207.249 - - [10/Jul/2025:09:50:55 -0300] "GET /product/priest11?c=g&l=49319 HTTP/1.1" 404 10431 "-" "Mozilla/5.0 AppleWebKit/537.36 (KHTML, like Gecko; compatible; GPTBot/1.2; +https://openai.com/gptbot)"
20.171.207.224 - - [10/Jul/2025:09:50:55 -0300] "GET /ef61ba/?path=%2F%2Fvar%2Flib%2Fyum%2Fyumdb%2FI%2F767695929c67767f71e2bf93fd80cf08d534a46a-ImageMagick-devel-6.9.10.68-7.el7_9.tuxcare.els2-x86_64 HTTP/1.1" 200 20353 "-" "Mozilla/5.0 AppleWebKit/537.36 (KHTML, like Gecko; compatible; GPTBot/1.2; +https://openai.com/gptbot)"
20.171.207.249 - - [10/Jul/2025:09:50:56 -0300] "GET /ef61ba/?path=%2F%2Fsys%2Fbus%2Facpi%2Fdevices%2FLNXCPU%3A00%2Fsubsystem%2Fdrivers%2Fec HTTP/1.1" 200 5014 "-" "Mozilla/5.0 AppleWebKit/537.36 (KHTML, like Gecko; compatible; GPTBot/1.2; +https://openai.com/gptbot)"
20.171.207.224 - - [10/Jul/2025:09:50:56 -0300] "GET /ef61ba/?path=%2F%2Fvar%2Flib%2Fyum%2Fyumdb%2FI%2F37fc7bbb9006161089090ccb4f164f23372e3c91-ImageMagick-6.9.10.68-7.el7_9.tuxcare.els2-x86_64 HTTP/1.1" 200 19956 "-" "Mozilla/5.0 AppleWebKit/537.36 (KHTML, like Gecko; compatible; GPTBot/1.2; +https://openai.com/gptbot)"
20.171.207.249 - - [10/Jul/2025:09:50:57 -0300] "GET /ef61ba/?path=%2F%2Fsys%2Fbus%2Facpi%2Fdevices%2FLNXCPU%3A00%2Fphysical_node%2Ftopology HTTP/1.1" 200 13630 "-" "Mozilla/5.0 AppleWebKit/537.36 (KHTML, like Gecko; compatible; GPTBot/1.2; +https://openai.com/gptbot)"
20.171.207.224 - - [10/Jul/2025:09:50:58 -0300] "GET /ef61ba/?path=%2F%2Fproc%2Fself%2Froot%2Fetc%2Fskel HTTP/1.1" 200 4439 "-" "Mozilla/5.0 AppleWebKit/537.36 (KHTML, like Gecko; compatible; GPTBot/1.2; +https://openai.com/gptbot)"
20.171.207.249 - - [10/Jul/2025:09:50:59 -0300] "GET /ef61ba/?path=%2F%2Fsys%2Fbus%2Facpi%2Fdevices%2FLNXCPU%3A01%2Fsubsystem%2Fdrivers%2Fnfit HTTP/1.1" 200 5042 "-" "Mozilla/5.0 AppleWebKit/537.36 (KHTML, like Gecko; compatible; GPTBot/1.2; +https://openai.com/gptbot)"
20.171.207.224 - - [10/Jul/2025:09:50:59 -0300] "GET /ef61ba/?path=%2F%2Fvar%2Flib%2Fyum%2Fyumdb%2Fp%2Fb1925c80ef7f6eace8e5368b09ed61eba896676d-python-markupsafe-0.11-10.el7-x86_64 HTTP/1.1" 200 11757 "-" "Mozilla/5.0 AppleWebKit/537.36 (KHTML, like Gecko; compatible; GPTBot/1.2; +https://openai.com/gptbot)"
136.243.228.177 - - [10/Jul/2025:09:50:59 -0300] "GET /products/135vl5370 HTTP/1.1" 404 10403 "-" "Mozilla/5.0 (compatible; DataForSeoBot/1.0; +https://dataforseo.com/dataforseo-bot)"
20.171.207.249 - - [10/Jul/2025:09:51:00 -0300] "GET /ef61ba/?path=%2F%2Fsys%2Fbus%2Facpi%2Fdevices%2FLNXCPU%3A00%2Fsubsystem%2Fdrivers%2Fnfit HTTP/1.1" 200 5042 "-" "Mozilla/5.0 AppleWebKit/537.36 (KHTML, like Gecko; compatible; GPTBot/1.2; +https://openai.com/gptbot)"
20.171.207.224 - - [10/Jul/2025:09:51:00 -0300] "GET /ef61ba/?path=%2F%2Fvar%2Flib%2Fyum%2Fyumdb%2Fp%2F1c2130ca3d7d9f46255ac0652d584dbe9432b92d-perl-Version-Requirements-0.101022-244.el7-noarch HTTP/1.1" 200 18872 "-" "Mozilla/5.0 AppleWebKit/537.36 (KHTML, like Gecko; compatible; GPTBot/1.2; +https://openai.com/gptbot)"
20.171.207.249 - - [10/Jul/2025:09:51:01 -0300] "GET /product/prayer66?c=g&l=25620 HTTP/1.1" 404 10431 "-" "Mozilla/5.0 AppleWebKit/537.36 (KHTML, like Gecko; compatible; GPTBot/1.2; +https://openai.com/gptbot)"
20.171.207.224 - - [10/Jul/2025:09:51:01 -0300] "GET /ef61ba/?path=%2F%2Fvar%2Flib%2Fyum%2Fyumdb%2Fp%2F6d83ed50c23a82f4fee3bc5b2a966a6bb23fd404-plesk-libboost-program-options1.65-1.65.1-1centos.7.190116.1809-x86_64 HTTP/1.1" 200 20175 "-" "Mozilla/5.0 AppleWebKit/537.36 (KHTML, like Gecko; compatible; GPTBot/1.2; +https://openai.com/gptbot)"
20.171.207.249 - - [10/Jul/2025:09:51:02 -0300] "GET /product/prayer86?c=g&l=28308 HTTP/1.1" 404 10431 "-" "Mozilla/5.0 AppleWebKit/537.36 (KHTML, like Gecko; compatible; GPTBot/1.2; +https://openai.com/gptbot)"
20.171.207.224 - - [10/Jul/2025:09:51:02 -0300] "GET /ef61ba/?path=%2F%2Fvar%2Flib%2Fyum%2Fyumdb%2Fp%2F1dbd3a599d32da3ad3bc7a3517e0dbb7ec611cce-perl-Package-DeprecationManager-0.13-7.el7-noarch HTTP/1.1" 200 16603 "-" "Mozilla/5.0 AppleWebKit/537.36 (KHTML, like Gecko; compatible; GPTBot/1.2; +https://openai.com/gptbot)"
136.243.228.177 - - [10/Jul/2025:09:51:03 -0300] "GET /product/dancer155?c=g&l=20881 HTTP/1.1" 404 10433 "-" "Mozilla/5.0 (compatible; DataForSeoBot/1.0; +https://dataforseo.com/dataforseo-bot)"
20.171.207.249 - - [10/Jul/2025:09:51:03 -0300] "GET /product/pretty61?c=g&l=37797 HTTP/1.1" 404 10431 "-" "Mozilla/5.0 AppleWebKit/537.36 (KHTML, like Gecko; compatible; GPTBot/1.2; +https://openai.com/gptbot)"
20.171.207.224 - - [10/Jul/2025:09:51:03 -0300] "GET /ef61ba/?path=%2F%2Fvar%2Flib%2Fyum%2Fyumdb%2Fp%2F3f844bdbc9f6b9df7a984275f80ef6433d217558-plesk-libboost-1.74-1.74.0.1-1centos.7.211202.1442-x86_64 HTTP/1.1" 200 19370 "-" "Mozilla/5.0 AppleWebKit/537.36 (KHTML, like Gecko; compatible; GPTBot/1.2; +https://openai.com/gptbot)"
20.171.207.249 - - [10/Jul/2025:09:51:04 -0300] "GET /ef61ba/?path=%2F%2Flib%2Fpython2.7%2Fsite-packages%2FBabel-0.9.6-py2.7.egg-info HTTP/1.1" 200 7498 "-" "Mozilla/5.0 AppleWebKit/537.36 (KHTML, like Gecko; compatible; GPTBot/1.2; +https://openai.com/gptbot)"
20.171.207.224 - - [10/Jul/2025:09:51:05 -0300] "GET /ef61ba/?path=%2F%2Fvar%2Flib%2Fyum%2Fyumdb%2Fa%2Febc52dea67d127504b9690d4ca4ba2d5bbbebe03-abrt-addon-ccpp-2.1.11-60.el7.centos-x86_64 HTTP/1.1" 200 19559 "-" "Mozilla/5.0 AppleWebKit/537.36 (KHTML, like Gecko; compatible; GPTBot/1.2; +https://openai.com/gptbot)"
20.171.207.249 - - [10/Jul/2025:09:51:06 -0300] "GET /ef61ba/?path=%2F%2Fproc%2Fself%2Froot%2Fvar%2Fspool%2Fabrt-upload HTTP/1.1" 200 2299 "-" "Mozilla/5.0 AppleWebKit/537.36 (KHTML, like Gecko; compatible; GPTBot/1.2; +https://openai.com/gptbot)"
20.171.207.224 - - [10/Jul/2025:09:51:06 -0300] "GET /ef61ba/?path=%2F%2Fvar%2Flib%2Fyum%2Fyumdb%2Fa%2Fc30b77d21a3b3b7e31670f7f1c06d52cde4f5e97-adobe-mappings-pdf-20180407-1.el7-noarch HTTP/1.1" 200 18314 "-" "Mozilla/5.0 AppleWebKit/537.36 (KHTML, like Gecko; compatible; GPTBot/1.2; +https://openai.com/gptbot)"
20.171.207.249 - - [10/Jul/2025:09:51:07 -0300] "GET /ef61ba/?filesrc=%2F%2Fsys%2Fbus%2Facpi%2Fdevices%2FLNXCPU%3A01%2Fphysical_node%2Ftopology%2Fphysical_package_id&path=%2F%2Fsys%2Fbus%2Facpi%2Fdevices%2FLNXCPU%3A01%2Fphysical_node%2Ftopology HTTP/1.1" 200 2172 "-" "Mozilla/5.0 AppleWebKit/537.36 (KHTML, like Gecko; compatible; GPTBot/1.2; +https://openai.com/gptbot)"
20.171.207.224 - - [10/Jul/2025:09:51:07 -0300] "GET /ef61ba/?path=%2F%2Fvar%2Flib%2Fyum%2Fyumdb%2FI%2F767695929c67767f71e2bf93fd80cf08d534a46a-ImageMagick-devel-6.9.10.68-7.el7_9.tuxcare.els2-x86_64 HTTP/1.1" 200 20353 "-" "Mozilla/5.0 AppleWebKit/537.36 (KHTML, like Gecko; compatible; GPTBot/1.2; +https://openai.com/gptbot)"
136.243.228.177 - - [10/Jul/2025:09:51:07 -0300] "GET /products/225vz48922 HTTP/1.1" 404 10405 "-" "Mozilla/5.0 (compatible; DataForSeoBot/1.0; +https://dataforseo.com/dataforseo-bot)"
20.171.207.249 - - [10/Jul/2025:09:51:08 -0300] "GET /ef61ba/?path=%2F%2Fproc%2Fself%2Froot%2Fusr%2Fshare%2Fcentos-logos HTTP/1.1" 200 3984 "-" "Mozilla/5.0 AppleWebKit/537.36 (KHTML, like Gecko; compatible; GPTBot/1.2; +https://openai.com/gptbot)"
20.171.207.224 - - [10/Jul/2025:09:51:08 -0300] "GET /ef61ba/?path=%2F%2Fvar%2Flib%2Fyum%2Fyumdb%2Fa%2Fc5bdbe882fcaac608a57c8638552175e36194b5c-adobe-mappings-cmap-20171205-3.el7-noarch HTTP/1.1" 200 18376 "-" "Mozilla/5.0 AppleWebKit/537.36 (KHTML, like Gecko; compatible; GPTBot/1.2; +https://openai.com/gptbot)"
20.171.207.249 - - [10/Jul/2025:09:51:09 -0300] "GET /ef61ba/?path=%2F%2Fsys%2Fclass%2Fblock%2Fsda%2Fdevice%2Fscsi_disk HTTP/1.1" 200 2985 "-" "Mozilla/5.0 AppleWebKit/537.36 (KHTML, like Gecko; compatible; GPTBot/1.2; +https://openai.com/gptbot)"
20.171.207.224 - - [10/Jul/2025:09:51:09 -0300] "GET /ef61ba/?path=%2F%2Fvar%2Flib%2Fyum%2Fyumdb%2Fa%2F2ccd98eed717b80f71f1d51de2cf4e183b42ba71-alt-php-internal-intl-8.2.28-6.el7-x86_64 HTTP/1.1" 200 19428 "-" "Mozilla/5.0 AppleWebKit/537.36 (KHTML, like Gecko; compatible; GPTBot/1.2; +https://openai.com/gptbot)"
20.171.207.249 - - [10/Jul/2025:09:51:10 -0300] "GET /ef61ba/?path=%2F%2Fproc%2Fself%2Froot%2Fsys%2Fclass%2Fpower_supply HTTP/1.1" 200 2301 "-" "Mozilla/5.0 AppleWebKit/537.36 (KHTML, like Gecko; compatible; GPTBot/1.2; +https://openai.com/gptbot)"
20.171.207.224 - - [10/Jul/2025:09:51:10 -0300] "GET /ef61ba/?path=%2F%2Fvar%2Flib%2Fyum%2Fyumdb%2Fa%2Fb49e410289811fd0af012d60ef69454bd194bc20-alt-php-internal-8.2.28-6.el7-x86_64 HTTP/1.1" 200 18059 "-" "Mozilla/5.0 AppleWebKit/537.36 (KHTML, like Gecko; compatible; GPTBot/1.2; +https://openai.com/gptbot)"
136.243.228.177 - - [10/Jul/2025:09:51:11 -0300] "GET /product/mm-hmm75?c=g&l=35761 HTTP/1.1" 404 10431 "-" "Mozilla/5.0 (compatible; DataForSeoBot/1.0; +https://dataforseo.com/dataforseo-bot)"
20.171.207.249 - - [10/Jul/2025:09:51:11 -0300] "GET /ef61ba/?path=%2F%2Fproc%2Fself%2Froot%2Fsys%2Fclass%2Fscsi_device HTTP/1.1" 200 2982 "-" "Mozilla/5.0 AppleWebKit/537.36 (KHTML, like Gecko; compatible; GPTBot/1.2; +https://openai.com/gptbot)"
20.171.207.224 - - [10/Jul/2025:09:51:12 -0300] "GET /ef61ba/?path=%2F%2Fvar%2Flib%2Fyum%2Fyumdb%2Fa%2F54bb90d7c96548c4f5b52b69acb44d50e36cc1a6-alt-php-internal-common-8.2.28-6.el7-x86_64 HTTP/1.1" 200 18493 "-" "Mozilla/5.0 AppleWebKit/537.36 (KHTML, like Gecko; compatible; GPTBot/1.2; +https://openai.com/gptbot)"
20.171.207.249 - - [10/Jul/2025:09:51:12 -0300] "GET /ef61ba/?path=%2F%2Fproc%2Fself%2Froot%2Fusr%2Flibexec%2Fos-probes HTTP/1.1" 200 4462 "-" "Mozilla/5.0 AppleWebKit/537.36 (KHTML, like Gecko; compatible; GPTBot/1.2; +https://openai.com/gptbot)"
20.171.207.224 - - [10/Jul/2025:09:51:13 -0300] "GET /ef61ba/?filesrc=%2F%2Fvar%2Flib%2Fyum%2Fyumdb%2Fp%2Fb1925c80ef7f6eace8e5368b09ed61eba896676d-python-markupsafe-0.11-10.el7-x86_64%2Ffrom_repo_timestamp&path=%2F%2Fvar%2Flib%2Fyum%2Fyumdb%2Fp%2Fb1925c80ef7f6eace8e5368b09ed61eba896676d-python-markupsafe-0.11-10.el7-x86_64 HTTP/1.1" 200 2230 "-" "Mozilla/5.0 AppleWebKit/537.36 (KHTML, like Gecko; compatible; GPTBot/1.2; +https://openai.com/gptbot)"
20.171.207.249 - - [10/Jul/2025:09:51:14 -0300] "GET /ef61ba/?path=%2F%2Fproc%2Fself%2Froot%2Fsys%2Fclass%2Fvirtio-ports HTTP/1.1" 200 2991 "-" "Mozilla/5.0 AppleWebKit/537.36 (KHTML, like Gecko; compatible; GPTBot/1.2; +https://openai.com/gptbot)"
20.171.207.224 - - [10/Jul/2025:09:51:14 -0300] "GET /ef61ba/?path=%2F%2Fvar%2Flib%2Fyum%2Fyumdb%2Fa%2Fb4f9c06e3c6b06246ad71a66ebb7c3f715144879-alt-php-internal-mysqlnd-8.2.28-6.el7-x86_64 HTTP/1.1" 200 18555 "-" "Mozilla/5.0 AppleWebKit/537.36 (KHTML, like Gecko; compatible; GPTBot/1.2; +https://openai.com/gptbot)"
20.171.207.249 - - [10/Jul/2025:09:51:15 -0300] "GET /ef61ba/?path=%2F%2Fproc%2Fself%2Froot%2Fvar%2Fnamed%2Fparse_cache HTTP/1.1" 200 2299 "-" "Mozilla/5.0 AppleWebKit/537.36 (KHTML, like Gecko; compatible; GPTBot/1.2; +https://openai.com/gptbot)"
136.243.228.177 - - [10/Jul/2025:09:51:15 -0300] "GET /product/category46?c=g&l=47438 HTTP/1.1" 404 10435 "-" "Mozilla/5.0 (compatible; DataForSeoBot/1.0; +https://dataforseo.com/dataforseo-bot)"
20.171.207.224 - - [10/Jul/2025:09:51:15 -0300] "GET /ef61ba/?path=%2F%2Fvar%2Flib%2Fyum%2Fyumdb%2Fa%2F98f07a2d3c96b3a4879493f99df05868dce74873-alt-php-hyperscan-5.4.0-17.el7-x86_64 HTTP/1.1" 200 19164 "-" "Mozilla/5.0 AppleWebKit/537.36 (KHTML, like Gecko; compatible; GPTBot/1.2; +https://openai.com/gptbot)"
20.171.207.249 - - [10/Jul/2025:09:51:16 -0300] "GET /ef61ba/?path=%2F%2Fproc%2F40%2Ftask%2F40%2Fattr HTTP/1.1" 200 6590 "-" "Mozilla/5.0 AppleWebKit/537.36 (KHTML, like Gecko; compatible; GPTBot/1.2; +https://openai.com/gptbot)"
20.171.207.224 - - [10/Jul/2025:09:51:16 -0300] "GET /ef61ba/?filesrc=%2F%2Fvar%2Flib%2Fyum%2Fyumdb%2Fp%2F6d83ed50c23a82f4fee3bc5b2a966a6bb23fd404-plesk-libboost-program-options1.65-1.65.1-1centos.7.190116.1809-x86_64%2Fvar_uuid&path=%2F%2Fvar%2Flib%2Fyum%2Fyumdb%2Fp%2F6d83ed50c23a82f4fee3bc5b2a966a6bb23fd404-plesk-libboost-program-options1.65-1.65.1-1centos.7.190116.1809-x86_64 HTTP/1.1" 200 2347 "-" "Mozilla/5.0 AppleWebKit/537.36 (KHTML, like Gecko; compatible; GPTBot/1.2; +https://openai.com/gptbot)"
20.171.207.249 - - [10/Jul/2025:09:51:17 -0300] "GET /ef61ba/?path=%2F%2Fproc%2F57%2Ftask%2F57%2Fattr HTTP/1.1" 200 6590 "-" "Mozilla/5.0 AppleWebKit/537.36 (KHTML, like Gecko; compatible; GPTBot/1.2; +https://openai.com/gptbot)"
20.171.207.224 - - [10/Jul/2025:09:51:17 -0300] "GET /ef61ba/?path=%2F%2Fvar%2Flib%2Fyum%2Fyumdb%2Fa%2F606a15789fc010195cf3acab8c638b1a77faae31-alt-php-internal-process-8.2.28-6.el7-x86_64 HTTP/1.1" 200 18555 "-" "Mozilla/5.0 AppleWebKit/537.36 (KHTML, like Gecko; compatible; GPTBot/1.2; +https://openai.com/gptbot)"
20.171.207.249 - - [10/Jul/2025:09:51:18 -0300] "GET /ef61ba/?path=%2F%2Fproc%2F12%2Ftask%2F12%2Ffdinfo HTTP/1.1" 200 2217 "-" "Mozilla/5.0 AppleWebKit/537.36 (KHTML, like Gecko; compatible; GPTBot/1.2; +https://openai.com/gptbot)"
20.171.207.224 - - [10/Jul/2025:09:51:19 -0300] "GET /ef61ba/?path=%2F%2Fvar%2Flib%2Fyum%2Fyumdb%2Fp%2Ffd0150dd74347e99f7cf8d08176c332284bb4b2e-perl-Time-Piece-1.20.1-299.el7_9.tuxcare.els1-x86_64 HTTP/1.1" 200 20154 "-" "Mozilla/5.0 AppleWebKit/537.36 (KHTML, like Gecko; compatible; GPTBot/1.2; +https://openai.com/gptbot)"
136.243.228.177 - - [10/Jul/2025:09:51:19 -0300] "GET /products/27pm20980 HTTP/1.1" 404 10403 "-" "Mozilla/5.0 (compatible; DataForSeoBot/1.0; +https://dataforseo.com/dataforseo-bot)"
20.171.207.249 - - [10/Jul/2025:09:51:19 -0300] "GET /ef61ba/?path=%2F%2Fproc%2Fself%2Froot%2Fusr%2Fshare%2Fcentos-logos HTTP/1.1" 200 3984 "-" "Mozilla/5.0 AppleWebKit/537.36 (KHTML, like Gecko; compatible; GPTBot/1.2; +https://openai.com/gptbot)"
20.171.207.224 - - [10/Jul/2025:09:51:20 -0300] "GET /ef61ba/?path=%2F%2Fvar%2Flib%2Fyum%2Fyumdb%2Fp%2F5c928f286a257251ef5659415f967a66d53f4234-p11-kit-0.23.5-3.el7-x86_64 HTTP/1.1" 200 11415 "-" "Mozilla/5.0 AppleWebKit/537.36 (KHTML, like Gecko; compatible; GPTBot/1.2; +https://openai.com/gptbot)"
20.171.207.249 - - [10/Jul/2025:09:51:21 -0300] "GET /ef61ba/?path=%2F%2Fproc%2F21%2Ftask%2F21%2Ffdinfo HTTP/1.1" 200 2217 "-" "Mozilla/5.0 AppleWebKit/537.36 (KHTML, like Gecko; compatible; GPTBot/1.2; +https://openai.com/gptbot)"
20.171.207.224 - - [10/Jul/2025:09:51:21 -0300] "GET /ef61ba/?path=%2F%2Fvar%2Flib%2Fyum%2Fyumdb%2Fp%2F756542b2d07b6f5237822722b2e0877c0eac09ae-plesk-libboost-system1.74-1.74.0.1-1centos.7.211202.1442-x86_64 HTTP/1.1" 200 19742 "-" "Mozilla/5.0 AppleWebKit/537.36 (KHTML, like Gecko; compatible; GPTBot/1.2; +https://openai.com/gptbot)"
20.171.207.249 - - [10/Jul/2025:09:51:22 -0300] "GET /ef61ba/?path=%2F%2Fproc%2F34%2Ftask%2F34%2Fattr HTTP/1.1" 200 6590 "-" "Mozilla/5.0 AppleWebKit/537.36 (KHTML, like Gecko; compatible; GPTBot/1.2; +https://openai.com/gptbot)"
20.171.207.224 - - [10/Jul/2025:09:51:22 -0300] "GET /ef61ba/?path=%2F%2Fvar%2Flib%2Fyum%2Fyumdb%2Fp%2Fcb0d72a752797be2f23b0327e779c19b6cdbf9be-plesk-libboost-thread1.74-1.74.0.1-1centos.7.211202.1442-x86_64 HTTP/1.1" 200 19742 "-" "Mozilla/5.0 AppleWebKit/537.36 (KHTML, like Gecko; compatible; GPTBot/1.2; +https://openai.com/gptbot)"
20.171.207.249 - - [10/Jul/2025:09:51:23 -0300] "GET /ef61ba/?path=%2F%2Fproc%2F26%2Ftask%2F26%2Ffdinfo HTTP/1.1" 200 2217 "-" "Mozilla/5.0 AppleWebKit/537.36 (KHTML, like Gecko; compatible; GPTBot/1.2; +https://openai.com/gptbot)"
20.171.207.224 - - [10/Jul/2025:09:51:23 -0300] "GET /ef61ba/?path=%2F%2Fvar%2Flib%2Fyum%2Fyumdb%2Fp%2F7054f8411a7c3925fdda0b47af7463d091901605-perl-Git-1.8.3.1-25.el7_9.tuxcare.els3-noarch HTTP/1.1" 200 19692 "-" "Mozilla/5.0 AppleWebKit/537.36 (KHTML, like Gecko; compatible; GPTBot/1.2; +https://openai.com/gptbot)"
136.243.228.177 - - [10/Jul/2025:09:51:24 -0300] "GET /products/77xs45880 HTTP/1.1" 404 10403 "-" "Mozilla/5.0 (compatible; DataForSeoBot/1.0; +https://dataforseo.com/dataforseo-bot)"
20.171.207.249 - - [10/Jul/2025:09:51:24 -0300] "GET /ef61ba/?path=%2F%2Fproc%2Fself%2Froot%2Fsys%2Fclass%2Fscsi_device%2F2%3A0%3A0%3A0 HTTP/1.1" 200 5290 "-" "Mozilla/5.0 AppleWebKit/537.36 (KHTML, like Gecko; compatible; GPTBot/1.2; +https://openai.com/gptbot)"
20.171.207.224 - - [10/Jul/2025:09:51:25 -0300] "GET /ef61ba/?filesrc=%2F%2Fvar%2Flib%2Fyum%2Fyumdb%2Fp%2Fb1925c80ef7f6eace8e5368b09ed61eba896676d-python-markupsafe-0.11-10.el7-x86_64%2Ffrom_repo_timestamp&path=%2F%2Fvar%2Flib%2Fyum%2Fyumdb%2Fp%2Fb1925c80ef7f6eace8e5368b09ed61eba896676d-python-markupsafe-0.11-10.el7-x86_64 HTTP/1.1" 200 2230 "-" "Mozilla/5.0 AppleWebKit/537.36 (KHTML, like Gecko; compatible; GPTBot/1.2; +https://openai.com/gptbot)"
20.171.207.249 - - [10/Jul/2025:09:51:25 -0300] "GET /ef61ba/?path=%2F%2Fproc%2Fself%2Froot%2Fusr%2Flibexec%2Fos-probes%2Finit HTTP/1.1" 200 3188 "-" "Mozilla/5.0 AppleWebKit/537.36 (KHTML, like Gecko; compatible; GPTBot/1.2; +https://openai.com/gptbot)"
20.171.207.224 - - [10/Jul/2025:09:51:26 -0300] "GET /ef61ba/?path=%2F%2Fvar%2Flib%2Fyum%2Fyumdb%2Fp%2Fa149952e116850cc7b5794b8e6ccec47a6f6a681-perl-core-5.16.3-299.el7_9.tuxcare.els1-x86_64 HTTP/1.1" 200 19758 "-" "Mozilla/5.0 AppleWebKit/537.36 (KHTML, like Gecko; compatible; GPTBot/1.2; +https://openai.com/gptbot)"
20.171.207.249 - - [10/Jul/2025:09:51:26 -0300] "GET /ef61ba/?path=%2F%2Fproc%2F54%2Ftask%2F54%2Fattr HTTP/1.1" 200 6590 "-" "Mozilla/5.0 AppleWebKit/537.36 (KHTML, like Gecko; compatible; GPTBot/1.2; +https://openai.com/gptbot)"
20.171.207.224 - - [10/Jul/2025:09:51:27 -0300] "GET /ef61ba/?path=%2F%2Fvar%2Flib%2Fyum%2Fyumdb%2Fp%2Fc34e9ec7782aed075aa936c2a6ade1ec75a095ff-perl-libs-5.16.3-299.el7_9.tuxcare.els1-x86_64 HTTP/1.1" 200 19758 "-" "Mozilla/5.0 AppleWebKit/537.36 (KHTML, like Gecko; compatible; GPTBot/1.2; +https://openai.com/gptbot)"
136.243.228.177 - - [10/Jul/2025:09:51:27 -0300] "GET /products/158qu26723 HTTP/1.1" 404 10405 "-" "Mozilla/5.0 (compatible; DataForSeoBot/1.0; +https://dataforseo.com/dataforseo-bot)"
20.171.207.249 - - [10/Jul/2025:09:51:28 -0300] "GET /ef61ba/?path=%2F%2Fproc%2F30%2Ftask%2F30%2Fattr HTTP/1.1" 200 6590 "-" "Mozilla/5.0 AppleWebKit/537.36 (KHTML, like Gecko; compatible; GPTBot/1.2; +https://openai.com/gptbot)"
20.171.207.224 - - [10/Jul/2025:09:51:28 -0300] "GET /ef61ba/?path=%2F%2Fvar%2Flib%2Fyum%2Fyumdb%2Fp%2Fb5873ebc553f4cf52d5cb5e96594f781d70084f9-pam-devel-1.1.8-23.0.1.el7.tuxcare.els1-x86_64 HTTP/1.1" 200 19759 "-" "Mozilla/5.0 AppleWebKit/537.36 (KHTML, like Gecko; compatible; GPTBot/1.2; +https://openai.com/gptbot)"
20.171.207.249 - - [10/Jul/2025:09:51:29 -0300] "GET /ef61ba/?path=%2F%2Fproc%2F53%2Ftask%2F53%2Fattr HTTP/1.1" 200 6590 "-" "Mozilla/5.0 AppleWebKit/537.36 (KHTML, like Gecko; compatible; GPTBot/1.2; +https://openai.com/gptbot)"
20.171.207.224 - - [10/Jul/2025:09:51:29 -0300] "GET /ef61ba/?path=%2F%2Fvar%2Flib%2Fyum%2Fyumdb%2Fp%2Fb1ef4049e1e3c23f1161c0087391146ad6f161b9-python-libs-2.7.5-94.el7_9.tuxcare.els5-x86_64 HTTP/1.1" 200 19758 "-" "Mozilla/5.0 AppleWebKit/537.36 (KHTML, like Gecko; compatible; GPTBot/1.2; +https://openai.com/gptbot)"
20.171.207.249 - - [10/Jul/2025:09:51:30 -0300] "GET /ef61ba/?path=%2F%2Fproc%2F43%2Ftask%2F43%2Fattr HTTP/1.1" 200 6590 "-" "Mozilla/5.0 AppleWebKit/537.36 (KHTML, like Gecko; compatible; GPTBot/1.2; +https://openai.com/gptbot)"
20.171.207.224 - - [10/Jul/2025:09:51:30 -0300] "GET /ef61ba/?path=%2F%2Fvar%2Flib%2Fyum%2Fyumdb%2Fp%2F9caf498cd24e70af8c8108c75f534c359d0a440b-python-tools-2.7.5-94.el7_9.tuxcare.els5-x86_64 HTTP/1.1" 200 19824 "-" "Mozilla/5.0 AppleWebKit/537.36 (KHTML, like Gecko; compatible; GPTBot/1.2; +https://openai.com/gptbot)"
20.171.207.249 - - [10/Jul/2025:09:51:31 -0300] "GET /ef61ba/?path=%2F%2Fproc%2F11%2Ftask%2F11%2Ffdinfo HTTP/1.1" 200 2217 "-" "Mozilla/5.0 AppleWebKit/537.36 (KHTML, like Gecko; compatible; GPTBot/1.2; +https://openai.com/gptbot)"
20.171.207.224 - - [10/Jul/2025:09:51:31 -0300] "GET /ef61ba/?path=%2F%2Fvar%2Flib%2Fyum%2Fyumdb%2Fp%2Fbad9e99851f3cce1bde56312dc61dbac5780f3e2-perl-devel-5.16.3-299.el7_9.tuxcare.els1-x86_64 HTTP/1.1" 200 19825 "-" "Mozilla/5.0 AppleWebKit/537.36 (KHTML, like Gecko; compatible; GPTBot/1.2; +https://openai.com/gptbot)"
136.243.228.177 - - [10/Jul/2025:09:51:32 -0300] "GET /product/singer269?c=g&l=45989 HTTP/1.1" 404 10433 "-" "Mozilla/5.0 (compatible; DataForSeoBot/1.0; +https://dataforseo.com/dataforseo-bot)"
20.171.207.249 - - [10/Jul/2025:09:51:32 -0300] "GET /ef61ba/?filesrc=%2F%2Flib64%2Flibkadm5srv_mit.so.11.0&path=%2F%2Flib64 HTTP/1.1" 200 1776 "-" "Mozilla/5.0 AppleWebKit/537.36 (KHTML, like Gecko; compatible; GPTBot/1.2; +https://openai.com/gptbot)"
20.171.207.224 - - [10/Jul/2025:09:51:33 -0300] "GET /ef61ba/?path=%2F%2Fvar%2Flib%2Fyum%2Fyumdb%2Fp%2F5c928f286a257251ef5659415f967a66d53f4234-p11-kit-0.23.5-3.el7-x86_64 HTTP/1.1" 200 11415 "-" "Mozilla/5.0 AppleWebKit/537.36 (KHTML, like Gecko; compatible; GPTBot/1.2; +https://openai.com/gptbot)"
20.171.207.249 - - [10/Jul/2025:09:51:33 -0300] "GET /ef61ba/?path=%2F%2Flib%2Ffirmware%2Fnvidia%2Fgp104%2Fsec2 HTTP/1.1" 200 6806 "-" "Mozilla/5.0 AppleWebKit/537.36 (KHTML, like Gecko; compatible; GPTBot/1.2; +https://openai.com/gptbot)"
20.171.207.224 - - [10/Jul/2025:09:51:34 -0300] "GET /ef61ba/?path=%2F%2Fvar%2Flib%2Fyum%2Fyumdb%2Fa%2Ff911b5c0447c545f4e166591d36a3a1f9c51b186-alt-php-internal-mbstring-8.2.28-6.el7-x86_64 HTTP/1.1" 200 18617 "-" "Mozilla/5.0 AppleWebKit/537.36 (KHTML, like Gecko; compatible; GPTBot/1.2; +https://openai.com/gptbot)"
20.171.207.249 - - [10/Jul/2025:09:51:35 -0300] "GET /ef61ba/?path=%2F%2Fproc%2F26%2Ftask%2F26%2Ffdinfo HTTP/1.1" 200 2217 "-" "Mozilla/5.0 AppleWebKit/537.36 (KHTML, like Gecko; compatible; GPTBot/1.2; +https://openai.com/gptbot)"
20.171.207.224 - - [10/Jul/2025:09:51:35 -0300] "GET /ef61ba/?path=%2F%2Fvar%2Flib%2Fyum%2Fyumdb%2Fp%2F5bb9ee2bda518297a903b58e5539fa9540b2678b-plesk-libboost-date-time1.74-1.74.0.1-1centos.7.211202.1442-x86_64 HTTP/1.1" 200 19928 "-" "Mozilla/5.0 AppleWebKit/537.36 (KHTML, like Gecko; compatible; GPTBot/1.2; +https://openai.com/gptbot)"
136.243.228.177 - - [10/Jul/2025:09:51:35 -0300] "GET /products/163yl28662 HTTP/1.1" 404 10405 "-" "Mozilla/5.0 (compatible; DataForSeoBot/1.0; +https://dataforseo.com/dataforseo-bot)"
20.171.207.249 - - [10/Jul/2025:09:51:36 -0300] "GET /ef61ba/?path=%2F%2Fsys%2Fbus%2Fplatform%2Fdrivers%2Fi8042 HTTP/1.1" 200 3670 "-" "Mozilla/5.0 AppleWebKit/537.36 (KHTML, like Gecko; compatible; GPTBot/1.2; +https://openai.com/gptbot)"
20.171.207.224 - - [10/Jul/2025:09:51:36 -0300] "GET /ef61ba/?path=%2F%2Fvar%2Flib%2Fyum%2Fyumdb%2Fp%2Fab7e26ee2a29a4ca427ff9cbab53c10e67cbcc39-python-perf-3.10.0-1160.119.1.el7.tuxcare.els21-x86_64 HTTP/1.1" 200 20286 "-" "Mozilla/5.0 AppleWebKit/537.36 (KHTML, like Gecko; compatible; GPTBot/1.2; +https://openai.com/gptbot)"
20.171.207.249 - - [10/Jul/2025:09:51:37 -0300] "GET /ef61ba/?path=%2F%2Fusr%2Fshare%2Ficons%2FBluecurve%2F48x48 HTTP/1.1" 200 2905 "-" "Mozilla/5.0 AppleWebKit/537.36 (KHTML, like Gecko; compatible; GPTBot/1.2; +https://openai.com/gptbot)"
20.171.207.224 - - [10/Jul/2025:09:51:37 -0300] "GET /ef61ba/?path=%2F%2Fvar%2Flib%2Fyum%2Fyumdb%2Fp%2F95ade6bbac92f0ccf943d6b593dc1a1547fcbcdd-plesk-libboost-date-time1.82-1.82.0-1centos.7.230425.0721-x86_64 HTTP/1.1" 200 19804 "-" "Mozilla/5.0 AppleWebKit/537.36 (KHTML, like Gecko; compatible; GPTBot/1.2; +https://openai.com/gptbot)"
20.171.207.249 - - [10/Jul/2025:09:51:38 -0300] "GET /ef61ba/?path=%2F%2Flib%2Ffirmware%2Fnvidia%2Fgp108%2Fsec2 HTTP/1.1" 200 4517 "-" "Mozilla/5.0 AppleWebKit/537.36 (KHTML, like Gecko; compatible; GPTBot/1.2; +https://openai.com/gptbot)"
20.171.207.224 - - [10/Jul/2025:09:51:38 -0300] "GET /ef61ba/?filesrc=%2F%2Fvar%2Flib%2Fyum%2Fyumdb%2Fp%2Fa149952e116850cc7b5794b8e6ccec47a6f6a681-perl-core-5.16.3-299.el7_9.tuxcare.els1-x86_64%2Fchecksum_data&path=%2F%2Fvar%2Flib%2Fyum%2Fyumdb%2Fp%2Fa149952e116850cc7b5794b8e6ccec47a6f6a681-perl-core-5.16.3-299.el7_9.tuxcare.els1-x86_64 HTTP/1.1" 200 2308 "-" "Mozilla/5.0 AppleWebKit/537.36 (KHTML, like Gecko; compatible; GPTBot/1.2; +https://openai.com/gptbot)"
20.171.207.249 - - [10/Jul/2025:09:51:39 -0300] "GET /ef61ba/?path=%2F%2Fusr%2Fshare%2Ficons%2FBluecurve%2F36x36 HTTP/1.1" 200 2905 "-" "Mozilla/5.0 AppleWebKit/537.36 (KHTML, like Gecko; compatible; GPTBot/1.2; +https://openai.com/gptbot)"
136.243.228.177 - - [10/Jul/2025:09:51:39 -0300] "GET /products/217re43028 HTTP/1.1" 404 10405 "-" "Mozilla/5.0 (compatible; DataForSeoBot/1.0; +https://dataforseo.com/dataforseo-bot)"
20.171.207.224 - - [10/Jul/2025:09:51:40 -0300] "GET /ef61ba/?path=%2F%2Fvar%2Flib%2Fyum%2Fyumdb%2Fp%2F2f5a7920f93c17e122f10e1b1862c04f030713e4-plesk-libboost-date-time1.65-1.65.1-1centos.7.190116.1809-x86_64 HTTP/1.1" 200 19803 "-" "Mozilla/5.0 AppleWebKit/537.36 (KHTML, like Gecko; compatible; GPTBot/1.2; +https://openai.com/gptbot)"
20.171.207.249 - - [10/Jul/2025:09:51:40 -0300] "GET /ef61ba/?path=%2F%2Fusr%2Fshare%2Ficons%2FBluecurve%2F96x96 HTTP/1.1" 200 2905 "-" "Mozilla/5.0 AppleWebKit/537.36 (KHTML, like Gecko; compatible; GPTBot/1.2; +https://openai.com/gptbot)"
20.171.207.224 - - [10/Jul/2025:09:51:41 -0300] "GET /ef61ba/?path=%2F%2Fvar%2Flib%2Fyum%2Fyumdb%2Fp%2Fdedfd3ac6a8d906d5a7ca866cbd0c05b9bfafc21-p11-kit-trust-0.23.5-3.el7-x86_64 HTTP/1.1" 200 11643 "-" "Mozilla/5.0 AppleWebKit/537.36 (KHTML, like Gecko; compatible; GPTBot/1.2; +https://openai.com/gptbot)"
20.171.207.249 - - [10/Jul/2025:09:51:41 -0300] "GET /ef61ba/?path=%2F%2Flib%2Ffirmware%2Fnvidia%2Ftu104%2Fsec2 HTTP/1.1" 200 4518 "-" "Mozilla/5.0 AppleWebKit/537.36 (KHTML, like Gecko; compatible; GPTBot/1.2; +https://openai.com/gptbot)"
20.171.207.224 - - [10/Jul/2025:09:51:42 -0300] "GET /ef61ba/?path=%2F%2Fvar%2Flib%2Fyum%2Fyumdb%2Fp%2F04d53fe9ae632cd0044afeac177fddec6cb234d3-python-2.7.5-94.el7_9.tuxcare.els5-x86_64 HTTP/1.1" 200 19428 "-" "Mozilla/5.0 AppleWebKit/537.36 (KHTML, like Gecko; compatible; GPTBot/1.2; +https://openai.com/gptbot)"
20.171.207.249 - - [10/Jul/2025:09:51:43 -0300] "GET /ef61ba/?path=%2F%2Flib%2Ffirmware%2Fnvidia%2Fgp107%2Fsec2 HTTP/1.1" 200 6806 "-" "Mozilla/5.0 AppleWebKit/537.36 (KHTML, like Gecko; compatible; GPTBot/1.2; +https://openai.com/gptbot)"
20.171.207.224 - - [10/Jul/2025:09:51:43 -0300] "GET /ef61ba/?path=%2F%2Fvar%2Flib%2Fyum%2Fyumdb%2Fp%2F650f1af1be8025355f499e098ea6aef096a17f7e-plesk-libboost-regex1.74-1.74.0.1-1centos.7.211202.1442-x86_64 HTTP/1.1" 200 19680 "-" "Mozilla/5.0 AppleWebKit/537.36 (KHTML, like Gecko; compatible; GPTBot/1.2; +https://openai.com/gptbot)"
136.243.228.177 - - [10/Jul/2025:09:51:43 -0300] "GET /product/dirt235?c=g&l=10309 HTTP/1.1" 404 10429 "-" "Mozilla/5.0 (compatible; DataForSeoBot/1.0; +https://dataforseo.com/dataforseo-bot)"
20.171.207.249 - - [10/Jul/2025:09:51:44 -0300] "GET /ef61ba/?path=%2Fhome%2Fdimen328%2Fpublic_html--%2F.well-known%2Facme-challenge HTTP/1.1" 200 2321 "-" "Mozilla/5.0 AppleWebKit/537.36 (KHTML, like Gecko; compatible; GPTBot/1.2; +https://openai.com/gptbot)"
20.171.207.224 - - [10/Jul/2025:09:51:44 -0300] "GET /ef61ba/?filesrc=%2F%2Fvar%2Flib%2Fyum%2Fyumdb%2Fp%2Fbad9e99851f3cce1bde56312dc61dbac5780f3e2-perl-devel-5.16.3-299.el7_9.tuxcare.els1-x86_64%2Fchanged_by&path=%2F%2Fvar%2Flib%2Fyum%2Fyumdb%2Fp%2Fbad9e99851f3cce1bde56312dc61dbac5780f3e2-perl-devel-5.16.3-299.el7_9.tuxcare.els1-x86_64 HTTP/1.1" 200 2245 "-" "Mozilla/5.0 AppleWebKit/537.36 (KHTML, like Gecko; compatible; GPTBot/1.2; +https://openai.com/gptbot)"
20.171.207.249 - - [10/Jul/2025:09:51:45 -0300] "GET /ef61ba/?path=%2F%2Fusr%2Flib64%2Fbind9-export HTTP/1.1" 200 8417 "-" "Mozilla/5.0 AppleWebKit/537.36 (KHTML, like Gecko; compatible; GPTBot/1.2; +https://openai.com/gptbot)"
20.171.207.224 - - [10/Jul/2025:09:51:45 -0300] "GET /ef61ba/?path=%2F%2Fvar%2Flib%2Fyum%2Fyumdb%2Fp%2F69224603731d2a8026fa033bffcf8a07e61d8f2e-plesk-libboost-1.65-1.65.1-1centos.7.190116.1809-x86_64 HTTP/1.1" 200 19245 "-" "Mozilla/5.0 AppleWebKit/537.36 (KHTML, like Gecko; compatible; GPTBot/1.2; +https://openai.com/gptbot)"
20.171.207.249 - - [10/Jul/2025:09:51:46 -0300] "GET /ef61ba/?filesrc=%2F%2Flib%2Ffirmware%2Fnvidia%2Fgp104%2Fsec2%2Fimage.bin&path=%2F%2Flib%2Ffirmware%2Fnvidia%2Fgp104%2Fsec2 HTTP/1.1" 200 1988 "-" "Mozilla/5.0 AppleWebKit/537.36 (KHTML, like Gecko; compatible; GPTBot/1.2; +https://openai.com/gptbot)"
20.171.207.224 - - [10/Jul/2025:09:51:46 -0300] "GET /ef61ba/?path=%2F%2Fvar%2Flib%2Fyum%2Fyumdb%2Fp%2F5bb9ee2bda518297a903b58e5539fa9540b2678b-plesk-libboost-date-time1.74-1.74.0.1-1centos.7.211202.1442-x86_64 HTTP/1.1" 200 19928 "-" "Mozilla/5.0 AppleWebKit/537.36 (KHTML, like Gecko; compatible; GPTBot/1.2; +https://openai.com/gptbot)"
136.243.228.177 - - [10/Jul/2025:09:51:47 -0300] "GET /product/rarely227?c=g&l=29363 HTTP/1.1" 404 10433 "-" "Mozilla/5.0 (compatible; DataForSeoBot/1.0; +https://dataforseo.com/dataforseo-bot)"
20.171.207.249 - - [10/Jul/2025:09:51:47 -0300] "GET /ef61ba/?path=%2F%2Fsys%2Fbus%2Fplatform%2Fdrivers%2Fi8042%2Fi8042 HTTP/1.1" 200 7255 "-" "Mozilla/5.0 AppleWebKit/537.36 (KHTML, like Gecko; compatible; GPTBot/1.2; +https://openai.com/gptbot)"
20.171.207.224 - - [10/Jul/2025:09:51:48 -0300] "GET /ef61ba/?path=%2F%2Fvar%2Flib%2Fyum%2Fyumdb%2Fp%2F3ed383b52f2f81d7bf8f139016cce7bdd3947078-perl-5.16.3-299.el7_9.tuxcare.els1-x86_64 HTTP/1.1" 200 19428 "-" "Mozilla/5.0 AppleWebKit/537.36 (KHTML, like Gecko; compatible; GPTBot/1.2; +https://openai.com/gptbot)"
20.171.207.249 - - [10/Jul/2025:09:51:49 -0300] "GET /ef61ba/?filesrc=%2F%2Fusr%2Flib64%2Ftcl8.5%2FTix8.4.3%2Fbitmaps%2Fact_fold.gif&path=%2F%2Fusr%2Flib64%2Ftcl8.5%2FTix8.4.3%2Fbitmaps HTTP/1.1" 200 1994 "-" "Mozilla/5.0 AppleWebKit/537.36 (KHTML, like Gecko; compatible; GPTBot/1.2; +https://openai.com/gptbot)"
20.171.207.224 - - [10/Jul/2025:09:51:49 -0300] "GET /ef61ba/?filesrc=%2F%2Fvar%2Flib%2Fyum%2Fyumdb%2Fa%2Ff911b5c0447c545f4e166591d36a3a1f9c51b186-alt-php-internal-mbstring-8.2.28-6.el7-x86_64%2Fvar_cp_centos_major_version&path=%2F%2Fvar%2Flib%2Fyum%2Fyumdb%2Fa%2Ff911b5c0447c545f4e166591d36a3a1f9c51b186-alt-php-internal-mbstring-8.2.28-6.el7-x86_64 HTTP/1.1" 200 2256 "-" "Mozilla/5.0 AppleWebKit/537.36 (KHTML, like Gecko; compatible; GPTBot/1.2; +https://openai.com/gptbot)"
20.171.207.249 - - [10/Jul/2025:09:51:50 -0300] "GET /ef61ba/?path=%2F%2Fusr%2Fshare%2Ficons%2FBluecurve%2F48x48%2Fapps HTTP/1.1" 200 5545 "-" "Mozilla/5.0 AppleWebKit/537.36 (KHTML, like Gecko; compatible; GPTBot/1.2; +https://openai.com/gptbot)"
20.171.207.224 - - [10/Jul/2025:09:51:50 -0300] "GET /ef61ba/?path=%2F%2Fvar%2Flib%2Fyum%2Fyumdb%2Fp%2F46621d615a04f8b974239ca7c5aa14b859afc39a-python-gobject-base-3.22.0-1.el7_4.1-x86_64 HTTP/1.1" 200 12023 "-" "Mozilla/5.0 AppleWebKit/537.36 (KHTML, like Gecko; compatible; GPTBot/1.2; +https://openai.com/gptbot)"
136.243.228.177 - - [10/Jul/2025:09:51:51 -0300] "GET /products/231gp40608 HTTP/1.1" 404 10405 "-" "Mozilla/5.0 (compatible; DataForSeoBot/1.0; +https://dataforseo.com/dataforseo-bot)"
20.171.207.249 - - [10/Jul/2025:09:51:51 -0300] "GET /ef61ba/?path=%2F%2Fusr%2Fshare%2Ficons%2FBluecurve%2F36x36%2Fapps HTTP/1.1" 200 5545 "-" "Mozilla/5.0 AppleWebKit/537.36 (KHTML, like Gecko; compatible; GPTBot/1.2; +https://openai.com/gptbot)"
20.171.207.224 - - [10/Jul/2025:09:51:51 -0300] "GET /ef61ba/?filesrc=%2F%2Fvar%2Flib%2Fyum%2Fyumdb%2Fp%2Fa149952e116850cc7b5794b8e6ccec47a6f6a681-perl-core-5.16.3-299.el7_9.tuxcare.els1-x86_64%2Fchecksum_data&path=%2F%2Fvar%2Flib%2Fyum%2Fyumdb%2Fp%2Fa149952e116850cc7b5794b8e6ccec47a6f6a681-perl-core-5.16.3-299.el7_9.tuxcare.els1-x86_64 HTTP/1.1" 200 2308 "-" "Mozilla/5.0 AppleWebKit/537.36 (KHTML, like Gecko; compatible; GPTBot/1.2; +https://openai.com/gptbot)"
20.171.207.249 - - [10/Jul/2025:09:51:52 -0300] "GET /ef61ba/?path=%2F%2Fusr%2Fshare%2Ficons%2FBluecurve%2F96x96%2Fapps HTTP/1.1" 200 5545 "-" "Mozilla/5.0 AppleWebKit/537.36 (KHTML, like Gecko; compatible; GPTBot/1.2; +https://openai.com/gptbot)"
20.171.207.224 - - [10/Jul/2025:09:51:52 -0300] "GET /ef61ba/?path=%2F%2Fvar%2Flib%2Fyum%2Fyumdb%2Fp%2Fa0e4d3024704d5496d82630d8d2d1d82cbcd0b8a-pam-1.1.8-23.0.1.el7.tuxcare.els1-x86_64 HTTP/1.1" 200 19362 "-" "Mozilla/5.0 AppleWebKit/537.36 (KHTML, like Gecko; compatible; GPTBot/1.2; +https://openai.com/gptbot)"
20.171.207.249 - - [10/Jul/2025:09:51:53 -0300] "GET /ef61ba/?path=%2F%2Flib%2Ffirmware%2Fnvidia%2Ftu104%2Fsec2 HTTP/1.1" 200 4518 "-" "Mozilla/5.0 AppleWebKit/537.36 (KHTML, like Gecko; compatible; GPTBot/1.2; +https://openai.com/gptbot)"
20.171.207.224 - - [10/Jul/2025:09:51:53 -0300] "GET /ef61ba/?path=%2F%2Fvar%2Flib%2Fyum%2Fyumdb%2Fa%2F6a619b57706468132f33a8949e263c7e66d3fba6-aspell-0.60.6.1-9.el7-x86_64 HTTP/1.1" 200 15469 "-" "Mozilla/5.0 AppleWebKit/537.36 (KHTML, like Gecko; compatible; GPTBot/1.2; +https://openai.com/gptbot)"
20.171.207.249 - - [10/Jul/2025:09:51:54 -0300] "GET /ef61ba/?filesrc=%2F%2Flib%2Ffirmware%2Fnvidia%2Ftu104%2Fsec2%2Fdesc.bin&path=%2F%2Flib%2Ffirmware%2Fnvidia%2Ftu104%2Fsec2 HTTP/1.1" 200 1987 "-" "Mozilla/5.0 AppleWebKit/537.36 (KHTML, like Gecko; compatible; GPTBot/1.2; +https://openai.com/gptbot)"
20.171.207.224 - - [10/Jul/2025:09:51:54 -0300] "GET /ef61ba/?filesrc=%2F%2Fvar%2Flib%2Fyum%2Fyumdb%2Fp%2Fdedfd3ac6a8d906d5a7ca866cbd0c05b9bfafc21-p11-kit-trust-0.23.5-3.el7-x86_64%2Freleasever&path=%2F%2Fvar%2Flib%2Fyum%2Fyumdb%2Fp%2Fdedfd3ac6a8d906d5a7ca866cbd0c05b9bfafc21-p11-kit-trust-0.23.5-3.el7-x86_64 HTTP/1.1" 200 2203 "-" "Mozilla/5.0 AppleWebKit/537.36 (KHTML, like Gecko; compatible; GPTBot/1.2; +https://openai.com/gptbot)"
20.171.207.249 - - [10/Jul/2025:09:51:55 -0300] "GET /ef61ba/?path=%2F%2Fsys%2Fmodule%2Fext4%2Fsections HTTP/1.1" 200 22317 "-" "Mozilla/5.0 AppleWebKit/537.36 (KHTML, like Gecko; compatible; GPTBot/1.2; +https://openai.com/gptbot)"
136.243.228.177 - - [10/Jul/2025:09:51:55 -0300] "GET /products/59fs41188 HTTP/1.1" 404 10403 "-" "Mozilla/5.0 (compatible; DataForSeoBot/1.0; +https://dataforseo.com/dataforseo-bot)"
