20.171.207.224 - - [10/Jul/2025:09:37:20 -0300] "GET /ef61ba/?path=%2F%2Fvar%2Flib%2Fyum%2Fyumdb%2Fl%2Fee358250eaac0b7fc1618cbae45b7c7b5d0290fb-libglvnd-egl-1.0.1-0.8.git5baa1e5.el7-x86_64 HTTP/1.1" 200 18562 "-" "Mozilla/5.0 AppleWebKit/537.36 (KHTML, like Gecko; compatible; GPTBot/1.2; +https://openai.com/gptbot)"
20.171.207.249 - - [10/Jul/2025:09:37:20 -0300] "GET /ef61ba/?path=%2F%2Fusr%2Flib%2Fmodules%2F3.10.0-1160.119.1.el7.tuxcare.els21.x86_64%2Fkernel%2Farch%2Fx86%2Fcrypto%2Fsha-mb HTTP/1.1" 200 3782 "-" "Mozilla/5.0 AppleWebKit/537.36 (KHTML, like Gecko; compatible; GPTBot/1.2; +https://openai.com/gptbot)"
20.171.207.224 - - [10/Jul/2025:09:37:21 -0300] "GET /ef61ba/?path=%2F%2Fvar%2Flib%2Fyum%2Fyumdb%2Fl%2F4622791f4ca7fb588f5bf9dec4f7ac5231c5df83-libcom_err-1.42.9-19.el7.tuxcare.els1-x86_64 HTTP/1.1" 200 19626 "-" "Mozilla/5.0 AppleWebKit/537.36 (KHTML, like Gecko; compatible; GPTBot/1.2; +https://openai.com/gptbot)"
20.171.207.249 - - [10/Jul/2025:09:37:22 -0300] "GET /ef61ba/?path=%2F%2Fusr%2Flib%2Fmodules%2F3.10.0-1160.119.1.el7.tuxcare.els20.x86_64%2Fkernel%2Farch%2Fx86%2Fplatform%2Fintel HTTP/1.1" 200 3794 "-" "Mozilla/5.0 AppleWebKit/537.36 (KHTML, like Gecko; compatible; GPTBot/1.2; +https://openai.com/gptbot)"
20.171.207.224 - - [10/Jul/2025:09:37:22 -0300] "GET /ef61ba/?path=%2F%2Fvar%2Flib%2Fyum%2Fyumdb%2Fl%2Feb24b9abdfb0bb1de3dbf8e85bcb514b59da6197-libICE-1.0.9-9.el7-x86_64 HTTP/1.1" 200 15308 "-" "Mozilla/5.0 AppleWebKit/537.36 (KHTML, like Gecko; compatible; GPTBot/1.2; +https://openai.com/gptbot)"
20.171.207.249 - - [10/Jul/2025:09:37:23 -0300] "GET /ef61ba/?path=%2F%2Fusr%2Flib%2Fmodules%2F3.10.0-1160.119.1.el7.tuxcare.els21.x86_64%2Fkernel%2Fsound%2Fhda%2Fext HTTP/1.1" 200 3662 "-" "Mozilla/5.0 AppleWebKit/537.36 (KHTML, like Gecko; compatible; GPTBot/1.2; +https://openai.com/gptbot)"
136.243.228.177 - - [10/Jul/2025:09:37:23 -0300] "GET /products/238jx4349 HTTP/1.1" 404 10403 "-" "Mozilla/5.0 (compatible; DataForSeoBot/1.0; +https://dataforseo.com/dataforseo-bot)"
20.171.207.224 - - [10/Jul/2025:09:37:23 -0300] "GET /ef61ba/?filesrc=%2F%2Fvar%2Flib%2Fyum%2Fyumdb%2Fl%2F34477c79fecb5724919fde6b7df3e4c21d344af4-libcroco-0.6.12-6.el7_9-x86_64%2Fvar_ea4_repo_uri_os&path=%2F%2Fvar%2Flib%2Fyum%2Fyumdb%2Fl%2F34477c79fecb5724919fde6b7df3e4c21d344af4-libcroco-0.6.12-6.el7_9-x86_64 HTTP/1.1" 200 2210 "-" "Mozilla/5.0 AppleWebKit/537.36 (KHTML, like Gecko; compatible; GPTBot/1.2; +https://openai.com/gptbot)"
20.171.207.249 - - [10/Jul/2025:09:37:24 -0300] "GET /ef61ba/?path=%2F%2Fusr%2Flib%2Fmodules%2F3.10.0-1160.119.1.el7.tuxcare.els21.x86_64%2Fkernel%2Fsound%2Fcore%2Fseq%2Foss HTTP/1.1" 200 3778 "-" "Mozilla/5.0 AppleWebKit/537.36 (KHTML, like Gecko; compatible; GPTBot/1.2; +https://openai.com/gptbot)"
20.171.207.224 - - [10/Jul/2025:09:37:25 -0300] "GET /ef61ba/?path=%2F%2Fvar%2Flib%2Fyum%2Fyumdb%2Fl%2F3d58b45efbd4587e822514c32f816270fc20f4e4-libXft-2.3.2-2.el7-x86_64 HTTP/1.1" 200 17384 "-" "Mozilla/5.0 AppleWebKit/537.36 (KHTML, like Gecko; compatible; GPTBot/1.2; +https://openai.com/gptbot)"
20.171.207.249 - - [10/Jul/2025:09:37:25 -0300] "GET /ef61ba/?path=%2F%2Fusr%2Flib%2Fmodules%2F3.10.0-1160.119.1.el7.tuxcare.els21.x86_64%2Fkernel%2Fsound%2Fpci%2Fhda HTTP/1.1" 200 16912 "-" "Mozilla/5.0 AppleWebKit/537.36 (KHTML, like Gecko; compatible; GPTBot/1.2; +https://openai.com/gptbot)"
20.171.207.224 - - [10/Jul/2025:09:37:26 -0300] "GET /ef61ba/?path=%2F%2Fvar%2Flib%2Fyum%2Fyumdb%2Fl%2F0537837ace27c6391ee18457fd2857972f614dd0-libXmu-1.1.2-2.el7-x86_64 HTTP/1.1" 200 15308 "-" "Mozilla/5.0 AppleWebKit/537.36 (KHTML, like Gecko; compatible; GPTBot/1.2; +https://openai.com/gptbot)"
20.171.207.249 - - [10/Jul/2025:09:37:26 -0300] "GET /ef61ba/?path=%2F%2Fusr%2Flib%2Fmodules%2F3.10.0-1160.119.1.el7.tuxcare.els21.x86_64%2Fkernel%2Farch%2Fx86%2Fplatform%2Fintel HTTP/1.1" 200 3795 "-" "Mozilla/5.0 AppleWebKit/537.36 (KHTML, like Gecko; compatible; GPTBot/1.2; +https://openai.com/gptbot)"
136.243.228.177 - - [10/Jul/2025:09:37:27 -0300] "GET /product/power263?c=g&l=36539 HTTP/1.1" 404 10431 "-" "Mozilla/5.0 (compatible; DataForSeoBot/1.0; +https://dataforseo.com/dataforseo-bot)"
20.171.207.224 - - [10/Jul/2025:09:37:27 -0300] "GET /ef61ba/?path=%2F%2Fvar%2Flib%2Fyum%2Fyumdb%2Fn%2F1780d6ea886cb5857ee0fdf19dcd7f138618b2f4-newt-0.52.15-4.el7-x86_64 HTTP/1.1" 200 11339 "-" "Mozilla/5.0 AppleWebKit/537.36 (KHTML, like Gecko; compatible; GPTBot/1.2; +https://openai.com/gptbot)"
20.171.207.249 - - [10/Jul/2025:09:37:27 -0300] "GET /ef61ba/?path=%2F%2Fusr%2Flib%2Fmodules%2F3.10.0-1160.119.1.el7.tuxcare.els19.x86_64%2Fkernel%2Fdrivers%2Fscsi%2Faic7xxx HTTP/1.1" 200 3675 "-" "Mozilla/5.0 AppleWebKit/537.36 (KHTML, like Gecko; compatible; GPTBot/1.2; +https://openai.com/gptbot)"
20.171.207.224 - - [10/Jul/2025:09:37:28 -0300] "GET /ef61ba/?path=%2F%2Fvar%2Flib%2Fyum%2Fyumdb%2Fn%2Fd3158276043362ba6507f329c8a924a8ab3ae1a0-ntsysv-1.7.6-1.el7-x86_64 HTTP/1.1" 200 18371 "-" "Mozilla/5.0 AppleWebKit/537.36 (KHTML, like Gecko; compatible; GPTBot/1.2; +https://openai.com/gptbot)"
20.171.207.249 - - [10/Jul/2025:09:37:29 -0300] "GET /ef61ba/?path=%2F%2Fusr%2Flib%2Fmodules%2F3.10.0-1160.119.1.el7.tuxcare.els19.x86_64%2Fkernel%2Fdrivers%2Fscsi%2Fqla2xxx HTTP/1.1" 200 4692 "-" "Mozilla/5.0 AppleWebKit/537.36 (KHTML, like Gecko; compatible; GPTBot/1.2; +https://openai.com/gptbot)"
20.171.207.224 - - [10/Jul/2025:09:37:29 -0300] "GET /ef61ba/?path=%2F%2Fvar%2Flib%2Fyum%2Fyumdb%2Fl%2Fdad6a54fa665ccf8e5e9683be8b289aea97c8678-libmpc-1.0.1-3.el7-x86_64 HTTP/1.1" 200 15308 "-" "Mozilla/5.0 AppleWebKit/537.36 (KHTML, like Gecko; compatible; GPTBot/1.2; +https://openai.com/gptbot)"
20.171.207.249 - - [10/Jul/2025:09:37:30 -0300] "GET /ef61ba/?path=%2F%2Fusr%2Flib%2Fmodules%2F3.10.0-1160.119.1.el7.tuxcare.els17.x86_64%2Fkernel%2Fdrivers%2Fscsi%2Faic7xxx HTTP/1.1" 200 3675 "-" "Mozilla/5.0 AppleWebKit/537.36 (KHTML, like Gecko; compatible; GPTBot/1.2; +https://openai.com/gptbot)"
20.171.207.224 - - [10/Jul/2025:09:37:30 -0300] "GET /ef61ba/?filesrc=%2F%2Fvar%2Flib%2Fyum%2Fyumdb%2Fl%2Faa6e53291c7896453114d0ff1f9021664ff7046e-libkadm5-1.15.1-55.el7_9.tuxcare.els2-x86_64%2Finstalled_by&path=%2F%2Fvar%2Flib%2Fyum%2Fyumdb%2Fl%2Faa6e53291c7896453114d0ff1f9021664ff7046e-libkadm5-1.15.1-55.el7_9.tuxcare.els2-x86_64 HTTP/1.1" 200 2247 "-" "Mozilla/5.0 AppleWebKit/537.36 (KHTML, like Gecko; compatible; GPTBot/1.2; +https://openai.com/gptbot)"
20.171.207.249 - - [10/Jul/2025:09:37:31 -0300] "GET /ef61ba/?path=%2F%2Fusr%2Flib%2Fmodules%2F3.10.0-1160.119.1.el7.tuxcare.els20.x86_64%2Fkernel%2Fdrivers%2Fscsi%2Fqla4xxx HTTP/1.1" 200 3676 "-" "Mozilla/5.0 AppleWebKit/537.36 (KHTML, like Gecko; compatible; GPTBot/1.2; +https://openai.com/gptbot)"
136.243.228.177 - - [10/Jul/2025:09:37:31 -0300] "GET /products/231cz42526 HTTP/1.1" 404 10405 "-" "Mozilla/5.0 (compatible; DataForSeoBot/1.0; +https://dataforseo.com/dataforseo-bot)"
20.171.207.224 - - [10/Jul/2025:09:37:31 -0300] "GET /ef61ba/?path=%2F%2Fvar%2Flib%2Fyum%2Fyumdb%2Fl%2F6929a727bb0fa57d3fa95e08562904f27d5c1375-libICE-devel-1.0.9-9.el7-x86_64 HTTP/1.1" 200 17758 "-" "Mozilla/5.0 AppleWebKit/537.36 (KHTML, like Gecko; compatible; GPTBot/1.2; +https://openai.com/gptbot)"
20.171.207.249 - - [10/Jul/2025:09:37:32 -0300] "GET /ef61ba/?path=%2F%2Fusr%2Flib%2Fmodules%2F3.10.0-1160.119.1.el7.tuxcare.els21.x86_64%2Fkernel%2Fdrivers%2Fnet%2Fethernet%2Fintel%2Fi40e HTTP/1.1" 200 3953 "-" "Mozilla/5.0 AppleWebKit/537.36 (KHTML, like Gecko; compatible; GPTBot/1.2; +https://openai.com/gptbot)"
20.171.207.224 - - [10/Jul/2025:09:37:32 -0300] "GET /ef61ba/?filesrc=%2F%2Fvar%2Flib%2Fyum%2Fyumdb%2Fl%2Fee358250eaac0b7fc1618cbae45b7c7b5d0290fb-libglvnd-egl-1.0.1-0.8.git5baa1e5.el7-x86_64%2Fvar_infra&path=%2F%2Fvar%2Flib%2Fyum%2Fyumdb%2Fl%2Fee358250eaac0b7fc1618cbae45b7c7b5d0290fb-libglvnd-egl-1.0.1-0.8.git5baa1e5.el7-x86_64 HTTP/1.1" 200 2239 "-" "Mozilla/5.0 AppleWebKit/537.36 (KHTML, like Gecko; compatible; GPTBot/1.2; +https://openai.com/gptbot)"
20.171.207.249 - - [10/Jul/2025:09:37:33 -0300] "GET /ef61ba/?path=%2F%2Fusr%2Flib%2Fmodules%2F3.10.0-1160.119.1.el7.tuxcare.els20.x86_64%2Fkernel%2Farch%2Fx86%2Fplatform%2Fintel HTTP/1.1" 200 3794 "-" "Mozilla/5.0 AppleWebKit/537.36 (KHTML, like Gecko; compatible; GPTBot/1.2; +https://openai.com/gptbot)"
20.171.207.224 - - [10/Jul/2025:09:37:34 -0300] "GET /ef61ba/?filesrc=%2F%2Fvar%2Flib%2Fyum%2Fyumdb%2Fl%2F4622791f4ca7fb588f5bf9dec4f7ac5231c5df83-libcom_err-1.42.9-19.el7.tuxcare.els1-x86_64%2Fcommand_line&path=%2F%2Fvar%2Flib%2Fyum%2Fyumdb%2Fl%2F4622791f4ca7fb588f5bf9dec4f7ac5231c5df83-libcom_err-1.42.9-19.el7.tuxcare.els1-x86_64 HTTP/1.1" 200 2263 "-" "Mozilla/5.0 AppleWebKit/537.36 (KHTML, like Gecko; compatible; GPTBot/1.2; +https://openai.com/gptbot)"
20.171.207.249 - - [10/Jul/2025:09:37:34 -0300] "GET /ef61ba/?path=%2F%2Fusr%2Flib%2Fmodules%2F3.10.0-1160.119.1.el7.tuxcare.els21.x86_64%2Fkernel%2Fdrivers%2Fnet%2Fethernet%2Fqlogic%2Fqed HTTP/1.1" 200 3950 "-" "Mozilla/5.0 AppleWebKit/537.36 (KHTML, like Gecko; compatible; GPTBot/1.2; +https://openai.com/gptbot)"
20.171.207.224 - - [10/Jul/2025:09:37:35 -0300] "GET /ef61ba/?path=%2F%2Fvar%2Flib%2Fyum%2Fyumdb%2Fl%2F0db1d0a4634a3b1629b8b8347b0cbcf2aa7bc306-libvpx-1.3.0-8.el7-x86_64 HTTP/1.1" 200 17385 "-" "Mozilla/5.0 AppleWebKit/537.36 (KHTML, like Gecko; compatible; GPTBot/1.2; +https://openai.com/gptbot)"
136.243.228.177 - - [10/Jul/2025:09:37:35 -0300] "GET /products/217do7546 HTTP/1.1" 404 10403 "-" "Mozilla/5.0 (compatible; DataForSeoBot/1.0; +https://dataforseo.com/dataforseo-bot)"
20.171.207.249 - - [10/Jul/2025:09:37:36 -0300] "GET /ef61ba/?path=%2F%2Fusr%2Flib%2Fmodules%2F3.10.0-1160.119.1.el7.tuxcare.els20.x86_64%2Fkernel%2Fdrivers%2Fnet%2Fethernet%2Famazon%2Fena HTTP/1.1" 200 3948 "-" "Mozilla/5.0 AppleWebKit/537.36 (KHTML, like Gecko; compatible; GPTBot/1.2; +https://openai.com/gptbot)"
20.171.207.224 - - [10/Jul/2025:09:37:36 -0300] "GET /ef61ba/?path=%2F%2Fvar%2Flib%2Fyum%2Fyumdb%2Fl%2Fc105e6d2014edce517b7da13bb8b9a085af63d34-libmnl-1.0.3-7.el7-x86_64 HTTP/1.1" 200 11339 "-" "Mozilla/5.0 AppleWebKit/537.36 (KHTML, like Gecko; compatible; GPTBot/1.2; +https://openai.com/gptbot)"
20.171.207.249 - - [10/Jul/2025:09:37:37 -0300] "GET /ef61ba/?path=%2F%2Fusr%2Flib%2Fmodules%2F3.10.0-1160.119.1.el7.tuxcare.els19.x86_64%2Fkernel%2Fdrivers%2Fnet%2Fwireless%2Fath%2Fath10k HTTP/1.1" 200 5035 "-" "Mozilla/5.0 AppleWebKit/537.36 (KHTML, like Gecko; compatible; GPTBot/1.2; +https://openai.com/gptbot)"
20.171.207.224 - - [10/Jul/2025:09:37:37 -0300] "GET /ef61ba/?path=%2F%2Fvar%2Flib%2Fyum%2Fyumdb%2Ft%2F0516de40966cd538656bcbdad8b57e7253ffc9da-t1lib-5.1.2-14.el7-x86_64 HTTP/1.1" 200 17385 "-" "Mozilla/5.0 AppleWebKit/537.36 (KHTML, like Gecko; compatible; GPTBot/1.2; +https://openai.com/gptbot)"
20.171.207.249 - - [10/Jul/2025:09:37:38 -0300] "GET /ef61ba/?path=%2F%2Fusr%2Flib%2Fmodules%2F3.10.0-1160.119.1.el7.tuxcare.els21.x86_64%2Fkernel%2Fdrivers%2Fnet%2Fethernet%2Fgoogle%2Fgve HTTP/1.1" 200 3949 "-" "Mozilla/5.0 AppleWebKit/537.36 (KHTML, like Gecko; compatible; GPTBot/1.2; +https://openai.com/gptbot)"
20.171.207.224 - - [10/Jul/2025:09:37:38 -0300] "GET /ef61ba/?path=%2F%2Fvar%2Flib%2Fyum%2Fyumdb%2Fl%2F661f571802da082dc4783a0a9d7c93b5a3aa66fd-libXdamage-1.1.4-4.1.el7-x86_64 HTTP/1.1" 200 17756 "-" "Mozilla/5.0 AppleWebKit/537.36 (KHTML, like Gecko; compatible; GPTBot/1.2; +https://openai.com/gptbot)"
136.243.228.177 - - [10/Jul/2025:09:37:39 -0300] "GET /products/87mj36068 HTTP/1.1" 404 10403 "-" "Mozilla/5.0 (compatible; DataForSeoBot/1.0; +https://dataforseo.com/dataforseo-bot)"
20.171.207.249 - - [10/Jul/2025:09:37:39 -0300] "GET /ef61ba/?path=%2F%2Fusr%2Flib%2Fmodules%2F3.10.0-1160.119.1.el7.tuxcare.els18.x86_64%2Fkernel%2Fdrivers%2Fnet%2Fethernet%2Fintel%2Fiavf HTTP/1.1" 200 3952 "-" "Mozilla/5.0 AppleWebKit/537.36 (KHTML, like Gecko; compatible; GPTBot/1.2; +https://openai.com/gptbot)"
20.171.207.224 - - [10/Jul/2025:09:37:39 -0300] "GET /ef61ba/?path=%2F%2Fvar%2Flib%2Fyum%2Fyumdb%2Fl%2Fde6879fbc2ac0f8debeac55f243c7f51bbd28df9-lz4-1.8.3-1.el7.tuxcare.els1-x86_64 HTTP/1.1" 200 19032 "-" "Mozilla/5.0 AppleWebKit/537.36 (KHTML, like Gecko; compatible; GPTBot/1.2; +https://openai.com/gptbot)"
20.171.207.249 - - [10/Jul/2025:09:37:40 -0300] "GET /ef61ba/?path=%2F%2Fusr%2Flib%2Fmodules%2F3.10.0-1160.119.1.el7.tuxcare.els19.x86_64%2Fkernel%2Fdrivers%2Fnet%2Fethernet%2Fcisco%2Fenic HTTP/1.1" 200 3952 "-" "Mozilla/5.0 AppleWebKit/537.36 (KHTML, like Gecko; compatible; GPTBot/1.2; +https://openai.com/gptbot)"
20.171.207.224 - - [10/Jul/2025:09:37:41 -0300] "GET /ef61ba/?path=%2F%2Fvar%2Flib%2Fyum%2Fyumdb%2Fk%2F64b968d0890402aff193398e2019d5350e46ad83-keyutils-libs-devel-1.5.8-3.el7-x86_64 HTTP/1.1" 200 18188 "-" "Mozilla/5.0 AppleWebKit/537.36 (KHTML, like Gecko; compatible; GPTBot/1.2; +https://openai.com/gptbot)"
20.171.207.249 - - [10/Jul/2025:09:37:41 -0300] "GET /ef61ba/?path=%2F%2Fusr%2Flib%2Fmodules%2F3.10.0-1160.119.1.el7.tuxcare.els18.x86_64%2Fkernel%2Fdrivers%2Fnet%2Fethernet%2Famazon%2Fena HTTP/1.1" 200 3949 "-" "Mozilla/5.0 AppleWebKit/537.36 (KHTML, like Gecko; compatible; GPTBot/1.2; +https://openai.com/gptbot)"
20.171.207.224 - - [10/Jul/2025:09:37:42 -0300] "GET /ef61ba/?path=%2F%2Fvar%2Flib%2Fyum%2Fyumdb%2Fl%2F13132496d4dee041f8f37c92512a7d0ed5c18dea-libref_array-0.1.5-32.el7-x86_64 HTTP/1.1" 200 17820 "-" "Mozilla/5.0 AppleWebKit/537.36 (KHTML, like Gecko; compatible; GPTBot/1.2; +https://openai.com/gptbot)"
20.171.207.249 - - [10/Jul/2025:09:37:43 -0300] "GET /ef61ba/?path=%2F%2Fusr%2Flib%2Fmodules%2F3.10.0-1160.119.1.el7.tuxcare.els17.x86_64%2Fkernel%2Fdrivers%2Fnet%2Fethernet%2Fintel%2Fi40e HTTP/1.1" 200 3953 "-" "Mozilla/5.0 AppleWebKit/537.36 (KHTML, like Gecko; compatible; GPTBot/1.2; +https://openai.com/gptbot)"
20.171.207.224 - - [10/Jul/2025:09:37:43 -0300] "GET /ef61ba/?path=%2F%2Fvar%2Flib%2Fyum%2Fyumdb%2Fu%2Fdceb781c24bae02461e0efa0957fb95180072f6c-unzip-6.0-24.el7_9.tuxcare.els1-x86_64 HTTP/1.1" 200 19230 "-" "Mozilla/5.0 AppleWebKit/537.36 (KHTML, like Gecko; compatible; GPTBot/1.2; +https://openai.com/gptbot)"
136.243.228.177 - - [10/Jul/2025:09:37:43 -0300] "GET /product/Ms2?c=g&l=23808 HTTP/1.1" 404 10421 "-" "Mozilla/5.0 (compatible; DataForSeoBot/1.0; +https://dataforseo.com/dataforseo-bot)"
20.171.207.249 - - [10/Jul/2025:09:37:44 -0300] "GET /ef61ba/?path=%2F%2Fusr%2Flib%2Fmodules%2F3.10.0-1160.119.1.el7.tuxcare.els19.x86_64%2Fkernel%2Fdrivers%2Fnet%2Fethernet%2Fintel%2Fiavf HTTP/1.1" 200 3952 "-" "Mozilla/5.0 AppleWebKit/537.36 (KHTML, like Gecko; compatible; GPTBot/1.2; +https://openai.com/gptbot)"
20.171.207.224 - - [10/Jul/2025:09:37:44 -0300] "GET /ef61ba/?path=%2F%2Fvar%2Flib%2Fyum%2Fyumdb%2Fl%2F0bac1d4d1c291d2630d7ec681aba81e4636a7e78-libdrm-2.4.97-2.el7-x86_64 HTTP/1.1" 200 17446 "-" "Mozilla/5.0 AppleWebKit/537.36 (KHTML, like Gecko; compatible; GPTBot/1.2; +https://openai.com/gptbot)"
20.171.207.249 - - [10/Jul/2025:09:37:45 -0300] "GET /ef61ba/?path=%2F%2Fusr%2Flib%2Fmodules%2F3.10.0-1160.119.1.el7.tuxcare.els18.x86_64%2Fkernel%2Fdrivers%2Fnet%2Fethernet%2Fgoogle%2Fgve HTTP/1.1" 200 3947 "-" "Mozilla/5.0 AppleWebKit/537.36 (KHTML, like Gecko; compatible; GPTBot/1.2; +https://openai.com/gptbot)"
20.171.207.224 - - [10/Jul/2025:09:37:45 -0300] "GET /ef61ba/?filesrc=%2F%2Fvar%2Flib%2Fyum%2Fyumdb%2Fl%2F4622791f4ca7fb588f5bf9dec4f7ac5231c5df83-libcom_err-1.42.9-19.el7.tuxcare.els1-x86_64%2Fcommand_line&path=%2F%2Fvar%2Flib%2Fyum%2Fyumdb%2Fl%2F4622791f4ca7fb588f5bf9dec4f7ac5231c5df83-libcom_err-1.42.9-19.el7.tuxcare.els1-x86_64 HTTP/1.1" 200 2263 "-" "Mozilla/5.0 AppleWebKit/537.36 (KHTML, like Gecko; compatible; GPTBot/1.2; +https://openai.com/gptbot)"
20.171.207.249 - - [10/Jul/2025:09:37:46 -0300] "GET /ef61ba/?path=%2F%2Fusr%2Flib%2Fmodules%2F3.10.0-1160.119.1.el7.tuxcare.els19.x86_64%2Fkernel%2Fdrivers%2Fnet%2Fethernet%2Fintel%2Fi40e HTTP/1.1" 200 3952 "-" "Mozilla/5.0 AppleWebKit/537.36 (KHTML, like Gecko; compatible; GPTBot/1.2; +https://openai.com/gptbot)"
20.171.207.224 - - [10/Jul/2025:09:37:46 -0300] "GET /ef61ba/?path=%2F%2Fvar%2Flib%2Fyum%2Fyumdb%2Fn%2Fd40942ab713f3ddb558371615aef2dacb75748fc-ntpdate-4.2.6p5-29.el7.centos.2-x86_64 HTTP/1.1" 200 11833 "-" "Mozilla/5.0 AppleWebKit/537.36 (KHTML, like Gecko; compatible; GPTBot/1.2; +https://openai.com/gptbot)"
136.243.228.177 - - [10/Jul/2025:09:37:47 -0300] "GET /products/250lk20517 HTTP/1.1" 404 10405 "-" "Mozilla/5.0 (compatible; DataForSeoBot/1.0; +https://dataforseo.com/dataforseo-bot)"
20.171.207.249 - - [10/Jul/2025:09:37:47 -0300] "GET /ef61ba/?path=%2F%2Fusr%2Flib%2Fmodules%2F3.10.0-1160.119.1.el7.tuxcare.els18.x86_64%2Fkernel%2Fdrivers%2Fnet%2Fethernet%2Fcisco%2Fenic HTTP/1.1" 200 3952 "-" "Mozilla/5.0 AppleWebKit/537.36 (KHTML, like Gecko; compatible; GPTBot/1.2; +https://openai.com/gptbot)"
20.171.207.224 - - [10/Jul/2025:09:37:48 -0300] "GET /ef61ba/?path=%2F%2Fvar%2Flib%2Fyum%2Fyumdb%2Fl%2F01352b4f84c5896089cd7786868d89a306d34bee-libdb-utils-5.3.21-25.el7-x86_64 HTTP/1.1" 200 11605 "-" "Mozilla/5.0 AppleWebKit/537.36 (KHTML, like Gecko; compatible; GPTBot/1.2; +https://openai.com/gptbot)"
20.171.207.249 - - [10/Jul/2025:09:37:48 -0300] "GET /ef61ba/?path=%2F%2Fusr%2Flib%2Fmodules%2F3.10.0-1160.119.1.el7.tuxcare.els19.x86_64%2Fkernel%2Fdrivers%2Fnet%2Fethernet%2Fgoogle%2Fgve HTTP/1.1" 200 3948 "-" "Mozilla/5.0 AppleWebKit/537.36 (KHTML, like Gecko; compatible; GPTBot/1.2; +https://openai.com/gptbot)"
20.171.207.224 - - [10/Jul/2025:09:37:49 -0300] "GET /ef61ba/?path=%2F%2Fvar%2Flib%2Fyum%2Fyumdb%2Fl%2F8cc19c3fb2dbb4040437a3c94ec48b9d5de83fef-libdb-devel-5.3.21-25.el7-x86_64 HTTP/1.1" 200 15686 "-" "Mozilla/5.0 AppleWebKit/537.36 (KHTML, like Gecko; compatible; GPTBot/1.2; +https://openai.com/gptbot)"
20.171.207.249 - - [10/Jul/2025:09:37:50 -0300] "GET /ef61ba/?path=%2F%2Fusr%2Flib%2Fmodules%2F3.10.0-1160.119.1.el7.tuxcare.els21.x86_64%2Fkernel%2Fdrivers%2Fnet%2Fethernet%2Famazon%2Fena HTTP/1.1" 200 3949 "-" "Mozilla/5.0 AppleWebKit/537.36 (KHTML, like Gecko; compatible; GPTBot/1.2; +https://openai.com/gptbot)"
20.171.207.224 - - [10/Jul/2025:09:37:50 -0300] "GET /ef61ba/?path=%2F%2Fvar%2Flib%2Fyum%2Fyumdb%2Fl%2F47ac53ed4495f718613bc894178e5765467a4c5f-libarchive-3.1.2-14.el7_7-x86_64 HTTP/1.1" 200 17819 "-" "Mozilla/5.0 AppleWebKit/537.36 (KHTML, like Gecko; compatible; GPTBot/1.2; +https://openai.com/gptbot)"
136.243.228.177 - - [10/Jul/2025:09:37:51 -0300] "GET /products/267zu6974 HTTP/1.1" 404 10403 "-" "Mozilla/5.0 (compatible; DataForSeoBot/1.0; +https://dataforseo.com/dataforseo-bot)"
20.171.207.249 - - [10/Jul/2025:09:37:51 -0300] "GET /ef61ba/?path=%2F%2Fusr%2Flib%2Fmodules%2F3.10.0-1160.119.1.el7.tuxcare.els18.x86_64%2Fkernel%2Fdrivers%2Fnet%2Fethernet%2Fintel%2Fiavf HTTP/1.1" 200 3952 "-" "Mozilla/5.0 AppleWebKit/537.36 (KHTML, like Gecko; compatible; GPTBot/1.2; +https://openai.com/gptbot)"
20.171.207.224 - - [10/Jul/2025:09:37:51 -0300] "GET /ef61ba/?path=%2F%2Fvar%2Flib%2Fyum%2Fyumdb%2Fl%2Ff8218f0e4ee2c481dd8edf8d163963b2af93b145-libestr-0.1.9-2.el7-x86_64 HTTP/1.1" 200 11377 "-" "Mozilla/5.0 AppleWebKit/537.36 (KHTML, like Gecko; compatible; GPTBot/1.2; +https://openai.com/gptbot)"
20.171.207.249 - - [10/Jul/2025:09:37:52 -0300] "GET /ef61ba/?path=%2F%2Fusr%2Flib%2Fmodules%2F3.10.0-1160.119.1.el7.tuxcare.els20.x86_64%2Fkernel%2Fdrivers%2Fnet%2Fethernet%2Fintel%2Fi40e HTTP/1.1" 200 3953 "-" "Mozilla/5.0 AppleWebKit/537.36 (KHTML, like Gecko; compatible; GPTBot/1.2; +https://openai.com/gptbot)"
20.171.207.224 - - [10/Jul/2025:09:37:52 -0300] "GET /ef61ba/?path=%2F%2Fvar%2Flib%2Fyum%2Fyumdb%2Fk%2F4f39bcec6bb637f2c9547f3c41ee7050f2ecf288-keyutils-libs-1.5.8-3.el7-x86_64 HTTP/1.1" 200 11605 "-" "Mozilla/5.0 AppleWebKit/537.36 (KHTML, like Gecko; compatible; GPTBot/1.2; +https://openai.com/gptbot)"
20.171.207.249 - - [10/Jul/2025:09:37:53 -0300] "GET /ef61ba/?path=%2F%2Fusr%2Flib%2Fmodules%2F3.10.0-1160.119.1.el7.tuxcare.els19.x86_64%2Fkernel%2Fdrivers%2Fnet%2Fethernet%2Famazon%2Fena HTTP/1.1" 200 3949 "-" "Mozilla/5.0 AppleWebKit/537.36 (KHTML, like Gecko; compatible; GPTBot/1.2; +https://openai.com/gptbot)"
20.171.207.224 - - [10/Jul/2025:09:37:53 -0300] "GET /ef61ba/?path=%2F%2Fvar%2Flib%2Fyum%2Fyumdb%2Fl%2F8547b5fd2949611d3640b701504da21663c1a367-libidn2-2.3.7-1.el7-x86_64 HTTP/1.1" 200 18439 "-" "Mozilla/5.0 AppleWebKit/537.36 (KHTML, like Gecko; compatible; GPTBot/1.2; +https://openai.com/gptbot)"
20.171.207.249 - - [10/Jul/2025:09:37:54 -0300] "GET /ef61ba/?path=%2F%2Fusr%2Flib%2Fmodules%2F3.10.0-1160.119.1.el7.tuxcare.els17.x86_64%2Fkernel%2Fdrivers%2Fnet%2Fethernet%2Fintel%2Fiavf HTTP/1.1" 200 3952 "-" "Mozilla/5.0 AppleWebKit/537.36 (KHTML, like Gecko; compatible; GPTBot/1.2; +https://openai.com/gptbot)"
20.171.207.224 - - [10/Jul/2025:09:37:55 -0300] "GET /ef61ba/?filesrc=%2F%2Fvar%2Flib%2Fyum%2Fyumdb%2Fk%2F64b968d0890402aff193398e2019d5350e46ad83-keyutils-libs-devel-1.5.8-3.el7-x86_64%2Fvar_ea4_repo_uri_os&path=%2F%2Fvar%2Flib%2Fyum%2Fyumdb%2Fk%2F64b968d0890402aff193398e2019d5350e46ad83-keyutils-libs-devel-1.5.8-3.el7-x86_64 HTTP/1.1" 200 2234 "-" "Mozilla/5.0 AppleWebKit/537.36 (KHTML, like Gecko; compatible; GPTBot/1.2; +https://openai.com/gptbot)"
136.243.228.177 - - [10/Jul/2025:09:37:55 -0300] "GET /product/excitement11?c=g&l=29715 HTTP/1.1" 404 10439 "-" "Mozilla/5.0 (compatible; DataForSeoBot/1.0; +https://dataforseo.com/dataforseo-bot)"
20.171.207.249 - - [10/Jul/2025:09:37:55 -0300] "GET /ef61ba/?path=%2F%2Fusr%2Flib%2Fmodules%2F3.10.0-1160.119.1.el7.tuxcare.els17.x86_64%2Fkernel%2Fdrivers%2Fnet%2Fethernet%2Famazon%2Fena HTTP/1.1" 200 3949 "-" "Mozilla/5.0 AppleWebKit/537.36 (KHTML, like Gecko; compatible; GPTBot/1.2; +https://openai.com/gptbot)"
20.171.207.224 - - [10/Jul/2025:09:37:56 -0300] "GET /ef61ba/?path=%2F%2Fvar%2Flib%2Fyum%2Fyumdb%2Fl%2F2075b0d4a7ed4f59c7c8d763b8e527b14fce082f-lshw-B.02.18-17.el7-x86_64 HTTP/1.1" 200 18437 "-" "Mozilla/5.0 AppleWebKit/537.36 (KHTML, like Gecko; compatible; GPTBot/1.2; +https://openai.com/gptbot)"
20.171.207.249 - - [10/Jul/2025:09:37:57 -0300] "GET /ef61ba/?path=%2F%2Fusr%2Flib%2Fmodules%2F3.10.0-1160.119.1.el7.tuxcare.els21.x86_64%2Fkernel%2Fdrivers%2Fnet%2Fwireless%2Fath%2Fath10k HTTP/1.1" 200 5035 "-" "Mozilla/5.0 AppleWebKit/537.36 (KHTML, like Gecko; compatible; GPTBot/1.2; +https://openai.com/gptbot)"
20.171.207.224 - - [10/Jul/2025:09:37:57 -0300] "GET /ef61ba/?path=%2F%2Fvar%2Flib%2Fyum%2Fyumdb%2Fl%2F7e64c17b691f01123c908674d856ea9057166c53-libXext-devel-1.3.3-3.el7-x86_64 HTTP/1.1" 200 17820 "-" "Mozilla/5.0 AppleWebKit/537.36 (KHTML, like Gecko; compatible; GPTBot/1.2; +https://openai.com/gptbot)"
20.171.207.249 - - [10/Jul/2025:09:37:58 -0300] "GET /ef61ba/?path=%2F%2Fusr%2Flib%2Fmodules%2F3.10.0-1160.119.1.el7.tuxcare.els20.x86_64%2Fkernel%2Fdrivers%2Fnet%2Fwireless%2Fath%2Fath10k HTTP/1.1" 200 5035 "-" "Mozilla/5.0 AppleWebKit/537.36 (KHTML, like Gecko; compatible; GPTBot/1.2; +https://openai.com/gptbot)"
20.171.207.224 - - [10/Jul/2025:09:37:58 -0300] "GET /ef61ba/?path=%2F%2Fvar%2Flib%2Fyum%2Fyumdb%2Fl%2F6b51cabe7c36b290690019a319118a5838f177d5-libnghttp2-1.33.0-1.3.el7-x86_64 HTTP/1.1" 200 17812 "-" "Mozilla/5.0 AppleWebKit/537.36 (KHTML, like Gecko; compatible; GPTBot/1.2; +https://openai.com/gptbot)"
20.171.207.249 - - [10/Jul/2025:09:37:59 -0300] "GET /ef61ba/?path=%2F%2Fusr%2Flib%2Fmodules%2F3.10.0-1160.119.1.el7.tuxcare.els17.x86_64%2Fkernel%2Fdrivers%2Fnet%2Fethernet%2Fcisco%2Fenic HTTP/1.1" 200 3952 "-" "Mozilla/5.0 AppleWebKit/537.36 (KHTML, like Gecko; compatible; GPTBot/1.2; +https://openai.com/gptbot)"
136.243.228.177 - - [10/Jul/2025:09:37:59 -0300] "GET /product/remember233?c=g&l=29727 HTTP/1.1" 404 10437 "-" "Mozilla/5.0 (compatible; DataForSeoBot/1.0; +https://dataforseo.com/dataforseo-bot)"
20.171.207.224 - - [10/Jul/2025:09:37:59 -0300] "GET /ef61ba/?path=%2F%2Fvar%2Flib%2Fyum%2Fyumdb%2Fl%2F822088bf703a43757e05c5d5611a95b266824606-libzip-0.10.1-8.el7-x86_64 HTTP/1.1" 200 15362 "-" "Mozilla/5.0 AppleWebKit/537.36 (KHTML, like Gecko; compatible; GPTBot/1.2; +https://openai.com/gptbot)"
20.171.207.249 - - [10/Jul/2025:09:38:00 -0300] "GET /ef61ba/?path=%2F%2Fusr%2Flib%2Fmodules%2F3.10.0-1160.119.1.el7.tuxcare.els18.x86_64%2Fkernel%2Fdrivers%2Fnet%2Fethernet%2Fcisco%2Fenic HTTP/1.1" 200 3952 "-" "Mozilla/5.0 AppleWebKit/537.36 (KHTML, like Gecko; compatible; GPTBot/1.2; +https://openai.com/gptbot)"
20.171.207.224 - - [10/Jul/2025:09:38:01 -0300] "GET /ef61ba/?path=%2F%2Fvar%2Flib%2Fyum%2Fyumdb%2Fl%2F1f5316a7d5ec423a3d103ba5398b78d98c21ee54-libicu-50.2-4.el7_7-x86_64 HTTP/1.1" 200 15362 "-" "Mozilla/5.0 AppleWebKit/537.36 (KHTML, like Gecko; compatible; GPTBot/1.2; +https://openai.com/gptbot)"
20.171.207.249 - - [10/Jul/2025:09:38:01 -0300] "GET /ef61ba/?path=%2F%2Fusr%2Flib%2Fmodules%2F3.10.0-1160.119.1.el7.tuxcare.els20.x86_64%2Fkernel%2Fdrivers%2Fnet%2Fethernet%2Fcisco%2Fenic HTTP/1.1" 200 3952 "-" "Mozilla/5.0 AppleWebKit/537.36 (KHTML, like Gecko; compatible; GPTBot/1.2; +https://openai.com/gptbot)"
20.171.207.224 - - [10/Jul/2025:09:38:02 -0300] "GET /ef61ba/?path=%2F%2Fvar%2Flib%2Fyum%2Fyumdb%2Fl%2Ffc88e5b391301bcf19def251bc76e9f6f0b2f9a0-libnl3-3.2.28-4.el7-x86_64 HTTP/1.1" 200 11377 "-" "Mozilla/5.0 AppleWebKit/537.36 (KHTML, like Gecko; compatible; GPTBot/1.2; +https://openai.com/gptbot)"
20.171.207.249 - - [10/Jul/2025:09:38:02 -0300] "GET /ef61ba/?path=%2F%2Fusr%2Flib%2Fmodules%2F3.10.0-1160.119.1.el7.tuxcare.els20.x86_64%2Fkernel%2Fdrivers%2Fnet%2Fethernet%2Fgoogle%2Fgve HTTP/1.1" 200 3949 "-" "Mozilla/5.0 AppleWebKit/537.36 (KHTML, like Gecko; compatible; GPTBot/1.2; +https://openai.com/gptbot)"
136.243.228.177 - - [10/Jul/2025:09:38:03 -0300] "GET /products/231ea5910 HTTP/1.1" 404 10403 "-" "Mozilla/5.0 (compatible; DataForSeoBot/1.0; +https://dataforseo.com/dataforseo-bot)"
20.171.207.224 - - [10/Jul/2025:09:38:03 -0300] "GET /ef61ba/?path=%2F%2Fvar%2Flib%2Fyum%2Fyumdb%2Fl%2F9f238d114b70eb4de5316ce8df3aea1ab25a0c45-libzstd-1.5.5-1.el7-x86_64 HTTP/1.1" 200 17447 "-" "Mozilla/5.0 AppleWebKit/537.36 (KHTML, like Gecko; compatible; GPTBot/1.2; +https://openai.com/gptbot)"
20.171.207.249 - - [10/Jul/2025:09:38:04 -0300] "GET /ef61ba/?path=%2F%2Fusr%2Flib%2Fmodules%2F3.10.0-1160.119.1.el7.tuxcare.els18.x86_64%2Fkernel%2Fdrivers%2Fnet%2Fwireless%2Fath%2Fath10k HTTP/1.1" 200 5034 "-" "Mozilla/5.0 AppleWebKit/537.36 (KHTML, like Gecko; compatible; GPTBot/1.2; +https://openai.com/gptbot)"
20.171.207.224 - - [10/Jul/2025:09:38:04 -0300] "GET /ef61ba/?path=%2F%2Fvar%2Flib%2Fyum%2Fyumdb%2Fl%2Ff41bb4692e0078bf3da2e300c0c7474249dbfe8e-libXext-1.3.3-3.el7-x86_64 HTTP/1.1" 200 15362 "-" "Mozilla/5.0 AppleWebKit/537.36 (KHTML, like Gecko; compatible; GPTBot/1.2; +https://openai.com/gptbot)"
20.171.207.249 - - [10/Jul/2025:09:38:05 -0300] "GET /ef61ba/?path=%2F%2Fusr%2Flib%2Fmodules%2F3.10.0-1160.119.1.el7.tuxcare.els17.x86_64%2Fkernel%2Fdrivers%2Fnet%2Fethernet%2Fgoogle%2Fgve HTTP/1.1" 200 3949 "-" "Mozilla/5.0 AppleWebKit/537.36 (KHTML, like Gecko; compatible; GPTBot/1.2; +https://openai.com/gptbot)"
20.171.207.224 - - [10/Jul/2025:09:38:05 -0300] "GET /ef61ba/?path=%2F%2Fvar%2Flib%2Fyum%2Fyumdb%2Fl%2F2d3cec0dee8c6409a31d834330863a9ea35fd140-libXinerama-1.1.3-2.1.el7-x86_64 HTTP/1.1" 200 15686 "-" "Mozilla/5.0 AppleWebKit/537.36 (KHTML, like Gecko; compatible; GPTBot/1.2; +https://openai.com/gptbot)"
20.171.207.249 - - [10/Jul/2025:09:38:06 -0300] "GET /ef61ba/?path=%2F%2Fusr%2Flib%2Fmodules%2F3.10.0-1160.119.1.el7.tuxcare.els18.x86_64%2Fkernel%2Fdrivers%2Fnet%2Fethernet%2Fsfc%2Ffalcon HTTP/1.1" 200 3974 "-" "Mozilla/5.0 AppleWebKit/537.36 (KHTML, like Gecko; compatible; GPTBot/1.2; +https://openai.com/gptbot)"
20.171.207.224 - - [10/Jul/2025:09:38:07 -0300] "GET /ef61ba/?path=%2F%2Fvar%2Flib%2Fyum%2Fyumdb%2Fl%2Fb2bc0f28eabe449341b26687f0db6734be513e82-libpng-1.5.13-8.el7-x86_64 HTTP/1.1" 200 18437 "-" "Mozilla/5.0 AppleWebKit/537.36 (KHTML, like Gecko; compatible; GPTBot/1.2; +https://openai.com/gptbot)"
136.243.228.177 - - [10/Jul/2025:09:38:07 -0300] "GET /products/79gl26832 HTTP/1.1" 404 10403 "-" "Mozilla/5.0 (compatible; DataForSeoBot/1.0; +https://dataforseo.com/dataforseo-bot)"
20.171.207.249 - - [10/Jul/2025:09:38:07 -0300] "GET /ef61ba/?path=%2F%2Fusr%2Flib%2Fmodules%2F3.10.0-1160.119.1.el7.tuxcare.els21.x86_64%2Fkernel%2Fdrivers%2Fnet%2Fethernet%2Fintel%2Fiavf HTTP/1.1" 200 3952 "-" "Mozilla/5.0 AppleWebKit/537.36 (KHTML, like Gecko; compatible; GPTBot/1.2; +https://openai.com/gptbot)"
20.171.207.224 - - [10/Jul/2025:09:38:08 -0300] "GET /ef61ba/?path=%2F%2Fvar%2Flib%2Fyum%2Fyumdb%2Fn%2F076a29911e22a022392386be4056747625ff68c3-numactl-libs-2.0.12-5.el7-x86_64 HTTP/1.1" 200 11605 "-" "Mozilla/5.0 AppleWebKit/537.36 (KHTML, like Gecko; compatible; GPTBot/1.2; +https://openai.com/gptbot)"
20.171.207.249 - - [10/Jul/2025:09:38:08 -0300] "GET /ef61ba/?path=%2F%2Fusr%2Flib%2Fmodules%2F3.10.0-1160.119.1.el7.tuxcare.els21.x86_64%2Fkernel%2Fdrivers%2Fnet%2Fethernet%2Fcisco%2Fenic HTTP/1.1" 200 3952 "-" "Mozilla/5.0 AppleWebKit/537.36 (KHTML, like Gecko; compatible; GPTBot/1.2; +https://openai.com/gptbot)"
20.171.207.224 - - [10/Jul/2025:09:38:09 -0300] "GET /ef61ba/?path=%2F%2Fvar%2Flib%2Fyum%2Fyumdb%2Fk%2F33dcdf6cadedbf0c01b066f586e6084aad7be381-kbd-misc-1.15.5-16.el7_9-noarch HTTP/1.1" 200 18768 "-" "Mozilla/5.0 AppleWebKit/537.36 (KHTML, like Gecko; compatible; GPTBot/1.2; +https://openai.com/gptbot)"
20.171.207.249 - - [10/Jul/2025:09:38:09 -0300] "GET /ef61ba/?path=%2F%2Fusr%2Flib%2Fmodules%2F3.10.0-1160.119.1.el7.tuxcare.els20.x86_64%2Fkernel%2Fdrivers%2Fnet%2Fethernet%2Fintel%2Fiavf HTTP/1.1" 200 3952 "-" "Mozilla/5.0 AppleWebKit/537.36 (KHTML, like Gecko; compatible; GPTBot/1.2; +https://openai.com/gptbot)"
20.171.207.224 - - [10/Jul/2025:09:38:10 -0300] "GET /ef61ba/?path=%2F%2Fvar%2Flib%2Fyum%2Fyumdb%2Fl%2F1085d84f7d88888c4d856d86206875d752f8e424-libxml2-python-2.9.1-6.0.3.el7_9.6.tuxcare.els4-x86_64 HTTP/1.1" 200 20286 "-" "Mozilla/5.0 AppleWebKit/537.36 (KHTML, like Gecko; compatible; GPTBot/1.2; +https://openai.com/gptbot)"
20.171.207.249 - - [10/Jul/2025:09:38:10 -0300] "GET /ef61ba/?path=%2F%2Fusr%2Flib%2Fmodules%2F3.10.0-1160.119.1.el7.tuxcare.els17.x86_64%2Fkernel%2Fdrivers%2Fnet%2Fwireless%2Fath%2Fath10k HTTP/1.1" 200 5035 "-" "Mozilla/5.0 AppleWebKit/537.36 (KHTML, like Gecko; compatible; GPTBot/1.2; +https://openai.com/gptbot)"
136.243.228.177 - - [10/Jul/2025:09:38:11 -0300] "GET /products/56cg7539 HTTP/1.1" 404 10401 "-" "Mozilla/5.0 (compatible; DataForSeoBot/1.0; +https://dataforseo.com/dataforseo-bot)"
20.171.207.224 - - [10/Jul/2025:09:38:11 -0300] "GET /ef61ba/?path=%2F%2Fvar%2Flib%2Fyum%2Fyumdb%2Fl%2F00133ada252474b38b8b74512ee79a496372fb7c-libsss_nss_idmap-1.16.5-10.el7_9.16.tuxcare.els1-x86_64 HTTP/1.1" 200 20352 "-" "Mozilla/5.0 AppleWebKit/537.36 (KHTML, like Gecko; compatible; GPTBot/1.2; +https://openai.com/gptbot)"
20.171.207.249 - - [10/Jul/2025:09:38:12 -0300] "GET /ef61ba/?path=%2F%2Fusr%2Flib%2Fmodules%2F3.10.0-1160.119.1.el7.tuxcare.els18.x86_64%2Fkernel%2Fdrivers%2Fnet%2Fethernet%2Fintel%2Fi40e HTTP/1.1" 200 3953 "-" "Mozilla/5.0 AppleWebKit/537.36 (KHTML, like Gecko; compatible; GPTBot/1.2; +https://openai.com/gptbot)"
20.171.207.224 - - [10/Jul/2025:09:38:12 -0300] "GET /ef61ba/?path=%2F%2Fvar%2Flib%2Fyum%2Fyumdb%2Fl%2F8a52ceb4052199c1ff77fc8b36d4eda51f9da8a7-libpath_utils-0.2.1-32.el7-x86_64 HTTP/1.1" 200 17882 "-" "Mozilla/5.0 AppleWebKit/537.36 (KHTML, like Gecko; compatible; GPTBot/1.2; +https://openai.com/gptbot)"
20.171.207.249 - - [10/Jul/2025:09:38:13 -0300] "GET /ef61ba/?path=%2F%2Fusr%2Flib%2Fsystemd%2Fsystem-shutdown HTTP/1.1" 200 2981 "-" "Mozilla/5.0 AppleWebKit/537.36 (KHTML, like Gecko; compatible; GPTBot/1.2; +https://openai.com/gptbot)"
20.171.207.224 - - [10/Jul/2025:09:38:13 -0300] "GET /ef61ba/?filesrc=%2F%2Fvar%2Flib%2Fyum%2Fyumdb%2Fl%2F1f5316a7d5ec423a3d103ba5398b78d98c21ee54-libicu-50.2-4.el7_7-x86_64%2Fchecksum_type&path=%2F%2Fvar%2Flib%2Fyum%2Fyumdb%2Fl%2F1f5316a7d5ec423a3d103ba5398b78d98c21ee54-libicu-50.2-4.el7_7-x86_64 HTTP/1.1" 200 2190 "-" "Mozilla/5.0 AppleWebKit/537.36 (KHTML, like Gecko; compatible; GPTBot/1.2; +https://openai.com/gptbot)"
20.171.207.249 - - [10/Jul/2025:09:38:14 -0300] "GET /ef61ba/?path=%2F%2Fusr%2Flib%2Fmodules%2F3.10.0-1160.119.1.el7.tuxcare.els18.x86_64%2Fkernel%2Fdrivers%2Fnet%2Fppp HTTP/1.1" 200 11512 "-" "Mozilla/5.0 AppleWebKit/537.36 (KHTML, like Gecko; compatible; GPTBot/1.2; +https://openai.com/gptbot)"
20.171.207.224 - - [10/Jul/2025:09:38:15 -0300] "GET /ef61ba/?path=%2F%2Fvar%2Flib%2Fyum%2Fyumdb%2Fl%2Fb55bd8f133c6e0403d52a341d44a6de408b4c087-libjpeg-turbo-devel-1.2.90-8.el7-x86_64 HTTP/1.1" 200 18252 "-" "Mozilla/5.0 AppleWebKit/537.36 (KHTML, like Gecko; compatible; GPTBot/1.2; +https://openai.com/gptbot)"
20.171.207.249 - - [10/Jul/2025:09:38:15 -0300] "GET /ef61ba/?path=%2F%2Fusr%2Flib%2Fmodules%2F3.10.0-1160.119.1.el7.tuxcare.els20.x86_64%2Fkernel%2Fdrivers%2Fnet%2Fppp HTTP/1.1" 200 11512 "-" "Mozilla/5.0 AppleWebKit/537.36 (KHTML, like Gecko; compatible; GPTBot/1.2; +https://openai.com/gptbot)"
136.243.228.177 - - [10/Jul/2025:09:38:16 -0300] "GET /products/123tt42404 HTTP/1.1" 404 10405 "-" "Mozilla/5.0 (compatible; DataForSeoBot/1.0; +https://dataforseo.com/dataforseo-bot)"
20.171.207.224 - - [10/Jul/2025:09:38:16 -0300] "GET /ef61ba/?path=%2F%2Fvar%2Flib%2Fyum%2Fyumdb%2Fl%2F9deb97d5ef496ddfc45fd40782584ad49f2eb091-libgcc-4.8.5-44.el7.tuxcare.els1-x86_64 HTTP/1.1" 200 19296 "-" "Mozilla/5.0 AppleWebKit/537.36 (KHTML, like Gecko; compatible; GPTBot/1.2; +https://openai.com/gptbot)"
20.171.207.249 - - [10/Jul/2025:09:38:16 -0300] "GET /ef61ba/?path=%2F%2Fusr%2Flib%2Fmodules%2F3.10.0-1160.119.1.el7.tuxcare.els17.x86_64%2Fkernel%2Fdrivers%2Fnet%2Fppp HTTP/1.1" 200 11512 "-" "Mozilla/5.0 AppleWebKit/537.36 (KHTML, like Gecko; compatible; GPTBot/1.2; +https://openai.com/gptbot)"
20.171.207.224 - - [10/Jul/2025:09:38:17 -0300] "GET /ef61ba/?path=%2F%2Fvar%2Flib%2Fyum%2Fyumdb%2Fl%2Fcd741ee341067fe7f7aa68ce5c19585b5b2dcf96-libss-1.42.9-19.el7.tuxcare.els1-x86_64 HTTP/1.1" 200 19296 "-" "Mozilla/5.0 AppleWebKit/537.36 (KHTML, like Gecko; compatible; GPTBot/1.2; +https://openai.com/gptbot)"
20.171.207.249 - - [10/Jul/2025:09:38:17 -0300] "GET /ef61ba/?path=%2F%2Fproc%2Fself%2Froot%2Fopt%2Falt%2Flibssh211%2Fusr HTTP/1.1" 200 3702 "-" "Mozilla/5.0 AppleWebKit/537.36 (KHTML, like Gecko; compatible; GPTBot/1.2; +https://openai.com/gptbot)"
20.171.207.224 - - [10/Jul/2025:09:38:18 -0300] "GET /ef61ba/?path=%2F%2Fvar%2Flib%2Fyum%2Fyumdb%2Fu%2F72a5235eac94d526ee9aa7b8f6f27ce89d298a37-usb_modeswitch-2.5.1-1.el7-x86_64 HTTP/1.1" 200 11643 "-" "Mozilla/5.0 AppleWebKit/537.36 (KHTML, like Gecko; compatible; GPTBot/1.2; +https://openai.com/gptbot)"
20.171.207.249 - - [10/Jul/2025:09:38:19 -0300] "GET /ef61ba/?path=%2F%2Fusr%2Flib%2Fmodules%2F3.10.0-1160.119.1.el7.tuxcare.els20.x86_64%2Fkernel%2Fdrivers%2Fscsi%2Fqla2xxx HTTP/1.1" 200 4692 "-" "Mozilla/5.0 AppleWebKit/537.36 (KHTML, like Gecko; compatible; GPTBot/1.2; +https://openai.com/gptbot)"
20.171.207.224 - - [10/Jul/2025:09:38:19 -0300] "GET /ef61ba/?path=%2F%2Fvar%2Flib%2Fyum%2Fyumdb%2Fl%2Fe1914714b91c662b62cc135242e156beb7d7ee63-libini_config-1.3.1-32.el7-x86_64 HTTP/1.1" 200 17882 "-" "Mozilla/5.0 AppleWebKit/537.36 (KHTML, like Gecko; compatible; GPTBot/1.2; +https://openai.com/gptbot)"
136.243.228.177 - - [10/Jul/2025:09:38:19 -0300] "GET /products/205ph33978 HTTP/1.1" 404 10405 "-" "Mozilla/5.0 (compatible; DataForSeoBot/1.0; +https://dataforseo.com/dataforseo-bot)"
20.171.207.249 - - [10/Jul/2025:09:38:20 -0300] "GET /ef61ba/?path=%2F%2Fusr%2Flib%2Fmodules%2F3.10.0-1160.119.1.el7.tuxcare.els19.x86_64%2Fkernel%2Fdrivers%2Fnet%2Fppp HTTP/1.1" 200 11508 "-" "Mozilla/5.0 AppleWebKit/537.36 (KHTML, like Gecko; compatible; GPTBot/1.2; +https://openai.com/gptbot)"
20.171.207.224 - - [10/Jul/2025:09:38:20 -0300] "GET /ef61ba/?path=%2F%2Fvar%2Flib%2Fyum%2Fyumdb%2Fl%2F25d6c0dacfce64e294f43921e5a30acdb50c2bd7-libverto-devel-0.2.5-4.el7-x86_64 HTTP/1.1" 200 17880 "-" "Mozilla/5.0 AppleWebKit/537.36 (KHTML, like Gecko; compatible; GPTBot/1.2; +https://openai.com/gptbot)"
20.171.207.249 - - [10/Jul/2025:09:38:21 -0300] "GET /ef61ba/?path=%2F%2Fusr%2Flib%2Fmodules%2F3.10.0-1160.119.1.el7.tuxcare.els20.x86_64%2Fkernel%2Fdrivers%2Fnet%2Fethernet%2Fintel%2Fiavf HTTP/1.1" 200 3952 "-" "Mozilla/5.0 AppleWebKit/537.36 (KHTML, like Gecko; compatible; GPTBot/1.2; +https://openai.com/gptbot)"
20.171.207.224 - - [10/Jul/2025:09:38:22 -0300] "GET /ef61ba/?path=%2F%2Fvar%2Flib%2Fyum%2Fyumdb%2Fl%2Fba8306bb3928faa6020fed41b6c706dc0256885b-libjpeg-turbo-1.2.90-8.el7-x86_64 HTTP/1.1" 200 15740 "-" "Mozilla/5.0 AppleWebKit/537.36 (KHTML, like Gecko; compatible; GPTBot/1.2; +https://openai.com/gptbot)"
20.171.207.249 - - [10/Jul/2025:09:38:22 -0300] "GET /ef61ba/?path=%2F%2Fusr%2Flib%2Fmodules%2F3.10.0-1160.119.1.el7.tuxcare.els21.x86_64%2Fkernel%2Fdrivers%2Fscsi%2Fqla2xxx HTTP/1.1" 200 4692 "-" "Mozilla/5.0 AppleWebKit/537.36 (KHTML, like Gecko; compatible; GPTBot/1.2; +https://openai.com/gptbot)"
20.171.207.224 - - [10/Jul/2025:09:38:23 -0300] "GET /ef61ba/?path=%2F%2Fvar%2Flib%2Fyum%2Fyumdb%2Fl%2F0f27625d341868fbf95ff7063ab6c648c16789d9-libXxf86misc-1.0.3-7.1.el7-x86_64 HTTP/1.1" 200 15740 "-" "Mozilla/5.0 AppleWebKit/537.36 (KHTML, like Gecko; compatible; GPTBot/1.2; +https://openai.com/gptbot)"
20.171.207.249 - - [10/Jul/2025:09:38:23 -0300] "GET /ef61ba/?path=%2F%2Fusr%2Flib%2Fmodules%2F3.10.0-1160.119.1.el7.tuxcare.els21.x86_64%2Fkernel%2Fdrivers%2Fscsi%2Faic7xxx HTTP/1.1" 200 3674 "-" "Mozilla/5.0 AppleWebKit/537.36 (KHTML, like Gecko; compatible; GPTBot/1.2; +https://openai.com/gptbot)"
136.243.228.177 - - [10/Jul/2025:09:38:24 -0300] "GET /products/64uj31351 HTTP/1.1" 404 10403 "-" "Mozilla/5.0 (compatible; DataForSeoBot/1.0; +https://dataforseo.com/dataforseo-bot)"
20.171.207.224 - - [10/Jul/2025:09:38:24 -0300] "GET /ef61ba/?path=%2F%2Fvar%2Flib%2Fyum%2Fyumdb%2Fl%2F9deed88aeb334592c708cbcd225b1d1cc3bf5864-libsss_idmap-1.16.5-10.el7_9.16.tuxcare.els1-x86_64 HTTP/1.1" 200 20088 "-" "Mozilla/5.0 AppleWebKit/537.36 (KHTML, like Gecko; compatible; GPTBot/1.2; +https://openai.com/gptbot)"
20.171.207.249 - - [10/Jul/2025:09:38:24 -0300] "GET /ef61ba/?path=%2F%2Fusr%2Flib%2Fmodules%2F3.10.0-1160.119.1.el7.tuxcare.els18.x86_64%2Fkernel%2Fdrivers%2Fcrypto%2Fqat%2Fqat_c62x HTTP/1.1" 200 3829 "-" "Mozilla/5.0 AppleWebKit/537.36 (KHTML, like Gecko; compatible; GPTBot/1.2; +https://openai.com/gptbot)"
20.171.207.224 - - [10/Jul/2025:09:38:25 -0300] "GET /ef61ba/?filesrc=%2F%2Fvar%2Flib%2Fyum%2Fyumdb%2Fr%2F323cab8b09aa1c1db92d5e726a9ac99d7ef8f7ce-rpm-python-4.11.3-48.el7_9-x86_64%2Fvar_ea4_repo_uri_os&path=%2F%2Fvar%2Flib%2Fyum%2Fyumdb%2Fr%2F323cab8b09aa1c1db92d5e726a9ac99d7ef8f7ce-rpm-python-4.11.3-48.el7_9-x86_64 HTTP/1.1" 200 2219 "-" "Mozilla/5.0 AppleWebKit/537.36 (KHTML, like Gecko; compatible; GPTBot/1.2; +https://openai.com/gptbot)"
20.171.207.249 - - [10/Jul/2025:09:38:26 -0300] "GET /ef61ba/?path=%2F%2Fusr%2Flib%2Fmodules%2F3.10.0-1160.119.1.el7.tuxcare.els17.x86_64%2Fkernel%2Fdrivers%2Fpci%2Fpcie HTTP/1.1" 200 3471 "-" "Mozilla/5.0 AppleWebKit/537.36 (KHTML, like Gecko; compatible; GPTBot/1.2; +https://openai.com/gptbot)"
20.171.207.224 - - [10/Jul/2025:09:38:26 -0300] "GET /ef61ba/?path=%2F%2Fvar%2Flib%2Fyum%2Fyumdb%2Fl%2F700983bd7bb5b66f7274be35a59968ea45061f0e-libgpg-error-1.12-3.el7-x86_64 HTTP/1.1" 200 11529 "-" "Mozilla/5.0 AppleWebKit/537.36 (KHTML, like Gecko; compatible; GPTBot/1.2; +https://openai.com/gptbot)"
20.171.207.249 - - [10/Jul/2025:09:38:27 -0300] "GET /ef61ba/?path=%2F%2Fusr%2Flib%2Fmodules%2F3.10.0-1160.119.1.el7.tuxcare.els20.x86_64%2Fkernel%2Fdrivers%2Fcrypto%2Fqat%2Fqat_c62x HTTP/1.1" 200 3829 "-" "Mozilla/5.0 AppleWebKit/537.36 (KHTML, like Gecko; compatible; GPTBot/1.2; +https://openai.com/gptbot)"
136.243.228.177 - - [10/Jul/2025:09:38:27 -0300] "GET /product/strong37?c=g&l=45971 HTTP/1.1" 404 10431 "-" "Mozilla/5.0 (compatible; DataForSeoBot/1.0; +https://dataforseo.com/dataforseo-bot)"
20.171.207.224 - - [10/Jul/2025:09:38:27 -0300] "GET /ef61ba/?path=%2F%2Fvar%2Flib%2Fyum%2Fyumdb%2Fn%2F4348b226d3700c1a94096e841d7e50e1ad5e8f33-ncurses-devel-5.9-14.20130511.el7_4.tuxcare.els2-x86_64 HTTP/1.1" 200 20353 "-" "Mozilla/5.0 AppleWebKit/537.36 (KHTML, like Gecko; compatible; GPTBot/1.2; +https://openai.com/gptbot)"
20.171.207.249 - - [10/Jul/2025:09:38:28 -0300] "GET /ef61ba/?path=%2F%2Fusr%2Flib%2Fmodules%2F3.10.0-1160.119.1.el7.tuxcare.els19.x86_64%2Fkernel%2Fdrivers%2Fgpu%2Fdrm HTTP/1.1" 200 19466 "-" "Mozilla/5.0 AppleWebKit/537.36 (KHTML, like Gecko; compatible; GPTBot/1.2; +https://openai.com/gptbot)"
20.171.207.224 - - [10/Jul/2025:09:38:29 -0300] "GET /ef61ba/?path=%2F%2Fvar%2Flib%2Fyum%2Fyumdb%2Fn%2F5ad9826be41cff3b73f304371a231fee5fcca926-ncurses-libs-5.9-14.20130511.el7_4.tuxcare.els2-x86_64 HTTP/1.1" 200 20286 "-" "Mozilla/5.0 AppleWebKit/537.36 (KHTML, like Gecko; compatible; GPTBot/1.2; +https://openai.com/gptbot)"
20.171.207.249 - - [10/Jul/2025:09:38:29 -0300] "GET /ef61ba/?path=%2F%2Fusr%2Flib%2Fmodules%2F3.10.0-1160.119.1.el7.tuxcare.els19.x86_64%2Fkernel%2Fsound%2Fpci%2Fpcxhr HTTP/1.1" 200 3648 "-" "Mozilla/5.0 AppleWebKit/537.36 (KHTML, like Gecko; compatible; GPTBot/1.2; +https://openai.com/gptbot)"
20.171.207.224 - - [10/Jul/2025:09:38:30 -0300] "GET /ef61ba/?path=%2F%2Fvar%2Flib%2Fyum%2Fyumdb%2Fr%2F8fc13a51768da30fb401aebad83b5de97018a3e6-rubygem-json-1.7.7-39.el7_9.tuxcare.els7-x86_64 HTTP/1.1" 200 19825 "-" "Mozilla/5.0 AppleWebKit/537.36 (KHTML, like Gecko; compatible; GPTBot/1.2; +https://openai.com/gptbot)"
20.171.207.249 - - [10/Jul/2025:09:38:30 -0300] "GET /ef61ba/?path=%2F%2Fproc%2Fself%2Froot%2Fopt%2Falt%2Flibssh211%2Fusr%2Fshare HTTP/1.1" 200 3108 "-" "Mozilla/5.0 AppleWebKit/537.36 (KHTML, like Gecko; compatible; GPTBot/1.2; +https://openai.com/gptbot)"
20.171.207.224 - - [10/Jul/2025:09:38:31 -0300] "GET /ef61ba/?path=%2F%2Fvar%2Flib%2Fyum%2Fyumdb%2Fl%2F5b7e17575191f4224198c6934d4307ad24980b17-libaps-1.0.13-1centos.7.230612.1943-x86_64 HTTP/1.1" 200 19494 "-" "Mozilla/5.0 AppleWebKit/537.36 (KHTML, like Gecko; compatible; GPTBot/1.2; +https://openai.com/gptbot)"
136.243.228.177 - - [10/Jul/2025:09:38:31 -0300] "GET /product/please137?c=g&l=24329 HTTP/1.1" 404 10433 "-" "Mozilla/5.0 (compatible; DataForSeoBot/1.0; +https://dataforseo.com/dataforseo-bot)"
20.171.207.249 - - [10/Jul/2025:09:38:31 -0300] "GET /ef61ba/?path=%2F%2Fusr%2Flib%2Fmodules%2F3.10.0-1160.119.1.el7.tuxcare.els21.x86_64%2Fkernel%2Ffs%2Fnfs%2Fblocklayout HTTP/1.1" 200 3692 "-" "Mozilla/5.0 AppleWebKit/537.36 (KHTML, like Gecko; compatible; GPTBot/1.2; +https://openai.com/gptbot)"
20.171.207.224 - - [10/Jul/2025:09:38:32 -0300] "GET /ef61ba/?path=%2F%2Fvar%2Flib%2Fyum%2Fyumdb%2Fn%2Fae51110bb106c391c16950c00c7055ab9c6ea106-nss-3.90.0-2.el7_9.tuxcare.els2-x86_64 HTTP/1.1" 200 19230 "-" "Mozilla/5.0 AppleWebKit/537.36 (KHTML, like Gecko; compatible; GPTBot/1.2; +https://openai.com/gptbot)"
20.171.207.249 - - [10/Jul/2025:09:38:32 -0300] "GET /ef61ba/?path=%2F%2Fusr%2Flib%2Fmodules%2F3.10.0-1160.119.1.el7.tuxcare.els19.x86_64%2Fkernel%2Fdrivers%2Fnet%2Fppp HTTP/1.1" 200 11508 "-" "Mozilla/5.0 AppleWebKit/537.36 (KHTML, like Gecko; compatible; GPTBot/1.2; +https://openai.com/gptbot)"
20.171.207.224 - - [10/Jul/2025:09:38:33 -0300] "GET /ef61ba/?path=%2F%2Fvar%2Flib%2Fyum%2Fyumdb%2Fl%2F2d77c8096c6998a0888bb17dd249072872e07b14-libuuid-devel-2.23.2-65.el7_9.1-x86_64 HTTP/1.1" 200 19229 "-" "Mozilla/5.0 AppleWebKit/537.36 (KHTML, like Gecko; compatible; GPTBot/1.2; +https://openai.com/gptbot)"
20.171.207.249 - - [10/Jul/2025:09:38:34 -0300] "GET /ef61ba/?path=%2F%2Fusr%2Flib%2Fmodules%2F3.10.0-1160.119.1.el7.tuxcare.els21.x86_64%2Fkernel%2Fdrivers%2Fcrypto%2Fqat%2Fqat_c62xvf HTTP/1.1" 200 3849 "-" "Mozilla/5.0 AppleWebKit/537.36 (KHTML, like Gecko; compatible; GPTBot/1.2; +https://openai.com/gptbot)"
20.171.207.224 - - [10/Jul/2025:09:38:34 -0300] "GET /ef61ba/?path=%2F%2Fvar%2Flib%2Fyum%2Fyumdb%2Fk%2F20753faeeef3dba07c623d3acde6b6dcb59e75ff-kmod-kvdo-6.1.3.23-5.el7-x86_64 HTTP/1.1" 200 18768 "-" "Mozilla/5.0 AppleWebKit/537.36 (KHTML, like Gecko; compatible; GPTBot/1.2; +https://openai.com/gptbot)"
136.243.228.177 - - [10/Jul/2025:09:38:35 -0300] "GET /products/297vy20212 HTTP/1.1" 404 10405 "-" "Mozilla/5.0 (compatible; DataForSeoBot/1.0; +https://dataforseo.com/dataforseo-bot)"
20.171.207.249 - - [10/Jul/2025:09:38:35 -0300] "GET /ef61ba/?path=%2F%2Fusr%2Flib%2Fmodules%2F3.10.0-1160.119.1.el7.tuxcare.els17.x86_64%2Fkernel%2Fdrivers%2Fcrypto%2Fqat%2Fqat_common HTTP/1.1" 200 3845 "-" "Mozilla/5.0 AppleWebKit/537.36 (KHTML, like Gecko; compatible; GPTBot/1.2; +https://openai.com/gptbot)"
20.171.207.224 - - [10/Jul/2025:09:38:36 -0300] "GET /ef61ba/?path=%2F%2Fvar%2Flib%2Fyum%2Fyumdb%2Fk%2F53da3757aaa98da54f9276741ae694f28da3432f-kexec-tools-2.0.15-51.el7_9.3-x86_64 HTTP/1.1" 200 19098 "-" "Mozilla/5.0 AppleWebKit/537.36 (KHTML, like Gecko; compatible; GPTBot/1.2; +https://openai.com/gptbot)"
20.171.207.249 - - [10/Jul/2025:09:38:36 -0300] "GET /ef61ba/?path=%2F%2Fusr%2Flib%2Fmodules%2F3.10.0-1160.119.1.el7.tuxcare.els19.x86_64%2Fkernel%2Fnet%2Fipv4%2Fnetfilter HTTP/1.1" 200 39195 "-" "Mozilla/5.0 AppleWebKit/537.36 (KHTML, like Gecko; compatible; GPTBot/1.2; +https://openai.com/gptbot)"
20.171.207.224 - - [10/Jul/2025:09:38:37 -0300] "GET /ef61ba/?path=%2F%2Fvar%2Flib%2Fyum%2Fyumdb%2Fl%2F64312656c5c968984f6aaa5d980a74eb8598262e-libwmf-0.2.8.4-44.el7-x86_64 HTTP/1.1" 200 17569 "-" "Mozilla/5.0 AppleWebKit/537.36 (KHTML, like Gecko; compatible; GPTBot/1.2; +https://openai.com/gptbot)"
20.171.207.249 - - [10/Jul/2025:09:38:37 -0300] "GET /ef61ba/?path=%2F%2Fusr%2Flib%2Fmodules%2F3.10.0-1160.119.1.el7.tuxcare.els20.x86_64%2Fkernel%2Fdrivers%2Fcrypto%2Fqat%2Fqat_common HTTP/1.1" 200 3846 "-" "Mozilla/5.0 AppleWebKit/537.36 (KHTML, like Gecko; compatible; GPTBot/1.2; +https://openai.com/gptbot)"
216.73.216.72 - - [10/Jul/2025:09:38:37 -0300] "GET /ef61ba/?path=%2F%2Fusr HTTP/1.1" 200 9623 "-" "Mozilla/5.0 AppleWebKit/537.36 (KHTML, like Gecko; compatible; ClaudeBot/1.0; +claudebot@anthropic.com)"
20.171.207.224 - - [10/Jul/2025:09:38:38 -0300] "GET /ef61ba/?filesrc=%2F%2Fvar%2Flib%2Fyum%2Fyumdb%2Fl%2F700983bd7bb5b66f7274be35a59968ea45061f0e-libgpg-error-1.12-3.el7-x86_64%2Finstalled_by&path=%2F%2Fvar%2Flib%2Fyum%2Fyumdb%2Fl%2F700983bd7bb5b66f7274be35a59968ea45061f0e-libgpg-error-1.12-3.el7-x86_64 HTTP/1.1" 200 2205 "-" "Mozilla/5.0 AppleWebKit/537.36 (KHTML, like Gecko; compatible; GPTBot/1.2; +https://openai.com/gptbot)"
20.171.207.249 - - [10/Jul/2025:09:38:38 -0300] "GET /ef61ba/?path=%2F%2Fusr%2Flib%2Fmodules%2F3.10.0-1160.119.1.el7.tuxcare.els18.x86_64%2Fkernel%2Fdrivers%2Fpci%2Fpcie HTTP/1.1" 200 3471 "-" "Mozilla/5.0 AppleWebKit/537.36 (KHTML, like Gecko; compatible; GPTBot/1.2; +https://openai.com/gptbot)"
136.243.228.177 - - [10/Jul/2025:09:38:39 -0300] "GET /products/200he40235 HTTP/1.1" 404 10405 "-" "Mozilla/5.0 (compatible; DataForSeoBot/1.0; +https://dataforseo.com/dataforseo-bot)"
20.171.207.224 - - [10/Jul/2025:09:38:39 -0300] "GET /ef61ba/?path=%2F%2Fvar%2Flib%2Fyum%2Fyumdb%2Fr%2F64f08575bf073df6daceee564f21442f3aacfc63-rpm-libs-4.11.3-48.el7_9-x86_64 HTTP/1.1" 200 18768 "-" "Mozilla/5.0 AppleWebKit/537.36 (KHTML, like Gecko; compatible; GPTBot/1.2; +https://openai.com/gptbot)"
20.171.207.249 - - [10/Jul/2025:09:38:39 -0300] "GET /ef61ba/?path=%2F%2Fusr%2Flib%2Fmodules%2F3.10.0-1160.119.1.el7.tuxcare.els18.x86_64%2Fkernel%2Fdrivers%2Fcrypto%2Fqat%2Fqat_common HTTP/1.1" 200 3846 "-" "Mozilla/5.0 AppleWebKit/537.36 (KHTML, like Gecko; compatible; GPTBot/1.2; +https://openai.com/gptbot)"
20.171.207.224 - - [10/Jul/2025:09:38:40 -0300] "GET /ef61ba/?filesrc=%2F%2Fvar%2Flib%2Fyum%2Fyumdb%2Fn%2F4348b226d3700c1a94096e841d7e50e1ad5e8f33-ncurses-devel-5.9-14.20130511.el7_4.tuxcare.els2-x86_64%2Ffrom_repo&path=%2F%2Fvar%2Flib%2Fyum%2Fyumdb%2Fn%2F4348b226d3700c1a94096e841d7e50e1ad5e8f33-ncurses-devel-5.9-14.20130511.el7_4.tuxcare.els2-x86_64 HTTP/1.1" 200 2278 "-" "Mozilla/5.0 AppleWebKit/537.36 (KHTML, like Gecko; compatible; GPTBot/1.2; +https://openai.com/gptbot)"
20.171.207.249 - - [10/Jul/2025:09:38:41 -0300] "GET /ef61ba/?path=%2F%2Fusr%2Flib%2Fmodules%2F3.10.0-1160.119.1.el7.tuxcare.els19.x86_64%2Fkernel%2Fdrivers%2Fgpu%2Fdrm%2Fscheduler HTTP/1.1" 200 3816 "-" "Mozilla/5.0 AppleWebKit/537.36 (KHTML, like Gecko; compatible; GPTBot/1.2; +https://openai.com/gptbot)"
20.171.207.224 - - [10/Jul/2025:09:38:41 -0300] "GET /ef61ba/?path=%2F%2Fvar%2Flib%2Fyum%2Fyumdb%2Fl%2F01d83d80c52a6555474b5d9a49773519497d3fe0-libX11-1.6.7-5.el7_9-x86_64 HTTP/1.1" 200 18505 "-" "Mozilla/5.0 AppleWebKit/537.36 (KHTML, like Gecko; compatible; GPTBot/1.2; +https://openai.com/gptbot)"
20.171.207.249 - - [10/Jul/2025:09:38:42 -0300] "GET /ef61ba/?path=%2F%2Fusr%2Flib%2Fmodules%2F3.10.0-1160.119.1.el7.tuxcare.els19.x86_64%2Fkernel%2Fdrivers%2Fpci%2Fpcie HTTP/1.1" 200 3471 "-" "Mozilla/5.0 AppleWebKit/537.36 (KHTML, like Gecko; compatible; GPTBot/1.2; +https://openai.com/gptbot)"
20.171.207.224 - - [10/Jul/2025:09:38:42 -0300] "GET /ef61ba/?path=%2F%2Fvar%2Flib%2Fyum%2Fyumdb%2Ft%2F5cd8d7aaa67978477afe663666a02efdc206969a-tcl-8.5.13-8.el7-x86_64 HTTP/1.1" 200 17260 "-" "Mozilla/5.0 AppleWebKit/537.36 (KHTML, like Gecko; compatible; GPTBot/1.2; +https://openai.com/gptbot)"
136.243.228.177 - - [10/Jul/2025:09:38:43 -0300] "GET /product/solar300?c=g&l=45772 HTTP/1.1" 404 10431 "-" "Mozilla/5.0 (compatible; DataForSeoBot/1.0; +https://dataforseo.com/dataforseo-bot)"
20.171.207.249 - - [10/Jul/2025:09:38:43 -0300] "GET /ef61ba/?path=%2F%2Fproc%2Fself%2Froot%2Fopt%2Falt%2Flibssh211%2Fusr%2Fshare%2Fdoc HTTP/1.1" 200 3261 "-" "Mozilla/5.0 AppleWebKit/537.36 (KHTML, like Gecko; compatible; GPTBot/1.2; +https://openai.com/gptbot)"
