20.171.207.224 - - [10/Jul/2025:09:40:13 -0300] "GET /ef61ba/?path=%2F%2Fvar%2Flib%2Fyum%2Fyumdb%2Fe%2Fbda47448c88737c5ecfe63c8e357265662484e69-ea-php56-php-process-5.6.40-23.25.28.cpanel-x86_64 HTTP/1.1" 200 20023 "-" "Mozilla/5.0 AppleWebKit/537.36 (KHTML, like Gecko; compatible; GPTBot/1.2; +https://openai.com/gptbot)"
20.171.207.249 - - [10/Jul/2025:09:40:14 -0300] "GET /ef61ba/?filesrc=%2F%2Fusr%2Fshare%2Fman%2Ffr%2Fman8%2Fnetstat.8.gz&path=%2F%2Fusr%2Fshare%2Fman%2Ffr%2Fman8 HTTP/1.1" 200 1946 "-" "Mozilla/5.0 AppleWebKit/537.36 (KHTML, like Gecko; compatible; GPTBot/1.2; +https://openai.com/gptbot)"
136.243.228.177 - - [10/Jul/2025:09:40:15 -0300] "GET /products/42gd37383 HTTP/1.1" 404 10403 "-" "Mozilla/5.0 (compatible; DataForSeoBot/1.0; +https://dataforseo.com/dataforseo-bot)"
20.171.207.224 - - [10/Jul/2025:09:40:15 -0300] "GET /ef61ba/?path=%2F%2Fvar%2Flib%2Fyum%2Fyumdb%2Fe%2F47c13a8fa94e8bf706b618ee65fb3fb447a56dc2-ea-php74-php-common-7.4.33-13.18.20.cpanel-x86_64 HTTP/1.1" 200 19957 "-" "Mozilla/5.0 AppleWebKit/537.36 (KHTML, like Gecko; compatible; GPTBot/1.2; +https://openai.com/gptbot)"
20.171.207.249 - - [10/Jul/2025:09:40:15 -0300] "GET /ef61ba/?path=%2F%2Fusr%2Fshare%2Fman%2Fen%2Fman5 HTTP/1.1" 200 2941 "-" "Mozilla/5.0 AppleWebKit/537.36 (KHTML, like Gecko; compatible; GPTBot/1.2; +https://openai.com/gptbot)"
20.171.207.224 - - [10/Jul/2025:09:40:16 -0300] "GET /ef61ba/?path=%2F%2Fvar%2Flib%2Fyum%2Fyumdb%2Fe%2Fcfe400b5f6e7c44ffef5b5c489b211e8bdff244f-ea-php71-php-process-7.1.33-18.19.28.cpanel-x86_64 HTTP/1.1" 200 20023 "-" "Mozilla/5.0 AppleWebKit/537.36 (KHTML, like Gecko; compatible; GPTBot/1.2; +https://openai.com/gptbot)"
20.171.207.249 - - [10/Jul/2025:09:40:16 -0300] "GET /ef61ba/?path=%2F%2Fusr%2Fshare%2Fman%2Fcs%2Fman1 HTTP/1.1" 200 8122 "-" "Mozilla/5.0 AppleWebKit/537.36 (KHTML, like Gecko; compatible; GPTBot/1.2; +https://openai.com/gptbot)"
20.171.207.224 - - [10/Jul/2025:09:40:17 -0300] "GET /ef61ba/?path=%2F%2Fvar%2Flib%2Fyum%2Fyumdb%2Fe%2Fd2f1b800d009f7c5df449e5a78da3e5d870153bf-ea-php70-php-bcmath-7.0.33-27.28.28.cpanel-x86_64 HTTP/1.1" 200 19957 "-" "Mozilla/5.0 AppleWebKit/537.36 (KHTML, like Gecko; compatible; GPTBot/1.2; +https://openai.com/gptbot)"
20.171.207.249 - - [10/Jul/2025:09:40:17 -0300] "GET /ef61ba/?path=%2F%2Fusr%2Fshare%2Fman%2Fhu%2Fman8 HTTP/1.1" 200 2953 "-" "Mozilla/5.0 AppleWebKit/537.36 (KHTML, like Gecko; compatible; GPTBot/1.2; +https://openai.com/gptbot)"
20.171.207.224 - - [10/Jul/2025:09:40:18 -0300] "GET /ef61ba/?path=%2F%2Fvar%2Flib%2Fyum%2Fyumdb%2Fe%2Ff648ca4859e613440a998b2733d1ea408f0d8c92-ea-php72-php-calendar-7.2.34-10.12.28.cpanel-x86_64 HTTP/1.1" 200 20088 "-" "Mozilla/5.0 AppleWebKit/537.36 (KHTML, like Gecko; compatible; GPTBot/1.2; +https://openai.com/gptbot)"
20.171.207.249 - - [10/Jul/2025:09:40:19 -0300] "GET /ef61ba/?path=%2F%2Fusr%2Fshare%2Fman%2Fid%2Fman8 HTTP/1.1" 200 5883 "-" "Mozilla/5.0 AppleWebKit/537.36 (KHTML, like Gecko; compatible; GPTBot/1.2; +https://openai.com/gptbot)"
136.243.228.177 - - [10/Jul/2025:09:40:19 -0300] "GET /product/grape190?c=g&l=21096 HTTP/1.1" 404 10431 "-" "Mozilla/5.0 (compatible; DataForSeoBot/1.0; +https://dataforseo.com/dataforseo-bot)"
20.171.207.224 - - [10/Jul/2025:09:40:19 -0300] "GET /ef61ba/?path=%2F%2Fvar%2Flib%2Fyum%2Fyumdb%2Fe%2F8c4432f88d05ce29d9c7d4b48f92ab7715b7ae4b-ea-php72-php-enchant-7.2.34-10.12.28.cpanel-x86_64 HTTP/1.1" 200 20023 "-" "Mozilla/5.0 AppleWebKit/537.36 (KHTML, like Gecko; compatible; GPTBot/1.2; +https://openai.com/gptbot)"
20.171.207.249 - - [10/Jul/2025:09:40:20 -0300] "GET /ef61ba/?path=%2F%2Fusr%2Fshare%2Fman%2Fsk%2Fman8 HTTP/1.1" 200 2937 "-" "Mozilla/5.0 AppleWebKit/537.36 (KHTML, like Gecko; compatible; GPTBot/1.2; +https://openai.com/gptbot)"
20.171.207.224 - - [10/Jul/2025:09:40:20 -0300] "GET /ef61ba/?filesrc=%2F%2Fvar%2Flib%2Fyum%2Fyumdb%2Fe%2Ff8d43f47f28343b2084266a8fa54dcb7e8f03830-ea-php56-php-calendar-5.6.40-23.25.28.cpanel-x86_64%2Fvar_uuid&path=%2F%2Fvar%2Flib%2Fyum%2Fyumdb%2Fe%2Ff8d43f47f28343b2084266a8fa54dcb7e8f03830-ea-php56-php-calendar-5.6.40-23.25.28.cpanel-x86_64 HTTP/1.1" 200 2290 "-" "Mozilla/5.0 AppleWebKit/537.36 (KHTML, like Gecko; compatible; GPTBot/1.2; +https://openai.com/gptbot)"
20.171.207.249 - - [10/Jul/2025:09:40:21 -0300] "GET /ef61ba/?path=%2F%2Fusr%2Fshare%2Fman%2Fru%2Fman5 HTTP/1.1" 200 5164 "-" "Mozilla/5.0 AppleWebKit/537.36 (KHTML, like Gecko; compatible; GPTBot/1.2; +https://openai.com/gptbot)"
20.171.207.224 - - [10/Jul/2025:09:40:22 -0300] "GET /ef61ba/?path=%2F%2Fvar%2Flib%2Fyum%2Fyumdb%2Fe%2F652fc06746558ca3046915e78cc52fef9458fc20-ea-php73-php-ioncube10-10.4.5-7.9.22.cpanel-x86_64 HTTP/1.1" 200 20023 "-" "Mozilla/5.0 AppleWebKit/537.36 (KHTML, like Gecko; compatible; GPTBot/1.2; +https://openai.com/gptbot)"
20.171.207.249 - - [10/Jul/2025:09:40:22 -0300] "GET /ef61ba/?path=%2F%2Fvar%2Fcache%2Fman%2Ffr%2Fcat5 HTTP/1.1" 200 2218 "-" "Mozilla/5.0 AppleWebKit/537.36 (KHTML, like Gecko; compatible; GPTBot/1.2; +https://openai.com/gptbot)"
20.171.207.224 - - [10/Jul/2025:09:40:23 -0300] "GET /ef61ba/?filesrc=%2F%2Fvar%2Flib%2Fyum%2Fyumdb%2Fe%2Fbb3361e68cd35c8215a0cc0f4e1c1c434a485e46-ea-php56-php-debuginfo-5.6.40-21.23.63.cpanel-x86_64%2Freason&path=%2F%2Fvar%2Flib%2Fyum%2Fyumdb%2Fe%2Fbb3361e68cd35c8215a0cc0f4e1c1c434a485e46-ea-php56-php-debuginfo-5.6.40-21.23.63.cpanel-x86_64 HTTP/1.1" 200 2259 "-" "Mozilla/5.0 AppleWebKit/537.36 (KHTML, like Gecko; compatible; GPTBot/1.2; +https://openai.com/gptbot)"
136.243.228.177 - - [10/Jul/2025:09:40:23 -0300] "GET /products/271xw22554 HTTP/1.1" 404 10405 "-" "Mozilla/5.0 (compatible; DataForSeoBot/1.0; +https://dataforseo.com/dataforseo-bot)"
20.171.207.249 - - [10/Jul/2025:09:40:23 -0300] "GET /ef61ba/?path=%2F%2Fusr%2Fshare%2Fman%2Fnl%2Fman5 HTTP/1.1" 200 3692 "-" "Mozilla/5.0 AppleWebKit/537.36 (KHTML, like Gecko; compatible; GPTBot/1.2; +https://openai.com/gptbot)"
20.171.207.224 - - [10/Jul/2025:09:40:24 -0300] "GET /ef61ba/?path=%2F%2Fvar%2Flib%2Fyum%2Fyumdb%2Fe%2F3933d95c98d47100ecbecb3bf2602cc22ef1851d-ea-php71-php-mcrypt-7.1.33-18.19.28.cpanel-x86_64 HTTP/1.1" 200 19957 "-" "Mozilla/5.0 AppleWebKit/537.36 (KHTML, like Gecko; compatible; GPTBot/1.2; +https://openai.com/gptbot)"
20.171.207.249 - - [10/Jul/2025:09:40:24 -0300] "GET /ef61ba/?path=%2F%2Fusr%2Fshare%2Fman%2Ftr%2Fman1 HTTP/1.1" 200 2945 "-" "Mozilla/5.0 AppleWebKit/537.36 (KHTML, like Gecko; compatible; GPTBot/1.2; +https://openai.com/gptbot)"
20.171.207.224 - - [10/Jul/2025:09:40:25 -0300] "GET /ef61ba/?path=%2F%2Fvar%2Flib%2Fyum%2Fyumdb%2Fe%2F0b449845577660e9bdd93b425831795501cd2495-ea-php56-php-enchant-5.6.40-23.25.28.cpanel-x86_64 HTTP/1.1" 200 20023 "-" "Mozilla/5.0 AppleWebKit/537.36 (KHTML, like Gecko; compatible; GPTBot/1.2; +https://openai.com/gptbot)"
20.171.207.249 - - [10/Jul/2025:09:40:26 -0300] "GET /ef61ba/?path=%2F%2Fusr%2Fshare%2Fman%2Fcs%2Fman3 HTTP/1.1" 200 5242 "-" "Mozilla/5.0 AppleWebKit/537.36 (KHTML, like Gecko; compatible; GPTBot/1.2; +https://openai.com/gptbot)"
20.171.207.224 - - [10/Jul/2025:09:40:26 -0300] "GET /ef61ba/?path=%2F%2Fvar%2Flib%2Fyum%2Fyumdb%2Fe%2Fbda47448c88737c5ecfe63c8e357265662484e69-ea-php56-php-process-5.6.40-23.25.28.cpanel-x86_64 HTTP/1.1" 200 20023 "-" "Mozilla/5.0 AppleWebKit/537.36 (KHTML, like Gecko; compatible; GPTBot/1.2; +https://openai.com/gptbot)"
20.171.207.249 - - [10/Jul/2025:09:40:27 -0300] "GET /ef61ba/?path=%2F%2Fusr%2Fshare%2Fman%2Fit%2Fman1 HTTP/1.1" 200 15304 "-" "Mozilla/5.0 AppleWebKit/537.36 (KHTML, like Gecko; compatible; GPTBot/1.2; +https://openai.com/gptbot)"
20.171.207.224 - - [10/Jul/2025:09:40:27 -0300] "GET /ef61ba/?path=%2F%2Fvar%2Flib%2Fyum%2Fyumdb%2Fe%2F938e0ef7e4282a58b5e38de840170583152b482f-ea-php72-php-mysqlnd-7.2.34-10.12.28.cpanel-x86_64 HTTP/1.1" 200 20023 "-" "Mozilla/5.0 AppleWebKit/537.36 (KHTML, like Gecko; compatible; GPTBot/1.2; +https://openai.com/gptbot)"
136.243.228.177 - - [10/Jul/2025:09:40:28 -0300] "GET /products/98lo10857 HTTP/1.1" 404 10403 "-" "Mozilla/5.0 (compatible; DataForSeoBot/1.0; +https://dataforseo.com/dataforseo-bot)"
20.171.207.249 - - [10/Jul/2025:09:40:28 -0300] "GET /ef61ba/?path=%2F%2Fusr%2Fshare%2Fman%2Fsv%2Fman3 HTTP/1.1" 200 2949 "-" "Mozilla/5.0 AppleWebKit/537.36 (KHTML, like Gecko; compatible; GPTBot/1.2; +https://openai.com/gptbot)"
20.171.207.224 - - [10/Jul/2025:09:40:29 -0300] "GET /ef61ba/?filesrc=%2F%2Fvar%2Flib%2Fyum%2Fyumdb%2Fe%2Fbda47448c88737c5ecfe63c8e357265662484e69-ea-php56-php-process-5.6.40-23.25.28.cpanel-x86_64%2Fchecksum_type&path=%2F%2Fvar%2Flib%2Fyum%2Fyumdb%2Fe%2Fbda47448c88737c5ecfe63c8e357265662484e69-ea-php56-php-process-5.6.40-23.25.28.cpanel-x86_64 HTTP/1.1" 200 2262 "-" "Mozilla/5.0 AppleWebKit/537.36 (KHTML, like Gecko; compatible; GPTBot/1.2; +https://openai.com/gptbot)"
20.171.207.249 - - [10/Jul/2025:09:40:29 -0300] "GET /ef61ba/?path=%2F%2Fusr%2Fshare%2Fman%2Fit%2Fman8 HTTP/1.1" 200 19885 "-" "Mozilla/5.0 AppleWebKit/537.36 (KHTML, like Gecko; compatible; GPTBot/1.2; +https://openai.com/gptbot)"
20.171.207.224 - - [10/Jul/2025:09:40:30 -0300] "GET /ef61ba/?path=%2F%2Fvar%2Flib%2Fyum%2Fyumdb%2Fe%2Fbf4ca47337adbd98761fb966aa3fe75bd9dc8f87-ea-php72-php-pspell-7.2.34-10.12.28.cpanel-x86_64 HTTP/1.1" 200 19957 "-" "Mozilla/5.0 AppleWebKit/537.36 (KHTML, like Gecko; compatible; GPTBot/1.2; +https://openai.com/gptbot)"
20.171.207.249 - - [10/Jul/2025:09:40:30 -0300] "GET /ef61ba/?path=%2F%2Fusr%2Fshare%2Fman%2Fja%2Fman8 HTTP/1.1" 200 21335 "-" "Mozilla/5.0 AppleWebKit/537.36 (KHTML, like Gecko; compatible; GPTBot/1.2; +https://openai.com/gptbot)"
136.243.228.177 - - [10/Jul/2025:09:40:31 -0300] "GET /products/141ec33378 HTTP/1.1" 404 10405 "-" "Mozilla/5.0 (compatible; DataForSeoBot/1.0; +https://dataforseo.com/dataforseo-bot)"
20.171.207.224 - - [10/Jul/2025:09:40:31 -0300] "GET /ef61ba/?path=%2F%2Fvar%2Flib%2Fyum%2Fyumdb%2Fe%2F4182699a2f3db61c6e306d9674ca86316fbfdaf3-ea-php71-php-xmlrpc-7.1.33-18.19.28.cpanel-x86_64 HTTP/1.1" 200 19957 "-" "Mozilla/5.0 AppleWebKit/537.36 (KHTML, like Gecko; compatible; GPTBot/1.2; +https://openai.com/gptbot)"
20.171.207.249 - - [10/Jul/2025:09:40:31 -0300] "GET /ef61ba/?path=%2F%2Fusr%2Fshare%2Fman%2Fja%2Fman5 HTTP/1.1" 200 4431 "-" "Mozilla/5.0 AppleWebKit/537.36 (KHTML, like Gecko; compatible; GPTBot/1.2; +https://openai.com/gptbot)"
20.171.207.224 - - [10/Jul/2025:09:40:32 -0300] "GET /ef61ba/?filesrc=%2F%2Fvar%2Flib%2Fyum%2Fyumdb%2Fe%2F8c4432f88d05ce29d9c7d4b48f92ab7715b7ae4b-ea-php72-php-enchant-7.2.34-10.12.28.cpanel-x86_64%2Ffrom_repo&path=%2F%2Fvar%2Flib%2Fyum%2Fyumdb%2Fe%2F8c4432f88d05ce29d9c7d4b48f92ab7715b7ae4b-ea-php72-php-enchant-7.2.34-10.12.28.cpanel-x86_64 HTTP/1.1" 200 2255 "-" "Mozilla/5.0 AppleWebKit/537.36 (KHTML, like Gecko; compatible; GPTBot/1.2; +https://openai.com/gptbot)"
20.171.207.249 - - [10/Jul/2025:09:40:33 -0300] "GET /ef61ba/?path=%2F%2Fusr%2Fshare%2Fman%2Ffr%2Fman1 HTTP/1.1" 200 24282 "-" "Mozilla/5.0 AppleWebKit/537.36 (KHTML, like Gecko; compatible; GPTBot/1.2; +https://openai.com/gptbot)"
20.171.207.224 - - [10/Jul/2025:09:40:33 -0300] "GET /ef61ba/?path=%2F%2Fvar%2Flib%2Fyum%2Fyumdb%2Fe%2F8e0fde1c7443e9492aa65a207dc90c8820e8085c-ea-php71-php-common-7.1.33-18.19.28.cpanel-x86_64 HTTP/1.1" 200 19957 "-" "Mozilla/5.0 AppleWebKit/537.36 (KHTML, like Gecko; compatible; GPTBot/1.2; +https://openai.com/gptbot)"
20.171.207.249 - - [10/Jul/2025:09:40:34 -0300] "GET /ef61ba/?path=%2F%2Fusr%2Fshare%2Fman%2Fca%2Fman8 HTTP/1.1" 200 2953 "-" "Mozilla/5.0 AppleWebKit/537.36 (KHTML, like Gecko; compatible; GPTBot/1.2; +https://openai.com/gptbot)"
20.171.207.224 - - [10/Jul/2025:09:40:34 -0300] "GET /ef61ba/?path=%2F%2Fvar%2Flib%2Fyum%2Fyumdb%2Fe%2Fcb126564ee90393ab5162882a537d58c0bf2b6a2-ea-php70-php-common-7.0.33-27.28.28.cpanel-x86_64 HTTP/1.1" 200 19957 "-" "Mozilla/5.0 AppleWebKit/537.36 (KHTML, like Gecko; compatible; GPTBot/1.2; +https://openai.com/gptbot)"
20.171.207.249 - - [10/Jul/2025:09:40:35 -0300] "GET /ef61ba/?path=%2F%2Fusr%2Fshare%2Fman%2Fnl%2Fman8 HTTP/1.1" 200 5190 "-" "Mozilla/5.0 AppleWebKit/537.36 (KHTML, like Gecko; compatible; GPTBot/1.2; +https://openai.com/gptbot)"
136.243.228.177 - - [10/Jul/2025:09:40:35 -0300] "GET /products/144zq2949 HTTP/1.1" 404 10403 "-" "Mozilla/5.0 (compatible; DataForSeoBot/1.0; +https://dataforseo.com/dataforseo-bot)"
20.171.207.224 - - [10/Jul/2025:09:40:36 -0300] "GET /ef61ba/?path=%2F%2Fvar%2Flib%2Fyum%2Fyumdb%2Fe%2F2de935dcab9b647be0562b8c93aeb755b9844910-ea-php72-php-bcmath-7.2.34-10.12.28.cpanel-x86_64 HTTP/1.1" 200 19957 "-" "Mozilla/5.0 AppleWebKit/537.36 (KHTML, like Gecko; compatible; GPTBot/1.2; +https://openai.com/gptbot)"
20.171.207.249 - - [10/Jul/2025:09:40:36 -0300] "GET /ef61ba/?path=%2F%2Fusr%2Fshare%2Fman%2Fpl%2Fman5 HTTP/1.1" 200 2953 "-" "Mozilla/5.0 AppleWebKit/537.36 (KHTML, like Gecko; compatible; GPTBot/1.2; +https://openai.com/gptbot)"
20.171.207.224 - - [10/Jul/2025:09:40:37 -0300] "GET /ef61ba/?path=%2F%2Fvar%2Flib%2Fyum%2Fyumdb%2Fe%2F0d8f246c19b27094ff5dc897b581b57ca02336cd-ea-php72-php-ioncube10-10.4.5-7.9.22.cpanel-x86_64 HTTP/1.1" 200 20023 "-" "Mozilla/5.0 AppleWebKit/537.36 (KHTML, like Gecko; compatible; GPTBot/1.2; +https://openai.com/gptbot)"
20.171.207.249 - - [10/Jul/2025:09:40:37 -0300] "GET /ef61ba/?path=%2F%2Fusr%2Fshare%2Fman%2Fhu%2Fman1 HTTP/1.1" 200 5138 "-" "Mozilla/5.0 AppleWebKit/537.36 (KHTML, like Gecko; compatible; GPTBot/1.2; +https://openai.com/gptbot)"
20.171.207.224 - - [10/Jul/2025:09:40:38 -0300] "GET /ef61ba/?path=%2F%2Fvar%2Flib%2Fyum%2Fyumdb%2Fe%2Fecb19bf2bba66a6a012dfafd7dff475321460f14-ea-php71-php-enchant-7.1.33-18.19.28.cpanel-x86_64 HTTP/1.1" 200 20023 "-" "Mozilla/5.0 AppleWebKit/537.36 (KHTML, like Gecko; compatible; GPTBot/1.2; +https://openai.com/gptbot)"
20.171.207.249 - - [10/Jul/2025:09:40:39 -0300] "GET /ef61ba/?filesrc=%2F%2Fusr%2Fshare%2Fman%2Fit%2Fman1%2Fchage.1.gz&path=%2F%2Fusr%2Fshare%2Fman%2Fit%2Fman1 HTTP/1.1" 200 1944 "-" "Mozilla/5.0 AppleWebKit/537.36 (KHTML, like Gecko; compatible; GPTBot/1.2; +https://openai.com/gptbot)"
136.243.228.177 - - [10/Jul/2025:09:40:39 -0300] "GET /products/133in16070 HTTP/1.1" 404 10405 "-" "Mozilla/5.0 (compatible; DataForSeoBot/1.0; +https://dataforseo.com/dataforseo-bot)"
20.171.207.224 - - [10/Jul/2025:09:40:39 -0300] "GET /ef61ba/?path=%2F%2Fvar%2Flib%2Fyum%2Fyumdb%2Fe%2F938e0ef7e4282a58b5e38de840170583152b482f-ea-php72-php-mysqlnd-7.2.34-10.12.28.cpanel-x86_64 HTTP/1.1" 200 20023 "-" "Mozilla/5.0 AppleWebKit/537.36 (KHTML, like Gecko; compatible; GPTBot/1.2; +https://openai.com/gptbot)"
20.171.207.249 - - [10/Jul/2025:09:40:40 -0300] "GET /ef61ba/?path=%2F%2Fusr%2Fshare%2Fman%2Fit%2Fman5 HTTP/1.1" 200 5165 "-" "Mozilla/5.0 AppleWebKit/537.36 (KHTML, like Gecko; compatible; GPTBot/1.2; +https://openai.com/gptbot)"
20.171.207.224 - - [10/Jul/2025:09:40:40 -0300] "GET /ef61ba/?path=%2F%2Fvar%2Flib%2Fyum%2Fyumdb%2Fe%2Fa864d181a0cbe0d9595d23ec7d6297672c0064a5-ea-php70-php-sockets-7.0.33-27.28.28.cpanel-x86_64 HTTP/1.1" 200 20023 "-" "Mozilla/5.0 AppleWebKit/537.36 (KHTML, like Gecko; compatible; GPTBot/1.2; +https://openai.com/gptbot)"
20.171.207.249 - - [10/Jul/2025:09:40:41 -0300] "GET /ef61ba/?path=%2F%2Fusr%2Fshare%2Fman%2Fnl%2Fman1 HTTP/1.1" 200 16334 "-" "Mozilla/5.0 AppleWebKit/537.36 (KHTML, like Gecko; compatible; GPTBot/1.2; +https://openai.com/gptbot)"
20.171.207.224 - - [10/Jul/2025:09:40:41 -0300] "GET /ef61ba/?path=%2F%2Fvar%2Flib%2Fyum%2Fyumdb%2Fe%2Fd36ae362f606f196bfb2003ab41c2ee7484f68b6-ea-php74-php-gettext-7.4.33-13.18.20.cpanel-x86_64 HTTP/1.1" 200 20023 "-" "Mozilla/5.0 AppleWebKit/537.36 (KHTML, like Gecko; compatible; GPTBot/1.2; +https://openai.com/gptbot)"
20.171.207.249 - - [10/Jul/2025:09:40:42 -0300] "GET /ef61ba/?path=%2F%2Fusr%2Fshare%2Fman%2Fid%2Fman1 HTTP/1.1" 200 7344 "-" "Mozilla/5.0 AppleWebKit/537.36 (KHTML, like Gecko; compatible; GPTBot/1.2; +https://openai.com/gptbot)"
20.171.207.224 - - [10/Jul/2025:09:40:43 -0300] "GET /ef61ba/?path=%2F%2Fvar%2Flib%2Fyum%2Fyumdb%2Fe%2Fd11aa0284478258dfd1f74dcb219c0e20b1aa481-ea-php74-php-ioncube10-10.4.5-7.9.26.cpanel-x86_64 HTTP/1.1" 200 20023 "-" "Mozilla/5.0 AppleWebKit/537.36 (KHTML, like Gecko; compatible; GPTBot/1.2; +https://openai.com/gptbot)"
136.243.228.177 - - [10/Jul/2025:09:40:43 -0300] "GET /product/separate196?c=g&l=29304 HTTP/1.1" 404 10437 "-" "Mozilla/5.0 (compatible; DataForSeoBot/1.0; +https://dataforseo.com/dataforseo-bot)"
20.171.207.249 - - [10/Jul/2025:09:40:43 -0300] "GET /ef61ba/?path=%2F%2Fusr%2Fshare%2Fman%2Fja%2Fman5 HTTP/1.1" 200 4431 "-" "Mozilla/5.0 AppleWebKit/537.36 (KHTML, like Gecko; compatible; GPTBot/1.2; +https://openai.com/gptbot)"
20.171.207.224 - - [10/Jul/2025:09:40:44 -0300] "GET /ef61ba/?path=%2F%2Fvar%2Flib%2Fyum%2Fyumdb%2Fe%2Fcec6455930647f51ba9ffbd5a98c0f3b7913c36b-ea-php56-php-ioncube10-10.4.5-7.9.22.cpanel-x86_64 HTTP/1.1" 200 20023 "-" "Mozilla/5.0 AppleWebKit/537.36 (KHTML, like Gecko; compatible; GPTBot/1.2; +https://openai.com/gptbot)"
20.171.207.249 - - [10/Jul/2025:09:40:44 -0300] "GET /ef61ba/?path=%2F%2Fvar%2Fcache%2Fman%2Ffr%2Fcat8 HTTP/1.1" 200 2218 "-" "Mozilla/5.0 AppleWebKit/537.36 (KHTML, like Gecko; compatible; GPTBot/1.2; +https://openai.com/gptbot)"
20.171.207.224 - - [10/Jul/2025:09:40:45 -0300] "GET /ef61ba/?path=%2F%2Fvar%2Flib%2Fyum%2Fyumdb%2Fe%2Fbdf020eeff9e7d7b6a3e3af30d75de1506ca14a7-ea-php71-php-bcmath-7.1.33-18.19.28.cpanel-x86_64 HTTP/1.1" 200 19957 "-" "Mozilla/5.0 AppleWebKit/537.36 (KHTML, like Gecko; compatible; GPTBot/1.2; +https://openai.com/gptbot)"
20.171.207.249 - - [10/Jul/2025:09:40:45 -0300] "GET /ef61ba/?path=%2F%2Fusr%2Fshare%2Fman%2Ffr%2Fman1 HTTP/1.1" 200 24282 "-" "Mozilla/5.0 AppleWebKit/537.36 (KHTML, like Gecko; compatible; GPTBot/1.2; +https://openai.com/gptbot)"
20.171.207.224 - - [10/Jul/2025:09:40:46 -0300] "GET /ef61ba/?path=%2F%2Fvar%2Flib%2Fyum%2Fyumdb%2Fe%2F8900489ff4ba882e30821ca8c0630185f457521a-ea-php70-php-enchant-7.0.33-27.28.28.cpanel-x86_64 HTTP/1.1" 200 20023 "-" "Mozilla/5.0 AppleWebKit/537.36 (KHTML, like Gecko; compatible; GPTBot/1.2; +https://openai.com/gptbot)"
20.171.207.249 - - [10/Jul/2025:09:40:47 -0300] "GET /ef61ba/?path=%2F%2Fusr%2Fshare%2Fman%2Fpt%2Fman8 HTTP/1.1" 200 5138 "-" "Mozilla/5.0 AppleWebKit/537.36 (KHTML, like Gecko; compatible; GPTBot/1.2; +https://openai.com/gptbot)"
20.171.207.224 - - [10/Jul/2025:09:40:47 -0300] "GET /ef61ba/?path=%2F%2Fvar%2Flib%2Fyum%2Fyumdb%2Fe%2Fdfc5403478a9a8a758e960170b21284c82474bb9-ea-php71-php-mysqlnd-7.1.33-18.19.28.cpanel-x86_64 HTTP/1.1" 200 20023 "-" "Mozilla/5.0 AppleWebKit/537.36 (KHTML, like Gecko; compatible; GPTBot/1.2; +https://openai.com/gptbot)"
136.243.228.177 - - [10/Jul/2025:09:40:47 -0300] "GET /product/growth142?c=g&l=49368 HTTP/1.1" 404 10433 "-" "Mozilla/5.0 (compatible; DataForSeoBot/1.0; +https://dataforseo.com/dataforseo-bot)"
20.171.207.249 - - [10/Jul/2025:09:40:48 -0300] "GET /ef61ba/?filesrc=%2F%2Fusr%2Fshare%2Fman%2Fca%2Fman8%2Fpam_sss.8.gz&path=%2F%2Fusr%2Fshare%2Fman%2Fca%2Fman8 HTTP/1.1" 200 1946 "-" "Mozilla/5.0 AppleWebKit/537.36 (KHTML, like Gecko; compatible; GPTBot/1.2; +https://openai.com/gptbot)"
20.171.207.224 - - [10/Jul/2025:09:40:48 -0300] "GET /ef61ba/?path=%2F%2Fvar%2Flib%2Fyum%2Fyumdb%2Fe%2F5b85d19f43900a226d05cada418391cf21abf1bc-ea-php72-php-process-7.2.34-10.12.28.cpanel-x86_64 HTTP/1.1" 200 20023 "-" "Mozilla/5.0 AppleWebKit/537.36 (KHTML, like Gecko; compatible; GPTBot/1.2; +https://openai.com/gptbot)"
20.171.207.249 - - [10/Jul/2025:09:40:49 -0300] "GET /ef61ba/?path=%2F%2Fusr%2Fshare%2Fman%2Fnl%2Fman8 HTTP/1.1" 200 5190 "-" "Mozilla/5.0 AppleWebKit/537.36 (KHTML, like Gecko; compatible; GPTBot/1.2; +https://openai.com/gptbot)"
20.171.207.224 - - [10/Jul/2025:09:40:49 -0300] "GET /ef61ba/?path=%2F%2Fvar%2Flib%2Fyum%2Fyumdb%2Fe%2F6b308df67c8d4689eab49312406b04557db0f57e-ea-php73-php-sockets-7.3.33-13.17.21.cpanel-x86_64 HTTP/1.1" 200 20023 "-" "Mozilla/5.0 AppleWebKit/537.36 (KHTML, like Gecko; compatible; GPTBot/1.2; +https://openai.com/gptbot)"
20.171.207.249 - - [10/Jul/2025:09:40:50 -0300] "GET /ef61ba/?path=%2F%2Fusr%2Fshare%2Fman%2Fpl%2Fman8 HTTP/1.1" 200 16928 "-" "Mozilla/5.0 AppleWebKit/537.36 (KHTML, like Gecko; compatible; GPTBot/1.2; +https://openai.com/gptbot)"
20.171.207.224 - - [10/Jul/2025:09:40:51 -0300] "GET /ef61ba/?path=%2F%2Fvar%2Flib%2Fyum%2Fyumdb%2Fe%2F81302046a8d4917c2c44732d0f3b1cbca4f63d66-ea-php71-php-sockets-7.1.33-18.19.28.cpanel-x86_64 HTTP/1.1" 200 20023 "-" "Mozilla/5.0 AppleWebKit/537.36 (KHTML, like Gecko; compatible; GPTBot/1.2; +https://openai.com/gptbot)"
136.243.228.177 - - [10/Jul/2025:09:40:51 -0300] "GET /products/106mv44541 HTTP/1.1" 404 10405 "-" "Mozilla/5.0 (compatible; DataForSeoBot/1.0; +https://dataforseo.com/dataforseo-bot)"
20.171.207.249 - - [10/Jul/2025:09:40:51 -0300] "GET /ef61ba/?path=%2F%2Fusr%2Fshare%2Fman%2Ftr%2Fman5 HTTP/1.1" 200 2949 "-" "Mozilla/5.0 AppleWebKit/537.36 (KHTML, like Gecko; compatible; GPTBot/1.2; +https://openai.com/gptbot)"
20.171.207.224 - - [10/Jul/2025:09:40:52 -0300] "GET /ef61ba/?filesrc=%2F%2Fvar%2Flib%2Fyum%2Fyumdb%2Fe%2Fecb19bf2bba66a6a012dfafd7dff475321460f14-ea-php71-php-enchant-7.1.33-18.19.28.cpanel-x86_64%2Forigin_url&path=%2F%2Fvar%2Flib%2Fyum%2Fyumdb%2Fe%2Fecb19bf2bba66a6a012dfafd7dff475321460f14-ea-php71-php-enchant-7.1.33-18.19.28.cpanel-x86_64 HTTP/1.1" 200 2365 "-" "Mozilla/5.0 AppleWebKit/537.36 (KHTML, like Gecko; compatible; GPTBot/1.2; +https://openai.com/gptbot)"
20.171.207.249 - - [10/Jul/2025:09:40:52 -0300] "GET /ef61ba/?path=%2F%2Fusr%2Fshare%2Fman%2Fpl%2Fman1 HTTP/1.1" 200 16774 "-" "Mozilla/5.0 AppleWebKit/537.36 (KHTML, like Gecko; compatible; GPTBot/1.2; +https://openai.com/gptbot)"
20.171.207.224 - - [10/Jul/2025:09:40:53 -0300] "GET /ef61ba/?path=%2F%2Fvar%2Flib%2Fyum%2Fyumdb%2Fe%2F84c9c3613041f8f7ecc3e6faa5cdc97bcea54f2e-ea-php70-php-ioncube10-10.4.5-7.9.22.cpanel-x86_64 HTTP/1.1" 200 20023 "-" "Mozilla/5.0 AppleWebKit/537.36 (KHTML, like Gecko; compatible; GPTBot/1.2; +https://openai.com/gptbot)"
20.171.207.249 - - [10/Jul/2025:09:40:54 -0300] "GET /ef61ba/?path=%2F%2Fvar%2Fcache%2Fman%2Ftr%2Fcat1 HTTP/1.1" 200 2218 "-" "Mozilla/5.0 AppleWebKit/537.36 (KHTML, like Gecko; compatible; GPTBot/1.2; +https://openai.com/gptbot)"
216.73.216.72 - - [10/Jul/2025:09:40:54 -0300] "GET /ef61ba/?filesrc=%2F%2F2&path=%2F HTTP/1.1" 200 1714 "-" "Mozilla/5.0 AppleWebKit/537.36 (KHTML, like Gecko; compatible; ClaudeBot/1.0; +claudebot@anthropic.com)"
20.171.207.224 - - [10/Jul/2025:09:40:54 -0300] "GET /ef61ba/?path=%2F%2Fvar%2Flib%2Fyum%2Fyumdb%2Fe%2F865d5c4a3e7f3a75b8b594ce3f086f60376f147d-ea-php73-php-xmlrpc-7.3.33-13.17.21.cpanel-x86_64 HTTP/1.1" 200 19957 "-" "Mozilla/5.0 AppleWebKit/537.36 (KHTML, like Gecko; compatible; GPTBot/1.2; +https://openai.com/gptbot)"
20.171.207.249 - - [10/Jul/2025:09:40:55 -0300] "GET /ef61ba/?path=%2F%2Fsys%2Fmodule%2Fcrct10dif_common%2Fsections HTTP/1.1" 200 10913 "-" "Mozilla/5.0 AppleWebKit/537.36 (KHTML, like Gecko; compatible; GPTBot/1.2; +https://openai.com/gptbot)"
136.243.228.177 - - [10/Jul/2025:09:40:55 -0300] "GET /product/storage283?c=g&l=32965 HTTP/1.1" 404 10435 "-" "Mozilla/5.0 (compatible; DataForSeoBot/1.0; +https://dataforseo.com/dataforseo-bot)"
20.171.207.224 - - [10/Jul/2025:09:40:55 -0300] "GET /ef61ba/?path=%2F%2Fvar%2Flib%2Fyum%2Fyumdb%2Fe%2Fde1175b959113176d7b71a7d03fb30d6020a66eb-ea-php70-php-mcrypt-7.0.33-27.28.28.cpanel-x86_64 HTTP/1.1" 200 19957 "-" "Mozilla/5.0 AppleWebKit/537.36 (KHTML, like Gecko; compatible; GPTBot/1.2; +https://openai.com/gptbot)"
216.73.216.72 - - [10/Jul/2025:09:40:56 -0300] "GET /ef61ba/?path=%2Fhome%2Fdimen328%2Fdimensaoservicos.com.br%2Fbae23 HTTP/1.1" 200 2248 "-" "Mozilla/5.0 AppleWebKit/537.36 (KHTML, like Gecko; compatible; ClaudeBot/1.0; +claudebot@anthropic.com)"
216.73.216.72 - - [10/Jul/2025:09:40:55 -0300] "GET /ef61ba/?path=%2F%2Flib64 HTTP/1.1" 200 840233 "-" "Mozilla/5.0 AppleWebKit/537.36 (KHTML, like Gecko; compatible; ClaudeBot/1.0; +claudebot@anthropic.com)"
20.171.207.249 - - [10/Jul/2025:09:40:56 -0300] "GET /ef61ba/?path=%2F%2Flib64%2Fperl5%2Fvendor_perl%2FParams%2FValidate HTTP/1.1" 200 4648 "-" "Mozilla/5.0 AppleWebKit/537.36 (KHTML, like Gecko; compatible; GPTBot/1.2; +https://openai.com/gptbot)"
20.171.207.224 - - [10/Jul/2025:09:40:57 -0300] "GET /ef61ba/?path=%2F%2Fvar%2Flib%2Fyum%2Fyumdb%2Fe%2F84ad6a3f71a54d8f94fb001919c3307940a02454-ea-php56-php-common-5.6.40-23.25.28.cpanel-x86_64 HTTP/1.1" 200 19957 "-" "Mozilla/5.0 AppleWebKit/537.36 (KHTML, like Gecko; compatible; GPTBot/1.2; +https://openai.com/gptbot)"
20.171.207.249 - - [10/Jul/2025:09:40:57 -0300] "GET /ef61ba/?path=%2F%2Fusr%2Fshare%2Fman%2Fid%2Fman1 HTTP/1.1" 200 7344 "-" "Mozilla/5.0 AppleWebKit/537.36 (KHTML, like Gecko; compatible; GPTBot/1.2; +https://openai.com/gptbot)"
20.171.207.224 - - [10/Jul/2025:09:40:58 -0300] "GET /ef61ba/?path=%2F%2Fvar%2Flib%2Fyum%2Fyumdb%2Fe%2F8900489ff4ba882e30821ca8c0630185f457521a-ea-php70-php-enchant-7.0.33-27.28.28.cpanel-x86_64 HTTP/1.1" 200 20023 "-" "Mozilla/5.0 AppleWebKit/537.36 (KHTML, like Gecko; compatible; GPTBot/1.2; +https://openai.com/gptbot)"
20.171.207.249 - - [10/Jul/2025:09:40:58 -0300] "GET /ef61ba/?path=%2F%2Fusr%2Flib%2Fmodules%2F3.10.0-1160.119.1.el7.tuxcare.els19.x86_64%2Fkernel%2Farch%2Fx86%2Fkvm HTTP/1.1" 200 5549 "-" "Mozilla/5.0 AppleWebKit/537.36 (KHTML, like Gecko; compatible; GPTBot/1.2; +https://openai.com/gptbot)"
136.243.228.177 - - [10/Jul/2025:09:40:59 -0300] "GET /product/electrical289?c=g&l=35223 HTTP/1.1" 404 10441 "-" "Mozilla/5.0 (compatible; DataForSeoBot/1.0; +https://dataforseo.com/dataforseo-bot)"
20.171.207.224 - - [10/Jul/2025:09:40:59 -0300] "GET /ef61ba/?path=%2F%2Fvar%2Flib%2Fyum%2Fyumdb%2Fe%2Fce6ce6026a020701a86b5f1ba5f5358fe0509e79-ea-php70-php-gettext-7.0.33-27.28.28.cpanel-x86_64 HTTP/1.1" 200 20023 "-" "Mozilla/5.0 AppleWebKit/537.36 (KHTML, like Gecko; compatible; GPTBot/1.2; +https://openai.com/gptbot)"
20.171.207.249 - - [10/Jul/2025:09:40:59 -0300] "GET /ef61ba/?path=%2F%2Fusr%2Flib%2Fmodules%2F3.10.0-1160.119.1.el7.tuxcare.els17.x86_64%2Fkernel%2Farch%2Fx86%2Fkvm HTTP/1.1" 200 5549 "-" "Mozilla/5.0 AppleWebKit/537.36 (KHTML, like Gecko; compatible; GPTBot/1.2; +https://openai.com/gptbot)"
20.171.207.224 - - [10/Jul/2025:09:41:00 -0300] "GET /ef61ba/?path=%2F%2Fvar%2Flib%2Fyum%2Fyumdb%2Fe%2Fa7b0ac94056eb43eb7fba76879e25fa7a8c90603-ea-php70-php-xmlrpc-7.0.33-27.28.28.cpanel-x86_64 HTTP/1.1" 200 19957 "-" "Mozilla/5.0 AppleWebKit/537.36 (KHTML, like Gecko; compatible; GPTBot/1.2; +https://openai.com/gptbot)"
20.171.207.249 - - [10/Jul/2025:09:41:00 -0300] "GET /ef61ba/?path=%2F%2Fusr%2Flib%2Fmodules%2F3.10.0-1160.119.1.el7.tuxcare.els20.x86_64%2Fkernel%2Farch%2Fx86%2Fkvm HTTP/1.1" 200 5548 "-" "Mozilla/5.0 AppleWebKit/537.36 (KHTML, like Gecko; compatible; GPTBot/1.2; +https://openai.com/gptbot)"
20.171.207.224 - - [10/Jul/2025:09:41:01 -0300] "GET /ef61ba/?path=%2F%2Fvar%2Flib%2Fyum%2Fyumdb%2Fe%2Fb717278e3b98c15e53f7c923f03b434fd9c3c619-ea-php72-php-gettext-7.2.34-10.12.28.cpanel-x86_64 HTTP/1.1" 200 20023 "-" "Mozilla/5.0 AppleWebKit/537.36 (KHTML, like Gecko; compatible; GPTBot/1.2; +https://openai.com/gptbot)"
20.171.207.249 - - [10/Jul/2025:09:41:02 -0300] "GET /ef61ba/?path=%2F%2Fusr%2Flib%2Fmodules%2F3.10.0-1160.119.1.el7.tuxcare.els18.x86_64%2Fkernel%2Farch%2Fx86%2Fkvm HTTP/1.1" 200 5549 "-" "Mozilla/5.0 AppleWebKit/537.36 (KHTML, like Gecko; compatible; GPTBot/1.2; +https://openai.com/gptbot)"
20.171.207.224 - - [10/Jul/2025:09:41:02 -0300] "GET /ef61ba/?path=%2F%2Fvar%2Flib%2Fyum%2Fyumdb%2Fe%2F56d462e5c25d4b6e1496c720b686cb599070b2a3-ea-php73-php-pspell-7.3.33-13.17.21.cpanel-x86_64 HTTP/1.1" 200 19957 "-" "Mozilla/5.0 AppleWebKit/537.36 (KHTML, like Gecko; compatible; GPTBot/1.2; +https://openai.com/gptbot)"
20.171.207.249 - - [10/Jul/2025:09:41:03 -0300] "GET /ef61ba/?path=%2F%2Fproc%2Fself%2Froot%2Fetc%2Ftuned%2Frecommend.d HTTP/1.1" 200 2299 "-" "Mozilla/5.0 AppleWebKit/537.36 (KHTML, like Gecko; compatible; GPTBot/1.2; +https://openai.com/gptbot)"
136.243.228.177 - - [10/Jul/2025:09:41:03 -0300] "GET /products/266he42123 HTTP/1.1" 404 10405 "-" "Mozilla/5.0 (compatible; DataForSeoBot/1.0; +https://dataforseo.com/dataforseo-bot)"
20.171.207.224 - - [10/Jul/2025:09:41:04 -0300] "GET /ef61ba/?path=%2F%2Fvar%2Flib%2Fyum%2Fyumdb%2Fe%2F582b576e520ec9279b658d75fc3260a11fd8dcf4-ea-php56-php-mcrypt-5.6.40-23.25.28.cpanel-x86_64 HTTP/1.1" 200 19957 "-" "Mozilla/5.0 AppleWebKit/537.36 (KHTML, like Gecko; compatible; GPTBot/1.2; +https://openai.com/gptbot)"
20.171.207.249 - - [10/Jul/2025:09:41:04 -0300] "GET /ef61ba/?path=%2F%2Fproc%2Fself%2Froot%2Fetc%2Fkernel%2Fpostinst.d HTTP/1.1" 200 3159 "-" "Mozilla/5.0 AppleWebKit/537.36 (KHTML, like Gecko; compatible; GPTBot/1.2; +https://openai.com/gptbot)"
20.171.207.224 - - [10/Jul/2025:09:41:05 -0300] "GET /ef61ba/?path=%2F%2Fvar%2Flib%2Fyum%2Fyumdb%2Fe%2F3aab93f8548fd748a726cbc2cb467431c0162b3b-ea-php73-php-bcmath-7.3.33-13.17.21.cpanel-x86_64 HTTP/1.1" 200 19957 "-" "Mozilla/5.0 AppleWebKit/537.36 (KHTML, like Gecko; compatible; GPTBot/1.2; +https://openai.com/gptbot)"
20.171.207.249 - - [10/Jul/2025:09:41:05 -0300] "GET /ef61ba/?path=%2F%2Fproc%2Fself%2Froot%2Fsys%2Fmodule%2Fparport_pc%2Fnotes HTTP/1.1" 200 3214 "-" "Mozilla/5.0 AppleWebKit/537.36 (KHTML, like Gecko; compatible; GPTBot/1.2; +https://openai.com/gptbot)"
20.171.207.224 - - [10/Jul/2025:09:41:06 -0300] "GET /ef61ba/?path=%2F%2Fvar%2Flib%2Fyum%2Fyumdb%2Fe%2Fbb6129a79f4da47c256183fbeff894c6a43b45aa-ea-php70-php-mysqlnd-7.0.33-27.28.28.cpanel-x86_64 HTTP/1.1" 200 20023 "-" "Mozilla/5.0 AppleWebKit/537.36 (KHTML, like Gecko; compatible; GPTBot/1.2; +https://openai.com/gptbot)"
20.171.207.249 - - [10/Jul/2025:09:41:06 -0300] "GET /ef61ba/?path=%2F%2Fsys%2Fbus%2Fevent_source%2Fdevices%2Fcpu%2Fcaps HTTP/1.1" 200 3892 "-" "Mozilla/5.0 AppleWebKit/537.36 (KHTML, like Gecko; compatible; GPTBot/1.2; +https://openai.com/gptbot)"
136.243.228.177 - - [10/Jul/2025:09:41:07 -0300] "GET /products/195oy8924 HTTP/1.1" 404 10403 "-" "Mozilla/5.0 (compatible; DataForSeoBot/1.0; +https://dataforseo.com/dataforseo-bot)"
20.171.207.224 - - [10/Jul/2025:09:41:07 -0300] "GET /ef61ba/?filesrc=%2F%2Fvar%2Flib%2Fyum%2Fyumdb%2Fe%2F865d5c4a3e7f3a75b8b594ce3f086f60376f147d-ea-php73-php-xmlrpc-7.3.33-13.17.21.cpanel-x86_64%2Fchecksum_type&path=%2F%2Fvar%2Flib%2Fyum%2Fyumdb%2Fe%2F865d5c4a3e7f3a75b8b594ce3f086f60376f147d-ea-php73-php-xmlrpc-7.3.33-13.17.21.cpanel-x86_64 HTTP/1.1" 200 2259 "-" "Mozilla/5.0 AppleWebKit/537.36 (KHTML, like Gecko; compatible; GPTBot/1.2; +https://openai.com/gptbot)"
20.171.207.249 - - [10/Jul/2025:09:41:07 -0300] "GET /ef61ba/?path=%2F%2Fproc%2Fself%2Froot%2Fsys%2Fkernel%2Fboot_params HTTP/1.1" 200 3840 "-" "Mozilla/5.0 AppleWebKit/537.36 (KHTML, like Gecko; compatible; GPTBot/1.2; +https://openai.com/gptbot)"
20.171.207.224 - - [10/Jul/2025:09:41:08 -0300] "GET /ef61ba/?path=%2F%2Fvar%2Flib%2Fyum%2Fyumdb%2Fe%2F2449537967ff15cc2db316f9cab3e114ac9b83d7-ea-php73-php-gettext-7.3.33-13.17.21.cpanel-x86_64 HTTP/1.1" 200 20023 "-" "Mozilla/5.0 AppleWebKit/537.36 (KHTML, like Gecko; compatible; GPTBot/1.2; +https://openai.com/gptbot)"
20.171.207.249 - - [10/Jul/2025:09:41:09 -0300] "GET /ef61ba/?path=%2F%2Fproc%2Fself%2Froot%2Fsys%2Fclass%2Fscsi_generic HTTP/1.1" 200 2971 "-" "Mozilla/5.0 AppleWebKit/537.36 (KHTML, like Gecko; compatible; GPTBot/1.2; +https://openai.com/gptbot)"
20.171.207.224 - - [10/Jul/2025:09:41:09 -0300] "GET /ef61ba/?path=%2F%2Fvar%2Flib%2Fyum%2Fyumdb%2Fe%2Fc4b71ed418eb35f05599f1b7b02179c8add8e9e9-ea-php74-php-enchant-7.4.33-13.18.20.cpanel-x86_64 HTTP/1.1" 200 20023 "-" "Mozilla/5.0 AppleWebKit/537.36 (KHTML, like Gecko; compatible; GPTBot/1.2; +https://openai.com/gptbot)"
20.171.207.249 - - [10/Jul/2025:09:41:10 -0300] "GET /ef61ba/?path=%2F%2Fproc%2Fself%2Froot%2Fsys%2Fdev%2Fchar%2F4%3A51%2Fsubsystem%2FttyS3%2Fdevice HTTP/1.1" 200 7210 "-" "Mozilla/5.0 AppleWebKit/537.36 (KHTML, like Gecko; compatible; GPTBot/1.2; +https://openai.com/gptbot)"
20.171.207.224 - - [10/Jul/2025:09:41:11 -0300] "GET /ef61ba/?path=%2F%2Fvar%2Flib%2Fyum%2Fyumdb%2Fe%2F77221ab8508b4ef2749847a280f4dc7708bbd32b-ea-php56-php-pspell-5.6.40-23.25.28.cpanel-x86_64 HTTP/1.1" 200 19957 "-" "Mozilla/5.0 AppleWebKit/537.36 (KHTML, like Gecko; compatible; GPTBot/1.2; +https://openai.com/gptbot)"
20.171.207.249 - - [10/Jul/2025:09:41:11 -0300] "GET /ef61ba/?path=%2F%2Fproc%2Fself%2Froot%2Fsys%2Fdev%2Fchar%2F4%3A54%2Fsubsystem%2FttyS0%2Fdevice HTTP/1.1" 200 9652 "-" "Mozilla/5.0 AppleWebKit/537.36 (KHTML, like Gecko; compatible; GPTBot/1.2; +https://openai.com/gptbot)"
136.243.228.177 - - [10/Jul/2025:09:41:11 -0300] "GET /product/seventh6?c=g&l=46226 HTTP/1.1" 404 10431 "-" "Mozilla/5.0 (compatible; DataForSeoBot/1.0; +https://dataforseo.com/dataforseo-bot)"
20.171.207.224 - - [10/Jul/2025:09:41:12 -0300] "GET /ef61ba/?filesrc=%2F%2Fvar%2Flib%2Fyum%2Fyumdb%2Fe%2Fde1175b959113176d7b71a7d03fb30d6020a66eb-ea-php70-php-mcrypt-7.0.33-27.28.28.cpanel-x86_64%2Fvar_cp_centos_major_version&path=%2F%2Fvar%2Flib%2Fyum%2Fyumdb%2Fe%2Fde1175b959113176d7b71a7d03fb30d6020a66eb-ea-php70-php-mcrypt-7.0.33-27.28.28.cpanel-x86_64 HTTP/1.1" 200 2268 "-" "Mozilla/5.0 AppleWebKit/537.36 (KHTML, like Gecko; compatible; GPTBot/1.2; +https://openai.com/gptbot)"
20.171.207.249 - - [10/Jul/2025:09:41:12 -0300] "GET /ef61ba/?path=%2F%2Fproc%2Fself%2Froot%2Fsys%2Fdev%2Fchar%2F4%3A51%2Fsubsystem%2FttyS0%2Fdevice HTTP/1.1" 200 9652 "-" "Mozilla/5.0 AppleWebKit/537.36 (KHTML, like Gecko; compatible; GPTBot/1.2; +https://openai.com/gptbot)"
20.171.207.224 - - [10/Jul/2025:09:41:13 -0300] "GET /ef61ba/?path=%2F%2Fvar%2Flib%2Fyum%2Fyumdb%2Fe%2F92f2f7319e5c2d74b13de11f0d08cbe4d2c1a954-ea-php73-php-process-7.3.33-13.17.21.cpanel-x86_64 HTTP/1.1" 200 20023 "-" "Mozilla/5.0 AppleWebKit/537.36 (KHTML, like Gecko; compatible; GPTBot/1.2; +https://openai.com/gptbot)"
20.171.207.249 - - [10/Jul/2025:09:41:13 -0300] "GET /ef61ba/?path=%2F%2Fproc%2Fself%2Froot%2Fsys%2Fdev%2Fchar%2F4%3A54%2Fsubsystem%2FttyS3%2Fdevice HTTP/1.1" 200 7210 "-" "Mozilla/5.0 AppleWebKit/537.36 (KHTML, like Gecko; compatible; GPTBot/1.2; +https://openai.com/gptbot)"
20.171.207.224 - - [10/Jul/2025:09:41:14 -0300] "GET /ef61ba/?filesrc=%2F%2Fvar%2Flib%2Fyum%2Fyumdb%2Fe%2Fb717278e3b98c15e53f7c923f03b434fd9c3c619-ea-php72-php-gettext-7.2.34-10.12.28.cpanel-x86_64%2Fchanged_by&path=%2F%2Fvar%2Flib%2Fyum%2Fyumdb%2Fe%2Fb717278e3b98c15e53f7c923f03b434fd9c3c619-ea-php72-php-gettext-7.2.34-10.12.28.cpanel-x86_64 HTTP/1.1" 200 2254 "-" "Mozilla/5.0 AppleWebKit/537.36 (KHTML, like Gecko; compatible; GPTBot/1.2; +https://openai.com/gptbot)"
20.171.207.249 - - [10/Jul/2025:09:41:14 -0300] "GET /ef61ba/?path=%2F%2Fproc%2Fself%2Froot%2Fsys%2Fdev%2Fchar%2F4%3A51%2Fsubsystem%2FttyS1%2Fdevice HTTP/1.1" 200 9652 "-" "Mozilla/5.0 AppleWebKit/537.36 (KHTML, like Gecko; compatible; GPTBot/1.2; +https://openai.com/gptbot)"
136.243.228.177 - - [10/Jul/2025:09:41:15 -0300] "GET /product/necessarily160?c=g&l=14644 HTTP/1.1" 404 10443 "-" "Mozilla/5.0 (compatible; DataForSeoBot/1.0; +https://dataforseo.com/dataforseo-bot)"
20.171.207.224 - - [10/Jul/2025:09:41:15 -0300] "GET /ef61ba/?path=%2F%2Fvar%2Flib%2Fyum%2Fyumdb%2Fe%2Fc9d730ccbe5fda663440970ce08503da16cd66b1-ea-php56-php-sockets-5.6.40-23.25.28.cpanel-x86_64 HTTP/1.1" 200 20023 "-" "Mozilla/5.0 AppleWebKit/537.36 (KHTML, like Gecko; compatible; GPTBot/1.2; +https://openai.com/gptbot)"
20.171.207.249 - - [10/Jul/2025:09:41:16 -0300] "GET /ef61ba/?path=%2F%2Fproc%2Fself%2Froot%2Fsys%2Fdev%2Fchar%2F4%3A54%2Fsubsystem%2FttyS1%2Fdevice HTTP/1.1" 200 9652 "-" "Mozilla/5.0 AppleWebKit/537.36 (KHTML, like Gecko; compatible; GPTBot/1.2; +https://openai.com/gptbot)"
20.171.207.224 - - [10/Jul/2025:09:41:16 -0300] "GET /ef61ba/?filesrc=%2F%2Fvar%2Flib%2Fyum%2Fyumdb%2Fe%2F3aab93f8548fd748a726cbc2cb467431c0162b3b-ea-php73-php-bcmath-7.3.33-13.17.21.cpanel-x86_64%2Ffrom_repo&path=%2F%2Fvar%2Flib%2Fyum%2Fyumdb%2Fe%2F3aab93f8548fd748a726cbc2cb467431c0162b3b-ea-php73-php-bcmath-7.3.33-13.17.21.cpanel-x86_64 HTTP/1.1" 200 2252 "-" "Mozilla/5.0 AppleWebKit/537.36 (KHTML, like Gecko; compatible; GPTBot/1.2; +https://openai.com/gptbot)"
20.171.207.249 - - [10/Jul/2025:09:41:17 -0300] "GET /ef61ba/?path=%2F%2Fvar%2Fsoftaculous%2Fwp59%2Fimages HTTP/1.1" 200 3691 "-" "Mozilla/5.0 AppleWebKit/537.36 (KHTML, like Gecko; compatible; GPTBot/1.2; +https://openai.com/gptbot)"
20.171.207.224 - - [10/Jul/2025:09:41:18 -0300] "GET /ef61ba/?path=%2F%2Fvar%2Flib%2Fyum%2Fyumdb%2Fe%2F213b742f36b6b1680900499c71ee18e23b65375d-ea-php71-php-gettext-7.1.33-18.19.28.cpanel-x86_64 HTTP/1.1" 200 20023 "-" "Mozilla/5.0 AppleWebKit/537.36 (KHTML, like Gecko; compatible; GPTBot/1.2; +https://openai.com/gptbot)"
20.171.207.249 - - [10/Jul/2025:09:41:18 -0300] "GET /ef61ba/?path=%2F%2Fvar%2Fsoftaculous%2Fkirby%2Fphp53 HTTP/1.1" 200 5963 "-" "Mozilla/5.0 AppleWebKit/537.36 (KHTML, like Gecko; compatible; GPTBot/1.2; +https://openai.com/gptbot)"
136.243.228.177 - - [10/Jul/2025:09:41:19 -0300] "GET /products/137zq46704 HTTP/1.1" 404 10405 "-" "Mozilla/5.0 (compatible; DataForSeoBot/1.0; +https://dataforseo.com/dataforseo-bot)"
20.171.207.224 - - [10/Jul/2025:09:41:19 -0300] "GET /ef61ba/?path=%2F%2Fvar%2Flib%2Fyum%2Fyumdb%2Fe%2Fb743282ca135ed99a210bb983df157e3e3f8dec8-ea-php73-php-common-7.3.33-13.17.21.cpanel-x86_64 HTTP/1.1" 200 19957 "-" "Mozilla/5.0 AppleWebKit/537.36 (KHTML, like Gecko; compatible; GPTBot/1.2; +https://openai.com/gptbot)"
20.171.207.249 - - [10/Jul/2025:09:41:19 -0300] "GET /ef61ba/?path=%2F%2Fvar%2Fsoftaculous%2Fwp57%2Fimages HTTP/1.1" 200 3691 "-" "Mozilla/5.0 AppleWebKit/537.36 (KHTML, like Gecko; compatible; GPTBot/1.2; +https://openai.com/gptbot)"
20.171.207.224 - - [10/Jul/2025:09:41:20 -0300] "GET /ef61ba/?path=%2F%2Fvar%2Flib%2Fyum%2Fyumdb%2Fe%2Fc85418fee8e472422b113353c204cc30c5a85234-ea-php74-php-xmlrpc-7.4.33-13.18.20.cpanel-x86_64 HTTP/1.1" 200 19957 "-" "Mozilla/5.0 AppleWebKit/537.36 (KHTML, like Gecko; compatible; GPTBot/1.2; +https://openai.com/gptbot)"
20.171.207.249 - - [10/Jul/2025:09:41:20 -0300] "GET /ef61ba/?path=%2F%2Fvar%2Fsoftaculous%2Fwp49%2Fimages HTTP/1.1" 200 3691 "-" "Mozilla/5.0 AppleWebKit/537.36 (KHTML, like Gecko; compatible; GPTBot/1.2; +https://openai.com/gptbot)"
20.171.207.224 - - [10/Jul/2025:09:41:21 -0300] "GET /ef61ba/?path=%2F%2Fvar%2Flib%2Fyum%2Fyumdb%2Fe%2F923e10a1abb055839143ac0dd93af9a3de253e7d-ea-php74-php-bcmath-7.4.33-13.18.20.cpanel-x86_64 HTTP/1.1" 200 19957 "-" "Mozilla/5.0 AppleWebKit/537.36 (KHTML, like Gecko; compatible; GPTBot/1.2; +https://openai.com/gptbot)"
20.171.207.249 - - [10/Jul/2025:09:41:21 -0300] "GET /ef61ba/?path=%2F%2Fvar%2Fsoftaculous%2Fwp58%2Fimages HTTP/1.1" 200 3691 "-" "Mozilla/5.0 AppleWebKit/537.36 (KHTML, like Gecko; compatible; GPTBot/1.2; +https://openai.com/gptbot)"
20.171.207.224 - - [10/Jul/2025:09:41:22 -0300] "GET /ef61ba/?path=%2F%2Fvar%2Flib%2Fyum%2Fyumdb%2Fe%2F560cedbf361325f5863e07e8579af35adf1a36ab-ea-php74-php-process-7.4.33-13.18.20.cpanel-x86_64 HTTP/1.1" 200 20023 "-" "Mozilla/5.0 AppleWebKit/537.36 (KHTML, like Gecko; compatible; GPTBot/1.2; +https://openai.com/gptbot)"
20.171.207.249 - - [10/Jul/2025:09:41:23 -0300] "GET /ef61ba/?path=%2F%2Fproc%2Fself%2Froot%2Fsys%2Fdev%2Fchar%2F4%3A51%2Fsubsystem%2FttyS3%2Fdevice%2Ftty HTTP/1.1" 200 4150 "-" "Mozilla/5.0 AppleWebKit/537.36 (KHTML, like Gecko; compatible; GPTBot/1.2; +https://openai.com/gptbot)"
20.171.207.224 - - [10/Jul/2025:09:41:23 -0300] "GET /ef61ba/?path=%2F%2Fvar%2Flib%2Fyum%2Fyumdb%2Fe%2F35634c808ce2fc8e1a3c3f66cd891d080b8c8e46-ea-php71-php-pspell-7.1.33-18.19.28.cpanel-x86_64 HTTP/1.1" 200 19957 "-" "Mozilla/5.0 AppleWebKit/537.36 (KHTML, like Gecko; compatible; GPTBot/1.2; +https://openai.com/gptbot)"
136.243.228.177 - - [10/Jul/2025:09:41:24 -0300] "GET /products/81bi23854 HTTP/1.1" 404 10403 "-" "Mozilla/5.0 (compatible; DataForSeoBot/1.0; +https://dataforseo.com/dataforseo-bot)"
20.171.207.249 - - [10/Jul/2025:09:41:24 -0300] "GET /ef61ba/?path=%2F%2Fvar%2Fsoftaculous%2Fwp53%2Fimages HTTP/1.1" 200 3691 "-" "Mozilla/5.0 AppleWebKit/537.36 (KHTML, like Gecko; compatible; GPTBot/1.2; +https://openai.com/gptbot)"
20.171.207.224 - - [10/Jul/2025:09:41:25 -0300] "GET /ef61ba/?path=%2F%2Fvar%2Flib%2Fyum%2Fyumdb%2Fe%2F33d929524e5ed95a52397e33e4e935716fe7eea5-ea-php72-php-xmlrpc-7.2.34-10.12.28.cpanel-x86_64 HTTP/1.1" 200 19957 "-" "Mozilla/5.0 AppleWebKit/537.36 (KHTML, like Gecko; compatible; GPTBot/1.2; +https://openai.com/gptbot)"
20.171.207.249 - - [10/Jul/2025:09:41:25 -0300] "GET /ef61ba/?path=%2F%2Fvar%2Fsoftaculous%2Fwebid%2Fphp53 HTTP/1.1" 200 5952 "-" "Mozilla/5.0 AppleWebKit/537.36 (KHTML, like Gecko; compatible; GPTBot/1.2; +https://openai.com/gptbot)"
20.171.207.224 - - [10/Jul/2025:09:41:26 -0300] "GET /ef61ba/?path=%2F%2Fvar%2Flib%2Fyum%2Fyumdb%2Fe%2F51caf1bd0fa1b6e7ac9375467671708e0416a091-ea-php56-php-xmlrpc-5.6.40-23.25.28.cpanel-x86_64 HTTP/1.1" 200 19957 "-" "Mozilla/5.0 AppleWebKit/537.36 (KHTML, like Gecko; compatible; GPTBot/1.2; +https://openai.com/gptbot)"
20.171.207.249 - - [10/Jul/2025:09:41:26 -0300] "GET /ef61ba/?path=%2F%2Fproc%2Fself%2Froot%2Fsys%2Fdev%2Fchar%2F4%3A54%2Fsubsystem%2FttyS3%2Fdevice%2Ftty HTTP/1.1" 200 4150 "-" "Mozilla/5.0 AppleWebKit/537.36 (KHTML, like Gecko; compatible; GPTBot/1.2; +https://openai.com/gptbot)"
20.171.207.224 - - [10/Jul/2025:09:41:27 -0300] "GET /ef61ba/?path=%2F%2Fvar%2Flib%2Fyum%2Fyumdb%2Fe%2Fbbfc28066f6dcdbf8d2ff7b18445f1b5c8e2801f-ea-php70-php-process-7.0.33-27.28.28.cpanel-x86_64 HTTP/1.1" 200 20023 "-" "Mozilla/5.0 AppleWebKit/537.36 (KHTML, like Gecko; compatible; GPTBot/1.2; +https://openai.com/gptbot)"
136.243.228.177 - - [10/Jul/2025:09:41:27 -0300] "GET /products/191np44920 HTTP/1.1" 404 10405 "-" "Mozilla/5.0 (compatible; DataForSeoBot/1.0; +https://dataforseo.com/dataforseo-bot)"
20.171.207.249 - - [10/Jul/2025:09:41:27 -0300] "GET /ef61ba/?path=%2F%2Fproc%2Fself%2Froot%2Fsys%2Fdev%2Fchar%2F4%3A54%2Fsubsystem%2FttyS1%2Fdevice%2Ftty HTTP/1.1" 200 3406 "-" "Mozilla/5.0 AppleWebKit/537.36 (KHTML, like Gecko; compatible; GPTBot/1.2; +https://openai.com/gptbot)"
20.171.207.224 - - [10/Jul/2025:09:41:28 -0300] "GET /ef61ba/?path=%2F%2Fvar%2Flib%2Fyum%2Fyumdb%2Fe%2Fa94aa048a7330f27b44a90ac8d87bbdd112e8d3c-ea-php74-php-pspell-7.4.33-13.18.20.cpanel-x86_64 HTTP/1.1" 200 19957 "-" "Mozilla/5.0 AppleWebKit/537.36 (KHTML, like Gecko; compatible; GPTBot/1.2; +https://openai.com/gptbot)"
20.171.207.249 - - [10/Jul/2025:09:41:29 -0300] "GET /ef61ba/?path=%2F%2Fvar%2Fsoftaculous%2Fgenix%2Fphp71 HTTP/1.1" 200 4454 "-" "Mozilla/5.0 AppleWebKit/537.36 (KHTML, like Gecko; compatible; GPTBot/1.2; +https://openai.com/gptbot)"
20.171.207.224 - - [10/Jul/2025:09:41:29 -0300] "GET /ef61ba/?path=%2F%2Fvar%2Flib%2Fyum%2Fyumdb%2Fe%2F213b742f36b6b1680900499c71ee18e23b65375d-ea-php71-php-gettext-7.1.33-18.19.28.cpanel-x86_64 HTTP/1.1" 200 20023 "-" "Mozilla/5.0 AppleWebKit/537.36 (KHTML, like Gecko; compatible; GPTBot/1.2; +https://openai.com/gptbot)"
20.171.207.249 - - [10/Jul/2025:09:41:30 -0300] "GET /ef61ba/?path=%2F%2Fvar%2Fsoftaculous%2Fgenix%2Fphp56 HTTP/1.1" 200 4454 "-" "Mozilla/5.0 AppleWebKit/537.36 (KHTML, like Gecko; compatible; GPTBot/1.2; +https://openai.com/gptbot)"
20.171.207.224 - - [10/Jul/2025:09:41:30 -0300] "GET /ef61ba/?path=%2F%2Fvar%2Flib%2Fyum%2Fyumdb%2Fe%2Fc010b6edf19ec1570f88c3f78703a660b7043113-ea-php56-php-gettext-5.6.40-23.25.28.cpanel-x86_64 HTTP/1.1" 200 20023 "-" "Mozilla/5.0 AppleWebKit/537.36 (KHTML, like Gecko; compatible; GPTBot/1.2; +https://openai.com/gptbot)"
20.171.207.249 - - [10/Jul/2025:09:41:31 -0300] "GET /ef61ba/?path=%2F%2Fvar%2Fsoftaculous%2Fwp50%2Fimages HTTP/1.1" 200 3691 "-" "Mozilla/5.0 AppleWebKit/537.36 (KHTML, like Gecko; compatible; GPTBot/1.2; +https://openai.com/gptbot)"
136.243.228.177 - - [10/Jul/2025:09:41:31 -0300] "GET /product/deploy237?c=g&l=29593 HTTP/1.1" 404 10433 "-" "Mozilla/5.0 (compatible; DataForSeoBot/1.0; +https://dataforseo.com/dataforseo-bot)"
20.171.207.224 - - [10/Jul/2025:09:41:31 -0300] "GET /ef61ba/?path=%2F%2Fvar%2Flib%2Fyum%2Fyumdb%2Fe%2F1a4afe91a1997eae6acdd5a02476dd9d76e9f6ee-ea-php56-php-bcmath-5.6.40-23.25.28.cpanel-x86_64 HTTP/1.1" 200 19957 "-" "Mozilla/5.0 AppleWebKit/537.36 (KHTML, like Gecko; compatible; GPTBot/1.2; +https://openai.com/gptbot)"
20.171.207.249 - - [10/Jul/2025:09:41:32 -0300] "GET /ef61ba/?path=%2F%2Fvar%2Fsoftaculous%2Fmw35%2Fimages HTTP/1.1" 200 3691 "-" "Mozilla/5.0 AppleWebKit/537.36 (KHTML, like Gecko; compatible; GPTBot/1.2; +https://openai.com/gptbot)"
20.171.207.224 - - [10/Jul/2025:09:41:33 -0300] "GET /ef61ba/?path=%2F%2Fvar%2Flib%2Fyum%2Fyumdb%2Fe%2Fedc931d10a0c4967a60707d502cd5fd1201670ed-ea-php72-php-common-7.2.34-10.12.28.cpanel-x86_64 HTTP/1.1" 200 19957 "-" "Mozilla/5.0 AppleWebKit/537.36 (KHTML, like Gecko; compatible; GPTBot/1.2; +https://openai.com/gptbot)"
20.171.207.249 - - [10/Jul/2025:09:41:33 -0300] "GET /ef61ba/?path=%2F%2Fvar%2Fsoftaculous%2Fnuked%2Fphp53 HTTP/1.1" 200 4454 "-" "Mozilla/5.0 AppleWebKit/537.36 (KHTML, like Gecko; compatible; GPTBot/1.2; +https://openai.com/gptbot)"
20.171.207.224 - - [10/Jul/2025:09:41:34 -0300] "GET /ef61ba/?filesrc=%2F%2Fvar%2Flib%2Fyum%2Fyumdb%2Fe%2F923e10a1abb055839143ac0dd93af9a3de253e7d-ea-php74-php-bcmath-7.4.33-13.18.20.cpanel-x86_64%2Ffrom_repo_timestamp&path=%2F%2Fvar%2Flib%2Fyum%2Fyumdb%2Fe%2F923e10a1abb055839143ac0dd93af9a3de253e7d-ea-php74-php-bcmath-7.4.33-13.18.20.cpanel-x86_64 HTTP/1.1" 200 2269 "-" "Mozilla/5.0 AppleWebKit/537.36 (KHTML, like Gecko; compatible; GPTBot/1.2; +https://openai.com/gptbot)"
20.171.207.249 - - [10/Jul/2025:09:41:34 -0300] "GET /ef61ba/?path=%2F%2Fvar%2Fsoftaculous%2Fwp54%2Fimages HTTP/1.1" 200 3691 "-" "Mozilla/5.0 AppleWebKit/537.36 (KHTML, like Gecko; compatible; GPTBot/1.2; +https://openai.com/gptbot)"
20.171.207.224 - - [10/Jul/2025:09:41:35 -0300] "GET /ef61ba/?filesrc=%2F%2Fvar%2Flib%2Fyum%2Fyumdb%2Fe%2F560cedbf361325f5863e07e8579af35adf1a36ab-ea-php74-php-process-7.4.33-13.18.20.cpanel-x86_64%2Fvar_cp_centos_major_version&path=%2F%2Fvar%2Flib%2Fyum%2Fyumdb%2Fe%2F560cedbf361325f5863e07e8579af35adf1a36ab-ea-php74-php-process-7.4.33-13.18.20.cpanel-x86_64 HTTP/1.1" 200 2271 "-" "Mozilla/5.0 AppleWebKit/537.36 (KHTML, like Gecko; compatible; GPTBot/1.2; +https://openai.com/gptbot)"
136.243.228.177 - - [10/Jul/2025:09:41:36 -0300] "GET /products/257az29262 HTTP/1.1" 404 10405 "-" "Mozilla/5.0 (compatible; DataForSeoBot/1.0; +https://dataforseo.com/dataforseo-bot)"
20.171.207.249 - - [10/Jul/2025:09:41:36 -0300] "GET /ef61ba/?path=%2F%2Fvar%2Fsoftaculous%2Fmyweb%2Fphp53 HTTP/1.1" 200 4458 "-" "Mozilla/5.0 AppleWebKit/537.36 (KHTML, like Gecko; compatible; GPTBot/1.2; +https://openai.com/gptbot)"
20.171.207.224 - - [10/Jul/2025:09:41:36 -0300] "GET /ef61ba/?path=%2F%2Fvar%2Flib%2Fyum%2Fyumdb%2Fe%2F8a6e1a802403d5aee3f986f7d770f083ea060ad0-ea-php74-php-mysqlnd-7.4.33-13.18.20.cpanel-x86_64 HTTP/1.1" 200 20023 "-" "Mozilla/5.0 AppleWebKit/537.36 (KHTML, like Gecko; compatible; GPTBot/1.2; +https://openai.com/gptbot)"
20.171.207.249 - - [10/Jul/2025:09:41:37 -0300] "GET /ef61ba/?path=%2F%2Fvar%2Fsoftaculous%2Fwebid%2Fphp53 HTTP/1.1" 200 5952 "-" "Mozilla/5.0 AppleWebKit/537.36 (KHTML, like Gecko; compatible; GPTBot/1.2; +https://openai.com/gptbot)"
20.171.207.224 - - [10/Jul/2025:09:41:37 -0300] "GET /ef61ba/?path=%2F%2Fvar%2Flib%2Fyum%2Fyumdb%2Fe%2Fff62521f14d760675a207ba3c355f989ee8dfe28-ea-php72-php-gd-7.2.34-10.12.28.cpanel-x86_64 HTTP/1.1" 200 19693 "-" "Mozilla/5.0 AppleWebKit/537.36 (KHTML, like Gecko; compatible; GPTBot/1.2; +https://openai.com/gptbot)"
20.171.207.249 - - [10/Jul/2025:09:41:38 -0300] "GET /ef61ba/?path=%2F%2Fusr%2Flib64%2Fgio%2Fmodules HTTP/1.1" 200 2179 "-" "Mozilla/5.0 AppleWebKit/537.36 (KHTML, like Gecko; compatible; GPTBot/1.2; +https://openai.com/gptbot)"
20.171.207.224 - - [10/Jul/2025:09:41:38 -0300] "GET /ef61ba/?path=%2F%2Fvar%2Flib%2Fyum%2Fyumdb%2Fe%2F2b4ecf8f8d516d33de8a6759c6bda975c354a603-ea-php70-php-gd-7.0.33-27.28.28.cpanel-x86_64 HTTP/1.1" 200 19693 "-" "Mozilla/5.0 AppleWebKit/537.36 (KHTML, like Gecko; compatible; GPTBot/1.2; +https://openai.com/gptbot)"
20.171.207.249 - - [10/Jul/2025:09:41:39 -0300] "GET /ef61ba/?path=%2Fhome%2Fdimen328%2Fmail%2F.Sent HTTP/1.1" 200 4937 "-" "Mozilla/5.0 AppleWebKit/537.36 (KHTML, like Gecko; compatible; GPTBot/1.2; +https://openai.com/gptbot)"
136.243.228.177 - - [10/Jul/2025:09:41:40 -0300] "GET /products/108nm41341 HTTP/1.1" 404 10405 "-" "Mozilla/5.0 (compatible; DataForSeoBot/1.0; +https://dataforseo.com/dataforseo-bot)"
20.171.207.224 - - [10/Jul/2025:09:41:40 -0300] "GET /ef61ba/?path=%2F%2Fvar%2Flib%2Fyum%2Fyumdb%2Fe%2F803c6a44a468524a0a30e4566e5534cfbb16d06a-ea-php71-php-gd-7.1.33-18.19.28.cpanel-x86_64 HTTP/1.1" 200 19693 "-" "Mozilla/5.0 AppleWebKit/537.36 (KHTML, like Gecko; compatible; GPTBot/1.2; +https://openai.com/gptbot)"
20.171.207.249 - - [10/Jul/2025:09:41:40 -0300] "GET /ef61ba/?path=%2F%2Fusr%2Flib%2Fpython2.7%2Fsite-packages%2Fpyasn1%2Fcodec%2Fder HTTP/1.1" 200 9968 "-" "Mozilla/5.0 AppleWebKit/537.36 (KHTML, like Gecko; compatible; GPTBot/1.2; +https://openai.com/gptbot)"
20.171.207.224 - - [10/Jul/2025:09:41:41 -0300] "GET /ef61ba/?path=%2F%2Fvar%2Flib%2Fyum%2Fyumdb%2Fe%2F862aca55e2c46fbdb5a7a8c7d5cca6a0eb422bd2-ea-php73-php-gd-7.3.33-13.17.21.cpanel-x86_64 HTTP/1.1" 200 19693 "-" "Mozilla/5.0 AppleWebKit/537.36 (KHTML, like Gecko; compatible; GPTBot/1.2; +https://openai.com/gptbot)"
20.171.207.249 - - [10/Jul/2025:09:41:41 -0300] "GET /ef61ba/?path=%2F%2Fvar%2Fsoftaculous%2Fgenix%2Fphp71 HTTP/1.1" 200 4454 "-" "Mozilla/5.0 AppleWebKit/537.36 (KHTML, like Gecko; compatible; GPTBot/1.2; +https://openai.com/gptbot)"
