20.171.207.224 - - [10/Jul/2025:09:59:21 -0300] "GET /ef61ba/?filesrc=%2Fhome%2Fdimen328%2F.cpanel%2Ficals%2Fcompras2%40dimensaogrupo.com.br.ics&path=%2Fhome%2Fdimen328%2F.cpanel%2Ficals HTTP/1.1" 200 2097 "-" "Mozilla/5.0 AppleWebKit/537.36 (KHTML, like Gecko; compatible; GPTBot/1.2; +https://openai.com/gptbot)"
20.171.207.249 - - [10/Jul/2025:09:59:22 -0300] "GET /ef61ba/?filesrc=%2Fhome%2Fdimen328%2Fmail%2F.operacional%40libertysa_com_br%2Fcur%2F1748179057.M422257P9798.vps-6532726.dimensaogrupo.com.br%2CS%3D332549%2CW%3D336899%3A2%2CS&path=%2Fhome%2Fdimen328%2Fmail%2F.operacional%40libertysa_com_br%2Fcur HTTP/1.1" 200 334846 "-" "Mozilla/5.0 AppleWebKit/537.36 (KHTML, like Gecko; compatible; GPTBot/1.2; +https://openai.com/gptbot)"
20.171.207.224 - - [10/Jul/2025:09:59:22 -0300] "GET /ef61ba/?filesrc=%2Fhome%2Fdimen328%2F.cpanel%2Ficals%2F.cpanel_ics_import_encarregadoshmp%40dimensaoservicos.com.br&path=%2Fhome%2Fdimen328%2F.cpanel%2Ficals HTTP/1.1" 200 1979 "-" "Mozilla/5.0 AppleWebKit/537.36 (KHTML, like Gecko; compatible; GPTBot/1.2; +https://openai.com/gptbot)"
20.171.207.249 - - [10/Jul/2025:09:59:23 -0300] "GET /ef61ba/?filesrc=%2Fhome%2Fdimen328%2Fmail%2F.financeiro%40libertysa_com_br%2Fnew%2F1741643820.M589998P31538.vps-6532726.dimensaogrupo.com.br%2CS%3D6718%2CW%3D6841&path=%2Fhome%2Fdimen328%2Fmail%2F.financeiro%40libertysa_com_br%2Fnew HTTP/1.1" 200 8946 "-" "Mozilla/5.0 AppleWebKit/537.36 (KHTML, like Gecko; compatible; GPTBot/1.2; +https://openai.com/gptbot)"
20.171.207.224 - - [10/Jul/2025:09:59:23 -0300] "GET /ef61ba/?filesrc=%2Fhome%2Fdimen328%2F.cpanel%2Ficals%2F.cpanel_ics_import_encarregadosmogi%40dimensaoservicos.com.br&path=%2Fhome%2Fdimen328%2F.cpanel%2Ficals HTTP/1.1" 200 1980 "-" "Mozilla/5.0 AppleWebKit/537.36 (KHTML, like Gecko; compatible; GPTBot/1.2; +https://openai.com/gptbot)"
136.243.228.177 - - [10/Jul/2025:09:59:23 -0300] "GET /products/86zx35191 HTTP/1.1" 404 10403 "-" "Mozilla/5.0 (compatible; DataForSeoBot/1.0; +https://dataforseo.com/dataforseo-bot)"
20.171.207.249 - - [10/Jul/2025:09:59:24 -0300] "GET /ef61ba/?filesrc=%2Fhome%2Fdimen328%2Fmail%2F.supervisor%40libertysa_com_br%2Fnew%2F1637347444.M515702P12858.vps-6532726.dimensaogrupo.com.br%2CS%3D14047%2CW%3D14337&path=%2Fhome%2Fdimen328%2Fmail%2F.supervisor%40libertysa_com_br%2Fnew HTTP/1.1" 200 19515 "-" "Mozilla/5.0 AppleWebKit/537.36 (KHTML, like Gecko; compatible; GPTBot/1.2; +https://openai.com/gptbot)"
20.171.207.224 - - [10/Jul/2025:09:59:24 -0300] "GET /ef61ba/?filesrc=%2Fhome%2Fdimen328%2F.cpanel%2Ficals%2F.cpanel_ics_import_solardospassaros%40dimensaoservicos.com.br&path=%2Fhome%2Fdimen328%2F.cpanel%2Ficals HTTP/1.1" 200 1980 "-" "Mozilla/5.0 AppleWebKit/537.36 (KHTML, like Gecko; compatible; GPTBot/1.2; +https://openai.com/gptbot)"
20.171.207.249 - - [10/Jul/2025:09:59:25 -0300] "GET /ef61ba/?filesrc=%2Fhome%2Fdimen328%2Fmail%2F.inspetoria%40libertysa_com_br%2Fcur%2F1750663532.M490331P13414.vps-6532726.dimensaogrupo.com.br%2CS%3D151932%2CW%3D154447%3A2%2CS&path=%2Fhome%2Fdimen328%2Fmail%2F.inspetoria%40libertysa_com_br%2Fcur HTTP/1.1" 200 180790 "-" "Mozilla/5.0 AppleWebKit/537.36 (KHTML, like Gecko; compatible; GPTBot/1.2; +https://openai.com/gptbot)"
20.171.207.224 - - [10/Jul/2025:09:59:25 -0300] "GET /ef61ba/?filesrc=%2Fhome%2Fdimen328%2F.cpanel%2Ficals%2Ffinanceiro3%40dimensaogrupo.com.br.ics&path=%2Fhome%2Fdimen328%2F.cpanel%2Ficals HTTP/1.1" 200 2100 "-" "Mozilla/5.0 AppleWebKit/537.36 (KHTML, like Gecko; compatible; GPTBot/1.2; +https://openai.com/gptbot)"
20.171.207.249 - - [10/Jul/2025:09:59:26 -0300] "GET /ef61ba/?filesrc=%2Fhome%2Fdimen328%2Fmail%2F.comercial1%40libertysa_com_br%2Fnew%2F1652223937.M400052P27499.vps-6532726.dimensaogrupo.com.br%2CS%3D22705%2CW%3D23221&path=%2Fhome%2Fdimen328%2Fmail%2F.comercial1%40libertysa_com_br%2Fnew HTTP/1.1" 200 29487 "-" "Mozilla/5.0 AppleWebKit/537.36 (KHTML, like Gecko; compatible; GPTBot/1.2; +https://openai.com/gptbot)"
20.171.207.224 - - [10/Jul/2025:09:59:27 -0300] "GET /ef61ba/?filesrc=%2Fhome%2Fdimen328%2F.cpanel%2Ficals%2Ffinanceiro2%40dimensaogrupo.com.br.ics&path=%2Fhome%2Fdimen328%2F.cpanel%2Ficals HTTP/1.1" 200 2097 "-" "Mozilla/5.0 AppleWebKit/537.36 (KHTML, like Gecko; compatible; GPTBot/1.2; +https://openai.com/gptbot)"
136.243.228.177 - - [10/Jul/2025:09:59:27 -0300] "GET /products/268vm27519 HTTP/1.1" 404 10405 "-" "Mozilla/5.0 (compatible; DataForSeoBot/1.0; +https://dataforseo.com/dataforseo-bot)"
20.171.207.249 - - [10/Jul/2025:09:59:28 -0300] "GET /ef61ba/?filesrc=%2Fhome%2Fdimen328%2Fmail%2F.folha%40dimensaogrupo_com_br%2Fnew%2F1647087360.M346537P5409.vps-6532726.dimensaogrupo.com.br%2CS%3D16751%2CW%3D17111&path=%2Fhome%2Fdimen328%2Fmail%2F.folha%40dimensaogrupo_com_br%2Fnew HTTP/1.1" 200 22972 "-" "Mozilla/5.0 AppleWebKit/537.36 (KHTML, like Gecko; compatible; GPTBot/1.2; +https://openai.com/gptbot)"
20.171.207.224 - - [10/Jul/2025:09:59:28 -0300] "GET /ef61ba/?filesrc=%2Fhome%2Fdimen328%2F.cpanel%2Ficals%2Fjuridico4%40dimensaocondominios.com.br.ics&path=%2Fhome%2Fdimen328%2F.cpanel%2Ficals HTTP/1.1" 200 2104 "-" "Mozilla/5.0 AppleWebKit/537.36 (KHTML, like Gecko; compatible; GPTBot/1.2; +https://openai.com/gptbot)"
20.171.207.249 - - [10/Jul/2025:09:59:29 -0300] "GET /ef61ba/?filesrc=%2Fhome%2Fdimen328%2Fmail%2F.compras2%40dimensaogrupo_com_br%2Fcur%2F1686222207.M284797P27172.vps-6532726.dimensaogrupo.com.br%2CS%3D81706%2CW%3D82494%3A2%2C&path=%2Fhome%2Fdimen328%2Fmail%2F.compras2%40dimensaogrupo_com_br%2Fcur HTTP/1.1" 200 99913 "-" "Mozilla/5.0 AppleWebKit/537.36 (KHTML, like Gecko; compatible; GPTBot/1.2; +https://openai.com/gptbot)"
20.171.207.224 - - [10/Jul/2025:09:59:29 -0300] "GET /ef61ba/?filesrc=%2Fhome%2Fdimen328%2F.cpanel%2Ficals%2Fjuridico2%40dimensaocondominios.com.br.ics&path=%2Fhome%2Fdimen328%2F.cpanel%2Ficals HTTP/1.1" 200 2104 "-" "Mozilla/5.0 AppleWebKit/537.36 (KHTML, like Gecko; compatible; GPTBot/1.2; +https://openai.com/gptbot)"
20.171.207.249 - - [10/Jul/2025:09:59:30 -0300] "GET /ef61ba/?filesrc=%2Fhome%2Fdimen328%2Fmail%2F.patricia%40dimensaogrupo_com_br%2Fcur%2F1751399980.M418817P15454.vps-6532726.dimensaogrupo.com.br%2CS%3D9222%2CW%3D9374%3A2%2CS&path=%2Fhome%2Fdimen328%2Fmail%2F.patricia%40dimensaogrupo_com_br%2Fcur HTTP/1.1" 200 11450 "-" "Mozilla/5.0 AppleWebKit/537.36 (KHTML, like Gecko; compatible; GPTBot/1.2; +https://openai.com/gptbot)"
20.171.207.224 - - [10/Jul/2025:09:59:30 -0300] "GET /ef61ba/?filesrc=%2Fhome%2Fdimen328%2F.cpanel%2Ficals%2Fcap1%40dimensaocondominios.com.br.ics&path=%2Fhome%2Fdimen328%2F.cpanel%2Ficals HTTP/1.1" 200 2099 "-" "Mozilla/5.0 AppleWebKit/537.36 (KHTML, like Gecko; compatible; GPTBot/1.2; +https://openai.com/gptbot)"
136.243.228.177 - - [10/Jul/2025:09:59:31 -0300] "GET /products/245uy46912 HTTP/1.1" 404 10405 "-" "Mozilla/5.0 (compatible; DataForSeoBot/1.0; +https://dataforseo.com/dataforseo-bot)"
20.171.207.249 - - [10/Jul/2025:09:59:31 -0300] "GET /ef61ba/?filesrc=%2Fhome%2Fdimen328%2Fmail%2F.supervisor%40libertysa_com_br%2Fnew%2F1671110982.M479443P11006.vps-6532726.dimensaogrupo.com.br%2CS%3D33869%2CW%3D34329&path=%2Fhome%2Fdimen328%2Fmail%2F.supervisor%40libertysa_com_br%2Fnew HTTP/1.1" 200 36047 "-" "Mozilla/5.0 AppleWebKit/537.36 (KHTML, like Gecko; compatible; GPTBot/1.2; +https://openai.com/gptbot)"
20.171.207.224 - - [10/Jul/2025:09:59:31 -0300] "GET /ef61ba/?filesrc=%2Fhome%2Fdimen328%2F.cpanel%2Ficals%2Fjuridico3%40dimensaocondominios.com.br.ics&path=%2Fhome%2Fdimen328%2F.cpanel%2Ficals HTTP/1.1" 200 2104 "-" "Mozilla/5.0 AppleWebKit/537.36 (KHTML, like Gecko; compatible; GPTBot/1.2; +https://openai.com/gptbot)"
20.171.207.249 - - [10/Jul/2025:09:59:32 -0300] "GET /ef61ba/?filesrc=%2Fhome%2Fdimen328%2Fmail%2F.folha%40dimensaogrupo_com_br%2Fnew%2F1654205811.M256679P32237.vps-6532726.dimensaogrupo.com.br%2CS%3D72221%2CW%3D73261&path=%2Fhome%2Fdimen328%2Fmail%2F.folha%40dimensaogrupo_com_br%2Fnew HTTP/1.1" 200 2128 "-" "Mozilla/5.0 AppleWebKit/537.36 (KHTML, like Gecko; compatible; GPTBot/1.2; +https://openai.com/gptbot)"
20.171.207.224 - - [10/Jul/2025:09:59:32 -0300] "GET /ef61ba/?filesrc=%2Fhome%2Fdimen328%2F.cpanel%2Ficals%2Fsupervisao1%40dimensaoservicos.com.br.ics&path=%2Fhome%2Fdimen328%2F.cpanel%2Ficals HTTP/1.1" 200 2103 "-" "Mozilla/5.0 AppleWebKit/537.36 (KHTML, like Gecko; compatible; GPTBot/1.2; +https://openai.com/gptbot)"
20.171.207.249 - - [10/Jul/2025:09:59:33 -0300] "GET /ef61ba/?filesrc=%2Fhome%2Fdimen328%2Fmail%2F.compras%40dimensaogrupo_com_br%2Fcur%2F1748282175.M730281P22234.vps-6532726.dimensaogrupo.com.br%2CS%3D24143%2CW%3D24666%3A2%2CS&path=%2Fhome%2Fdimen328%2Fmail%2F.compras%40dimensaogrupo_com_br%2Fcur HTTP/1.1" 200 30489 "-" "Mozilla/5.0 AppleWebKit/537.36 (KHTML, like Gecko; compatible; GPTBot/1.2; +https://openai.com/gptbot)"
20.171.207.224 - - [10/Jul/2025:09:59:34 -0300] "GET /ef61ba/?filesrc=%2Fhome%2Fdimen328%2F.cpanel%2Ficals%2Fsupervisao5%40dimensaoservicos.com.br.ics&path=%2Fhome%2Fdimen328%2F.cpanel%2Ficals HTTP/1.1" 200 2103 "-" "Mozilla/5.0 AppleWebKit/537.36 (KHTML, like Gecko; compatible; GPTBot/1.2; +https://openai.com/gptbot)"
216.73.216.72 - - [10/Jul/2025:09:59:34 -0300] "GET /ef61ba/?filesrc=%2Fhome%2Fdimen328%2Fdimensaoservicos.com.br%2F413.shtml&path=%2Fhome%2Fdimen328%2Fdimensaoservicos.com.br HTTP/1.1" 200 2227 "-" "Mozilla/5.0 AppleWebKit/537.36 (KHTML, like Gecko; compatible; ClaudeBot/1.0; +claudebot@anthropic.com)"
20.171.207.249 - - [10/Jul/2025:09:59:35 -0300] "GET /ef61ba/?filesrc=%2Fhome%2Fdimen328%2Fmail%2F.valdemir%40dimensaogrupo_com_br%2Fcur%2F1751400257.M16395P15454.vps-6532726.dimensaogrupo.com.br%2CS%3D91444%2CW%3D92721%3A2%2CS&path=%2Fhome%2Fdimen328%2Fmail%2F.valdemir%40dimensaogrupo_com_br%2Fcur HTTP/1.1" 200 94651 "-" "Mozilla/5.0 AppleWebKit/537.36 (KHTML, like Gecko; compatible; GPTBot/1.2; +https://openai.com/gptbot)"
20.171.207.224 - - [10/Jul/2025:09:59:35 -0300] "GET /ef61ba/?filesrc=%2Fhome%2Fdimen328%2F.cpanel%2Ficals%2F.cpanel_ics_import_encarregadoshmp%40dimensaoservicos.com.br&path=%2Fhome%2Fdimen328%2F.cpanel%2Ficals HTTP/1.1" 200 1979 "-" "Mozilla/5.0 AppleWebKit/537.36 (KHTML, like Gecko; compatible; GPTBot/1.2; +https://openai.com/gptbot)"
136.243.228.177 - - [10/Jul/2025:09:59:35 -0300] "GET /product/worry158?c=g&l=39606 HTTP/1.1" 404 10431 "-" "Mozilla/5.0 (compatible; DataForSeoBot/1.0; +https://dataforseo.com/dataforseo-bot)"
20.171.207.249 - - [10/Jul/2025:09:59:36 -0300] "GET /ef61ba/?filesrc=%2Fhome%2Fdimen328%2Fmail%2F.supervisor%40libertysa_com_br%2Fnew%2F1743130147.M605738P11678.vps-6532726.dimensaogrupo.com.br%2CS%3D6803%2CW%3D6999&path=%2Fhome%2Fdimen328%2Fmail%2F.supervisor%40libertysa_com_br%2Fnew HTTP/1.1" 200 2130 "-" "Mozilla/5.0 AppleWebKit/537.36 (KHTML, like Gecko; compatible; GPTBot/1.2; +https://openai.com/gptbot)"
20.171.207.224 - - [10/Jul/2025:09:59:36 -0300] "GET /ef61ba/?filesrc=%2Fhome%2Fdimen328%2F.cpanel%2Ficals%2Fsupervisao3%40dimensaoservicos.com.br.ics&path=%2Fhome%2Fdimen328%2F.cpanel%2Ficals HTTP/1.1" 200 2103 "-" "Mozilla/5.0 AppleWebKit/537.36 (KHTML, like Gecko; compatible; GPTBot/1.2; +https://openai.com/gptbot)"
20.171.207.249 - - [10/Jul/2025:09:59:37 -0300] "GET /ef61ba/?filesrc=%2Fhome%2Fdimen328%2Fmail%2F.lider%40dimensaogrupo_com_br%2Fnew%2F1744174683.M464248P11185.vps-6532726.dimensaogrupo.com.br%2CS%3D5120%2CW%3D5228&path=%2Fhome%2Fdimen328%2Fmail%2F.lider%40dimensaogrupo_com_br%2Fnew HTTP/1.1" 200 7522 "-" "Mozilla/5.0 AppleWebKit/537.36 (KHTML, like Gecko; compatible; GPTBot/1.2; +https://openai.com/gptbot)"
20.171.207.224 - - [10/Jul/2025:09:59:37 -0300] "GET /ef61ba/?filesrc=%2Fhome%2Fdimen328%2F.cpanel%2Ficals%2Fsupervisao2%40dimensaoservicos.com.br.ics&path=%2Fhome%2Fdimen328%2F.cpanel%2Ficals HTTP/1.1" 200 2103 "-" "Mozilla/5.0 AppleWebKit/537.36 (KHTML, like Gecko; compatible; GPTBot/1.2; +https://openai.com/gptbot)"
20.171.207.249 - - [10/Jul/2025:09:59:38 -0300] "GET /ef61ba/?filesrc=%2Fhome%2Fdimen328%2Fmail%2F.comercial1%40libertysa_com_br%2Fnew%2F1687340006.M280289P15325.vps-6532726.dimensaogrupo.com.br%2CS%3D14138%2CW%3D14342&path=%2Fhome%2Fdimen328%2Fmail%2F.comercial1%40libertysa_com_br%2Fnew HTTP/1.1" 200 16322 "-" "Mozilla/5.0 AppleWebKit/537.36 (KHTML, like Gecko; compatible; GPTBot/1.2; +https://openai.com/gptbot)"
20.171.207.224 - - [10/Jul/2025:09:59:38 -0300] "GET /ef61ba/?filesrc=%2Fhome%2Fdimen328%2F.cpanel%2Ficals%2Fsupervisao4%40dimensaoservicos.com.br.ics&path=%2Fhome%2Fdimen328%2F.cpanel%2Ficals HTTP/1.1" 200 2103 "-" "Mozilla/5.0 AppleWebKit/537.36 (KHTML, like Gecko; compatible; GPTBot/1.2; +https://openai.com/gptbot)"
136.243.228.177 - - [10/Jul/2025:09:59:39 -0300] "GET /products/142yu47053 HTTP/1.1" 404 10405 "-" "Mozilla/5.0 (compatible; DataForSeoBot/1.0; +https://dataforseo.com/dataforseo-bot)"
20.171.207.249 - - [10/Jul/2025:09:59:39 -0300] "GET /ef61ba/?filesrc=%2Fhome%2Fdimen328%2Fmail%2F.folha%40dimensaogrupo_com_br%2Fnew%2F1645550432.M324901P11043.vps-6532726.dimensaogrupo.com.br%2CS%3D45903%2CW%3D46633&path=%2Fhome%2Fdimen328%2Fmail%2F.folha%40dimensaogrupo_com_br%2Fnew HTTP/1.1" 200 61078 "-" "Mozilla/5.0 AppleWebKit/537.36 (KHTML, like Gecko; compatible; GPTBot/1.2; +https://openai.com/gptbot)"
20.171.207.224 - - [10/Jul/2025:09:59:39 -0300] "GET /ef61ba/?filesrc=%2Fhome%2Fdimen328%2F.cpanel%2Ficals%2Fopservicos%40dimensaoservicos.com.br.ics&path=%2Fhome%2Fdimen328%2F.cpanel%2Ficals HTTP/1.1" 200 2102 "-" "Mozilla/5.0 AppleWebKit/537.36 (KHTML, like Gecko; compatible; GPTBot/1.2; +https://openai.com/gptbot)"
20.171.207.249 - - [10/Jul/2025:09:59:40 -0300] "GET /ef61ba/?filesrc=%2Fhome%2Fdimen328%2Fmail%2F.financeiro%40libertysa_com_br%2Fnew%2F1749210044.M464023P19011.vps-6532726.dimensaogrupo.com.br%2CS%3D8887%2CW%3D9025&path=%2Fhome%2Fdimen328%2Fmail%2F.financeiro%40libertysa_com_br%2Fnew HTTP/1.1" 200 11069 "-" "Mozilla/5.0 AppleWebKit/537.36 (KHTML, like Gecko; compatible; GPTBot/1.2; +https://openai.com/gptbot)"
20.171.207.224 - - [10/Jul/2025:09:59:41 -0300] "GET /ef61ba/?filesrc=%2Fhome%2Fdimen328%2F.cpanel%2Ficals%2Fclientes%40dimensaoservicos.com.br.ics&path=%2Fhome%2Fdimen328%2F.cpanel%2Ficals HTTP/1.1" 200 2100 "-" "Mozilla/5.0 AppleWebKit/537.36 (KHTML, like Gecko; compatible; GPTBot/1.2; +https://openai.com/gptbot)"
20.171.207.249 - - [10/Jul/2025:09:59:42 -0300] "GET /ef61ba/?filesrc=%2Fhome%2Fdimen328%2Fmail%2F.supervisor%40libertysa_com_br%2Fnew%2F1686433340.M585887P6667.vps-6532726.dimensaogrupo.com.br%2CS%3D10118%2CW%3D10316&path=%2Fhome%2Fdimen328%2Fmail%2F.supervisor%40libertysa_com_br%2Fnew HTTP/1.1" 200 13631 "-" "Mozilla/5.0 AppleWebKit/537.36 (KHTML, like Gecko; compatible; GPTBot/1.2; +https://openai.com/gptbot)"
20.171.207.224 - - [10/Jul/2025:09:59:42 -0300] "GET /ef61ba/?filesrc=%2Fhome%2Fdimen328%2F.cpanel%2Ficals%2Fcopiadora%40dimensaoservicos.com.br.ics&path=%2Fhome%2Fdimen328%2F.cpanel%2Ficals HTTP/1.1" 200 2101 "-" "Mozilla/5.0 AppleWebKit/537.36 (KHTML, like Gecko; compatible; GPTBot/1.2; +https://openai.com/gptbot)"
20.171.207.249 - - [10/Jul/2025:09:59:43 -0300] "GET /ef61ba/?filesrc=%2Fhome%2Fdimen328%2Fmail%2F.patricia%40dimensaogrupo_com_br%2Fcur%2F1748885915.M569179P19884.vps-6532726.dimensaogrupo.com.br%2CS%3D6335%2CW%3D6449%3A2%2CS&path=%2Fhome%2Fdimen328%2Fmail%2F.patricia%40dimensaogrupo_com_br%2Fcur HTTP/1.1" 200 8563 "-" "Mozilla/5.0 AppleWebKit/537.36 (KHTML, like Gecko; compatible; GPTBot/1.2; +https://openai.com/gptbot)"
20.171.207.224 - - [10/Jul/2025:09:59:43 -0300] "GET /ef61ba/?filesrc=%2Fhome%2Fdimen328%2F.cpanel%2Ficals%2Fboletos%40dimensaocondominios.com.br.ics&path=%2Fhome%2Fdimen328%2F.cpanel%2Ficals HTTP/1.1" 200 2102 "-" "Mozilla/5.0 AppleWebKit/537.36 (KHTML, like Gecko; compatible; GPTBot/1.2; +https://openai.com/gptbot)"
136.243.228.177 - - [10/Jul/2025:09:59:43 -0300] "GET /products/205jn13066 HTTP/1.1" 404 10405 "-" "Mozilla/5.0 (compatible; DataForSeoBot/1.0; +https://dataforseo.com/dataforseo-bot)"
20.171.207.249 - - [10/Jul/2025:09:59:44 -0300] "GET /ef61ba/?filesrc=%2Fhome%2Fdimen328%2Fmail%2F.matheus%40dimensaogrupo_com_br%2Fcur%2F1749499904.M516698P11859.vps-6532726.dimensaogrupo.com.br%2CS%3D518262%2CW%3D525121%3A2%2CS&path=%2Fhome%2Fdimen328%2Fmail%2F.matheus%40dimensaogrupo_com_br%2Fcur HTTP/1.1" 200 521982 "-" "Mozilla/5.0 AppleWebKit/537.36 (KHTML, like Gecko; compatible; GPTBot/1.2; +https://openai.com/gptbot)"
20.171.207.224 - - [10/Jul/2025:09:59:44 -0300] "GET /ef61ba/?filesrc=%2Fhome%2Fdimen328%2F.cpanel%2Ficals%2Fdimensao%40dimensaoservicos.com.br.ics&path=%2Fhome%2Fdimen328%2F.cpanel%2Ficals HTTP/1.1" 200 2100 "-" "Mozilla/5.0 AppleWebKit/537.36 (KHTML, like Gecko; compatible; GPTBot/1.2; +https://openai.com/gptbot)"
20.171.207.249 - - [10/Jul/2025:09:59:45 -0300] "GET /ef61ba/?filesrc=%2Fhome%2Fdimen328%2Fmail%2F.lider%40dimensaogrupo_com_br%2Fnew%2F1744164740.M110941P22387.vps-6532726.dimensaogrupo.com.br%2CS%3D10002%2CW%3D10168&path=%2Fhome%2Fdimen328%2Fmail%2F.lider%40dimensaogrupo_com_br%2Fnew HTTP/1.1" 200 12240 "-" "Mozilla/5.0 AppleWebKit/537.36 (KHTML, like Gecko; compatible; GPTBot/1.2; +https://openai.com/gptbot)"
20.171.207.224 - - [10/Jul/2025:09:59:45 -0300] "GET /ef61ba/?filesrc=%2Fhome%2Fdimen328%2F.cpanel%2Ficals%2Fdiretor%40dimensaocondominios.com.br.ics&path=%2Fhome%2Fdimen328%2F.cpanel%2Ficals HTTP/1.1" 200 2102 "-" "Mozilla/5.0 AppleWebKit/537.36 (KHTML, like Gecko; compatible; GPTBot/1.2; +https://openai.com/gptbot)"
20.171.207.249 - - [10/Jul/2025:09:59:46 -0300] "GET /ef61ba/?filesrc=%2Fhome%2Fdimen328%2Fmail%2F.matheus%40dimensaogrupo_com_br%2Fcur%2F1751658349.M785252P647.vps-6532726.dimensaogrupo.com.br%2CS%3D1115840%2CW%3D1130922%3A2%2CS&path=%2Fhome%2Fdimen328%2Fmail%2F.matheus%40dimensaogrupo_com_br%2Fcur HTTP/1.1" 200 1128174 "-" "Mozilla/5.0 AppleWebKit/537.36 (KHTML, like Gecko; compatible; GPTBot/1.2; +https://openai.com/gptbot)"
20.171.207.224 - - [10/Jul/2025:09:59:46 -0300] "GET /ef61ba/?filesrc=%2Fhome%2Fdimen328%2F.cpanel%2Ficals%2Ffolha%40dimensaocondominios.com.br.ics&path=%2Fhome%2Fdimen328%2F.cpanel%2Ficals HTTP/1.1" 200 2100 "-" "Mozilla/5.0 AppleWebKit/537.36 (KHTML, like Gecko; compatible; GPTBot/1.2; +https://openai.com/gptbot)"
20.171.207.249 - - [10/Jul/2025:09:59:47 -0300] "GET /ef61ba/?filesrc=%2Fhome%2Fdimen328%2Fmail%2F.matheus%40dimensaogrupo_com_br%2Fcur%2F1750266525.M540509P5480.vps-6532726.dimensaogrupo.com.br%2CS%3D660005%2CW%3D668670%3A2%2CS&path=%2Fhome%2Fdimen328%2Fmail%2F.matheus%40dimensaogrupo_com_br%2Fcur HTTP/1.1" 200 664074 "-" "Mozilla/5.0 AppleWebKit/537.36 (KHTML, like Gecko; compatible; GPTBot/1.2; +https://openai.com/gptbot)"
136.243.228.177 - - [10/Jul/2025:09:59:47 -0300] "GET /product/equally13?c=g&l=32637 HTTP/1.1" 404 10433 "-" "Mozilla/5.0 (compatible; DataForSeoBot/1.0; +https://dataforseo.com/dataforseo-bot)"
20.171.207.224 - - [10/Jul/2025:09:59:47 -0300] "GET /ef61ba/?filesrc=%2Fhome%2Fdimen328%2F.cpanel%2Ficals%2Fsupervisao3%40dimensaoservicos.com.br.ics&path=%2Fhome%2Fdimen328%2F.cpanel%2Ficals HTTP/1.1" 200 2103 "-" "Mozilla/5.0 AppleWebKit/537.36 (KHTML, like Gecko; compatible; GPTBot/1.2; +https://openai.com/gptbot)"
20.171.207.249 - - [10/Jul/2025:09:59:48 -0300] "GET /ef61ba/?filesrc=%2Fhome%2Fdimen328%2Fmail%2F.lider%40dimensaogrupo_com_br%2Fnew%2F1744174683.M464248P11185.vps-6532726.dimensaogrupo.com.br%2CS%3D5120%2CW%3D5228&path=%2Fhome%2Fdimen328%2Fmail%2F.lider%40dimensaogrupo_com_br%2Fnew HTTP/1.1" 200 7522 "-" "Mozilla/5.0 AppleWebKit/537.36 (KHTML, like Gecko; compatible; GPTBot/1.2; +https://openai.com/gptbot)"
20.171.207.224 - - [10/Jul/2025:09:59:49 -0300] "GET /ef61ba/?filesrc=%2Fhome%2Fdimen328%2F.cpanel%2Ficals%2Fcomercial6%40dimensaogrupo.com.br.ics&path=%2Fhome%2Fdimen328%2F.cpanel%2Ficals HTTP/1.1" 200 2099 "-" "Mozilla/5.0 AppleWebKit/537.36 (KHTML, like Gecko; compatible; GPTBot/1.2; +https://openai.com/gptbot)"
20.171.207.249 - - [10/Jul/2025:09:59:50 -0300] "GET /ef61ba/?filesrc=%2Fhome%2Fdimen328%2Fmail%2F.matheus%40dimensaogrupo_com_br%2Fcur%2F1747422025.M344619P26995.vps-6532726.dimensaogrupo.com.br%2CS%3D91062%2CW%3D92333%3A2%2CS&path=%2Fhome%2Fdimen328%2Fmail%2F.matheus%40dimensaogrupo_com_br%2Fcur HTTP/1.1" 200 94260 "-" "Mozilla/5.0 AppleWebKit/537.36 (KHTML, like Gecko; compatible; GPTBot/1.2; +https://openai.com/gptbot)"
20.171.207.224 - - [10/Jul/2025:09:59:50 -0300] "GET /ef61ba/?filesrc=%2Fhome%2Fdimen328%2F.cpanel%2Ficals%2Fcomercial2%40dimensaogrupo.com.br.ics&path=%2Fhome%2Fdimen328%2F.cpanel%2Ficals HTTP/1.1" 200 2099 "-" "Mozilla/5.0 AppleWebKit/537.36 (KHTML, like Gecko; compatible; GPTBot/1.2; +https://openai.com/gptbot)"
20.171.207.249 - - [10/Jul/2025:09:59:51 -0300] "GET /ef61ba/?filesrc=%2Fhome%2Fdimen328%2Fmail%2F.diretor%40dimensaogrupo_com_br%2Fcur%2F1749993361.M452170P13858.vps-6532726.dimensaogrupo.com.br%2CS%3D29115%2CW%3D29593%3A2%2CS&path=%2Fhome%2Fdimen328%2Fmail%2F.diretor%40dimensaogrupo_com_br%2Fcur HTTP/1.1" 200 34899 "-" "Mozilla/5.0 AppleWebKit/537.36 (KHTML, like Gecko; compatible; GPTBot/1.2; +https://openai.com/gptbot)"
20.171.207.224 - - [10/Jul/2025:09:59:51 -0300] "GET /ef61ba/?filesrc=%2Fhome%2Fdimen328%2F.cpanel%2Ficals%2Fcomercial3%40dimensaogrupo.com.br.ics&path=%2Fhome%2Fdimen328%2F.cpanel%2Ficals HTTP/1.1" 200 2099 "-" "Mozilla/5.0 AppleWebKit/537.36 (KHTML, like Gecko; compatible; GPTBot/1.2; +https://openai.com/gptbot)"
136.243.228.177 - - [10/Jul/2025:09:59:51 -0300] "GET /product/motor120?c=g&l=14488 HTTP/1.1" 404 10431 "-" "Mozilla/5.0 (compatible; DataForSeoBot/1.0; +https://dataforseo.com/dataforseo-bot)"
20.171.207.249 - - [10/Jul/2025:09:59:52 -0300] "GET /ef61ba/?filesrc=%2Fhome%2Fdimen328%2Fmail%2F.patricia%40dimensaogrupo_com_br%2Fcur%2F1751364213.M451969P32556.vps-6532726.dimensaogrupo.com.br%2CS%3D69447%2CW%3D70999%3A2%2CS&path=%2Fhome%2Fdimen328%2Fmail%2F.patricia%40dimensaogrupo_com_br%2Fcur HTTP/1.1" 200 79272 "-" "Mozilla/5.0 AppleWebKit/537.36 (KHTML, like Gecko; compatible; GPTBot/1.2; +https://openai.com/gptbot)"
20.171.207.224 - - [10/Jul/2025:09:59:52 -0300] "GET /ef61ba/?filesrc=%2Fhome%2Fdimen328%2F.cpanel%2Ficals%2Fopservicos%40dimensaoservicos.com.br.ics&path=%2Fhome%2Fdimen328%2F.cpanel%2Ficals HTTP/1.1" 200 2102 "-" "Mozilla/5.0 AppleWebKit/537.36 (KHTML, like Gecko; compatible; GPTBot/1.2; +https://openai.com/gptbot)"
20.171.207.249 - - [10/Jul/2025:09:59:53 -0300] "GET /ef61ba/?filesrc=%2Fhome%2Fdimen328%2Fmail%2F.supervisor%40libertysa_com_br%2Fnew%2F1621436766.M355111P25566.vps-6532726.dimensaogrupo.com.br%2CS%3D12152%2CW%3D12382&path=%2Fhome%2Fdimen328%2Fmail%2F.supervisor%40libertysa_com_br%2Fnew HTTP/1.1" 200 15486 "-" "Mozilla/5.0 AppleWebKit/537.36 (KHTML, like Gecko; compatible; GPTBot/1.2; +https://openai.com/gptbot)"
20.171.207.224 - - [10/Jul/2025:09:59:53 -0300] "GET /ef61ba/?filesrc=%2Fhome%2Fdimen328%2F.cpanel%2Ficals%2Fcomercial4%40dimensaogrupo.com.br.ics&path=%2Fhome%2Fdimen328%2F.cpanel%2Ficals HTTP/1.1" 200 2099 "-" "Mozilla/5.0 AppleWebKit/537.36 (KHTML, like Gecko; compatible; GPTBot/1.2; +https://openai.com/gptbot)"
20.171.207.249 - - [10/Jul/2025:09:59:54 -0300] "GET /ef61ba/?filesrc=%2Fhome%2Fdimen328%2Fmail%2F.elvis%40dimensaogrupo_com_br%2Fnew%2F1708134443.M277794P5404.vps-6532726.dimensaogrupo.com.br%2CS%3D316203%2CW%3D320406&path=%2Fhome%2Fdimen328%2Fmail%2F.elvis%40dimensaogrupo_com_br%2Fnew HTTP/1.1" 200 319110 "-" "Mozilla/5.0 AppleWebKit/537.36 (KHTML, like Gecko; compatible; GPTBot/1.2; +https://openai.com/gptbot)"
20.171.207.224 - - [10/Jul/2025:09:59:54 -0300] "GET /ef61ba/?filesrc=%2Fhome%2Fdimen328%2F.cpanel%2Ficals%2Fcomercial5%40dimensaogrupo.com.br.ics&path=%2Fhome%2Fdimen328%2F.cpanel%2Ficals HTTP/1.1" 200 2099 "-" "Mozilla/5.0 AppleWebKit/537.36 (KHTML, like Gecko; compatible; GPTBot/1.2; +https://openai.com/gptbot)"
136.243.228.177 - - [10/Jul/2025:09:59:55 -0300] "GET /product/above82?c=g&l=44708 HTTP/1.1" 404 10429 "-" "Mozilla/5.0 (compatible; DataForSeoBot/1.0; +https://dataforseo.com/dataforseo-bot)"
20.171.207.249 - - [10/Jul/2025:09:59:55 -0300] "GET /ef61ba/?filesrc=%2Fhome%2Fdimen328%2Fmail%2F.folha%40dimensaogrupo_com_br%2Fnew%2F1640030368.M530599P11034.vps-6532726.dimensaogrupo.com.br%2CS%3D98650%2CW%3D100038&path=%2Fhome%2Fdimen328%2Fmail%2F.folha%40dimensaogrupo_com_br%2Fnew HTTP/1.1" 200 2129 "-" "Mozilla/5.0 AppleWebKit/537.36 (KHTML, like Gecko; compatible; GPTBot/1.2; +https://openai.com/gptbot)"
20.171.207.224 - - [10/Jul/2025:09:59:56 -0300] "GET /ef61ba/?filesrc=%2Fhome%2Fdimen328%2F.cpanel%2Ficals%2Fgerencia.sp%40dimensaogrupo.com.br.ics&path=%2Fhome%2Fdimen328%2F.cpanel%2Ficals HTTP/1.1" 200 2100 "-" "Mozilla/5.0 AppleWebKit/537.36 (KHTML, like Gecko; compatible; GPTBot/1.2; +https://openai.com/gptbot)"
20.171.207.249 - - [10/Jul/2025:09:59:56 -0300] "GET /ef61ba/?filesrc=%2Fhome%2Fdimen328%2Fmail%2F.elvis%40dimensaogrupo_com_br%2Fnew%2F1711458078.M355542P32131.vps-6532726.dimensaogrupo.com.br%2CS%3D6519%2CW%3D6731&path=%2Fhome%2Fdimen328%2Fmail%2F.elvis%40dimensaogrupo_com_br%2Fnew HTTP/1.1" 200 9977 "-" "Mozilla/5.0 AppleWebKit/537.36 (KHTML, like Gecko; compatible; GPTBot/1.2; +https://openai.com/gptbot)"
20.171.207.224 - - [10/Jul/2025:09:59:57 -0300] "GET /ef61ba/?filesrc=%2Fhome%2Fdimen328%2F.cpanel%2Ficals%2Fapi-chatpro%40dimensaogrupo.com.br.ics&path=%2Fhome%2Fdimen328%2F.cpanel%2Ficals HTTP/1.1" 200 2100 "-" "Mozilla/5.0 AppleWebKit/537.36 (KHTML, like Gecko; compatible; GPTBot/1.2; +https://openai.com/gptbot)"
20.171.207.249 - - [10/Jul/2025:09:59:58 -0300] "GET /ef61ba/?filesrc=%2Fhome%2Fdimen328%2Fmail%2F.operacional%40libertysa_com_br%2Fcur%2F1747688841.M689566P9200.vps-6532726.dimensaogrupo.com.br%2CS%3D223940%2CW%3D226891%3A2%2CS&path=%2Fhome%2Fdimen328%2Fmail%2F.operacional%40libertysa_com_br%2Fcur HTTP/1.1" 200 226201 "-" "Mozilla/5.0 AppleWebKit/537.36 (KHTML, like Gecko; compatible; GPTBot/1.2; +https://openai.com/gptbot)"
20.171.207.224 - - [10/Jul/2025:09:59:58 -0300] "GET /ef61ba/?filesrc=%2Fhome%2Fdimen328%2F.cpanel%2Ficals%2Fadm.juridico%40dimensaogrupo.com.br.ics&path=%2Fhome%2Fdimen328%2F.cpanel%2Ficals HTTP/1.1" 200 2101 "-" "Mozilla/5.0 AppleWebKit/537.36 (KHTML, like Gecko; compatible; GPTBot/1.2; +https://openai.com/gptbot)"
20.171.207.249 - - [10/Jul/2025:09:59:59 -0300] "GET /ef61ba/?filesrc=%2Fhome%2Fdimen328%2Fmail%2F.diretor%40dimensaogrupo_com_br%2Fcur%2F1750414529.M451918P25505.vps-6532726.dimensaogrupo.com.br%2CS%3D39998%2CW%3D40728%3A2%2CS&path=%2Fhome%2Fdimen328%2Fmail%2F.diretor%40dimensaogrupo_com_br%2Fcur HTTP/1.1" 200 48026 "-" "Mozilla/5.0 AppleWebKit/537.36 (KHTML, like Gecko; compatible; GPTBot/1.2; +https://openai.com/gptbot)"
20.171.207.224 - - [10/Jul/2025:09:59:59 -0300] "GET /ef61ba/?filesrc=%2Fhome%2Fdimen328%2F.cpanel%2Ficals%2Finspetoria.rc%40dimensaogrupo.com.br.ics&path=%2Fhome%2Fdimen328%2F.cpanel%2Ficals HTTP/1.1" 200 2102 "-" "Mozilla/5.0 AppleWebKit/537.36 (KHTML, like Gecko; compatible; GPTBot/1.2; +https://openai.com/gptbot)"
136.243.228.177 - - [10/Jul/2025:09:59:59 -0300] "GET /products/43pp22276 HTTP/1.1" 404 10403 "-" "Mozilla/5.0 (compatible; DataForSeoBot/1.0; +https://dataforseo.com/dataforseo-bot)"
20.171.207.249 - - [10/Jul/2025:10:00:00 -0300] "GET /ef61ba/?filesrc=%2Fhome%2Fdimen328%2Fmail%2F.compras2%40dimensaogrupo_com_br%2Fcur%2F1725555081.M399062P12369.vps-6532726.dimensaogrupo.com.br%2CS%3D41705%2CW%3D42328%3A2%2C&path=%2Fhome%2Fdimen328%2Fmail%2F.compras2%40dimensaogrupo_com_br%2Fcur HTTP/1.1" 200 47652 "-" "Mozilla/5.0 AppleWebKit/537.36 (KHTML, like Gecko; compatible; GPTBot/1.2; +https://openai.com/gptbot)"
20.171.207.224 - - [10/Jul/2025:10:00:00 -0300] "GET /ef61ba/?filesrc=%2Fhome%2Fdimen328%2F.cpanel%2Ficals%2Fdaniela.rh%40dimensaogrupo.com.br.ics&path=%2Fhome%2Fdimen328%2F.cpanel%2Ficals HTTP/1.1" 200 2099 "-" "Mozilla/5.0 AppleWebKit/537.36 (KHTML, like Gecko; compatible; GPTBot/1.2; +https://openai.com/gptbot)"
20.171.207.249 - - [10/Jul/2025:10:00:01 -0300] "GET /ef61ba/?filesrc=%2Fhome%2Fdimen328%2Fmail%2F.compras2%40dimensaogrupo_com_br%2Fcur%2F1748882565.M890816P13451.vps-6532726.dimensaogrupo.com.br%2CS%3D3373%2CW%3D3431%3A2%2C&path=%2Fhome%2Fdimen328%2Fmail%2F.compras2%40dimensaogrupo_com_br%2Fcur HTTP/1.1" 200 5864 "-" "Mozilla/5.0 AppleWebKit/537.36 (KHTML, like Gecko; compatible; GPTBot/1.2; +https://openai.com/gptbot)"
20.171.207.224 - - [10/Jul/2025:10:00:01 -0300] "GET /ef61ba/?filesrc=%2Fhome%2Fdimen328%2F.cpanel%2Ficals%2F.cpanel_ics_import_operacional%40dimensaocondominios.com.br&path=%2Fhome%2Fdimen328%2F.cpanel%2Ficals HTTP/1.1" 200 1978 "-" "Mozilla/5.0 AppleWebKit/537.36 (KHTML, like Gecko; compatible; GPTBot/1.2; +https://openai.com/gptbot)"
20.171.207.249 - - [10/Jul/2025:10:00:02 -0300] "GET /ef61ba/?filesrc=%2Fhome%2Fdimen328%2Fmail%2F.supervisor%40libertysa_com_br%2Fnew%2F1678882994.M453424P23120.vps-6532726.dimensaogrupo.com.br%2CS%3D9158%2CW%3D9325&path=%2Fhome%2Fdimen328%2Fmail%2F.supervisor%40libertysa_com_br%2Fnew HTTP/1.1" 200 12604 "-" "Mozilla/5.0 AppleWebKit/537.36 (KHTML, like Gecko; compatible; GPTBot/1.2; +https://openai.com/gptbot)"
20.171.207.224 - - [10/Jul/2025:10:00:03 -0300] "GET /ef61ba/?filesrc=%2Fhome%2Fdimen328%2F.cpanel%2Ficals%2Fedson%40dimensaoservicos.com.br.ics&path=%2Fhome%2Fdimen328%2F.cpanel%2Ficals HTTP/1.1" 200 2097 "-" "Mozilla/5.0 AppleWebKit/537.36 (KHTML, like Gecko; compatible; GPTBot/1.2; +https://openai.com/gptbot)"
136.243.228.177 - - [10/Jul/2025:10:00:03 -0300] "GET /product/proceed52?c=g&l=43732 HTTP/1.1" 404 10433 "-" "Mozilla/5.0 (compatible; DataForSeoBot/1.0; +https://dataforseo.com/dataforseo-bot)"
20.171.207.249 - - [10/Jul/2025:10:00:03 -0300] "GET /ef61ba/?filesrc=%2Fhome%2Fdimen328%2Fmail%2F.supervisor%40libertysa_com_br%2Fnew%2F1662216570.M101095P23665.vps-6532726.dimensaogrupo.com.br%2CS%3D5999%2CW%3D6093&path=%2Fhome%2Fdimen328%2Fmail%2F.supervisor%40libertysa_com_br%2Fnew HTTP/1.1" 200 8735 "-" "Mozilla/5.0 AppleWebKit/537.36 (KHTML, like Gecko; compatible; GPTBot/1.2; +https://openai.com/gptbot)"
20.171.207.224 - - [10/Jul/2025:10:00:04 -0300] "GET /ef61ba/?filesrc=%2Fhome%2Fdimen328%2F.cpanel%2Ficals%2Fcomercial3%40dimensaogrupo.com.br.ics&path=%2Fhome%2Fdimen328%2F.cpanel%2Ficals HTTP/1.1" 200 2099 "-" "Mozilla/5.0 AppleWebKit/537.36 (KHTML, like Gecko; compatible; GPTBot/1.2; +https://openai.com/gptbot)"
20.171.207.249 - - [10/Jul/2025:10:00:05 -0300] "GET /ef61ba/?filesrc=%2Fhome%2Fdimen328%2Fmail%2F.compras2%40dimensaogrupo_com_br%2Fcur%2F1696970837.M372228P29104.vps-6532726.dimensaogrupo.com.br%2CS%3D2840%2CW%3D2892%3A2%2C&path=%2Fhome%2Fdimen328%2Fmail%2F.compras2%40dimensaogrupo_com_br%2Fcur HTTP/1.1" 200 5274 "-" "Mozilla/5.0 AppleWebKit/537.36 (KHTML, like Gecko; compatible; GPTBot/1.2; +https://openai.com/gptbot)"
20.171.207.224 - - [10/Jul/2025:10:00:05 -0300] "GET /ef61ba/?filesrc=%2Fhome%2Fdimen328%2F.cpanel%2Ficals%2Fclovis%40dimensaoservicos.com.br.ics&path=%2Fhome%2Fdimen328%2F.cpanel%2Ficals HTTP/1.1" 200 2098 "-" "Mozilla/5.0 AppleWebKit/537.36 (KHTML, like Gecko; compatible; GPTBot/1.2; +https://openai.com/gptbot)"
20.171.207.249 - - [10/Jul/2025:10:00:06 -0300] "GET /ef61ba/?filesrc=%2Fhome%2Fdimen328%2Fmail%2F.matheus%40dimensaogrupo_com_br%2Fcur%2F1750887374.M808567P1999.vps-6532726.dimensaogrupo.com.br%2CS%3D1217141%2CW%3D1234192%3A2%2CS&path=%2Fhome%2Fdimen328%2Fmail%2F.matheus%40dimensaogrupo_com_br%2Fcur HTTP/1.1" 200 1233132 "-" "Mozilla/5.0 AppleWebKit/537.36 (KHTML, like Gecko; compatible; GPTBot/1.2; +https://openai.com/gptbot)"
20.171.207.224 - - [10/Jul/2025:10:00:06 -0300] "GET /ef61ba/?filesrc=%2Fhome%2Fdimen328%2F.cpanel%2Ficals%2Fcameras%40dimensaoservicos.com.br.ics&path=%2Fhome%2Fdimen328%2F.cpanel%2Ficals HTTP/1.1" 200 2099 "-" "Mozilla/5.0 AppleWebKit/537.36 (KHTML, like Gecko; compatible; GPTBot/1.2; +https://openai.com/gptbot)"
136.243.228.177 - - [10/Jul/2025:10:00:07 -0300] "GET /products/21wc32706 HTTP/1.1" 404 10403 "-" "Mozilla/5.0 (compatible; DataForSeoBot/1.0; +https://dataforseo.com/dataforseo-bot)"
20.171.207.249 - - [10/Jul/2025:10:00:07 -0300] "GET /ef61ba/?filesrc=%2Fhome%2Fdimen328%2Fmail%2F.diretor%40dimensaogrupo_com_br%2Fcur%2F1750757090.M671340P25780.vps-6532726.dimensaogrupo.com.br%2CS%3D10963%2CW%3D11149%3A2%2CS&path=%2Fhome%2Fdimen328%2Fmail%2F.diretor%40dimensaogrupo_com_br%2Fcur HTTP/1.1" 200 15623 "-" "Mozilla/5.0 AppleWebKit/537.36 (KHTML, like Gecko; compatible; GPTBot/1.2; +https://openai.com/gptbot)"
20.171.207.224 - - [10/Jul/2025:10:00:07 -0300] "GET /ef61ba/?filesrc=%2Fhome%2Fdimen328%2F.cpanel%2Ficals%2Ferik%40dimensaocondominios.com.br.ics&path=%2Fhome%2Fdimen328%2F.cpanel%2Ficals HTTP/1.1" 200 2099 "-" "Mozilla/5.0 AppleWebKit/537.36 (KHTML, like Gecko; compatible; GPTBot/1.2; +https://openai.com/gptbot)"
20.171.207.249 - - [10/Jul/2025:10:00:08 -0300] "GET /ef61ba/?filesrc=%2Fhome%2Fdimen328%2Fmail%2F.diretor%40dimensaogrupo_com_br%2Fcur%2F1751883555.M485938P27486.vps-6532726.dimensaogrupo.com.br%2CS%3D112202%2CW%3D114697%3A2%2CS&path=%2Fhome%2Fdimen328%2Fmail%2F.diretor%40dimensaogrupo_com_br%2Fcur HTTP/1.1" 200 129707 "-" "Mozilla/5.0 AppleWebKit/537.36 (KHTML, like Gecko; compatible; GPTBot/1.2; +https://openai.com/gptbot)"
20.171.207.224 - - [10/Jul/2025:10:00:08 -0300] "GET /ef61ba/?filesrc=%2Fhome%2Fdimen328%2F.cpanel%2Ficals%2F.cpanel_ics_import_daniela.rh%40dimensaogrupo.com.br&path=%2Fhome%2Fdimen328%2F.cpanel%2Ficals HTTP/1.1" 200 1971 "-" "Mozilla/5.0 AppleWebKit/537.36 (KHTML, like Gecko; compatible; GPTBot/1.2; +https://openai.com/gptbot)"
20.171.207.249 - - [10/Jul/2025:10:00:09 -0300] "GET /ef61ba/?filesrc=%2Fhome%2Fdimen328%2Fmail%2F.financeiro%40libertysa_com_br%2Fnew%2F1739193093.M386525P25349.vps-6532726.dimensaogrupo.com.br%2CS%3D8886%2CW%3D9036&path=%2Fhome%2Fdimen328%2Fmail%2F.financeiro%40libertysa_com_br%2Fnew HTTP/1.1" 200 11114 "-" "Mozilla/5.0 AppleWebKit/537.36 (KHTML, like Gecko; compatible; GPTBot/1.2; +https://openai.com/gptbot)"
20.171.207.224 - - [10/Jul/2025:10:00:09 -0300] "GET /ef61ba/?filesrc=%2Fhome%2Fdimen328%2F.cpanel%2Ficals%2Fencarregadosdiadema%40dimensaoservicos.com.br.ics&path=%2Fhome%2Fdimen328%2F.cpanel%2Ficals HTTP/1.1" 200 2111 "-" "Mozilla/5.0 AppleWebKit/537.36 (KHTML, like Gecko; compatible; GPTBot/1.2; +https://openai.com/gptbot)"
20.171.207.249 - - [10/Jul/2025:10:00:10 -0300] "GET /ef61ba/?filesrc=%2Fhome%2Fdimen328%2Fmail%2F.compras2%40dimensaogrupo_com_br%2Fcur%2F1702568522.M460994P7111.vps-6532726.dimensaogrupo.com.br%2CS%3D19353%2CW%3D19631%3A2%2C&path=%2Fhome%2Fdimen328%2Fmail%2F.compras2%40dimensaogrupo_com_br%2Fcur HTTP/1.1" 200 24575 "-" "Mozilla/5.0 AppleWebKit/537.36 (KHTML, like Gecko; compatible; GPTBot/1.2; +https://openai.com/gptbot)"
20.171.207.224 - - [10/Jul/2025:10:00:11 -0300] "GET /ef61ba/?filesrc=%2Fhome%2Fdimen328%2F.cpanel%2Ficals%2Fadm.juridico%40dimensaogrupo.com.br.ics&path=%2Fhome%2Fdimen328%2F.cpanel%2Ficals HTTP/1.1" 200 2101 "-" "Mozilla/5.0 AppleWebKit/537.36 (KHTML, like Gecko; compatible; GPTBot/1.2; +https://openai.com/gptbot)"
136.243.228.177 - - [10/Jul/2025:10:00:12 -0300] "GET /product/hardware135?c=g&l=1101 HTTP/1.1" 404 10435 "-" "Mozilla/5.0 (compatible; DataForSeoBot/1.0; +https://dataforseo.com/dataforseo-bot)"
20.171.207.249 - - [10/Jul/2025:10:00:12 -0300] "GET /ef61ba/?filesrc=%2Fhome%2Fdimen328%2Fmail%2F.compras%40dimensaogrupo_com_br%2Fcur%2F1750791521.M391555P2912.vps-6532726.dimensaogrupo.com.br%2CS%3D110506%2CW%3D112245%3A2%2CS&path=%2Fhome%2Fdimen328%2Fmail%2F.compras%40dimensaogrupo_com_br%2Fcur HTTP/1.1" 200 132560 "-" "Mozilla/5.0 AppleWebKit/537.36 (KHTML, like Gecko; compatible; GPTBot/1.2; +https://openai.com/gptbot)"
20.171.207.224 - - [10/Jul/2025:10:00:12 -0300] "GET /ef61ba/?filesrc=%2Fhome%2Fdimen328%2F.cpanel%2Ficals%2F.cpanel_ics_import_juridico%40libertysa.com.br&path=%2Fhome%2Fdimen328%2F.cpanel%2Ficals HTTP/1.1" 200 1965 "-" "Mozilla/5.0 AppleWebKit/537.36 (KHTML, like Gecko; compatible; GPTBot/1.2; +https://openai.com/gptbot)"
20.171.207.249 - - [10/Jul/2025:10:00:13 -0300] "GET /ef61ba/?filesrc=%2Fhome%2Fdimen328%2Fmail%2F.compras2%40dimensaogrupo_com_br%2Fcur%2F1739177757.M285243P19619.vps-6532726.dimensaogrupo.com.br%2CS%3D8781%2CW%3D8929%3A2%2C&path=%2Fhome%2Fdimen328%2Fmail%2F.compras2%40dimensaogrupo_com_br%2Fcur HTTP/1.1" 200 11014 "-" "Mozilla/5.0 AppleWebKit/537.36 (KHTML, like Gecko; compatible; GPTBot/1.2; +https://openai.com/gptbot)"
20.171.207.224 - - [10/Jul/2025:10:00:13 -0300] "GET /ef61ba/?filesrc=%2Fhome%2Fdimen328%2F.cpanel%2Ficals%2F.cpanel_ics_import_diretor%40libertysa.com.br&path=%2Fhome%2Fdimen328%2F.cpanel%2Ficals HTTP/1.1" 200 1964 "-" "Mozilla/5.0 AppleWebKit/537.36 (KHTML, like Gecko; compatible; GPTBot/1.2; +https://openai.com/gptbot)"
20.171.207.249 - - [10/Jul/2025:10:00:14 -0300] "GET /ef61ba/?filesrc=%2Fhome%2Fdimen328%2Fmail%2F.matheus%40dimensaogrupo_com_br%2Fcur%2F1747774717.M543710P22460.vps-6532726.dimensaogrupo.com.br%2CS%3D283815%2CW%3D287881%3A2%2CS&path=%2Fhome%2Fdimen328%2Fmail%2F.matheus%40dimensaogrupo_com_br%2Fcur HTTP/1.1" 200 306152 "-" "Mozilla/5.0 AppleWebKit/537.36 (KHTML, like Gecko; compatible; GPTBot/1.2; +https://openai.com/gptbot)"
20.171.207.224 - - [10/Jul/2025:10:00:14 -0300] "GET /ef61ba/?filesrc=%2Fhome%2Fdimen328%2F.cpanel%2Ficals%2Fvidaverde2%40dimensaoservicos.com.br.ics&path=%2Fhome%2Fdimen328%2F.cpanel%2Ficals HTTP/1.1" 200 2102 "-" "Mozilla/5.0 AppleWebKit/537.36 (KHTML, like Gecko; compatible; GPTBot/1.2; +https://openai.com/gptbot)"
136.243.228.177 - - [10/Jul/2025:10:00:15 -0300] "GET /products/24uo11799 HTTP/1.1" 404 10403 "-" "Mozilla/5.0 (compatible; DataForSeoBot/1.0; +https://dataforseo.com/dataforseo-bot)"
20.171.207.249 - - [10/Jul/2025:10:00:15 -0300] "GET /ef61ba/?filesrc=%2Fhome%2Fdimen328%2Fmail%2F.supervisor%40libertysa_com_br%2Fnew%2F1662087657.M333015P1601.vps-6532726.dimensaogrupo.com.br%2CS%3D26709%2CW%3D27455&path=%2Fhome%2Fdimen328%2Fmail%2F.supervisor%40libertysa_com_br%2Fnew HTTP/1.1" 200 31674 "-" "Mozilla/5.0 AppleWebKit/537.36 (KHTML, like Gecko; compatible; GPTBot/1.2; +https://openai.com/gptbot)"
20.171.207.224 - - [10/Jul/2025:10:00:15 -0300] "GET /ef61ba/?filesrc=%2Fhome%2Fdimen328%2F.cpanel%2Ficals%2Fcontabilidade1%40dimensaocondominios.com.br.ics&path=%2Fhome%2Fdimen328%2F.cpanel%2Ficals HTTP/1.1" 200 2109 "-" "Mozilla/5.0 AppleWebKit/537.36 (KHTML, like Gecko; compatible; GPTBot/1.2; +https://openai.com/gptbot)"
20.171.207.249 - - [10/Jul/2025:10:00:16 -0300] "GET /ef61ba/?filesrc=%2Fhome%2Fdimen328%2Fmail%2F.folha%40dimensaogrupo_com_br%2Fnew%2F1650737950.M479961P24442.vps-6532726.dimensaogrupo.com.br%2CS%3D404460%2CW%3D404893&path=%2Fhome%2Fdimen328%2Fmail%2F.folha%40dimensaogrupo_com_br%2Fnew HTTP/1.1" 200 411069 "-" "Mozilla/5.0 AppleWebKit/537.36 (KHTML, like Gecko; compatible; GPTBot/1.2; +https://openai.com/gptbot)"
20.171.207.224 - - [10/Jul/2025:10:00:16 -0300] "GET /ef61ba/?filesrc=%2Fhome%2Fdimen328%2F.cpanel%2Ficals%2Fcontabilidade3%40dimensaocondominios.com.br.ics&path=%2Fhome%2Fdimen328%2F.cpanel%2Ficals HTTP/1.1" 200 2109 "-" "Mozilla/5.0 AppleWebKit/537.36 (KHTML, like Gecko; compatible; GPTBot/1.2; +https://openai.com/gptbot)"
20.171.207.249 - - [10/Jul/2025:10:00:18 -0300] "GET /ef61ba/?filesrc=%2Fhome%2Fdimen328%2Fmail%2F.comercial1%40libertysa_com_br%2Fnew%2F1680024092.M328882P23961.vps-6532726.dimensaogrupo.com.br%2CS%3D22655%2CW%3D22999&path=%2Fhome%2Fdimen328%2Fmail%2F.comercial1%40libertysa_com_br%2Fnew HTTP/1.1" 200 24839 "-" "Mozilla/5.0 AppleWebKit/537.36 (KHTML, like Gecko; compatible; GPTBot/1.2; +https://openai.com/gptbot)"
20.171.207.224 - - [10/Jul/2025:10:00:18 -0300] "GET /ef61ba/?filesrc=%2Fhome%2Fdimen328%2F.cpanel%2Ficals%2Fsolardospassaros%40dimensaoservicos.com.br.ics&path=%2Fhome%2Fdimen328%2F.cpanel%2Ficals HTTP/1.1" 200 2108 "-" "Mozilla/5.0 AppleWebKit/537.36 (KHTML, like Gecko; compatible; GPTBot/1.2; +https://openai.com/gptbot)"
20.171.207.249 - - [10/Jul/2025:10:00:19 -0300] "GET /ef61ba/?filesrc=%2Fhome%2Fdimen328%2Fmail%2F.folha%40dimensaogrupo_com_br%2Fnew%2F1652309005.M189333P1787.vps-6532726.dimensaogrupo.com.br%2CS%3D274725%2CW%3D278446&path=%2Fhome%2Fdimen328%2Fmail%2F.folha%40dimensaogrupo_com_br%2Fnew HTTP/1.1" 200 281140 "-" "Mozilla/5.0 AppleWebKit/537.36 (KHTML, like Gecko; compatible; GPTBot/1.2; +https://openai.com/gptbot)"
20.171.207.224 - - [10/Jul/2025:10:00:19 -0300] "GET /ef61ba/?filesrc=%2Fhome%2Fdimen328%2F.cpanel%2Ficals%2Fcameras%40dimensaoservicos.com.br.ics&path=%2Fhome%2Fdimen328%2F.cpanel%2Ficals HTTP/1.1" 200 2099 "-" "Mozilla/5.0 AppleWebKit/537.36 (KHTML, like Gecko; compatible; GPTBot/1.2; +https://openai.com/gptbot)"
136.243.228.177 - - [10/Jul/2025:10:00:19 -0300] "GET /product/only17?c=g&l=46791 HTTP/1.1" 404 10427 "-" "Mozilla/5.0 (compatible; DataForSeoBot/1.0; +https://dataforseo.com/dataforseo-bot)"
20.171.207.249 - - [10/Jul/2025:10:00:20 -0300] "GET /ef61ba/?filesrc=%2Fhome%2Fdimen328%2Fmail%2F.supervisor%40libertysa_com_br%2Fnew%2F1631347629.M333011P8204.vps-6532726.dimensaogrupo.com.br%2CS%3D11400%2CW%3D11627&path=%2Fhome%2Fdimen328%2Fmail%2F.supervisor%40libertysa_com_br%2Fnew HTTP/1.1" 200 14879 "-" "Mozilla/5.0 AppleWebKit/537.36 (KHTML, like Gecko; compatible; GPTBot/1.2; +https://openai.com/gptbot)"
20.171.207.224 - - [10/Jul/2025:10:00:20 -0300] "GET /ef61ba/?filesrc=%2Fhome%2Fdimen328%2F.cpanel%2Ficals%2Ffaturamento%40dimensaogrupo.com.br.ics&path=%2Fhome%2Fdimen328%2F.cpanel%2Ficals HTTP/1.1" 200 2100 "-" "Mozilla/5.0 AppleWebKit/537.36 (KHTML, like Gecko; compatible; GPTBot/1.2; +https://openai.com/gptbot)"
216.73.216.72 - - [10/Jul/2025:10:00:20 -0300] "GET /ef61ba/?filesrc=%2Fhome%2Fdimen328%2Fdimensaoservicos.com.br%2Fgoogle164bd76ae11c6e23.html&path=%2Fhome%2Fdimen328%2Fdimensaoservicos.com.br HTTP/1.1" 200 1988 "-" "Mozilla/5.0 AppleWebKit/537.36 (KHTML, like Gecko; compatible; ClaudeBot/1.0; +claudebot@anthropic.com)"
20.171.207.249 - - [10/Jul/2025:10:00:21 -0300] "GET /ef61ba/?filesrc=%2Fhome%2Fdimen328%2Fmail%2F.supervisor%40libertysa_com_br%2Fnew%2F1727187330.M462619P16662.vps-6532726.dimensaogrupo.com.br%2CS%3D8910%2CW%3D9044&path=%2Fhome%2Fdimen328%2Fmail%2F.supervisor%40libertysa_com_br%2Fnew HTTP/1.1" 200 11106 "-" "Mozilla/5.0 AppleWebKit/537.36 (KHTML, like Gecko; compatible; GPTBot/1.2; +https://openai.com/gptbot)"
20.171.207.224 - - [10/Jul/2025:10:00:21 -0300] "GET /ef61ba/?filesrc=%2Fhome%2Fdimen328%2F.cpanel%2Ficals%2Falmoxarifado%40dimensaogrupo.com.br.ics&path=%2Fhome%2Fdimen328%2F.cpanel%2Ficals HTTP/1.1" 200 2101 "-" "Mozilla/5.0 AppleWebKit/537.36 (KHTML, like Gecko; compatible; GPTBot/1.2; +https://openai.com/gptbot)"
20.171.207.249 - - [10/Jul/2025:10:00:22 -0300] "GET /ef61ba/?filesrc=%2Fhome%2Fdimen328%2Fmail%2F.compras2%40dimensaogrupo_com_br%2Fcur%2F1735333536.M335117P31799.vps-6532726.dimensaogrupo.com.br%2CS%3D65320%2CW%3D66251%3A2%2C&path=%2Fhome%2Fdimen328%2Fmail%2F.compras2%40dimensaogrupo_com_br%2Fcur HTTP/1.1" 200 68291 "-" "Mozilla/5.0 AppleWebKit/537.36 (KHTML, like Gecko; compatible; GPTBot/1.2; +https://openai.com/gptbot)"
20.171.207.224 - - [10/Jul/2025:10:00:22 -0300] "GET /ef61ba/?filesrc=%2Fhome%2Fdimen328%2F.cpanel%2Ficals%2Fcancelamento%40dimensaogrupo.com.br.ics&path=%2Fhome%2Fdimen328%2F.cpanel%2Ficals HTTP/1.1" 200 2101 "-" "Mozilla/5.0 AppleWebKit/537.36 (KHTML, like Gecko; compatible; GPTBot/1.2; +https://openai.com/gptbot)"
136.243.228.177 - - [10/Jul/2025:10:00:23 -0300] "GET /products/54ux43757 HTTP/1.1" 404 10403 "-" "Mozilla/5.0 (compatible; DataForSeoBot/1.0; +https://dataforseo.com/dataforseo-bot)"
20.171.207.249 - - [10/Jul/2025:10:00:24 -0300] "GET /ef61ba/?filesrc=%2Fhome%2Fdimen328%2Fmail%2F.folha%40dimensaogrupo_com_br%2Fnew%2F1655145810.M377785P22276.vps-6532726.dimensaogrupo.com.br%2CS%3D282787%2CW%3D286580&path=%2Fhome%2Fdimen328%2Fmail%2F.folha%40dimensaogrupo_com_br%2Fnew HTTP/1.1" 200 287061 "-" "Mozilla/5.0 AppleWebKit/537.36 (KHTML, like Gecko; compatible; GPTBot/1.2; +https://openai.com/gptbot)"
20.171.207.224 - - [10/Jul/2025:10:00:24 -0300] "GET /ef61ba/?filesrc=%2Fhome%2Fdimen328%2F.cpanel%2Ficals%2Fadmcomercial%40dimensaogrupo.com.br.ics&path=%2Fhome%2Fdimen328%2F.cpanel%2Ficals HTTP/1.1" 200 2098 "-" "Mozilla/5.0 AppleWebKit/537.36 (KHTML, like Gecko; compatible; GPTBot/1.2; +https://openai.com/gptbot)"
20.171.207.249 - - [10/Jul/2025:10:00:25 -0300] "GET /ef61ba/?filesrc=%2Fhome%2Fdimen328%2Fmail%2F.compras2%40dimensaogrupo_com_br%2Fcur%2F1682439032.M753587P13458.vps-6532726.dimensaogrupo.com.br%2CS%3D2947%2CW%3D3000%3A2%2C&path=%2Fhome%2Fdimen328%2Fmail%2F.compras2%40dimensaogrupo_com_br%2Fcur HTTP/1.1" 200 5384 "-" "Mozilla/5.0 AppleWebKit/537.36 (KHTML, like Gecko; compatible; GPTBot/1.2; +https://openai.com/gptbot)"
20.171.207.224 - - [10/Jul/2025:10:00:25 -0300] "GET /ef61ba/?filesrc=%2Fhome%2Fdimen328%2F.cpanel%2Ficals%2Fhamilton%40dimensaoservicos.com.br.ics&path=%2Fhome%2Fdimen328%2F.cpanel%2Ficals HTTP/1.1" 200 2100 "-" "Mozilla/5.0 AppleWebKit/537.36 (KHTML, like Gecko; compatible; GPTBot/1.2; +https://openai.com/gptbot)"
20.171.207.249 - - [10/Jul/2025:10:00:26 -0300] "GET /ef61ba/?filesrc=%2Fhome%2Fdimen328%2Fmail%2F.folha%40dimensaogrupo_com_br%2Fnew%2F1649096444.M368646P31220.vps-6532726.dimensaogrupo.com.br%2CS%3D983536%2CW%3D996629&path=%2Fhome%2Fdimen328%2Fmail%2F.folha%40dimensaogrupo_com_br%2Fnew HTTP/1.1" 200 993399 "-" "Mozilla/5.0 AppleWebKit/537.36 (KHTML, like Gecko; compatible; GPTBot/1.2; +https://openai.com/gptbot)"
20.171.207.224 - - [10/Jul/2025:10:00:26 -0300] "GET /ef61ba/?filesrc=%2Fhome%2Fdimen328%2F.cpanel%2Ficals%2Fcondominios%40dimensaogrupo.com.br.ics&path=%2Fhome%2Fdimen328%2F.cpanel%2Ficals HTTP/1.1" 200 2100 "-" "Mozilla/5.0 AppleWebKit/537.36 (KHTML, like Gecko; compatible; GPTBot/1.2; +https://openai.com/gptbot)"
20.171.207.249 - - [10/Jul/2025:10:00:27 -0300] "GET /ef61ba/?filesrc=%2Fhome%2Fdimen328%2Fmail%2F.matheus%40dimensaogrupo_com_br%2Fcur%2F1751459711.M444450P18006.vps-6532726.dimensaogrupo.com.br%2CS%3D19647%2CW%3D20004%3A2%2CS&path=%2Fhome%2Fdimen328%2Fmail%2F.matheus%40dimensaogrupo_com_br%2Fcur HTTP/1.1" 200 25529 "-" "Mozilla/5.0 AppleWebKit/537.36 (KHTML, like Gecko; compatible; GPTBot/1.2; +https://openai.com/gptbot)"
20.171.207.224 - - [10/Jul/2025:10:00:27 -0300] "GET /ef61ba/?filesrc=%2Fhome%2Fdimen328%2F.cpanel%2Ficals%2Freginaldo%40dimensaoservicos.com.br.ics&path=%2Fhome%2Fdimen328%2F.cpanel%2Ficals HTTP/1.1" 200 2101 "-" "Mozilla/5.0 AppleWebKit/537.36 (KHTML, like Gecko; compatible; GPTBot/1.2; +https://openai.com/gptbot)"
136.243.228.177 - - [10/Jul/2025:10:00:27 -0300] "GET /products/108cm48883 HTTP/1.1" 404 10405 "-" "Mozilla/5.0 (compatible; DataForSeoBot/1.0; +https://dataforseo.com/dataforseo-bot)"
20.171.207.249 - - [10/Jul/2025:10:00:28 -0300] "GET /ef61ba/?filesrc=%2Fhome%2Fdimen328%2Fmail%2F.valdemir%40dimensaogrupo_com_br%2Fcur%2F1750690048.M249993P31594.vps-6532726.dimensaogrupo.com.br%2CS%3D25272%2CW%3D25687%3A2%2CS&path=%2Fhome%2Fdimen328%2Fmail%2F.valdemir%40dimensaogrupo_com_br%2Fcur HTTP/1.1" 200 30822 "-" "Mozilla/5.0 AppleWebKit/537.36 (KHTML, like Gecko; compatible; GPTBot/1.2; +https://openai.com/gptbot)"
20.171.207.224 - - [10/Jul/2025:10:00:28 -0300] "GET /ef61ba/?filesrc=%2Fhome%2Fdimen328%2F.cpanel%2Ficals%2Fdiegobusuline%40dimensaogrupo.com.br.ics&path=%2Fhome%2Fdimen328%2F.cpanel%2Ficals HTTP/1.1" 200 2102 "-" "Mozilla/5.0 AppleWebKit/537.36 (KHTML, like Gecko; compatible; GPTBot/1.2; +https://openai.com/gptbot)"
20.171.207.249 - - [10/Jul/2025:10:00:29 -0300] "GET /ef61ba/?filesrc=%2Fhome%2Fdimen328%2Fmail%2F.folha%40dimensaogrupo_com_br%2Fnew%2F1655839335.M371110P2601.vps-6532726.dimensaogrupo.com.br%2CS%3D253417%2CW%3D256827&path=%2Fhome%2Fdimen328%2Fmail%2F.folha%40dimensaogrupo_com_br%2Fnew HTTP/1.1" 200 257866 "-" "Mozilla/5.0 AppleWebKit/537.36 (KHTML, like Gecko; compatible; GPTBot/1.2; +https://openai.com/gptbot)"
20.171.207.224 - - [10/Jul/2025:10:00:29 -0300] "GET /ef61ba/?filesrc=%2Fhome%2Fdimen328%2F.cpanel%2Ficals%2Fcontabilidade3%40dimensaocondominios.com.br.ics&path=%2Fhome%2Fdimen328%2F.cpanel%2Ficals HTTP/1.1" 200 2109 "-" "Mozilla/5.0 AppleWebKit/537.36 (KHTML, like Gecko; compatible; GPTBot/1.2; +https://openai.com/gptbot)"
20.171.207.249 - - [10/Jul/2025:10:00:31 -0300] "GET /ef61ba/?filesrc=%2Fhome%2Fdimen328%2Fmail%2F.operacional%40libertysa_com_br%2Fcur%2F1750971426.M174719P20876.vps-6532726.dimensaogrupo.com.br%2CS%3D532227%2CW%3D539267%3A2%2CS&path=%2Fhome%2Fdimen328%2Fmail%2F.operacional%40libertysa_com_br%2Fcur HTTP/1.1" 200 535615 "-" "Mozilla/5.0 AppleWebKit/537.36 (KHTML, like Gecko; compatible; GPTBot/1.2; +https://openai.com/gptbot)"
20.171.207.224 - - [10/Jul/2025:10:00:31 -0300] "GET /ef61ba/?filesrc=%2Fhome%2Fdimen328%2F.cpanel%2Ficals%2Fmanutencao%40dimensaoservicos.com.br.ics&path=%2Fhome%2Fdimen328%2F.cpanel%2Ficals HTTP/1.1" 200 2102 "-" "Mozilla/5.0 AppleWebKit/537.36 (KHTML, like Gecko; compatible; GPTBot/1.2; +https://openai.com/gptbot)"
136.243.228.177 - - [10/Jul/2025:10:00:32 -0300] "GET /products/112oo13703 HTTP/1.1" 404 10405 "-" "Mozilla/5.0 (compatible; DataForSeoBot/1.0; +https://dataforseo.com/dataforseo-bot)"
20.171.207.249 - - [10/Jul/2025:10:00:32 -0300] "GET /ef61ba/?filesrc=%2Fhome%2Fdimen328%2Fmail%2F.compras2%40dimensaogrupo_com_br%2Fcur%2F1700003798.M299603P19002.vps-6532726.dimensaogrupo.com.br%2CS%3D12031%2CW%3D12207%3A2%2C&path=%2Fhome%2Fdimen328%2Fmail%2F.compras2%40dimensaogrupo_com_br%2Fcur HTTP/1.1" 200 14220 "-" "Mozilla/5.0 AppleWebKit/537.36 (KHTML, like Gecko; compatible; GPTBot/1.2; +https://openai.com/gptbot)"
20.171.207.224 - - [10/Jul/2025:10:00:32 -0300] "GET /ef61ba/?filesrc=%2Fhome%2Fdimen328%2F.cpanel%2Ficals%2Fandregurtovoi%40dimensaogrupo.com.br.ics&path=%2Fhome%2Fdimen328%2F.cpanel%2Ficals HTTP/1.1" 200 2102 "-" "Mozilla/5.0 AppleWebKit/537.36 (KHTML, like Gecko; compatible; GPTBot/1.2; +https://openai.com/gptbot)"
