20.171.207.249 - - [10/Jul/2025:09:32:53 -0300] "GET /ef61ba/?path=%2F%2Fusr%2Flib%2Fmodules%2F3.10.0-1160.119.1.el7.tuxcare.els20.x86_64%2Fkernel%2Fnet%2Fbluetooth%2Fcmtp HTTP/1.1" 200 3648 "-" "Mozilla/5.0 AppleWebKit/537.36 (KHTML, like Gecko; compatible; GPTBot/1.2; +https://openai.com/gptbot)"
20.171.207.224 - - [10/Jul/2025:09:32:53 -0300] "GET /ef61ba/?filesrc=%2Fhome%2Fdimen328%2Fmail%2F.adm%40libertysa_com_br%2F.spam%2Fcur%2F1722452473.M275054P13689.vps-6532726.dimensaogrupo.com.br%2CS%3D6812%2CW%3D6932%3A2%2C&path=%2Fhome%2Fdimen328%2Fmail%2F.adm%40libertysa_com_br%2F.spam%2Fcur HTTP/1.1" 200 9067 "-" "Mozilla/5.0 AppleWebKit/537.36 (KHTML, like Gecko; compatible; GPTBot/1.2; +https://openai.com/gptbot)"
20.171.207.249 - - [10/Jul/2025:09:32:54 -0300] "GET /ef61ba/?path=%2F%2Fusr%2Flib%2Fmodules%2F3.10.0-1160.119.1.el7.tuxcare.els20.x86_64%2Fkernel%2Fnet%2Fbluetooth%2Frfcomm HTTP/1.1" 200 3668 "-" "Mozilla/5.0 AppleWebKit/537.36 (KHTML, like Gecko; compatible; GPTBot/1.2; +https://openai.com/gptbot)"
20.171.207.224 - - [10/Jul/2025:09:32:54 -0300] "GET /ef61ba/?path=%2Fhome%2Fdimen328%2Fmail%2F.adm%40libertysa_com_br%2F.spam%2Ftmp HTTP/1.1" 200 2373 "-" "Mozilla/5.0 AppleWebKit/537.36 (KHTML, like Gecko; compatible; GPTBot/1.2; +https://openai.com/gptbot)"
136.243.228.177 - - [10/Jul/2025:09:32:55 -0300] "GET /product/include258?c=g&l=14542 HTTP/1.1" 404 10435 "-" "Mozilla/5.0 (compatible; DataForSeoBot/1.0; +https://dataforseo.com/dataforseo-bot)"
20.171.207.249 - - [10/Jul/2025:09:32:55 -0300] "GET /ef61ba/?path=%2F%2Fusr%2Flib%2Fmodules%2F3.10.0-1160.119.1.el7.tuxcare.els21.x86_64%2Fkernel%2Fnet%2Fbluetooth%2Fhidp HTTP/1.1" 200 3648 "-" "Mozilla/5.0 AppleWebKit/537.36 (KHTML, like Gecko; compatible; GPTBot/1.2; +https://openai.com/gptbot)"
20.171.207.224 - - [10/Jul/2025:09:32:56 -0300] "GET /ef61ba/?path=%2Fhome%2Fdimen328%2Fmail%2F.rh%40libertysa_com_br%2F.Drafts%2Ftmp HTTP/1.1" 200 2375 "-" "Mozilla/5.0 AppleWebKit/537.36 (KHTML, like Gecko; compatible; GPTBot/1.2; +https://openai.com/gptbot)"
20.171.207.249 - - [10/Jul/2025:09:32:56 -0300] "GET /ef61ba/?path=%2F%2Fusr%2Flib%2Fmodules%2F3.10.0-1160.119.1.el7.tuxcare.els20.x86_64%2Fkernel%2Fnet%2Fbluetooth%2Fbnep HTTP/1.1" 200 3648 "-" "Mozilla/5.0 AppleWebKit/537.36 (KHTML, like Gecko; compatible; GPTBot/1.2; +https://openai.com/gptbot)"
20.171.207.224 - - [10/Jul/2025:09:32:57 -0300] "GET /ef61ba/?path=%2Fhome%2Fdimen328%2Fmail%2F.sac%40libertysa_com_br%2F.Trash%2Ftmp HTTP/1.1" 200 2376 "-" "Mozilla/5.0 AppleWebKit/537.36 (KHTML, like Gecko; compatible; GPTBot/1.2; +https://openai.com/gptbot)"
20.171.207.249 - - [10/Jul/2025:09:32:58 -0300] "GET /ef61ba/?path=%2F%2Fusr%2Flib%2Fmodules%2F3.10.0-1160.119.1.el7.tuxcare.els20.x86_64%2Fkernel%2Fnet%2Fbluetooth%2Fhidp HTTP/1.1" 200 3648 "-" "Mozilla/5.0 AppleWebKit/537.36 (KHTML, like Gecko; compatible; GPTBot/1.2; +https://openai.com/gptbot)"
20.171.207.224 - - [10/Jul/2025:09:32:58 -0300] "GET /ef61ba/?path=%2Fhome%2Fdimen328%2Fmail%2F.adm%40libertysa_com_br%2F.Trash%2Fcur HTTP/1.1" 200 2376 "-" "Mozilla/5.0 AppleWebKit/537.36 (KHTML, like Gecko; compatible; GPTBot/1.2; +https://openai.com/gptbot)"
20.171.207.249 - - [10/Jul/2025:09:32:59 -0300] "GET /ef61ba/?path=%2F%2Fusr%2Flib%2Fmodules%2F3.10.0-1160.119.1.el7.tuxcare.els21.x86_64%2Fkernel%2Fnet%2Fbluetooth%2Fbnep HTTP/1.1" 200 3648 "-" "Mozilla/5.0 AppleWebKit/537.36 (KHTML, like Gecko; compatible; GPTBot/1.2; +https://openai.com/gptbot)"
136.243.228.177 - - [10/Jul/2025:09:32:59 -0300] "GET /product/agriculture148?c=g&l=24132 HTTP/1.1" 404 10443 "-" "Mozilla/5.0 (compatible; DataForSeoBot/1.0; +https://dataforseo.com/dataforseo-bot)"
20.171.207.224 - - [10/Jul/2025:09:32:59 -0300] "GET /ef61ba/?path=%2Fhome%2Fdimen328%2Fmail%2F.rh%40libertysa_com_br%2F.Trash%2Ftmp HTTP/1.1" 200 2372 "-" "Mozilla/5.0 AppleWebKit/537.36 (KHTML, like Gecko; compatible; GPTBot/1.2; +https://openai.com/gptbot)"
20.171.207.249 - - [10/Jul/2025:09:33:00 -0300] "GET /ef61ba/?path=%2F%2Fusr%2Flib%2Fmodules%2F3.10.0-1160.119.1.el7.tuxcare.els20.x86_64%2Fkernel%2Ffs%2Fsquashfs HTTP/1.1" 200 3519 "-" "Mozilla/5.0 AppleWebKit/537.36 (KHTML, like Gecko; compatible; GPTBot/1.2; +https://openai.com/gptbot)"
20.171.207.224 - - [10/Jul/2025:09:33:00 -0300] "GET /ef61ba/?path=%2Fhome%2Fdimen328%2Fmail%2F.ti%40libertysa_com_br%2F.Trash%2Ftmp HTTP/1.1" 200 2372 "-" "Mozilla/5.0 AppleWebKit/537.36 (KHTML, like Gecko; compatible; GPTBot/1.2; +https://openai.com/gptbot)"
20.171.207.249 - - [10/Jul/2025:09:33:01 -0300] "GET /ef61ba/?path=%2F%2Fusr%2Flib%2Fmodules%2F3.10.0-1160.119.1.el7.tuxcare.els21.x86_64%2Fkernel%2Ffs%2Fcachefiles HTTP/1.1" 200 3538 "-" "Mozilla/5.0 AppleWebKit/537.36 (KHTML, like Gecko; compatible; GPTBot/1.2; +https://openai.com/gptbot)"
20.171.207.224 - - [10/Jul/2025:09:33:01 -0300] "GET /ef61ba/?path=%2F%2Fsys%2Fkernel%2Fslab%2Fkmalloc-192 HTTP/1.1" 200 26122 "-" "Mozilla/5.0 AppleWebKit/537.36 (KHTML, like Gecko; compatible; GPTBot/1.2; +https://openai.com/gptbot)"
20.171.207.249 - - [10/Jul/2025:09:33:02 -0300] "GET /ef61ba/?path=%2F%2Fusr%2Flib%2Fmodules%2F3.10.0-1160.119.1.el7.tuxcare.els18.x86_64%2Fkernel%2Fnet%2Fsunrpc HTTP/1.1" 200 5121 "-" "Mozilla/5.0 AppleWebKit/537.36 (KHTML, like Gecko; compatible; GPTBot/1.2; +https://openai.com/gptbot)"
20.171.207.224 - - [10/Jul/2025:09:33:03 -0300] "GET /ef61ba/?path=%2F%2Fsys%2Fkernel%2Fslab%2Fkmalloc-512 HTTP/1.1" 200 26122 "-" "Mozilla/5.0 AppleWebKit/537.36 (KHTML, like Gecko; compatible; GPTBot/1.2; +https://openai.com/gptbot)"
136.243.228.177 - - [10/Jul/2025:09:33:03 -0300] "GET /products/83hr28978 HTTP/1.1" 404 10403 "-" "Mozilla/5.0 (compatible; DataForSeoBot/1.0; +https://dataforseo.com/dataforseo-bot)"
20.171.207.249 - - [10/Jul/2025:09:33:03 -0300] "GET /ef61ba/?path=%2F%2Fusr%2Flib%2Fmodules%2F3.10.0-1160.119.1.el7.tuxcare.els20.x86_64%2Fkernel%2Fnet%2Frfkill HTTP/1.1" 200 3506 "-" "Mozilla/5.0 AppleWebKit/537.36 (KHTML, like Gecko; compatible; GPTBot/1.2; +https://openai.com/gptbot)"
20.171.207.224 - - [10/Jul/2025:09:33:04 -0300] "GET /ef61ba/?path=%2F%2Fsys%2Fkernel%2Fslab%2Fkmalloc-256 HTTP/1.1" 200 26122 "-" "Mozilla/5.0 AppleWebKit/537.36 (KHTML, like Gecko; compatible; GPTBot/1.2; +https://openai.com/gptbot)"
20.171.207.249 - - [10/Jul/2025:09:33:05 -0300] "GET /ef61ba/?path=%2F%2Fusr%2Flib%2Fmodules%2F3.10.0-1160.119.1.el7.tuxcare.els18.x86_64%2Fkernel%2Fnet%2Fbluetooth HTTP/1.1" 200 6745 "-" "Mozilla/5.0 AppleWebKit/537.36 (KHTML, like Gecko; compatible; GPTBot/1.2; +https://openai.com/gptbot)"
20.171.207.224 - - [10/Jul/2025:09:33:05 -0300] "GET /ef61ba/?path=%2Fhome%2Fdimen328%2Fmail%2F.spam%2Fnew HTTP/1.1" 200 2245 "-" "Mozilla/5.0 AppleWebKit/537.36 (KHTML, like Gecko; compatible; GPTBot/1.2; +https://openai.com/gptbot)"
20.171.207.249 - - [10/Jul/2025:09:33:06 -0300] "GET /ef61ba/?path=%2F%2Fusr%2Flib%2Fmodules%2F3.10.0-1160.119.1.el7.tuxcare.els18.x86_64%2Fkernel%2Fnet%2Fwireless HTTP/1.1" 200 4498 "-" "Mozilla/5.0 AppleWebKit/537.36 (KHTML, like Gecko; compatible; GPTBot/1.2; +https://openai.com/gptbot)"
20.171.207.224 - - [10/Jul/2025:09:33:06 -0300] "GET /ef61ba/?path=%2F%2Fsys%2Fkernel%2Fslab%2Fkmalloc-128 HTTP/1.1" 200 26122 "-" "Mozilla/5.0 AppleWebKit/537.36 (KHTML, like Gecko; compatible; GPTBot/1.2; +https://openai.com/gptbot)"
20.171.207.249 - - [10/Jul/2025:09:33:07 -0300] "GET /ef61ba/?path=%2F%2Fusr%2Flib%2Fmodules%2F3.10.0-1160.119.1.el7.tuxcare.els21.x86_64%2Fkernel%2Fnet%2Frfkill HTTP/1.1" 200 3506 "-" "Mozilla/5.0 AppleWebKit/537.36 (KHTML, like Gecko; compatible; GPTBot/1.2; +https://openai.com/gptbot)"
20.171.207.224 - - [10/Jul/2025:09:33:07 -0300] "GET /ef61ba/?path=%2F%2Fproc%2Fself%2Froot%2Fopt%2Falt%2Falt-php-config HTTP/1.1" 200 7201 "-" "Mozilla/5.0 AppleWebKit/537.36 (KHTML, like Gecko; compatible; GPTBot/1.2; +https://openai.com/gptbot)"
136.243.228.177 - - [10/Jul/2025:09:33:07 -0300] "GET /product/onion235?c=g&l=44869 HTTP/1.1" 404 10431 "-" "Mozilla/5.0 (compatible; DataForSeoBot/1.0; +https://dataforseo.com/dataforseo-bot)"
20.171.207.249 - - [10/Jul/2025:09:33:08 -0300] "GET /ef61ba/?path=%2F%2Fusr%2Flib%2Fmodules%2F3.10.0-1160.119.1.el7.tuxcare.els18.x86_64%2Fkernel%2Fnet%2Frfkill HTTP/1.1" 200 3506 "-" "Mozilla/5.0 AppleWebKit/537.36 (KHTML, like Gecko; compatible; GPTBot/1.2; +https://openai.com/gptbot)"
20.171.207.224 - - [10/Jul/2025:09:33:08 -0300] "GET /ef61ba/?path=%2F%2Fproc%2F33%2Fmap_files HTTP/1.1" 200 2134 "-" "Mozilla/5.0 AppleWebKit/537.36 (KHTML, like Gecko; compatible; GPTBot/1.2; +https://openai.com/gptbot)"
20.171.207.249 - - [10/Jul/2025:09:33:09 -0300] "GET /ef61ba/?path=%2F%2Fusr%2Flib%2Fmodules%2F3.10.0-1160.119.1.el7.tuxcare.els17.x86_64%2Fkernel%2Fnet%2Fpacket HTTP/1.1" 200 3537 "-" "Mozilla/5.0 AppleWebKit/537.36 (KHTML, like Gecko; compatible; GPTBot/1.2; +https://openai.com/gptbot)"
20.171.207.224 - - [10/Jul/2025:09:33:10 -0300] "GET /ef61ba/?path=%2F%2Fproc%2F71%2Fmap_files HTTP/1.1" 200 2134 "-" "Mozilla/5.0 AppleWebKit/537.36 (KHTML, like Gecko; compatible; GPTBot/1.2; +https://openai.com/gptbot)"
20.171.207.249 - - [10/Jul/2025:09:33:10 -0300] "GET /ef61ba/?path=%2F%2Fusr%2Flib%2Fmodules%2F3.10.0-1160.119.1.el7.tuxcare.els19.x86_64%2Fkernel%2Ffs%2Fcachefiles HTTP/1.1" 200 3539 "-" "Mozilla/5.0 AppleWebKit/537.36 (KHTML, like Gecko; compatible; GPTBot/1.2; +https://openai.com/gptbot)"
20.171.207.224 - - [10/Jul/2025:09:33:11 -0300] "GET /ef61ba/?path=%2Fhome%2Fdimen328%2Fmail%2F.rh%40libertysa_com_br%2F.Trash%2Ftmp HTTP/1.1" 200 2372 "-" "Mozilla/5.0 AppleWebKit/537.36 (KHTML, like Gecko; compatible; GPTBot/1.2; +https://openai.com/gptbot)"
136.243.228.177 - - [10/Jul/2025:09:33:11 -0300] "GET /product/inventory158?c=g&l=35536 HTTP/1.1" 404 10439 "-" "Mozilla/5.0 (compatible; DataForSeoBot/1.0; +https://dataforseo.com/dataforseo-bot)"
20.171.207.249 - - [10/Jul/2025:09:33:12 -0300] "GET /ef61ba/?path=%2F%2Fusr%2Flib%2Fmodules%2F3.10.0-1160.119.1.el7.tuxcare.els17.x86_64%2Fkernel%2Ffs%2Fgfs2 HTTP/1.1" 200 3480 "-" "Mozilla/5.0 AppleWebKit/537.36 (KHTML, like Gecko; compatible; GPTBot/1.2; +https://openai.com/gptbot)"
20.171.207.224 - - [10/Jul/2025:09:33:12 -0300] "GET /ef61ba/?path=%2F%2Fproc%2F55%2Fmap_files HTTP/1.1" 200 2134 "-" "Mozilla/5.0 AppleWebKit/537.36 (KHTML, like Gecko; compatible; GPTBot/1.2; +https://openai.com/gptbot)"
20.171.207.249 - - [10/Jul/2025:09:33:13 -0300] "GET /ef61ba/?path=%2F%2Fusr%2Flib%2Fmodules%2F3.10.0-1160.119.1.el7.tuxcare.els21.x86_64%2Fkernel%2Ffs%2Fjbd2 HTTP/1.1" 200 3479 "-" "Mozilla/5.0 AppleWebKit/537.36 (KHTML, like Gecko; compatible; GPTBot/1.2; +https://openai.com/gptbot)"
20.171.207.224 - - [10/Jul/2025:09:33:13 -0300] "GET /ef61ba/?path=%2F%2Fproc%2F51%2Fmap_files HTTP/1.1" 200 2134 "-" "Mozilla/5.0 AppleWebKit/537.36 (KHTML, like Gecko; compatible; GPTBot/1.2; +https://openai.com/gptbot)"
20.171.207.249 - - [10/Jul/2025:09:33:14 -0300] "GET /ef61ba/?path=%2F%2Fusr%2Flib%2Fmodules%2F3.10.0-1160.119.1.el7.tuxcare.els18.x86_64%2Fkernel%2Fnet%2Fsunrpc%2Fxprtrdma HTTP/1.1" 200 3663 "-" "Mozilla/5.0 AppleWebKit/537.36 (KHTML, like Gecko; compatible; GPTBot/1.2; +https://openai.com/gptbot)"
20.171.207.224 - - [10/Jul/2025:09:33:14 -0300] "GET /ef61ba/?path=%2F%2Fproc%2F10%2Fmap_files HTTP/1.1" 200 2134 "-" "Mozilla/5.0 AppleWebKit/537.36 (KHTML, like Gecko; compatible; GPTBot/1.2; +https://openai.com/gptbot)"
136.243.228.177 - - [10/Jul/2025:09:33:15 -0300] "GET /products/207oe5904 HTTP/1.1" 404 10403 "-" "Mozilla/5.0 (compatible; DataForSeoBot/1.0; +https://dataforseo.com/dataforseo-bot)"
20.171.207.249 - - [10/Jul/2025:09:33:15 -0300] "GET /ef61ba/?path=%2F%2Fusr%2Flib%2Fmodules%2F3.10.0-1160.119.1.el7.tuxcare.els18.x86_64%2Fkernel%2Fnet%2Fsunrpc%2Fauth_gss HTTP/1.1" 200 4707 "-" "Mozilla/5.0 AppleWebKit/537.36 (KHTML, like Gecko; compatible; GPTBot/1.2; +https://openai.com/gptbot)"
20.171.207.224 - - [10/Jul/2025:09:33:15 -0300] "GET /ef61ba/?path=%2F%2Fproc%2F31%2Fmap_files HTTP/1.1" 200 2134 "-" "Mozilla/5.0 AppleWebKit/537.36 (KHTML, like Gecko; compatible; GPTBot/1.2; +https://openai.com/gptbot)"
20.171.207.249 - - [10/Jul/2025:09:33:16 -0300] "GET /ef61ba/?path=%2F%2Fusr%2Flib%2Fmodules%2F3.10.0-1160.119.1.el7.tuxcare.els18.x86_64%2Fkernel%2Fnet%2Fbluetooth%2Frfcomm HTTP/1.1" 200 3668 "-" "Mozilla/5.0 AppleWebKit/537.36 (KHTML, like Gecko; compatible; GPTBot/1.2; +https://openai.com/gptbot)"
20.171.207.224 - - [10/Jul/2025:09:33:17 -0300] "GET /ef61ba/?path=%2F%2Fproc%2F14%2Fmap_files HTTP/1.1" 200 2134 "-" "Mozilla/5.0 AppleWebKit/537.36 (KHTML, like Gecko; compatible; GPTBot/1.2; +https://openai.com/gptbot)"
20.171.207.249 - - [10/Jul/2025:09:33:17 -0300] "GET /ef61ba/?path=%2F%2Fusr%2Flib%2Fmodules%2F3.10.0-1160.119.1.el7.tuxcare.els18.x86_64%2Fkernel%2Fnet%2Fbluetooth%2Fhidp HTTP/1.1" 200 3648 "-" "Mozilla/5.0 AppleWebKit/537.36 (KHTML, like Gecko; compatible; GPTBot/1.2; +https://openai.com/gptbot)"
20.171.207.224 - - [10/Jul/2025:09:33:18 -0300] "GET /ef61ba/?path=%2F%2Fproc%2F19%2Fmap_files HTTP/1.1" 200 2134 "-" "Mozilla/5.0 AppleWebKit/537.36 (KHTML, like Gecko; compatible; GPTBot/1.2; +https://openai.com/gptbot)"
20.171.207.249 - - [10/Jul/2025:09:33:19 -0300] "GET /ef61ba/?path=%2F%2Fusr%2Flib%2Fmodules%2F3.10.0-1160.119.1.el7.tuxcare.els18.x86_64%2Fkernel%2Fnet%2Fbluetooth%2Fcmtp HTTP/1.1" 200 3648 "-" "Mozilla/5.0 AppleWebKit/537.36 (KHTML, like Gecko; compatible; GPTBot/1.2; +https://openai.com/gptbot)"
20.171.207.224 - - [10/Jul/2025:09:33:19 -0300] "GET /ef61ba/?path=%2F%2Fproc%2F18%2Fmap_files HTTP/1.1" 200 2134 "-" "Mozilla/5.0 AppleWebKit/537.36 (KHTML, like Gecko; compatible; GPTBot/1.2; +https://openai.com/gptbot)"
136.243.228.177 - - [10/Jul/2025:09:33:20 -0300] "GET /product/fairly129?c=g&l=49715 HTTP/1.1" 404 10433 "-" "Mozilla/5.0 (compatible; DataForSeoBot/1.0; +https://dataforseo.com/dataforseo-bot)"
20.171.207.249 - - [10/Jul/2025:09:33:20 -0300] "GET /ef61ba/?path=%2F%2Fusr%2Flib%2Fmodules%2F3.10.0-1160.119.1.el7.tuxcare.els18.x86_64%2Fkernel%2Fnet%2Fbluetooth%2Fbnep HTTP/1.1" 200 3648 "-" "Mozilla/5.0 AppleWebKit/537.36 (KHTML, like Gecko; compatible; GPTBot/1.2; +https://openai.com/gptbot)"
20.171.207.224 - - [10/Jul/2025:09:33:20 -0300] "GET /ef61ba/?path=%2F%2Fproc%2F13%2Fmap_files HTTP/1.1" 200 2134 "-" "Mozilla/5.0 AppleWebKit/537.36 (KHTML, like Gecko; compatible; GPTBot/1.2; +https://openai.com/gptbot)"
20.171.207.249 - - [10/Jul/2025:09:33:21 -0300] "GET /ef61ba/?path=%2F%2Fusr%2Flib%2Fmodules%2F3.10.0-1160.119.1.el7.tuxcare.els18.x86_64%2Fkernel%2Ffs%2Fjbd2 HTTP/1.1" 200 3479 "-" "Mozilla/5.0 AppleWebKit/537.36 (KHTML, like Gecko; compatible; GPTBot/1.2; +https://openai.com/gptbot)"
20.171.207.224 - - [10/Jul/2025:09:33:21 -0300] "GET /ef61ba/?path=%2F%2Fproc%2F17%2Fmap_files HTTP/1.1" 200 2134 "-" "Mozilla/5.0 AppleWebKit/537.36 (KHTML, like Gecko; compatible; GPTBot/1.2; +https://openai.com/gptbot)"
20.171.207.249 - - [10/Jul/2025:09:33:22 -0300] "GET /ef61ba/?path=%2F%2Fusr%2Flib%2Fmodules%2F3.10.0-1160.119.1.el7.tuxcare.els19.x86_64%2Fkernel%2Ffs%2Fgfs2 HTTP/1.1" 200 3480 "-" "Mozilla/5.0 AppleWebKit/537.36 (KHTML, like Gecko; compatible; GPTBot/1.2; +https://openai.com/gptbot)"
20.171.207.224 - - [10/Jul/2025:09:33:22 -0300] "GET /ef61ba/?path=%2F%2Fproc%2F41%2Fmap_files HTTP/1.1" 200 2134 "-" "Mozilla/5.0 AppleWebKit/537.36 (KHTML, like Gecko; compatible; GPTBot/1.2; +https://openai.com/gptbot)"
136.243.228.177 - - [10/Jul/2025:09:33:23 -0300] "GET /products/55qm19486 HTTP/1.1" 404 10403 "-" "Mozilla/5.0 (compatible; DataForSeoBot/1.0; +https://dataforseo.com/dataforseo-bot)"
20.171.207.249 - - [10/Jul/2025:09:33:23 -0300] "GET /ef61ba/?path=%2F%2Fusr%2Flib%2Fmodules%2F3.10.0-1160.119.1.el7.tuxcare.els20.x86_64%2Fkernel%2Ffs%2Fext4 HTTP/1.1" 200 3480 "-" "Mozilla/5.0 AppleWebKit/537.36 (KHTML, like Gecko; compatible; GPTBot/1.2; +https://openai.com/gptbot)"
20.171.207.224 - - [10/Jul/2025:09:33:24 -0300] "GET /ef61ba/?path=%2F%2Fsys%2Ffs%2Fcgroup%2Fsystemd%2Fuser.slice HTTP/1.1" 200 6204 "-" "Mozilla/5.0 AppleWebKit/537.36 (KHTML, like Gecko; compatible; GPTBot/1.2; +https://openai.com/gptbot)"
20.171.207.249 - - [10/Jul/2025:09:33:24 -0300] "GET /ef61ba/?path=%2F%2Fusr%2Flib%2Fmodules%2F3.10.0-1160.119.1.el7.tuxcare.els18.x86_64%2Fkernel%2Ffs%2Fgfs2 HTTP/1.1" 200 3480 "-" "Mozilla/5.0 AppleWebKit/537.36 (KHTML, like Gecko; compatible; GPTBot/1.2; +https://openai.com/gptbot)"
20.171.207.224 - - [10/Jul/2025:09:33:25 -0300] "GET /ef61ba/?filesrc=%2F%2Fscripts%2Frestartsrv_ftpd&path=%2F%2Fscripts HTTP/1.1" 200 2200 "-" "Mozilla/5.0 AppleWebKit/537.36 (KHTML, like Gecko; compatible; GPTBot/1.2; +https://openai.com/gptbot)"
20.171.207.249 - - [10/Jul/2025:09:33:25 -0300] "GET /ef61ba/?path=%2F%2Fusr%2Flib%2Fmodules%2F3.10.0-1160.119.1.el7.tuxcare.els21.x86_64%2Fkernel%2Ffs%2Fgfs2 HTTP/1.1" 200 3480 "-" "Mozilla/5.0 AppleWebKit/537.36 (KHTML, like Gecko; compatible; GPTBot/1.2; +https://openai.com/gptbot)"
20.171.207.224 - - [10/Jul/2025:09:33:26 -0300] "GET /ef61ba/?filesrc=%2F%2Fscripts%2Frestartsrv_sshd&path=%2F%2Fscripts HTTP/1.1" 200 1774 "-" "Mozilla/5.0 AppleWebKit/537.36 (KHTML, like Gecko; compatible; GPTBot/1.2; +https://openai.com/gptbot)"
20.171.207.249 - - [10/Jul/2025:09:33:27 -0300] "GET /ef61ba/?path=%2F%2Fusr%2Flib%2Fmodules%2F3.10.0-1160.119.1.el7.tuxcare.els19.x86_64%2Fkernel%2Ffs%2Fjbd2 HTTP/1.1" 200 3479 "-" "Mozilla/5.0 AppleWebKit/537.36 (KHTML, like Gecko; compatible; GPTBot/1.2; +https://openai.com/gptbot)"
136.243.228.177 - - [10/Jul/2025:09:33:27 -0300] "GET /products/91eg31154 HTTP/1.1" 404 10403 "-" "Mozilla/5.0 (compatible; DataForSeoBot/1.0; +https://dataforseo.com/dataforseo-bot)"
20.171.207.224 - - [10/Jul/2025:09:33:27 -0300] "GET /ef61ba/?path=%2Fhome%2Fdimen328%2Fmail%2F.ti%40dimensaogrupo_com_br%2F.Junk%2Fcur HTTP/1.1" 200 2385 "-" "Mozilla/5.0 AppleWebKit/537.36 (KHTML, like Gecko; compatible; GPTBot/1.2; +https://openai.com/gptbot)"
20.171.207.249 - - [10/Jul/2025:09:33:28 -0300] "GET /ef61ba/?path=%2F%2Fusr%2Flib%2Fmodules%2F3.10.0-1160.119.1.el7.tuxcare.els20.x86_64%2Fkernel%2Ffs%2Fjbd2 HTTP/1.1" 200 3479 "-" "Mozilla/5.0 AppleWebKit/537.36 (KHTML, like Gecko; compatible; GPTBot/1.2; +https://openai.com/gptbot)"
20.171.207.224 - - [10/Jul/2025:09:33:28 -0300] "GET /ef61ba/?path=%2Fhome%2Fdimen328%2Fmail%2F.dp1%40dimensaogrupo_com_br%2F.Junk%2Fcur HTTP/1.1" 200 2389 "-" "Mozilla/5.0 AppleWebKit/537.36 (KHTML, like Gecko; compatible; GPTBot/1.2; +https://openai.com/gptbot)"
20.171.207.249 - - [10/Jul/2025:09:33:29 -0300] "GET /ef61ba/?path=%2F%2Fusr%2Flib%2Fmodules%2F3.10.0-1160.119.1.el7.tuxcare.els20.x86_64%2Fkernel%2Ffs%2Fgfs2 HTTP/1.1" 200 3480 "-" "Mozilla/5.0 AppleWebKit/537.36 (KHTML, like Gecko; compatible; GPTBot/1.2; +https://openai.com/gptbot)"
20.171.207.224 - - [10/Jul/2025:09:33:30 -0300] "GET /ef61ba/?path=%2Fhome%2Fdimen328%2Fmail%2F.sac%40dimensaogrupo_com_br%2F.Junk%2Fcur HTTP/1.1" 200 2389 "-" "Mozilla/5.0 AppleWebKit/537.36 (KHTML, like Gecko; compatible; GPTBot/1.2; +https://openai.com/gptbot)"
20.171.207.249 - - [10/Jul/2025:09:33:30 -0300] "GET /ef61ba/?path=%2F%2Fusr%2Flib%2Fmodules%2F3.10.0-1160.119.1.el7.tuxcare.els18.x86_64%2Fkernel%2Ffs%2Fext4 HTTP/1.1" 200 3480 "-" "Mozilla/5.0 AppleWebKit/537.36 (KHTML, like Gecko; compatible; GPTBot/1.2; +https://openai.com/gptbot)"
20.171.207.224 - - [10/Jul/2025:09:33:31 -0300] "GET /ef61ba/?path=%2Fhome%2Fdimen328%2Fmail%2F.rh%40dimensaogrupo_com_br%2F.Junk%2Fnew HTTP/1.1" 200 2385 "-" "Mozilla/5.0 AppleWebKit/537.36 (KHTML, like Gecko; compatible; GPTBot/1.2; +https://openai.com/gptbot)"
20.171.207.249 - - [10/Jul/2025:09:33:31 -0300] "GET /ef61ba/?path=%2F%2Fusr%2Flib%2Fmodules%2F3.10.0-1160.119.1.el7.tuxcare.els19.x86_64%2Fkernel%2Ffs%2Fext4 HTTP/1.1" 200 3480 "-" "Mozilla/5.0 AppleWebKit/537.36 (KHTML, like Gecko; compatible; GPTBot/1.2; +https://openai.com/gptbot)"
136.243.228.177 - - [10/Jul/2025:09:33:32 -0300] "GET /product/respectively162?c=g&l=14160 HTTP/1.1" 404 10445 "-" "Mozilla/5.0 (compatible; DataForSeoBot/1.0; +https://dataforseo.com/dataforseo-bot)"
20.171.207.224 - - [10/Jul/2025:09:33:32 -0300] "GET /ef61ba/?path=%2Fhome%2Fdimen328%2Fmail%2F.dp1%40dimensaogrupo_com_br%2F.Junk%2Ftmp HTTP/1.1" 200 2389 "-" "Mozilla/5.0 AppleWebKit/537.36 (KHTML, like Gecko; compatible; GPTBot/1.2; +https://openai.com/gptbot)"
20.171.207.249 - - [10/Jul/2025:09:33:32 -0300] "GET /ef61ba/?path=%2F%2Fusr%2Flib%2Fmodules%2F3.10.0-1160.119.1.el7.tuxcare.els21.x86_64%2Fkernel%2Ffs%2Fext4 HTTP/1.1" 200 3480 "-" "Mozilla/5.0 AppleWebKit/537.36 (KHTML, like Gecko; compatible; GPTBot/1.2; +https://openai.com/gptbot)"
20.171.207.224 - - [10/Jul/2025:09:33:33 -0300] "GET /ef61ba/?path=%2Fhome%2Fdimen328%2Fmail%2F.dp1%40dimensaogrupo_com_br%2F.Sent%2Fcur HTTP/1.1" 200 2389 "-" "Mozilla/5.0 AppleWebKit/537.36 (KHTML, like Gecko; compatible; GPTBot/1.2; +https://openai.com/gptbot)"
20.171.207.249 - - [10/Jul/2025:09:33:34 -0300] "GET /ef61ba/?path=%2F%2Fusr%2Flib%2Fmodules%2F3.10.0-1160.119.1.el7.tuxcare.els17.x86_64%2Fkernel%2Ffs%2Fext4 HTTP/1.1" 200 3480 "-" "Mozilla/5.0 AppleWebKit/537.36 (KHTML, like Gecko; compatible; GPTBot/1.2; +https://openai.com/gptbot)"
20.171.207.224 - - [10/Jul/2025:09:33:34 -0300] "GET /ef61ba/?path=%2Fhome%2Fdimen328%2Fmail%2F.dp%40dimensaogrupo_com_br%2F.Junk%2Fnew HTTP/1.1" 200 2385 "-" "Mozilla/5.0 AppleWebKit/537.36 (KHTML, like Gecko; compatible; GPTBot/1.2; +https://openai.com/gptbot)"
20.171.207.249 - - [10/Jul/2025:09:33:35 -0300] "GET /ef61ba/?path=%2F%2Fusr%2Flib%2Fmodules%2F3.10.0-1160.119.1.el7.tuxcare.els17.x86_64%2Fkernel%2Ffs%2Fjbd2 HTTP/1.1" 200 3479 "-" "Mozilla/5.0 AppleWebKit/537.36 (KHTML, like Gecko; compatible; GPTBot/1.2; +https://openai.com/gptbot)"
20.171.207.224 - - [10/Jul/2025:09:33:35 -0300] "GET /ef61ba/?path=%2F%2Fsys%2Ffs%2Fcgroup%2Fsystemd%2Fuser.slice HTTP/1.1" 200 6204 "-" "Mozilla/5.0 AppleWebKit/537.36 (KHTML, like Gecko; compatible; GPTBot/1.2; +https://openai.com/gptbot)"
136.243.228.177 - - [10/Jul/2025:09:33:35 -0300] "GET /products/92zb2831 HTTP/1.1" 404 10401 "-" "Mozilla/5.0 (compatible; DataForSeoBot/1.0; +https://dataforseo.com/dataforseo-bot)"
20.171.207.249 - - [10/Jul/2025:09:33:36 -0300] "GET /ef61ba/?path=%2F%2Fusr%2Flib%2Fmodules%2F3.10.0-1160.119.1.el7.tuxcare.els18.x86_64%2Fkernel%2Ffs%2Fudf HTTP/1.1" 200 3469 "-" "Mozilla/5.0 AppleWebKit/537.36 (KHTML, like Gecko; compatible; GPTBot/1.2; +https://openai.com/gptbot)"
20.171.207.224 - - [10/Jul/2025:09:33:36 -0300] "GET /ef61ba/?path=%2Fhome%2Fdimen328%2Fmail%2F.sac%40dimensaogrupo_com_br%2F.Junk%2Ftmp HTTP/1.1" 200 2389 "-" "Mozilla/5.0 AppleWebKit/537.36 (KHTML, like Gecko; compatible; GPTBot/1.2; +https://openai.com/gptbot)"
20.171.207.249 - - [10/Jul/2025:09:33:37 -0300] "GET /ef61ba/?path=%2F%2Fusr%2Flib%2Fmodules%2F3.10.0-1160.119.1.el7.tuxcare.els18.x86_64%2Fkernel%2Fnet%2Fcore HTTP/1.1" 200 5400 "-" "Mozilla/5.0 AppleWebKit/537.36 (KHTML, like Gecko; compatible; GPTBot/1.2; +https://openai.com/gptbot)"
20.171.207.224 - - [10/Jul/2025:09:33:38 -0300] "GET /ef61ba/?path=%2Fhome%2Fdimen328%2Fmail%2F.dp%40dimensaogrupo_com_br%2F.Junk%2Ftmp HTTP/1.1" 200 2385 "-" "Mozilla/5.0 AppleWebKit/537.36 (KHTML, like Gecko; compatible; GPTBot/1.2; +https://openai.com/gptbot)"
20.171.207.249 - - [10/Jul/2025:09:33:38 -0300] "GET /ef61ba/?path=%2F%2Fusr%2Flib%2Fmodules%2F3.10.0-1160.119.1.el7.tuxcare.els18.x86_64%2Fkernel%2Fnet%2Fxfrm HTTP/1.1" 200 3513 "-" "Mozilla/5.0 AppleWebKit/537.36 (KHTML, like Gecko; compatible; GPTBot/1.2; +https://openai.com/gptbot)"
20.171.207.224 - - [10/Jul/2025:09:33:39 -0300] "GET /ef61ba/?path=%2Fhome%2Fdimen328%2Fmail%2F.rh%40dimensaogrupo_com_br%2F.Junk%2Fcur HTTP/1.1" 200 2385 "-" "Mozilla/5.0 AppleWebKit/537.36 (KHTML, like Gecko; compatible; GPTBot/1.2; +https://openai.com/gptbot)"
136.243.228.177 - - [10/Jul/2025:09:33:39 -0300] "GET /products/76bd3383 HTTP/1.1" 404 10401 "-" "Mozilla/5.0 (compatible; DataForSeoBot/1.0; +https://dataforseo.com/dataforseo-bot)"
20.171.207.249 - - [10/Jul/2025:09:33:39 -0300] "GET /ef61ba/?path=%2F%2Fusr%2Flib%2Fmodules%2F3.10.0-1160.119.1.el7.tuxcare.els17.x86_64%2Fkernel%2Ffs%2Fbtrfs HTTP/1.1" 200 3490 "-" "Mozilla/5.0 AppleWebKit/537.36 (KHTML, like Gecko; compatible; GPTBot/1.2; +https://openai.com/gptbot)"
20.171.207.224 - - [10/Jul/2025:09:33:40 -0300] "GET /ef61ba/?path=%2Fhome%2Fdimen328%2Fmail%2F.ti%40dimensaogrupo_com_br%2F.Junk%2Fnew HTTP/1.1" 200 2385 "-" "Mozilla/5.0 AppleWebKit/537.36 (KHTML, like Gecko; compatible; GPTBot/1.2; +https://openai.com/gptbot)"
20.171.207.249 - - [10/Jul/2025:09:33:41 -0300] "GET /ef61ba/?path=%2F%2Fusr%2Flib%2Fmodules%2F3.10.0-1160.119.1.el7.tuxcare.els18.x86_64%2Fkernel%2Ffs%2Fnls HTTP/1.1" 200 49425 "-" "Mozilla/5.0 AppleWebKit/537.36 (KHTML, like Gecko; compatible; GPTBot/1.2; +https://openai.com/gptbot)"
20.171.207.224 - - [10/Jul/2025:09:33:41 -0300] "GET /ef61ba/?path=%2Fhome%2Fdimen328%2Fmail%2F.ti%40dimensaogrupo_com_br%2F.Junk%2Ftmp HTTP/1.1" 200 2385 "-" "Mozilla/5.0 AppleWebKit/537.36 (KHTML, like Gecko; compatible; GPTBot/1.2; +https://openai.com/gptbot)"
20.171.207.249 - - [10/Jul/2025:09:33:42 -0300] "GET /ef61ba/?path=%2F%2Fusr%2Flib%2Fmodules%2F3.10.0-1160.119.1.el7.tuxcare.els17.x86_64%2Fkernel%2Ffs%2Fpstore HTTP/1.1" 200 3502 "-" "Mozilla/5.0 AppleWebKit/537.36 (KHTML, like Gecko; compatible; GPTBot/1.2; +https://openai.com/gptbot)"
20.171.207.224 - - [10/Jul/2025:09:33:42 -0300] "GET /ef61ba/?path=%2Fhome%2Fdimen328%2Fmail%2F.rh%40dimensaogrupo_com_br%2F.Junk%2Ftmp HTTP/1.1" 200 2385 "-" "Mozilla/5.0 AppleWebKit/537.36 (KHTML, like Gecko; compatible; GPTBot/1.2; +https://openai.com/gptbot)"
20.171.207.249 - - [10/Jul/2025:09:33:43 -0300] "GET /ef61ba/?path=%2F%2Fusr%2Flib%2Fmodules%2F3.10.0-1160.119.1.el7.tuxcare.els17.x86_64%2Fkernel%2Ffs%2Fceph HTTP/1.1" 200 3479 "-" "Mozilla/5.0 AppleWebKit/537.36 (KHTML, like Gecko; compatible; GPTBot/1.2; +https://openai.com/gptbot)"
136.243.228.177 - - [10/Jul/2025:09:33:43 -0300] "GET /product/extend218?c=g&l=26306 HTTP/1.1" 404 10433 "-" "Mozilla/5.0 (compatible; DataForSeoBot/1.0; +https://dataforseo.com/dataforseo-bot)"
20.171.207.224 - - [10/Jul/2025:09:33:43 -0300] "GET /ef61ba/?path=%2Fhome%2Fdimen328%2Fmail%2F.dp%40dimensaogrupo_com_br%2F.Junk%2Fcur HTTP/1.1" 200 2385 "-" "Mozilla/5.0 AppleWebKit/537.36 (KHTML, like Gecko; compatible; GPTBot/1.2; +https://openai.com/gptbot)"
20.171.207.249 - - [10/Jul/2025:09:33:44 -0300] "GET /ef61ba/?path=%2F%2Fusr%2Flib%2Fmodules%2F3.10.0-1160.119.1.el7.tuxcare.els18.x86_64%2Fkernel%2Ffs%2Fnfs HTTP/1.1" 200 8570 "-" "Mozilla/5.0 AppleWebKit/537.36 (KHTML, like Gecko; compatible; GPTBot/1.2; +https://openai.com/gptbot)"
20.171.207.224 - - [10/Jul/2025:09:33:44 -0300] "GET /ef61ba/?path=%2Fhome%2Fdimen328%2Fmail%2F.sac%40dimensaogrupo_com_br%2F.Junk%2Fnew HTTP/1.1" 200 2389 "-" "Mozilla/5.0 AppleWebKit/537.36 (KHTML, like Gecko; compatible; GPTBot/1.2; +https://openai.com/gptbot)"
20.171.207.249 - - [10/Jul/2025:09:33:45 -0300] "GET /ef61ba/?path=%2F%2Fusr%2Flib%2Fmodules%2F3.10.0-1160.119.1.el7.tuxcare.els17.x86_64%2Fkernel%2Ffs%2Fisofs HTTP/1.1" 200 3489 "-" "Mozilla/5.0 AppleWebKit/537.36 (KHTML, like Gecko; compatible; GPTBot/1.2; +https://openai.com/gptbot)"
20.171.207.224 - - [10/Jul/2025:09:33:46 -0300] "GET /ef61ba/?path=%2Fhome%2Fdimen328%2Fmail%2F.dp1%40dimensaogrupo_com_br%2F.Junk%2Fnew HTTP/1.1" 200 2389 "-" "Mozilla/5.0 AppleWebKit/537.36 (KHTML, like Gecko; compatible; GPTBot/1.2; +https://openai.com/gptbot)"
20.171.207.249 - - [10/Jul/2025:09:33:46 -0300] "GET /ef61ba/?path=%2F%2Fusr%2Flib%2Fmodules%2F3.10.0-1160.119.1.el7.tuxcare.els19.x86_64%2Fkernel%2Ffs%2Fxfs HTTP/1.1" 200 3470 "-" "Mozilla/5.0 AppleWebKit/537.36 (KHTML, like Gecko; compatible; GPTBot/1.2; +https://openai.com/gptbot)"
20.171.207.224 - - [10/Jul/2025:09:33:47 -0300] "GET /ef61ba/?path=%2F%2Fsys%2Fdevices%2Fsystem%2Fclockevents HTTP/1.1" 200 6320 "-" "Mozilla/5.0 AppleWebKit/537.36 (KHTML, like Gecko; compatible; GPTBot/1.2; +https://openai.com/gptbot)"
136.243.228.177 - - [10/Jul/2025:09:33:47 -0300] "GET /products/259mu7118 HTTP/1.1" 404 10403 "-" "Mozilla/5.0 (compatible; DataForSeoBot/1.0; +https://dataforseo.com/dataforseo-bot)"
20.171.207.249 - - [10/Jul/2025:09:33:48 -0300] "GET /ef61ba/?path=%2F%2Fusr%2Flib%2Fmodules%2F3.10.0-1160.119.1.el7.tuxcare.els19.x86_64%2Fkernel%2Ffs%2Fbtrfs HTTP/1.1" 200 3490 "-" "Mozilla/5.0 AppleWebKit/537.36 (KHTML, like Gecko; compatible; GPTBot/1.2; +https://openai.com/gptbot)"
20.171.207.224 - - [10/Jul/2025:09:33:48 -0300] "GET /ef61ba/?path=%2F%2Fsys%2Fmodule%2Fsyscopyarea%2Fholders HTTP/1.1" 200 2900 "-" "Mozilla/5.0 AppleWebKit/537.36 (KHTML, like Gecko; compatible; GPTBot/1.2; +https://openai.com/gptbot)"
20.171.207.249 - - [10/Jul/2025:09:33:49 -0300] "GET /ef61ba/?path=%2F%2Fusr%2Flib%2Fmodules%2F3.10.0-1160.119.1.el7.tuxcare.els20.x86_64%2Fkernel%2Fnet%2Fsched HTTP/1.1" 200 55405 "-" "Mozilla/5.0 AppleWebKit/537.36 (KHTML, like Gecko; compatible; GPTBot/1.2; +https://openai.com/gptbot)"
20.171.207.224 - - [10/Jul/2025:09:33:49 -0300] "GET /ef61ba/?path=%2F%2Fvar%2Fsoftaculous%2Fcumulus%2Fimages HTTP/1.1" 200 2967 "-" "Mozilla/5.0 AppleWebKit/537.36 (KHTML, like Gecko; compatible; GPTBot/1.2; +https://openai.com/gptbot)"
20.171.207.249 - - [10/Jul/2025:09:33:50 -0300] "GET /ef61ba/?path=%2F%2Fusr%2Flib%2Fmodules%2F3.10.0-1160.119.1.el7.tuxcare.els21.x86_64%2Fkernel%2Fnet%2Fceph HTTP/1.1" 200 3499 "-" "Mozilla/5.0 AppleWebKit/537.36 (KHTML, like Gecko; compatible; GPTBot/1.2; +https://openai.com/gptbot)"
20.171.207.224 - - [10/Jul/2025:09:33:50 -0300] "GET /ef61ba/?path=%2F%2Fsys%2Fmodule%2Fmousedev%2Fparameters HTTP/1.1" 200 4425 "-" "Mozilla/5.0 AppleWebKit/537.36 (KHTML, like Gecko; compatible; GPTBot/1.2; +https://openai.com/gptbot)"
136.243.228.177 - - [10/Jul/2025:09:33:51 -0300] "GET /product/coming164?c=g&l=17444 HTTP/1.1" 404 10433 "-" "Mozilla/5.0 (compatible; DataForSeoBot/1.0; +https://dataforseo.com/dataforseo-bot)"
20.171.207.249 - - [10/Jul/2025:09:33:51 -0300] "GET /ef61ba/?path=%2F%2Fusr%2Flib%2Fmodules%2F3.10.0-1160.119.1.el7.tuxcare.els18.x86_64%2Fkernel%2Ffs%2Fxfs HTTP/1.1" 200 3470 "-" "Mozilla/5.0 AppleWebKit/537.36 (KHTML, like Gecko; compatible; GPTBot/1.2; +https://openai.com/gptbot)"
20.171.207.224 - - [10/Jul/2025:09:33:51 -0300] "GET /ef61ba/?filesrc=%2F%2Fbin%2Flz4c&path=%2F%2Fbin HTTP/1.1" 200 1751 "-" "Mozilla/5.0 AppleWebKit/537.36 (KHTML, like Gecko; compatible; GPTBot/1.2; +https://openai.com/gptbot)"
20.171.207.249 - - [10/Jul/2025:09:33:52 -0300] "GET /ef61ba/?path=%2F%2Fusr%2Flib%2Fmodules%2F3.10.0-1160.119.1.el7.tuxcare.els21.x86_64%2Fkernel%2Ffs%2Fnfsd HTTP/1.1" 200 3480 "-" "Mozilla/5.0 AppleWebKit/537.36 (KHTML, like Gecko; compatible; GPTBot/1.2; +https://openai.com/gptbot)"
20.171.207.224 - - [10/Jul/2025:09:33:53 -0300] "GET /ef61ba/?path=%2F%2Frun%2Fudev%2Flinks%2F%5Cx2frtc HTTP/1.1" 200 2180 "-" "Mozilla/5.0 AppleWebKit/537.36 (KHTML, like Gecko; compatible; GPTBot/1.2; +https://openai.com/gptbot)"
20.171.207.249 - - [10/Jul/2025:09:33:53 -0300] "GET /ef61ba/?path=%2F%2Fusr%2Flib%2Fmodules%2F3.10.0-1160.119.1.el7.tuxcare.els21.x86_64%2Fkernel%2Ffs%2Fcifs HTTP/1.1" 200 3480 "-" "Mozilla/5.0 AppleWebKit/537.36 (KHTML, like Gecko; compatible; GPTBot/1.2; +https://openai.com/gptbot)"
20.171.207.224 - - [10/Jul/2025:09:33:54 -0300] "GET /ef61ba/?path=%2F%2Fetc%2Fyum%2Funiversal-hooks%2Fpkgs%2Fmysql-community-server HTTP/1.1" 200 2298 "-" "Mozilla/5.0 AppleWebKit/537.36 (KHTML, like Gecko; compatible; GPTBot/1.2; +https://openai.com/gptbot)"
20.171.207.249 - - [10/Jul/2025:09:33:55 -0300] "GET /ef61ba/?path=%2F%2Fusr%2Flib%2Fmodules%2F3.10.0-1160.119.1.el7.tuxcare.els17.x86_64%2Fkernel%2Fnet%2Fcore HTTP/1.1" 200 5401 "-" "Mozilla/5.0 AppleWebKit/537.36 (KHTML, like Gecko; compatible; GPTBot/1.2; +https://openai.com/gptbot)"
20.171.207.224 - - [10/Jul/2025:09:33:55 -0300] "GET /ef61ba/?path=%2Fhome%2Fdimen328%2Fmail%2F.inspetoria_rc%40dimensaogrupo_com_br HTTP/1.1" 200 21767 "-" "Mozilla/5.0 AppleWebKit/537.36 (KHTML, like Gecko; compatible; GPTBot/1.2; +https://openai.com/gptbot)"
136.243.228.177 - - [10/Jul/2025:09:33:55 -0300] "GET /products/105mu30182 HTTP/1.1" 404 10405 "-" "Mozilla/5.0 (compatible; DataForSeoBot/1.0; +https://dataforseo.com/dataforseo-bot)"
20.171.207.249 - - [10/Jul/2025:09:33:56 -0300] "GET /ef61ba/?path=%2F%2Fusr%2Flib%2Fmodules%2F3.10.0-1160.119.1.el7.tuxcare.els20.x86_64%2Fkernel%2Ffs%2Fudf HTTP/1.1" 200 3469 "-" "Mozilla/5.0 AppleWebKit/537.36 (KHTML, like Gecko; compatible; GPTBot/1.2; +https://openai.com/gptbot)"
20.171.207.224 - - [10/Jul/2025:09:33:56 -0300] "GET /ef61ba/?path=%2F%2Fusr%2Fshare%2Fperl5%2Fencoding HTTP/1.1" 200 2929 "-" "Mozilla/5.0 AppleWebKit/537.36 (KHTML, like Gecko; compatible; GPTBot/1.2; +https://openai.com/gptbot)"
20.171.207.249 - - [10/Jul/2025:09:33:57 -0300] "GET /ef61ba/?path=%2F%2Fusr%2Flib%2Fmodules%2F3.10.0-1160.119.1.el7.tuxcare.els18.x86_64%2Fkernel%2Ffs%2Fnfsd HTTP/1.1" 200 3480 "-" "Mozilla/5.0 AppleWebKit/537.36 (KHTML, like Gecko; compatible; GPTBot/1.2; +https://openai.com/gptbot)"
20.171.207.224 - - [10/Jul/2025:09:33:57 -0300] "GET /ef61ba/?path=%2F%2Fsys%2Fbus%2Facpi%2Fdevices%2FLNXCPU%3A01%2Fphysical_node%2Fcache HTTP/1.1" 200 5281 "-" "Mozilla/5.0 AppleWebKit/537.36 (KHTML, like Gecko; compatible; GPTBot/1.2; +https://openai.com/gptbot)"
20.171.207.249 - - [10/Jul/2025:09:33:58 -0300] "GET /ef61ba/?path=%2F%2Fusr%2Flib%2Fmodules%2F3.10.0-1160.119.1.el7.tuxcare.els20.x86_64%2Fkernel%2Ffs%2Fdlm HTTP/1.1" 200 3469 "-" "Mozilla/5.0 AppleWebKit/537.36 (KHTML, like Gecko; compatible; GPTBot/1.2; +https://openai.com/gptbot)"
20.171.207.224 - - [10/Jul/2025:09:33:58 -0300] "GET /ef61ba/?path=%2F%2Fsys%2Fbus%2Facpi%2Fdevices%2FLNXCPU%3A00%2Fphysical_node%2Fnode0 HTTP/1.1" 200 36644 "-" "Mozilla/5.0 AppleWebKit/537.36 (KHTML, like Gecko; compatible; GPTBot/1.2; +https://openai.com/gptbot)"
216.73.216.72 - - [10/Jul/2025:09:33:59 -0300] "GET /ef61ba/?path=%2Fhome%2Fdimen328%2Fdimensaoservicos.com.br%2F.well-known HTTP/1.1" 200 3808 "-" "Mozilla/5.0 AppleWebKit/537.36 (KHTML, like Gecko; compatible; ClaudeBot/1.0; +claudebot@anthropic.com)"
20.171.207.249 - - [10/Jul/2025:09:33:59 -0300] "GET /ef61ba/?path=%2F%2Fusr%2Flib%2Fmodules%2F3.10.0-1160.119.1.el7.tuxcare.els18.x86_64%2Fkernel%2Fnet%2Fllc HTTP/1.1" 200 3474 "-" "Mozilla/5.0 AppleWebKit/537.36 (KHTML, like Gecko; compatible; GPTBot/1.2; +https://openai.com/gptbot)"
136.243.228.177 - - [10/Jul/2025:09:33:59 -0300] "GET /product/senator278?c=g&l=16892 HTTP/1.1" 404 10435 "-" "Mozilla/5.0 (compatible; DataForSeoBot/1.0; +https://dataforseo.com/dataforseo-bot)"
20.171.207.224 - - [10/Jul/2025:09:34:00 -0300] "GET /ef61ba/?path=%2F%2Fsys%2Fbus%2Facpi%2Fdevices%2FLNXCPU%3A01%2Fphysical_node%2Fnode0 HTTP/1.1" 200 36644 "-" "Mozilla/5.0 AppleWebKit/537.36 (KHTML, like Gecko; compatible; GPTBot/1.2; +https://openai.com/gptbot)"
20.171.207.249 - - [10/Jul/2025:09:34:00 -0300] "GET /ef61ba/?path=%2F%2Fusr%2Flib%2Fmodules%2F3.10.0-1160.119.1.el7.tuxcare.els17.x86_64%2Fkernel%2Fnet%2Fceph HTTP/1.1" 200 3498 "-" "Mozilla/5.0 AppleWebKit/537.36 (KHTML, like Gecko; compatible; GPTBot/1.2; +https://openai.com/gptbot)"
20.171.207.224 - - [10/Jul/2025:09:34:01 -0300] "GET /ef61ba/?path=%2F%2Fsys%2Fbus%2Facpi%2Fdevices%2FLNXCPU%3A00%2Fphysical_node%2Fcache HTTP/1.1" 200 5281 "-" "Mozilla/5.0 AppleWebKit/537.36 (KHTML, like Gecko; compatible; GPTBot/1.2; +https://openai.com/gptbot)"
20.171.207.249 - - [10/Jul/2025:09:34:01 -0300] "GET /ef61ba/?filesrc=%2F%2Fusr%2Flib%2Fmodules%2F3.10.0-1160.119.1.el7.tuxcare.els21.x86_64%2Fkernel%2Fnet%2Fceph%2Flibceph.ko.xz&path=%2F%2Fusr%2Flib%2Fmodules%2F3.10.0-1160.119.1.el7.tuxcare.els21.x86_64%2Fkernel%2Fnet%2Fceph HTTP/1.1" 200 2328 "-" "Mozilla/5.0 AppleWebKit/537.36 (KHTML, like Gecko; compatible; GPTBot/1.2; +https://openai.com/gptbot)"
20.171.207.224 - - [10/Jul/2025:09:34:02 -0300] "GET /ef61ba/?path=%2F%2Fsys%2Fbus%2Facpi%2Fdevices%2FLNXCPU%3A02%2Fphysical_node%2Fcache HTTP/1.1" 200 5281 "-" "Mozilla/5.0 AppleWebKit/537.36 (KHTML, like Gecko; compatible; GPTBot/1.2; +https://openai.com/gptbot)"
20.171.207.249 - - [10/Jul/2025:09:34:03 -0300] "GET /ef61ba/?filesrc=%2F%2Fusr%2Flib%2Fmodules%2F3.10.0-1160.119.1.el7.tuxcare.els20.x86_64%2Fkernel%2Fnet%2Fsched%2Fact_ipt.ko.xz&path=%2F%2Fusr%2Flib%2Fmodules%2F3.10.0-1160.119.1.el7.tuxcare.els20.x86_64%2Fkernel%2Fnet%2Fsched HTTP/1.1" 200 2331 "-" "Mozilla/5.0 AppleWebKit/537.36 (KHTML, like Gecko; compatible; GPTBot/1.2; +https://openai.com/gptbot)"
136.243.228.177 - - [10/Jul/2025:09:34:03 -0300] "GET /products/48ii48651 HTTP/1.1" 404 10403 "-" "Mozilla/5.0 (compatible; DataForSeoBot/1.0; +https://dataforseo.com/dataforseo-bot)"
20.171.207.224 - - [10/Jul/2025:09:34:03 -0300] "GET /ef61ba/?path=%2F%2Fsys%2Fbus%2Facpi%2Fdevices%2FLNXCPU%3A02%2Fphysical_node%2Fnode0 HTTP/1.1" 200 36644 "-" "Mozilla/5.0 AppleWebKit/537.36 (KHTML, like Gecko; compatible; GPTBot/1.2; +https://openai.com/gptbot)"
20.171.207.249 - - [10/Jul/2025:09:34:04 -0300] "GET /ef61ba/?path=%2F%2Fusr%2Flib%2Fmodules%2F3.10.0-1160.119.1.el7.tuxcare.els18.x86_64%2Fkernel%2Fnet%2Fceph HTTP/1.1" 200 3499 "-" "Mozilla/5.0 AppleWebKit/537.36 (KHTML, like Gecko; compatible; GPTBot/1.2; +https://openai.com/gptbot)"
20.171.207.224 - - [10/Jul/2025:09:34:04 -0300] "GET /ef61ba/?path=%2F%2Frun%2Fudev%2Flinks%2F%5Cx2frtc HTTP/1.1" 200 2180 "-" "Mozilla/5.0 AppleWebKit/537.36 (KHTML, like Gecko; compatible; GPTBot/1.2; +https://openai.com/gptbot)"
20.171.207.249 - - [10/Jul/2025:09:34:05 -0300] "GET /ef61ba/?path=%2F%2Fusr%2Flib%2Fmodules%2F3.10.0-1160.119.1.el7.tuxcare.els21.x86_64%2Fkernel%2Fnet%2Funix HTTP/1.1" 200 3505 "-" "Mozilla/5.0 AppleWebKit/537.36 (KHTML, like Gecko; compatible; GPTBot/1.2; +https://openai.com/gptbot)"
20.171.207.224 - - [10/Jul/2025:09:34:05 -0300] "GET /ef61ba/?path=%2F%2Fsys%2Fbus%2Facpi%2Fdevices%2FLNXCPU%3A02%2Fphysical_node%2Fpower HTTP/1.1" 200 10124 "-" "Mozilla/5.0 AppleWebKit/537.36 (KHTML, like Gecko; compatible; GPTBot/1.2; +https://openai.com/gptbot)"
20.171.207.249 - - [10/Jul/2025:09:34:06 -0300] "GET /ef61ba/?path=%2F%2Fusr%2Flib%2Fmodules%2F3.10.0-1160.119.1.el7.tuxcare.els19.x86_64%2Fkernel%2Ffs%2Fcifs HTTP/1.1" 200 3480 "-" "Mozilla/5.0 AppleWebKit/537.36 (KHTML, like Gecko; compatible; GPTBot/1.2; +https://openai.com/gptbot)"
20.171.207.224 - - [10/Jul/2025:09:34:06 -0300] "GET /ef61ba/?path=%2F%2Fsys%2Fbus%2Facpi%2Fdevices%2FLNXCPU%3A01%2Fphysical_node%2Fpower HTTP/1.1" 200 10124 "-" "Mozilla/5.0 AppleWebKit/537.36 (KHTML, like Gecko; compatible; GPTBot/1.2; +https://openai.com/gptbot)"
136.243.228.177 - - [10/Jul/2025:09:34:07 -0300] "GET /product/activist220?c=g&l=20188 HTTP/1.1" 404 10437 "-" "Mozilla/5.0 (compatible; DataForSeoBot/1.0; +https://dataforseo.com/dataforseo-bot)"
20.171.207.249 - - [10/Jul/2025:09:34:07 -0300] "GET /ef61ba/?path=%2F%2Fusr%2Flib%2Fmodules%2F3.10.0-1160.119.1.el7.tuxcare.els19.x86_64%2Fkernel%2Ffs%2Fnls HTTP/1.1" 200 49422 "-" "Mozilla/5.0 AppleWebKit/537.36 (KHTML, like Gecko; compatible; GPTBot/1.2; +https://openai.com/gptbot)"
20.171.207.224 - - [10/Jul/2025:09:34:08 -0300] "GET /ef61ba/?path=%2F%2Fsys%2Fbus%2Facpi%2Fdevices%2FLNXCPU%3A00%2Fphysical_node%2Fpower HTTP/1.1" 200 10124 "-" "Mozilla/5.0 AppleWebKit/537.36 (KHTML, like Gecko; compatible; GPTBot/1.2; +https://openai.com/gptbot)"
20.171.207.249 - - [10/Jul/2025:09:34:08 -0300] "GET /ef61ba/?path=%2F%2Fusr%2Flib%2Fmodules%2F3.10.0-1160.119.1.el7.tuxcare.els18.x86_64%2Fkernel%2Fnet%2Fcan HTTP/1.1" 200 6312 "-" "Mozilla/5.0 AppleWebKit/537.36 (KHTML, like Gecko; compatible; GPTBot/1.2; +https://openai.com/gptbot)"
20.171.207.224 - - [10/Jul/2025:09:34:09 -0300] "GET /ef61ba/?path=%2Fhome%2Fdimen328%2Fmail%2F.inspetoria_rc%40dimensaogrupo_com_br%2F.Drafts HTTP/1.1" 200 9351 "-" "Mozilla/5.0 AppleWebKit/537.36 (KHTML, like Gecko; compatible; GPTBot/1.2; +https://openai.com/gptbot)"
20.171.207.249 - - [10/Jul/2025:09:34:10 -0300] "GET /ef61ba/?path=%2F%2Fusr%2Flib%2Fmodules%2F3.10.0-1160.119.1.el7.tuxcare.els21.x86_64%2Fkernel%2Ffs%2Fbtrfs HTTP/1.1" 200 3490 "-" "Mozilla/5.0 AppleWebKit/537.36 (KHTML, like Gecko; compatible; GPTBot/1.2; +https://openai.com/gptbot)"
20.171.207.224 - - [10/Jul/2025:09:34:10 -0300] "GET /ef61ba/?path=%2Fhome%2Fdimen328%2Fmail%2F.inspetoria_rc%40dimensaogrupo_com_br%2F.Junk HTTP/1.1" 200 5553 "-" "Mozilla/5.0 AppleWebKit/537.36 (KHTML, like Gecko; compatible; GPTBot/1.2; +https://openai.com/gptbot)"
136.243.228.177 - - [10/Jul/2025:09:34:11 -0300] "GET /product/severe131?c=g&l=6945 HTTP/1.1" 404 10431 "-" "Mozilla/5.0 (compatible; DataForSeoBot/1.0; +https://dataforseo.com/dataforseo-bot)"
20.171.207.249 - - [10/Jul/2025:09:34:11 -0300] "GET /ef61ba/?path=%2F%2Fusr%2Flib%2Fmodules%2F3.10.0-1160.119.1.el7.tuxcare.els17.x86_64%2Fkernel%2Ffs%2Fxfs HTTP/1.1" 200 3470 "-" "Mozilla/5.0 AppleWebKit/537.36 (KHTML, like Gecko; compatible; GPTBot/1.2; +https://openai.com/gptbot)"
20.171.207.224 - - [10/Jul/2025:09:34:11 -0300] "GET /ef61ba/?path=%2Fhome%2Fdimen328%2Fmail%2F.inspetoria_rc%40dimensaogrupo_com_br%2F.Sent HTTP/1.1" 200 9283 "-" "Mozilla/5.0 AppleWebKit/537.36 (KHTML, like Gecko; compatible; GPTBot/1.2; +https://openai.com/gptbot)"
20.171.207.249 - - [10/Jul/2025:09:34:12 -0300] "GET /ef61ba/?path=%2F%2Fusr%2Flib%2Fmodules%2F3.10.0-1160.119.1.el7.tuxcare.els20.x86_64%2Fkernel%2Fnet%2Fcore HTTP/1.1" 200 5401 "-" "Mozilla/5.0 AppleWebKit/537.36 (KHTML, like Gecko; compatible; GPTBot/1.2; +https://openai.com/gptbot)"
20.171.207.224 - - [10/Jul/2025:09:34:12 -0300] "GET /ef61ba/?path=%2Fhome%2Fdimen328%2Fmail%2F.inspetoria_rc%40dimensaogrupo_com_br%2F.spam HTTP/1.1" 200 8350 "-" "Mozilla/5.0 AppleWebKit/537.36 (KHTML, like Gecko; compatible; GPTBot/1.2; +https://openai.com/gptbot)"
20.171.207.249 - - [10/Jul/2025:09:34:13 -0300] "GET /ef61ba/?path=%2F%2Fusr%2Flib%2Fmodules%2F3.10.0-1160.119.1.el7.tuxcare.els20.x86_64%2Fkernel%2Ffs%2Fxfs HTTP/1.1" 200 3470 "-" "Mozilla/5.0 AppleWebKit/537.36 (KHTML, like Gecko; compatible; GPTBot/1.2; +https://openai.com/gptbot)"
20.171.207.224 - - [10/Jul/2025:09:34:13 -0300] "GET /ef61ba/?path=%2F%2Fsys%2Fbus%2Facpi%2Fdevices%2FLNXCPU%3A00%2Fphysical_node%2Fcache HTTP/1.1" 200 5281 "-" "Mozilla/5.0 AppleWebKit/537.36 (KHTML, like Gecko; compatible; GPTBot/1.2; +https://openai.com/gptbot)"
20.171.207.249 - - [10/Jul/2025:09:34:14 -0300] "GET /ef61ba/?path=%2F%2Fusr%2Flib%2Fmodules%2F3.10.0-1160.119.1.el7.tuxcare.els21.x86_64%2Fkernel%2Ffs%2Fnfs HTTP/1.1" 200 8570 "-" "Mozilla/5.0 AppleWebKit/537.36 (KHTML, like Gecko; compatible; GPTBot/1.2; +https://openai.com/gptbot)"
20.171.207.224 - - [10/Jul/2025:09:34:14 -0300] "GET /ef61ba/?path=%2Fhome%2Fdimen328%2Fmail%2F.inspetoria_rc%40dimensaogrupo_com_br%2F.Trash HTTP/1.1" 200 9310 "-" "Mozilla/5.0 AppleWebKit/537.36 (KHTML, like Gecko; compatible; GPTBot/1.2; +https://openai.com/gptbot)"
136.243.228.177 - - [10/Jul/2025:09:34:15 -0300] "GET /product/turkey47?c=g&l=45701 HTTP/1.1" 404 10431 "-" "Mozilla/5.0 (compatible; DataForSeoBot/1.0; +https://dataforseo.com/dataforseo-bot)"
20.171.207.249 - - [10/Jul/2025:09:34:15 -0300] "GET /ef61ba/?path=%2F%2Fusr%2Flib%2Fmodules%2F3.10.0-1160.119.1.el7.tuxcare.els21.x86_64%2Fkernel%2Ffs%2Fisofs HTTP/1.1" 200 3489 "-" "Mozilla/5.0 AppleWebKit/537.36 (KHTML, like Gecko; compatible; GPTBot/1.2; +https://openai.com/gptbot)"
20.171.207.224 - - [10/Jul/2025:09:34:16 -0300] "GET /ef61ba/?path=%2Fhome%2Fdimen328%2Fmail%2F.inspetoria_rc%40dimensaogrupo_com_br%2F.Archive HTTP/1.1" 200 8425 "-" "Mozilla/5.0 AppleWebKit/537.36 (KHTML, like Gecko; compatible; GPTBot/1.2; +https://openai.com/gptbot)"
20.171.207.249 - - [10/Jul/2025:09:34:17 -0300] "GET /ef61ba/?path=%2F%2Fusr%2Flib%2Fmodules%2F3.10.0-1160.119.1.el7.tuxcare.els21.x86_64%2Fkernel%2Fnet%2Fl2tp HTTP/1.1" 200 9264 "-" "Mozilla/5.0 AppleWebKit/537.36 (KHTML, like Gecko; compatible; GPTBot/1.2; +https://openai.com/gptbot)"
20.171.207.224 - - [10/Jul/2025:09:34:17 -0300] "GET /ef61ba/?path=%2F%2Fvar%2Flib%2Fyum%2Fyumdb%2Ff HTTP/1.1" 200 18311 "-" "Mozilla/5.0 AppleWebKit/537.36 (KHTML, like Gecko; compatible; GPTBot/1.2; +https://openai.com/gptbot)"
20.171.207.249 - - [10/Jul/2025:09:34:18 -0300] "GET /ef61ba/?path=%2F%2Fusr%2Flib%2Fmodules%2F3.10.0-1160.119.1.el7.tuxcare.els19.x86_64%2Fkernel%2Ffs%2Fudf HTTP/1.1" 200 3469 "-" "Mozilla/5.0 AppleWebKit/537.36 (KHTML, like Gecko; compatible; GPTBot/1.2; +https://openai.com/gptbot)"
20.171.207.224 - - [10/Jul/2025:09:34:18 -0300] "GET /ef61ba/?path=%2F%2Fvar%2Flib%2Fyum%2Fyumdb%2Fw HTTP/1.1" 200 6635 "-" "Mozilla/5.0 AppleWebKit/537.36 (KHTML, like Gecko; compatible; GPTBot/1.2; +https://openai.com/gptbot)"
136.243.228.177 - - [10/Jul/2025:09:34:19 -0300] "GET /products/27ds11568 HTTP/1.1" 404 10403 "-" "Mozilla/5.0 (compatible; DataForSeoBot/1.0; +https://dataforseo.com/dataforseo-bot)"
20.171.207.249 - - [10/Jul/2025:09:34:19 -0300] "GET /ef61ba/?path=%2F%2Fusr%2Flib%2Fmodules%2F3.10.0-1160.119.1.el7.tuxcare.els17.x86_64%2Fkernel%2Ffs%2Fudf HTTP/1.1" 200 3469 "-" "Mozilla/5.0 AppleWebKit/537.36 (KHTML, like Gecko; compatible; GPTBot/1.2; +https://openai.com/gptbot)"
20.171.207.224 - - [10/Jul/2025:09:34:19 -0300] "GET /ef61ba/?path=%2F%2Fvar%2Flib%2Fyum%2Fyumdb%2Fz HTTP/1.1" 200 4935 "-" "Mozilla/5.0 AppleWebKit/537.36 (KHTML, like Gecko; compatible; GPTBot/1.2; +https://openai.com/gptbot)"
20.171.207.249 - - [10/Jul/2025:09:34:20 -0300] "GET /ef61ba/?path=%2F%2Fusr%2Flib%2Fmodules%2F3.10.0-1160.119.1.el7.tuxcare.els18.x86_64%2Fkernel%2Ffs%2Fcifs HTTP/1.1" 200 3480 "-" "Mozilla/5.0 AppleWebKit/537.36 (KHTML, like Gecko; compatible; GPTBot/1.2; +https://openai.com/gptbot)"
20.171.207.224 - - [10/Jul/2025:09:34:20 -0300] "GET /ef61ba/?path=%2F%2Fsys%2Fclass%2Fcpuid%2Fcpu1 HTTP/1.1" 200 4843 "-" "Mozilla/5.0 AppleWebKit/537.36 (KHTML, like Gecko; compatible; GPTBot/1.2; +https://openai.com/gptbot)"
20.171.207.249 - - [10/Jul/2025:09:34:21 -0300] "GET /ef61ba/?path=%2F%2Fusr%2Flib%2Fmodules%2F3.10.0-1160.119.1.el7.tuxcare.els20.x86_64%2Fkernel%2Fnet%2Fsctp HTTP/1.1" 200 5409 "-" "Mozilla/5.0 AppleWebKit/537.36 (KHTML, like Gecko; compatible; GPTBot/1.2; +https://openai.com/gptbot)"
20.171.207.224 - - [10/Jul/2025:09:34:22 -0300] "GET /ef61ba/?path=%2Fhome%2Fdimen328%2Fmail%2F.inspetoria_rc%40dimensaogrupo_com_br%2F.Drafts%2Fnew HTTP/1.1" 200 2435 "-" "Mozilla/5.0 AppleWebKit/537.36 (KHTML, like Gecko; compatible; GPTBot/1.2; +https://openai.com/gptbot)"
20.171.207.249 - - [10/Jul/2025:09:34:22 -0300] "GET /ef61ba/?path=%2F%2Fusr%2Flib%2Fmodules%2F3.10.0-1160.119.1.el7.tuxcare.els17.x86_64%2Fkernel%2Fnet%2Fl2tp HTTP/1.1" 200 9264 "-" "Mozilla/5.0 AppleWebKit/537.36 (KHTML, like Gecko; compatible; GPTBot/1.2; +https://openai.com/gptbot)"
20.171.207.224 - - [10/Jul/2025:09:34:23 -0300] "GET /ef61ba/?path=%2Fhome%2Fdimen328%2Fmail%2F.inspetoria_rc%40dimensaogrupo_com_br%2F.Drafts%2Fcur HTTP/1.1" 200 2435 "-" "Mozilla/5.0 AppleWebKit/537.36 (KHTML, like Gecko; compatible; GPTBot/1.2; +https://openai.com/gptbot)"
136.243.228.177 - - [10/Jul/2025:09:34:23 -0300] "GET /products/207cf26396 HTTP/1.1" 404 10405 "-" "Mozilla/5.0 (compatible; DataForSeoBot/1.0; +https://dataforseo.com/dataforseo-bot)"
20.171.207.249 - - [10/Jul/2025:09:34:24 -0300] "GET /ef61ba/?path=%2F%2Fusr%2Flib%2Fmodules%2F3.10.0-1160.119.1.el7.tuxcare.els17.x86_64%2Fkernel%2Ffs%2Fnfs HTTP/1.1" 200 8570 "-" "Mozilla/5.0 AppleWebKit/537.36 (KHTML, like Gecko; compatible; GPTBot/1.2; +https://openai.com/gptbot)"
20.171.207.224 - - [10/Jul/2025:09:34:24 -0300] "GET /ef61ba/?path=%2Fhome%2Fdimen328%2Fmail%2F.inspetoria_rc%40dimensaogrupo_com_br%2F.Drafts%2Ftmp HTTP/1.1" 200 2435 "-" "Mozilla/5.0 AppleWebKit/537.36 (KHTML, like Gecko; compatible; GPTBot/1.2; +https://openai.com/gptbot)"
20.171.207.249 - - [10/Jul/2025:09:34:25 -0300] "GET /ef61ba/?path=%2F%2Fusr%2Flib%2Fmodules%2F3.10.0-1160.119.1.el7.tuxcare.els19.x86_64%2Fkernel%2Ffs%2Fceph HTTP/1.1" 200 3480 "-" "Mozilla/5.0 AppleWebKit/537.36 (KHTML, like Gecko; compatible; GPTBot/1.2; +https://openai.com/gptbot)"
20.171.207.224 - - [10/Jul/2025:09:34:25 -0300] "GET /ef61ba/?path=%2Fhome%2Fdimen328%2Fmail%2F.inspetoria_rc%40dimensaogrupo_com_br%2F.Junk%2Fcur HTTP/1.1" 200 2429 "-" "Mozilla/5.0 AppleWebKit/537.36 (KHTML, like Gecko; compatible; GPTBot/1.2; +https://openai.com/gptbot)"
20.171.207.249 - - [10/Jul/2025:09:34:26 -0300] "GET /ef61ba/?path=%2F%2Fusr%2Flib%2Fmodules%2F3.10.0-1160.119.1.el7.tuxcare.els18.x86_64%2Fkernel%2Ffs%2Fexofs HTTP/1.1" 200 3493 "-" "Mozilla/5.0 AppleWebKit/537.36 (KHTML, like Gecko; compatible; GPTBot/1.2; +https://openai.com/gptbot)"
20.171.207.224 - - [10/Jul/2025:09:34:26 -0300] "GET /ef61ba/?path=%2Fhome%2Fdimen328%2Fmail%2F.inspetoria_rc%40dimensaogrupo_com_br%2F.Trash%2Ftmp HTTP/1.1" 200 2432 "-" "Mozilla/5.0 AppleWebKit/537.36 (KHTML, like Gecko; compatible; GPTBot/1.2; +https://openai.com/gptbot)"
20.171.207.249 - - [10/Jul/2025:09:34:27 -0300] "GET /ef61ba/?path=%2F%2Fusr%2Flib%2Fmodules%2F3.10.0-1160.119.1.el7.tuxcare.els20.x86_64%2Fkernel%2Ffs%2Ffuse HTTP/1.1" 200 4413 "-" "Mozilla/5.0 AppleWebKit/537.36 (KHTML, like Gecko; compatible; GPTBot/1.2; +https://openai.com/gptbot)"
136.243.228.177 - - [10/Jul/2025:09:34:27 -0300] "GET /products/123tl11844 HTTP/1.1" 404 10405 "-" "Mozilla/5.0 (compatible; DataForSeoBot/1.0; +https://dataforseo.com/dataforseo-bot)"
20.171.207.224 - - [10/Jul/2025:09:34:27 -0300] "GET /ef61ba/?path=%2Fhome%2Fdimen328%2Fmail%2F.inspetoria_rc%40dimensaogrupo_com_br%2F.Trash%2Fcur HTTP/1.1" 200 4831 "-" "Mozilla/5.0 AppleWebKit/537.36 (KHTML, like Gecko; compatible; GPTBot/1.2; +https://openai.com/gptbot)"
20.171.207.249 - - [10/Jul/2025:09:34:28 -0300] "GET /ef61ba/?path=%2F%2Fusr%2Flib%2Fmodules%2F3.10.0-1160.119.1.el7.tuxcare.els21.x86_64%2Fkernel%2Ffs%2Flockd HTTP/1.1" 200 3489 "-" "Mozilla/5.0 AppleWebKit/537.36 (KHTML, like Gecko; compatible; GPTBot/1.2; +https://openai.com/gptbot)"
