20.171.207.249 - - [10/Jul/2025:09:12:26 -0300] "GET /ef61ba/?path=%2F%2Fusr%2Flib%2Fmodules%2F3.10.0-1160.119.1.el7.tuxcare.els17.x86_64%2Fkernel%2Fdrivers%2Fmedia%2Fcommon%2Fsiano HTTP/1.1" 200 4840 "-" "Mozilla/5.0 AppleWebKit/537.36 (KHTML, like Gecko; compatible; GPTBot/1.2; +https://openai.com/gptbot)"
178.128.216.6 - - [10/Jul/2025:09:12:26 -0300] "POST /plugins/vendor/phpunit/phpunit/src/Util/PHP/eval-stdin.php HTTP/1.1" 404 10483 "-" "python-requests/2.32.4"
20.171.207.224 - - [10/Jul/2025:09:12:26 -0300] "GET /ef61ba/?filesrc=%2Fhome%2Fdimen328%2Fmail%2F.diretor%40libertysa_com_br%2F.spam%2Fnew%2F1749579865.M401871P4395.vps-6532726.dimensaogrupo.com.br%2CS%3D9376%2CW%3D9529&path=%2Fhome%2Fdimen328%2Fmail%2F.diretor%40libertysa_com_br%2F.spam%2Fnew HTTP/1.1" 200 11669 "-" "Mozilla/5.0 AppleWebKit/537.36 (KHTML, like Gecko; compatible; GPTBot/1.2; +https://openai.com/gptbot)"
20.171.207.249 - - [10/Jul/2025:09:12:27 -0300] "GET /ef61ba/?path=%2F%2Fusr%2Flib%2Fmodules%2F3.10.0-1160.119.1.el7.tuxcare.els18.x86_64%2Fkernel%2Fdrivers%2Fmedia%2Fcommon%2Fsaa7146 HTTP/1.1" 200 4877 "-" "Mozilla/5.0 AppleWebKit/537.36 (KHTML, like Gecko; compatible; GPTBot/1.2; +https://openai.com/gptbot)"
20.171.207.224 - - [10/Jul/2025:09:12:27 -0300] "GET /ef61ba/?filesrc=%2Fhome%2Fdimen328%2Fmail%2F.diretor%40libertysa_com_br%2F.spam%2Fnew%2F1741827539.M548710P4068.vps-6532726.dimensaogrupo.com.br%2CS%3D9037%2CW%3D9187&path=%2Fhome%2Fdimen328%2Fmail%2F.diretor%40libertysa_com_br%2F.spam%2Fnew HTTP/1.1" 200 11342 "-" "Mozilla/5.0 AppleWebKit/537.36 (KHTML, like Gecko; compatible; GPTBot/1.2; +https://openai.com/gptbot)"
20.171.207.249 - - [10/Jul/2025:09:12:28 -0300] "GET /ef61ba/?path=%2F%2Fusr%2Flib%2Fmodules%2F3.10.0-1160.119.1.el7.tuxcare.els17.x86_64%2Fkernel%2Fdrivers%2Fmedia%2Fcommon%2Fsaa7146 HTTP/1.1" 200 4877 "-" "Mozilla/5.0 AppleWebKit/537.36 (KHTML, like Gecko; compatible; GPTBot/1.2; +https://openai.com/gptbot)"
20.171.207.224 - - [10/Jul/2025:09:12:29 -0300] "GET /ef61ba/?filesrc=%2Fhome%2Fdimen328%2Fmail%2F.diretor%40libertysa_com_br%2F.spam%2Fnew%2F1744243200.M554787P24150.vps-6532726.dimensaogrupo.com.br%2CS%3D9459%2CW%3D9616&path=%2Fhome%2Fdimen328%2Fmail%2F.diretor%40libertysa_com_br%2F.spam%2Fnew HTTP/1.1" 200 11777 "-" "Mozilla/5.0 AppleWebKit/537.36 (KHTML, like Gecko; compatible; GPTBot/1.2; +https://openai.com/gptbot)"
136.243.228.177 - - [10/Jul/2025:09:12:29 -0300] "GET /products/138sy6229 HTTP/1.1" 404 10403 "-" "Mozilla/5.0 (compatible; DataForSeoBot/1.0; +https://dataforseo.com/dataforseo-bot)"
20.171.207.249 - - [10/Jul/2025:09:12:29 -0300] "GET /ef61ba/?path=%2F%2Fusr%2Flib%2Fmodules%2F3.10.0-1160.119.1.el7.tuxcare.els17.x86_64%2Fkernel%2Fdrivers%2Fmisc%2Fvmw_vmci HTTP/1.1" 200 3685 "-" "Mozilla/5.0 AppleWebKit/537.36 (KHTML, like Gecko; compatible; GPTBot/1.2; +https://openai.com/gptbot)"
178.128.216.6 - - [10/Jul/2025:09:12:30 -0300] "GET /sftp-config.json HTTP/1.1" 404 10399 "-" "python-requests/2.32.4"
20.171.207.224 - - [10/Jul/2025:09:12:30 -0300] "GET /ef61ba/?filesrc=%2Fhome%2Fdimen328%2Fmail%2F.diretor%40libertysa_com_br%2F.spam%2Fnew%2F1742001138.M593394P26432.vps-6532726.dimensaogrupo.com.br%2CS%3D7805%2CW%3D7939&path=%2Fhome%2Fdimen328%2Fmail%2F.diretor%40libertysa_com_br%2F.spam%2Fnew HTTP/1.1" 200 10111 "-" "Mozilla/5.0 AppleWebKit/537.36 (KHTML, like Gecko; compatible; GPTBot/1.2; +https://openai.com/gptbot)"
20.171.207.249 - - [10/Jul/2025:09:12:30 -0300] "GET /ef61ba/?path=%2F%2Fusr%2Flib%2Fmodules%2F3.10.0-1160.119.1.el7.tuxcare.els18.x86_64%2Fkernel%2Fdrivers%2Fchar%2Fipmi HTTP/1.1" 200 8701 "-" "Mozilla/5.0 AppleWebKit/537.36 (KHTML, like Gecko; compatible; GPTBot/1.2; +https://openai.com/gptbot)"
178.128.216.6 - - [10/Jul/2025:09:12:31 -0300] "GET /.vscode/sftp.json HTTP/1.1" 404 10401 "-" "python-requests/2.32.4"
20.171.207.224 - - [10/Jul/2025:09:12:31 -0300] "GET /ef61ba/?filesrc=%2Fhome%2Fdimen328%2Fmail%2F.diretor%40libertysa_com_br%2F.spam%2Fnew%2F1751298230.M454769P15681.vps-6532726.dimensaogrupo.com.br%2CS%3D6062%2CW%3D6174&path=%2Fhome%2Fdimen328%2Fmail%2F.diretor%40libertysa_com_br%2F.spam%2Fnew HTTP/1.1" 200 8356 "-" "Mozilla/5.0 AppleWebKit/537.36 (KHTML, like Gecko; compatible; GPTBot/1.2; +https://openai.com/gptbot)"
178.128.216.6 - - [10/Jul/2025:09:12:32 -0300] "GET /.env HTTP/1.1" 404 10375 "-" "python-requests/2.32.4"
20.171.207.249 - - [10/Jul/2025:09:12:32 -0300] "GET /ef61ba/?path=%2F%2Fusr%2Flib%2Fmodules%2F3.10.0-1160.119.1.el7.tuxcare.els18.x86_64%2Fkernel%2Fdrivers%2Fchar%2Ftpm HTTP/1.1" 200 10493 "-" "Mozilla/5.0 AppleWebKit/537.36 (KHTML, like Gecko; compatible; GPTBot/1.2; +https://openai.com/gptbot)"
20.171.207.224 - - [10/Jul/2025:09:12:32 -0300] "GET /ef61ba/?filesrc=%2Fhome%2Fdimen328%2Fmail%2F.diretor%40libertysa_com_br%2F.spam%2Fnew%2F1751648888.M247917P9377.vps-6532726.dimensaogrupo.com.br%2CS%3D9138%2CW%3D9289&path=%2Fhome%2Fdimen328%2Fmail%2F.diretor%40libertysa_com_br%2F.spam%2Fnew HTTP/1.1" 200 11449 "-" "Mozilla/5.0 AppleWebKit/537.36 (KHTML, like Gecko; compatible; GPTBot/1.2; +https://openai.com/gptbot)"
20.171.207.249 - - [10/Jul/2025:09:12:33 -0300] "GET /ef61ba/?path=%2F%2Fusr%2Flib%2Fmodules%2F3.10.0-1160.119.1.el7.tuxcare.els19.x86_64%2Fkernel%2Fdrivers%2Fpci%2Fhotplug HTTP/1.1" 200 3682 "-" "Mozilla/5.0 AppleWebKit/537.36 (KHTML, like Gecko; compatible; GPTBot/1.2; +https://openai.com/gptbot)"
136.243.228.177 - - [10/Jul/2025:09:12:33 -0300] "GET /products/180wj49259 HTTP/1.1" 404 10405 "-" "Mozilla/5.0 (compatible; DataForSeoBot/1.0; +https://dataforseo.com/dataforseo-bot)"
20.171.207.224 - - [10/Jul/2025:09:12:33 -0300] "GET /ef61ba/?filesrc=%2Fhome%2Fdimen328%2Fmail%2F.diretor%40libertysa_com_br%2F.spam%2Fnew%2F1738816789.M296514P10034.vps-6532726.dimensaogrupo.com.br%2CS%3D8362%2CW%3D8599&path=%2Fhome%2Fdimen328%2Fmail%2F.diretor%40libertysa_com_br%2F.spam%2Fnew HTTP/1.1" 200 11108 "-" "Mozilla/5.0 AppleWebKit/537.36 (KHTML, like Gecko; compatible; GPTBot/1.2; +https://openai.com/gptbot)"
20.171.207.249 - - [10/Jul/2025:09:12:34 -0300] "GET /ef61ba/?path=%2F%2Fusr%2Flib%2Fmodules%2F3.10.0-1160.119.1.el7.tuxcare.els17.x86_64%2Fkernel%2Fdrivers%2Fmisc%2Fcb710 HTTP/1.1" 200 3653 "-" "Mozilla/5.0 AppleWebKit/537.36 (KHTML, like Gecko; compatible; GPTBot/1.2; +https://openai.com/gptbot)"
20.171.207.224 - - [10/Jul/2025:09:12:34 -0300] "GET /ef61ba/?filesrc=%2Fhome%2Fdimen328%2Fmail%2F.diretor%40libertysa_com_br%2F.spam%2Fnew%2F1751682488.M385347P32180.vps-6532726.dimensaogrupo.com.br%2CS%3D6300%2CW%3D6412&path=%2Fhome%2Fdimen328%2Fmail%2F.diretor%40libertysa_com_br%2F.spam%2Fnew HTTP/1.1" 200 8612 "-" "Mozilla/5.0 AppleWebKit/537.36 (KHTML, like Gecko; compatible; GPTBot/1.2; +https://openai.com/gptbot)"
20.171.207.249 - - [10/Jul/2025:09:12:35 -0300] "GET /ef61ba/?path=%2F%2Fusr%2Flib%2Fmodules%2F3.10.0-1160.119.1.el7.tuxcare.els17.x86_64%2Fkernel%2Fdrivers%2Fmisc%2Flis3lv02d HTTP/1.1" 200 4725 "-" "Mozilla/5.0 AppleWebKit/537.36 (KHTML, like Gecko; compatible; GPTBot/1.2; +https://openai.com/gptbot)"
20.171.207.224 - - [10/Jul/2025:09:12:35 -0300] "GET /ef61ba/?filesrc=%2Fhome%2Fdimen328%2Fmail%2F.diretor%40libertysa_com_br%2F.spam%2Fnew%2F1741835381.M197437P20957.vps-6532726.dimensaogrupo.com.br%2CS%3D9050%2CW%3D9200&path=%2Fhome%2Fdimen328%2Fmail%2F.diretor%40libertysa_com_br%2F.spam%2Fnew HTTP/1.1" 200 11356 "-" "Mozilla/5.0 AppleWebKit/537.36 (KHTML, like Gecko; compatible; GPTBot/1.2; +https://openai.com/gptbot)"
20.171.207.249 - - [10/Jul/2025:09:12:36 -0300] "GET /ef61ba/?path=%2F%2Fusr%2Flib%2Fmodules%2F3.10.0-1160.119.1.el7.tuxcare.els18.x86_64%2Fkernel%2Fdrivers%2Fmedia%2Frc HTTP/1.1" 200 27442 "-" "Mozilla/5.0 AppleWebKit/537.36 (KHTML, like Gecko; compatible; GPTBot/1.2; +https://openai.com/gptbot)"
20.171.207.224 - - [10/Jul/2025:09:12:37 -0300] "GET /ef61ba/?filesrc=%2Fhome%2Fdimen328%2Fmail%2F.diretor%40libertysa_com_br%2F.spam%2Fnew%2F1751434044.M392794P7612.vps-6532726.dimensaogrupo.com.br%2CS%3D8964%2CW%3D9112&path=%2Fhome%2Fdimen328%2Fmail%2F.diretor%40libertysa_com_br%2F.spam%2Fnew HTTP/1.1" 200 11263 "-" "Mozilla/5.0 AppleWebKit/537.36 (KHTML, like Gecko; compatible; GPTBot/1.2; +https://openai.com/gptbot)"
136.243.228.177 - - [10/Jul/2025:09:12:37 -0300] "GET /product/Greek28?c=g&l=26350 HTTP/1.1" 404 10429 "-" "Mozilla/5.0 (compatible; DataForSeoBot/1.0; +https://dataforseo.com/dataforseo-bot)"
20.171.207.249 - - [10/Jul/2025:09:12:37 -0300] "GET /ef61ba/?path=%2F%2Fusr%2Flib%2Fmodules%2F3.10.0-1160.119.1.el7.tuxcare.els20.x86_64%2Fkernel%2Fdrivers%2Fpps%2Fclients HTTP/1.1" 200 5685 "-" "Mozilla/5.0 AppleWebKit/537.36 (KHTML, like Gecko; compatible; GPTBot/1.2; +https://openai.com/gptbot)"
20.171.207.224 - - [10/Jul/2025:09:12:38 -0300] "GET /ef61ba/?filesrc=%2Fhome%2Fdimen328%2Fmail%2F.diretor%40libertysa_com_br%2F.spam%2Fnew%2F1745674930.M497203P17713.vps-6532726.dimensaogrupo.com.br%2CS%3D10406%2CW%3D10691&path=%2Fhome%2Fdimen328%2Fmail%2F.diretor%40libertysa_com_br%2F.spam%2Fnew HTTP/1.1" 200 13818 "-" "Mozilla/5.0 AppleWebKit/537.36 (KHTML, like Gecko; compatible; GPTBot/1.2; +https://openai.com/gptbot)"
216.73.216.72 - - [10/Jul/2025:09:12:38 -0300] "GET /0a2a366f/?C=S&O=D HTTP/1.1" 200 1138 "-" "Mozilla/5.0 AppleWebKit/537.36 (KHTML, like Gecko; compatible; ClaudeBot/1.0; +claudebot@anthropic.com)"
20.171.207.249 - - [10/Jul/2025:09:12:38 -0300] "GET /ef61ba/?path=%2F%2Fusr%2Flib%2Fmodules%2F3.10.0-1160.119.1.el7.tuxcare.els17.x86_64%2Fkernel%2Fdrivers%2Fmedia%2Fi2c HTTP/1.1" 200 21275 "-" "Mozilla/5.0 AppleWebKit/537.36 (KHTML, like Gecko; compatible; GPTBot/1.2; +https://openai.com/gptbot)"
20.171.207.224 - - [10/Jul/2025:09:12:39 -0300] "GET /ef61ba/?filesrc=%2Fhome%2Fdimen328%2Fmail%2F.diretor%40libertysa_com_br%2F.spam%2Fnew%2F1751776749.M484356P1960.vps-6532726.dimensaogrupo.com.br%2CS%3D5960%2CW%3D6069&path=%2Fhome%2Fdimen328%2Fmail%2F.diretor%40libertysa_com_br%2F.spam%2Fnew HTTP/1.1" 200 8271 "-" "Mozilla/5.0 AppleWebKit/537.36 (KHTML, like Gecko; compatible; GPTBot/1.2; +https://openai.com/gptbot)"
20.171.207.249 - - [10/Jul/2025:09:12:40 -0300] "GET /ef61ba/?path=%2F%2Fusr%2Flib%2Fmodules%2F3.10.0-1160.119.1.el7.tuxcare.els17.x86_64%2Fkernel%2Fdrivers%2Fmisc%2Fmei HTTP/1.1" 200 4615 "-" "Mozilla/5.0 AppleWebKit/537.36 (KHTML, like Gecko; compatible; GPTBot/1.2; +https://openai.com/gptbot)"
20.171.207.224 - - [10/Jul/2025:09:12:40 -0300] "GET /ef61ba/?filesrc=%2Fhome%2Fdimen328%2Fmail%2F.diretor%40libertysa_com_br%2F.spam%2Fnew%2F1749146134.M373783P12537.vps-6532726.dimensaogrupo.com.br%2CS%3D10152%2CW%3D10314&path=%2Fhome%2Fdimen328%2Fmail%2F.diretor%40libertysa_com_br%2F.spam%2Fnew HTTP/1.1" 200 12418 "-" "Mozilla/5.0 AppleWebKit/537.36 (KHTML, like Gecko; compatible; GPTBot/1.2; +https://openai.com/gptbot)"
136.243.228.177 - - [10/Jul/2025:09:12:41 -0300] "GET /product/remove70?c=g&l=20020 HTTP/1.1" 404 10431 "-" "Mozilla/5.0 (compatible; DataForSeoBot/1.0; +https://dataforseo.com/dataforseo-bot)"
20.171.207.249 - - [10/Jul/2025:09:12:41 -0300] "GET /ef61ba/?path=%2F%2Fusr%2Flib%2Fmodules%2F3.10.0-1160.119.1.el7.tuxcare.els17.x86_64%2Fkernel%2Fdrivers%2Fmedia%2Frc HTTP/1.1" 200 27436 "-" "Mozilla/5.0 AppleWebKit/537.36 (KHTML, like Gecko; compatible; GPTBot/1.2; +https://openai.com/gptbot)"
20.171.207.224 - - [10/Jul/2025:09:12:41 -0300] "GET /ef61ba/?filesrc=%2Fhome%2Fdimen328%2Fmail%2F.diretor%40libertysa_com_br%2F.spam%2Fnew%2F1751684147.M510613P17498.vps-6532726.dimensaogrupo.com.br%2CS%3D8942%2CW%3D9091&path=%2Fhome%2Fdimen328%2Fmail%2F.diretor%40libertysa_com_br%2F.spam%2Fnew HTTP/1.1" 200 11254 "-" "Mozilla/5.0 AppleWebKit/537.36 (KHTML, like Gecko; compatible; GPTBot/1.2; +https://openai.com/gptbot)"
20.171.207.249 - - [10/Jul/2025:09:12:42 -0300] "GET /ef61ba/?path=%2F%2Fusr%2Flib%2Fmodules%2F3.10.0-1160.119.1.el7.tuxcare.els18.x86_64%2Fkernel%2Fdrivers%2Fmedia%2Fi2c HTTP/1.1" 200 21275 "-" "Mozilla/5.0 AppleWebKit/537.36 (KHTML, like Gecko; compatible; GPTBot/1.2; +https://openai.com/gptbot)"
20.171.207.224 - - [10/Jul/2025:09:12:42 -0300] "GET /ef61ba/?filesrc=%2Fhome%2Fdimen328%2Fmail%2F.diretor%40libertysa_com_br%2F.spam%2Fnew%2F1751411258.M356907P6145.vps-6532726.dimensaogrupo.com.br%2CS%3D9263%2CW%3D9415&path=%2Fhome%2Fdimen328%2Fmail%2F.diretor%40libertysa_com_br%2F.spam%2Fnew HTTP/1.1" 200 11556 "-" "Mozilla/5.0 AppleWebKit/537.36 (KHTML, like Gecko; compatible; GPTBot/1.2; +https://openai.com/gptbot)"
20.171.207.249 - - [10/Jul/2025:09:12:43 -0300] "GET /ef61ba/?path=%2F%2Fusr%2Flib%2Fmodules%2F3.10.0-1160.119.1.el7.tuxcare.els17.x86_64%2Fkernel%2Fdrivers%2Fmedia%2Ftuners HTTP/1.1" 200 33685 "-" "Mozilla/5.0 AppleWebKit/537.36 (KHTML, like Gecko; compatible; GPTBot/1.2; +https://openai.com/gptbot)"
20.171.207.224 - - [10/Jul/2025:09:12:44 -0300] "GET /ef61ba/?filesrc=%2Fhome%2Fdimen328%2Fmail%2F.diretor%40libertysa_com_br%2F.spam%2Fnew%2F1736162682.M198270P17074.vps-6532726.dimensaogrupo.com.br%2CS%3D10287%2CW%3D10549&path=%2Fhome%2Fdimen328%2Fmail%2F.diretor%40libertysa_com_br%2F.spam%2Fnew HTTP/1.1" 200 13520 "-" "Mozilla/5.0 AppleWebKit/537.36 (KHTML, like Gecko; compatible; GPTBot/1.2; +https://openai.com/gptbot)"
20.171.207.249 - - [10/Jul/2025:09:12:44 -0300] "GET /ef61ba/?path=%2F%2Fusr%2Flib%2Fmodules%2F3.10.0-1160.119.1.el7.tuxcare.els18.x86_64%2Fkernel%2Fdrivers%2Fchar%2Ftpm%2Fst33zp24 HTTP/1.1" 200 4883 "-" "Mozilla/5.0 AppleWebKit/537.36 (KHTML, like Gecko; compatible; GPTBot/1.2; +https://openai.com/gptbot)"
136.243.228.177 - - [10/Jul/2025:09:12:45 -0300] "GET /product/religion190?c=g&l=30566 HTTP/1.1" 404 10437 "-" "Mozilla/5.0 (compatible; DataForSeoBot/1.0; +https://dataforseo.com/dataforseo-bot)"
20.171.207.224 - - [10/Jul/2025:09:12:45 -0300] "GET /ef61ba/?filesrc=%2Fhome%2Fdimen328%2Fmail%2F.diretor%40libertysa_com_br%2F.spam%2Fnew%2F1751326722.M408343P28675.vps-6532726.dimensaogrupo.com.br%2CS%3D10679%2CW%3D10850&path=%2Fhome%2Fdimen328%2Fmail%2F.diretor%40libertysa_com_br%2F.spam%2Fnew HTTP/1.1" 200 12975 "-" "Mozilla/5.0 AppleWebKit/537.36 (KHTML, like Gecko; compatible; GPTBot/1.2; +https://openai.com/gptbot)"
20.171.207.249 - - [10/Jul/2025:09:12:46 -0300] "GET /ef61ba/?path=%2F%2Fusr%2Flib%2Fmodules%2F3.10.0-1160.119.1.el7.tuxcare.els18.x86_64%2Fkernel%2Fdrivers%2Fmedia%2Ftuners HTTP/1.1" 200 33683 "-" "Mozilla/5.0 AppleWebKit/537.36 (KHTML, like Gecko; compatible; GPTBot/1.2; +https://openai.com/gptbot)"
20.171.207.224 - - [10/Jul/2025:09:12:46 -0300] "GET /ef61ba/?filesrc=%2Fhome%2Fdimen328%2Fmail%2F.diretor%40libertysa_com_br%2F.spam%2Fnew%2F1742412717.M430569P24154.vps-6532726.dimensaogrupo.com.br%2CS%3D8415%2CW%3D8558&path=%2Fhome%2Fdimen328%2Fmail%2F.diretor%40libertysa_com_br%2F.spam%2Fnew HTTP/1.1" 200 10721 "-" "Mozilla/5.0 AppleWebKit/537.36 (KHTML, like Gecko; compatible; GPTBot/1.2; +https://openai.com/gptbot)"
20.171.207.249 - - [10/Jul/2025:09:12:47 -0300] "GET /ef61ba/?path=%2F%2Fusr%2Flib%2Fmodules%2F3.10.0-1160.119.1.el7.tuxcare.els17.x86_64%2Fkernel%2Fdrivers%2Fscsi HTTP/1.1" 200 53652 "-" "Mozilla/5.0 AppleWebKit/537.36 (KHTML, like Gecko; compatible; GPTBot/1.2; +https://openai.com/gptbot)"
20.171.207.224 - - [10/Jul/2025:09:12:47 -0300] "GET /ef61ba/?filesrc=%2Fhome%2Fdimen328%2Fmail%2F.diretor%40libertysa_com_br%2F.spam%2Fnew%2F1751392223.M232364P22178.vps-6532726.dimensaogrupo.com.br%2CS%3D9211%2CW%3D9363&path=%2Fhome%2Fdimen328%2Fmail%2F.diretor%40libertysa_com_br%2F.spam%2Fnew HTTP/1.1" 200 11505 "-" "Mozilla/5.0 AppleWebKit/537.36 (KHTML, like Gecko; compatible; GPTBot/1.2; +https://openai.com/gptbot)"
20.171.207.249 - - [10/Jul/2025:09:12:48 -0300] "GET /ef61ba/?path=%2F%2Fusr%2Flib%2Fmodules%2F3.10.0-1160.119.1.el7.tuxcare.els18.x86_64%2Fkernel%2Fdrivers%2Fvideo HTTP/1.1" 200 9266 "-" "Mozilla/5.0 AppleWebKit/537.36 (KHTML, like Gecko; compatible; GPTBot/1.2; +https://openai.com/gptbot)"
20.171.207.224 - - [10/Jul/2025:09:12:48 -0300] "GET /ef61ba/?path=%2Fhome%2Fdimen328%2Fmail%2F.patricia%40dimensaogrupo_com_br%2F.Drafts%2Ftmp HTTP/1.1" 200 2415 "-" "Mozilla/5.0 AppleWebKit/537.36 (KHTML, like Gecko; compatible; GPTBot/1.2; +https://openai.com/gptbot)"
136.243.228.177 - - [10/Jul/2025:09:12:49 -0300] "GET /products/141dh20936 HTTP/1.1" 404 10405 "-" "Mozilla/5.0 (compatible; DataForSeoBot/1.0; +https://dataforseo.com/dataforseo-bot)"
20.171.207.249 - - [10/Jul/2025:09:12:49 -0300] "GET /ef61ba/?path=%2F%2Fusr%2Flib%2Fmodules%2F3.10.0-1160.119.1.el7.tuxcare.els17.x86_64%2Fkernel%2Fdrivers%2Fntb HTTP/1.1" 200 6071 "-" "Mozilla/5.0 AppleWebKit/537.36 (KHTML, like Gecko; compatible; GPTBot/1.2; +https://openai.com/gptbot)"
20.171.207.224 - - [10/Jul/2025:09:12:49 -0300] "GET /ef61ba/?path=%2Fhome%2Fdimen328%2Fmail%2F.patricia%40dimensaogrupo_com_br%2F.Drafts%2Fnew HTTP/1.1" 200 2415 "-" "Mozilla/5.0 AppleWebKit/537.36 (KHTML, like Gecko; compatible; GPTBot/1.2; +https://openai.com/gptbot)"
20.171.207.249 - - [10/Jul/2025:09:12:50 -0300] "GET /ef61ba/?path=%2F%2Fusr%2Flib%2Fmodules%2F3.10.0-1160.119.1.el7.tuxcare.els20.x86_64%2Fkernel%2Fdrivers%2Fptp HTTP/1.1" 200 5429 "-" "Mozilla/5.0 AppleWebKit/537.36 (KHTML, like Gecko; compatible; GPTBot/1.2; +https://openai.com/gptbot)"
20.171.207.224 - - [10/Jul/2025:09:12:51 -0300] "GET /ef61ba/?path=%2Fhome%2Fdimen328%2Fmail%2F.patricia%40dimensaogrupo_com_br%2F.Drafts%2Fcur HTTP/1.1" 200 2415 "-" "Mozilla/5.0 AppleWebKit/537.36 (KHTML, like Gecko; compatible; GPTBot/1.2; +https://openai.com/gptbot)"
20.171.207.249 - - [10/Jul/2025:09:12:51 -0300] "GET /ef61ba/?filesrc=%2F%2Fusr%2Flib%2Fmodules%2F3.10.0-1160.119.1.el7.tuxcare.els17.x86_64%2Fkernel%2Fdrivers%2Fmisc%2Fmei%2Fmei.ko.xz&path=%2F%2Fusr%2Flib%2Fmodules%2F3.10.0-1160.119.1.el7.tuxcare.els17.x86_64%2Fkernel%2Fdrivers%2Fmisc%2Fmei HTTP/1.1" 200 2453 "-" "Mozilla/5.0 AppleWebKit/537.36 (KHTML, like Gecko; compatible; GPTBot/1.2; +https://openai.com/gptbot)"
20.171.207.224 - - [10/Jul/2025:09:12:52 -0300] "GET /ef61ba/?path=%2Fhome%2Fdimen328%2Fmail%2F.clovis%40dimensaoservicos_com_br%2F.Trash%2Ftmp HTTP/1.1" 200 2416 "-" "Mozilla/5.0 AppleWebKit/537.36 (KHTML, like Gecko; compatible; GPTBot/1.2; +https://openai.com/gptbot)"
20.171.207.249 - - [10/Jul/2025:09:12:53 -0300] "GET /ef61ba/?path=%2F%2Fusr%2Flib%2Fmodules%2F3.10.0-1160.119.1.el7.tuxcare.els17.x86_64%2Fkernel%2Fdrivers%2Fmedia%2Fi2c%2Fcx25840 HTTP/1.1" 200 3812 "-" "Mozilla/5.0 AppleWebKit/537.36 (KHTML, like Gecko; compatible; GPTBot/1.2; +https://openai.com/gptbot)"
136.243.228.177 - - [10/Jul/2025:09:12:53 -0300] "GET /product/ownership292?c=g&l=30778 HTTP/1.1" 404 10439 "-" "Mozilla/5.0 (compatible; DataForSeoBot/1.0; +https://dataforseo.com/dataforseo-bot)"
20.171.207.224 - - [10/Jul/2025:09:12:53 -0300] "GET /ef61ba/?path=%2Fhome%2Fdimen328%2Fmail%2F.clovis%40dimensaoservicos_com_br%2F.Trash%2Fnew HTTP/1.1" 200 2416 "-" "Mozilla/5.0 AppleWebKit/537.36 (KHTML, like Gecko; compatible; GPTBot/1.2; +https://openai.com/gptbot)"
20.171.207.249 - - [10/Jul/2025:09:12:54 -0300] "GET /ef61ba/?path=%2F%2Fusr%2Flib%2Fmodules%2F3.10.0-1160.119.1.el7.tuxcare.els19.x86_64%2Fkernel%2Fdrivers%2Fgpu HTTP/1.1" 200 3346 "-" "Mozilla/5.0 AppleWebKit/537.36 (KHTML, like Gecko; compatible; GPTBot/1.2; +https://openai.com/gptbot)"
20.171.207.224 - - [10/Jul/2025:09:12:54 -0300] "GET /ef61ba/?path=%2Fhome%2Fdimen328%2Fmail%2F.clovis%40dimensaoservicos_com_br%2F.Trash%2Fcur HTTP/1.1" 200 2416 "-" "Mozilla/5.0 AppleWebKit/537.36 (KHTML, like Gecko; compatible; GPTBot/1.2; +https://openai.com/gptbot)"
20.171.207.249 - - [10/Jul/2025:09:12:55 -0300] "GET /ef61ba/?path=%2F%2Fusr%2Flib%2Fmodules%2F3.10.0-1160.119.1.el7.tuxcare.els18.x86_64%2Fkernel%2Fdrivers%2Fmedia%2Fi2c%2Fcx25840 HTTP/1.1" 200 3812 "-" "Mozilla/5.0 AppleWebKit/537.36 (KHTML, like Gecko; compatible; GPTBot/1.2; +https://openai.com/gptbot)"
20.171.207.224 - - [10/Jul/2025:09:12:55 -0300] "GET /ef61ba/?path=%2Fhome%2Fdimen328%2Fmail%2F.adm_juridico%40dimensaogrupo_com_br%2F.spam HTTP/1.1" 200 10159 "-" "Mozilla/5.0 AppleWebKit/537.36 (KHTML, like Gecko; compatible; GPTBot/1.2; +https://openai.com/gptbot)"
20.171.207.249 - - [10/Jul/2025:09:12:56 -0300] "GET /ef61ba/?filesrc=%2F%2Fusr%2Flib%2Fmodules%2F3.10.0-1160.119.1.el7.tuxcare.els17.x86_64%2Fkernel%2Fdrivers%2Fmedia%2Ftuners%2Fmt2131.ko.xz&path=%2F%2Fusr%2Flib%2Fmodules%2F3.10.0-1160.119.1.el7.tuxcare.els17.x86_64%2Fkernel%2Fdrivers%2Fmedia%2Ftuners HTTP/1.1" 200 2469 "-" "Mozilla/5.0 AppleWebKit/537.36 (KHTML, like Gecko; compatible; GPTBot/1.2; +https://openai.com/gptbot)"
20.171.207.224 - - [10/Jul/2025:09:12:56 -0300] "GET /ef61ba/?path=%2Fhome%2Fdimen328%2Fmail%2F.financeiro%40dimensaogrupo_com_br%2F.spam HTTP/1.1" 200 10117 "-" "Mozilla/5.0 AppleWebKit/537.36 (KHTML, like Gecko; compatible; GPTBot/1.2; +https://openai.com/gptbot)"
136.243.228.177 - - [10/Jul/2025:09:12:57 -0300] "GET /product/observation80?c=g&l=19074 HTTP/1.1" 404 10441 "-" "Mozilla/5.0 (compatible; DataForSeoBot/1.0; +https://dataforseo.com/dataforseo-bot)"
20.171.207.249 - - [10/Jul/2025:09:12:57 -0300] "GET /ef61ba/?path=%2F%2Fusr%2Flib%2Fmodules%2F3.10.0-1160.119.1.el7.tuxcare.els17.x86_64%2Fkernel%2Fdrivers%2Fhv HTTP/1.1" 200 5452 "-" "Mozilla/5.0 AppleWebKit/537.36 (KHTML, like Gecko; compatible; GPTBot/1.2; +https://openai.com/gptbot)"
20.171.207.224 - - [10/Jul/2025:09:12:58 -0300] "GET /ef61ba/?path=%2Fhome%2Fdimen328%2Fmail%2F.comercial%40dimensaogrupo_com_br%2F.Trash HTTP/1.1" 200 5507 "-" "Mozilla/5.0 AppleWebKit/537.36 (KHTML, like Gecko; compatible; GPTBot/1.2; +https://openai.com/gptbot)"
20.171.207.249 - - [10/Jul/2025:09:12:58 -0300] "GET /ef61ba/?path=%2F%2Fusr%2Flib%2Fmodules%2F3.10.0-1160.119.1.el7.tuxcare.els19.x86_64%2Fkernel%2Fdrivers%2Fnet%2Fethernet%2Fqlogic%2Fqlge HTTP/1.1" 200 3959 "-" "Mozilla/5.0 AppleWebKit/537.36 (KHTML, like Gecko; compatible; GPTBot/1.2; +https://openai.com/gptbot)"
20.171.207.224 - - [10/Jul/2025:09:12:59 -0300] "GET /ef61ba/?path=%2Fhome%2Fdimen328%2Fmail%2F.financeiro%40dimensaogrupo_com_br%2F.Sent HTTP/1.1" 200 6427 "-" "Mozilla/5.0 AppleWebKit/537.36 (KHTML, like Gecko; compatible; GPTBot/1.2; +https://openai.com/gptbot)"
20.171.207.249 - - [10/Jul/2025:09:13:00 -0300] "GET /ef61ba/?path=%2F%2Fusr%2Flib%2Fmodules%2F3.10.0-1160.119.1.el7.tuxcare.els18.x86_64%2Fkernel%2Fdrivers%2Fvideo%2Fbacklight HTTP/1.1" 200 6741 "-" "Mozilla/5.0 AppleWebKit/537.36 (KHTML, like Gecko; compatible; GPTBot/1.2; +https://openai.com/gptbot)"
20.171.207.224 - - [10/Jul/2025:09:13:00 -0300] "GET /ef61ba/?path=%2Fhome%2Fdimen328%2Fmail%2F.sar%40dimensaocondominios_com_br%2F.Trash HTTP/1.1" 200 5504 "-" "Mozilla/5.0 AppleWebKit/537.36 (KHTML, like Gecko; compatible; GPTBot/1.2; +https://openai.com/gptbot)"
20.171.207.249 - - [10/Jul/2025:09:13:01 -0300] "GET /ef61ba/?path=%2F%2Fusr%2Flib%2Fmodules%2F3.10.0-1160.119.1.el7.tuxcare.els17.x86_64%2Fkernel%2Fdrivers%2Fscsi%2Fsmartpqi HTTP/1.1" 200 3685 "-" "Mozilla/5.0 AppleWebKit/537.36 (KHTML, like Gecko; compatible; GPTBot/1.2; +https://openai.com/gptbot)"
20.171.207.224 - - [10/Jul/2025:09:13:01 -0300] "GET /ef61ba/?path=%2Fhome%2Fdimen328%2Fmail%2F.edson%40dimensaoservicos_com_br%2F.Drafts HTTP/1.1" 200 5503 "-" "Mozilla/5.0 AppleWebKit/537.36 (KHTML, like Gecko; compatible; GPTBot/1.2; +https://openai.com/gptbot)"
136.243.228.177 - - [10/Jul/2025:09:13:01 -0300] "GET /products/88gu19693 HTTP/1.1" 404 10403 "-" "Mozilla/5.0 (compatible; DataForSeoBot/1.0; +https://dataforseo.com/dataforseo-bot)"
20.171.207.249 - - [10/Jul/2025:09:13:02 -0300] "GET /ef61ba/?path=%2F%2Fusr%2Flib%2Fmodules%2F3.10.0-1160.119.1.el7.tuxcare.els17.x86_64%2Fkernel%2Fdrivers%2Fscsi%2Fcsiostor HTTP/1.1" 200 3685 "-" "Mozilla/5.0 AppleWebKit/537.36 (KHTML, like Gecko; compatible; GPTBot/1.2; +https://openai.com/gptbot)"
20.171.207.224 - - [10/Jul/2025:09:13:02 -0300] "GET /ef61ba/?path=%2Fhome%2Fdimen328%2Fmail%2F.admissao%40dimensaogrupo_com_br%2F.Drafts HTTP/1.1" 200 6425 "-" "Mozilla/5.0 AppleWebKit/537.36 (KHTML, like Gecko; compatible; GPTBot/1.2; +https://openai.com/gptbot)"
20.171.207.249 - - [10/Jul/2025:09:13:03 -0300] "GET /ef61ba/?path=%2F%2Fusr%2Flib%2Fmodules%2F3.10.0-1160.119.1.el7.tuxcare.els17.x86_64%2Fkernel%2Fdrivers%2Fscsi%2Fmpt3sas HTTP/1.1" 200 4677 "-" "Mozilla/5.0 AppleWebKit/537.36 (KHTML, like Gecko; compatible; GPTBot/1.2; +https://openai.com/gptbot)"
20.171.207.224 - - [10/Jul/2025:09:13:03 -0300] "GET /ef61ba/?path=%2Fhome%2Fdimen328%2Fmail%2F.adm_juridico%40dimensaogrupo_com_br%2Fcur HTTP/1.1" 200 683887 "-" "Mozilla/5.0 AppleWebKit/537.36 (KHTML, like Gecko; compatible; GPTBot/1.2; +https://openai.com/gptbot)"
20.171.207.249 - - [10/Jul/2025:09:13:04 -0300] "GET /ef61ba/?path=%2F%2Fusr%2Flib%2Fmodules%2F3.10.0-1160.119.1.el7.tuxcare.els17.x86_64%2Fkernel%2Fdrivers%2Fscsi%2Fqedi HTTP/1.1" 200 3645 "-" "Mozilla/5.0 AppleWebKit/537.36 (KHTML, like Gecko; compatible; GPTBot/1.2; +https://openai.com/gptbot)"
20.171.207.224 - - [10/Jul/2025:09:13:04 -0300] "GET /ef61ba/?path=%2Fhome%2Fdimen328%2Fmail%2F.sac%40dimensaocondominios_com_br%2F.Trash HTTP/1.1" 200 6427 "-" "Mozilla/5.0 AppleWebKit/537.36 (KHTML, like Gecko; compatible; GPTBot/1.2; +https://openai.com/gptbot)"
136.243.228.177 - - [10/Jul/2025:09:13:05 -0300] "GET /products/267ie12582 HTTP/1.1" 404 10405 "-" "Mozilla/5.0 (compatible; DataForSeoBot/1.0; +https://dataforseo.com/dataforseo-bot)"
20.171.207.249 - - [10/Jul/2025:09:13:05 -0300] "GET /ef61ba/?path=%2F%2Fusr%2Flib%2Fmodules%2F3.10.0-1160.119.1.el7.tuxcare.els17.x86_64%2Fkernel%2Fdrivers%2Fscsi%2Fqedf HTTP/1.1" 200 3645 "-" "Mozilla/5.0 AppleWebKit/537.36 (KHTML, like Gecko; compatible; GPTBot/1.2; +https://openai.com/gptbot)"
20.171.207.224 - - [10/Jul/2025:09:13:06 -0300] "GET /ef61ba/?path=%2Fhome%2Fdimen328%2Fmail%2F.flavio%40dimensaoservicos_com_br%2F.Trash HTTP/1.1" 200 5505 "-" "Mozilla/5.0 AppleWebKit/537.36 (KHTML, like Gecko; compatible; GPTBot/1.2; +https://openai.com/gptbot)"
20.171.207.249 - - [10/Jul/2025:09:13:06 -0300] "GET /ef61ba/?path=%2F%2Fusr%2Flib%2Fmodules%2F3.10.0-1160.119.1.el7.tuxcare.els17.x86_64%2Fkernel%2Fdrivers%2Fscsi%2Fbnx2i HTTP/1.1" 200 3655 "-" "Mozilla/5.0 AppleWebKit/537.36 (KHTML, like Gecko; compatible; GPTBot/1.2; +https://openai.com/gptbot)"
20.171.207.224 - - [10/Jul/2025:09:13:07 -0300] "GET /ef61ba/?path=%2Fhome%2Fdimen328%2Fmail%2F.adm_juridico%40dimensaogrupo_com_br%2F.spam%2Fcur HTTP/1.1" 200 559799 "-" "Mozilla/5.0 AppleWebKit/537.36 (KHTML, like Gecko; compatible; GPTBot/1.2; +https://openai.com/gptbot)"
20.171.207.249 - - [10/Jul/2025:09:13:08 -0300] "GET /ef61ba/?path=%2F%2Fusr%2Flib%2Fmodules%2F3.10.0-1160.119.1.el7.tuxcare.els17.x86_64%2Fkernel%2Fdrivers%2Fscsi%2Ffcoe HTTP/1.1" 200 4632 "-" "Mozilla/5.0 AppleWebKit/537.36 (KHTML, like Gecko; compatible; GPTBot/1.2; +https://openai.com/gptbot)"
20.171.207.224 - - [10/Jul/2025:09:13:08 -0300] "GET /ef61ba/?path=%2Fhome%2Fdimen328%2Fmail%2F.adm_juridico%40dimensaogrupo_com_br%2F.spam%2Ftmp HTTP/1.1" 200 2425 "-" "Mozilla/5.0 AppleWebKit/537.36 (KHTML, like Gecko; compatible; GPTBot/1.2; +https://openai.com/gptbot)"
20.171.207.249 - - [10/Jul/2025:09:13:09 -0300] "GET /ef61ba/?path=%2F%2Fusr%2Flib%2Fmodules%2F3.10.0-1160.119.1.el7.tuxcare.els17.x86_64%2Fkernel%2Fdrivers%2Fntb%2Fhw HTTP/1.1" 200 3461 "-" "Mozilla/5.0 AppleWebKit/537.36 (KHTML, like Gecko; compatible; GPTBot/1.2; +https://openai.com/gptbot)"
136.243.228.177 - - [10/Jul/2025:09:13:09 -0300] "GET /products/108jz49487 HTTP/1.1" 404 10405 "-" "Mozilla/5.0 (compatible; DataForSeoBot/1.0; +https://dataforseo.com/dataforseo-bot)"
20.171.207.224 - - [10/Jul/2025:09:13:09 -0300] "GET /ef61ba/?path=%2Fhome%2Fdimen328%2Fmail%2F.comercial%40dimensaogrupo_com_br%2F.Trash%2Fcur HTTP/1.1" 200 5462239 "-" "Mozilla/5.0 AppleWebKit/537.36 (KHTML, like Gecko; compatible; GPTBot/1.2; +https://openai.com/gptbot)"
20.171.207.249 - - [10/Jul/2025:09:13:10 -0300] "GET /ef61ba/?path=%2F%2Fusr%2Flib%2Fmodules%2F3.10.0-1160.119.1.el7.tuxcare.els17.x86_64%2Fkernel%2Fdrivers%2Fscsi%2Ffnic HTTP/1.1" 200 3645 "-" "Mozilla/5.0 AppleWebKit/537.36 (KHTML, like Gecko; compatible; GPTBot/1.2; +https://openai.com/gptbot)"
20.171.207.224 - - [10/Jul/2025:09:13:10 -0300] "GET /ef61ba/?path=%2Fhome%2Fdimen328%2Fmail%2F.financeiro%40dimensaogrupo_com_br%2F.spam%2Fcur HTTP/1.1" 200 10226339 "-" "Mozilla/5.0 AppleWebKit/537.36 (KHTML, like Gecko; compatible; GPTBot/1.2; +https://openai.com/gptbot)"
20.171.207.249 - - [10/Jul/2025:09:13:11 -0300] "GET /ef61ba/?path=%2F%2Fusr%2Flib%2Fmodules%2F3.10.0-1160.119.1.el7.tuxcare.els17.x86_64%2Fkernel%2Fdrivers%2Fscsi%2Fmegaraid HTTP/1.1" 200 3701 "-" "Mozilla/5.0 AppleWebKit/537.36 (KHTML, like Gecko; compatible; GPTBot/1.2; +https://openai.com/gptbot)"
20.171.207.224 - - [10/Jul/2025:09:13:12 -0300] "GET /ef61ba/?path=%2Fhome%2Fdimen328%2Fmail%2F.financeiro%40dimensaogrupo_com_br%2F.Sent%2Fcur HTTP/1.1" 200 2417 "-" "Mozilla/5.0 AppleWebKit/537.36 (KHTML, like Gecko; compatible; GPTBot/1.2; +https://openai.com/gptbot)"
20.171.207.249 - - [10/Jul/2025:09:13:12 -0300] "GET /ef61ba/?path=%2F%2Fusr%2Flib%2Fmodules%2F3.10.0-1160.119.1.el7.tuxcare.els17.x86_64%2Fkernel%2Fdrivers%2Fscsi%2Fbnx2fc HTTP/1.1" 200 3665 "-" "Mozilla/5.0 AppleWebKit/537.36 (KHTML, like Gecko; compatible; GPTBot/1.2; +https://openai.com/gptbot)"
20.171.207.224 - - [10/Jul/2025:09:13:13 -0300] "GET /ef61ba/?path=%2Fhome%2Fdimen328%2Fmail%2F.edson%40dimensaoservicos_com_br%2F.Drafts HTTP/1.1" 200 5503 "-" "Mozilla/5.0 AppleWebKit/537.36 (KHTML, like Gecko; compatible; GPTBot/1.2; +https://openai.com/gptbot)"
136.243.228.177 - - [10/Jul/2025:09:13:13 -0300] "GET /product/buddy213?c=g&l=22849 HTTP/1.1" 404 10431 "-" "Mozilla/5.0 (compatible; DataForSeoBot/1.0; +https://dataforseo.com/dataforseo-bot)"
20.171.207.249 - - [10/Jul/2025:09:13:13 -0300] "GET /ef61ba/?path=%2F%2Fusr%2Flib%2Fmodules%2F3.10.0-1160.119.1.el7.tuxcare.els17.x86_64%2Fkernel%2Fdrivers%2Fscsi%2Fcsiostor HTTP/1.1" 200 3685 "-" "Mozilla/5.0 AppleWebKit/537.36 (KHTML, like Gecko; compatible; GPTBot/1.2; +https://openai.com/gptbot)"
20.171.207.224 - - [10/Jul/2025:09:13:14 -0300] "GET /ef61ba/?path=%2Fhome%2Fdimen328%2Fmail%2F.sar%40dimensaocondominios_com_br%2F.Trash%2Fnew HTTP/1.1" 200 2416 "-" "Mozilla/5.0 AppleWebKit/537.36 (KHTML, like Gecko; compatible; GPTBot/1.2; +https://openai.com/gptbot)"
20.171.207.249 - - [10/Jul/2025:09:13:15 -0300] "GET /ef61ba/?path=%2F%2Fusr%2Flib%2Fmodules%2F3.10.0-1160.119.1.el7.tuxcare.els17.x86_64%2Fkernel%2Fdrivers%2Fscsi%2Fbfa HTTP/1.1" 200 3636 "-" "Mozilla/5.0 AppleWebKit/537.36 (KHTML, like Gecko; compatible; GPTBot/1.2; +https://openai.com/gptbot)"
20.171.207.224 - - [10/Jul/2025:09:13:15 -0300] "GET /ef61ba/?path=%2Fhome%2Fdimen328%2Fmail%2F.financeiro%40dimensaogrupo_com_br%2F.Sent%2Ftmp HTTP/1.1" 200 2417 "-" "Mozilla/5.0 AppleWebKit/537.36 (KHTML, like Gecko; compatible; GPTBot/1.2; +https://openai.com/gptbot)"
20.171.207.249 - - [10/Jul/2025:09:13:16 -0300] "GET /ef61ba/?path=%2F%2Fusr%2Flib%2Fmodules%2F3.10.0-1160.119.1.el7.tuxcare.els17.x86_64%2Fkernel%2Fdrivers%2Fscsi%2Fcxgbi HTTP/1.1" 200 5313 "-" "Mozilla/5.0 AppleWebKit/537.36 (KHTML, like Gecko; compatible; GPTBot/1.2; +https://openai.com/gptbot)"
20.171.207.224 - - [10/Jul/2025:09:13:16 -0300] "GET /ef61ba/?path=%2Fhome%2Fdimen328%2Fmail%2F.edson%40dimensaoservicos_com_br%2F.Drafts%2Fnew HTTP/1.1" 200 2415 "-" "Mozilla/5.0 AppleWebKit/537.36 (KHTML, like Gecko; compatible; GPTBot/1.2; +https://openai.com/gptbot)"
20.171.207.249 - - [10/Jul/2025:09:13:17 -0300] "GET /ef61ba/?path=%2F%2Fusr%2Flib%2Fmodules%2F3.10.0-1160.119.1.el7.tuxcare.els17.x86_64%2Fkernel%2Fdrivers%2Fscsi%2Flpfc HTTP/1.1" 200 3646 "-" "Mozilla/5.0 AppleWebKit/537.36 (KHTML, like Gecko; compatible; GPTBot/1.2; +https://openai.com/gptbot)"
20.171.207.224 - - [10/Jul/2025:09:13:17 -0300] "GET /ef61ba/?path=%2Fhome%2Fdimen328%2Fmail%2F.financeiro%40dimensaogrupo_com_br%2F.spam%2Ftmp HTTP/1.1" 200 2417 "-" "Mozilla/5.0 AppleWebKit/537.36 (KHTML, like Gecko; compatible; GPTBot/1.2; +https://openai.com/gptbot)"
136.243.228.177 - - [10/Jul/2025:09:13:18 -0300] "GET /product/freeze107?c=g&l=22873 HTTP/1.1" 404 10433 "-" "Mozilla/5.0 (compatible; DataForSeoBot/1.0; +https://dataforseo.com/dataforseo-bot)"
20.171.207.249 - - [10/Jul/2025:09:13:18 -0300] "GET /ef61ba/?path=%2F%2Fusr%2Flib%2Fmodules%2F3.10.0-1160.119.1.el7.tuxcare.els17.x86_64%2Fkernel%2Fdrivers%2Fscsi%2Fpm8001 HTTP/1.1" 200 3665 "-" "Mozilla/5.0 AppleWebKit/537.36 (KHTML, like Gecko; compatible; GPTBot/1.2; +https://openai.com/gptbot)"
20.171.207.224 - - [10/Jul/2025:09:13:19 -0300] "GET /ef61ba/?path=%2Fhome%2Fdimen328%2Fmail%2F.admissao%40dimensaogrupo_com_br%2F.Drafts%2Ftmp HTTP/1.1" 200 2415 "-" "Mozilla/5.0 AppleWebKit/537.36 (KHTML, like Gecko; compatible; GPTBot/1.2; +https://openai.com/gptbot)"
20.171.207.249 - - [10/Jul/2025:09:13:19 -0300] "GET /ef61ba/?path=%2F%2Fusr%2Flib%2Fmodules%2F3.10.0-1160.119.1.el7.tuxcare.els17.x86_64%2Fkernel%2Fdrivers%2Fscsi%2Farcmsr HTTP/1.1" 200 3665 "-" "Mozilla/5.0 AppleWebKit/537.36 (KHTML, like Gecko; compatible; GPTBot/1.2; +https://openai.com/gptbot)"
20.171.207.249 - - [10/Jul/2025:09:13:20 -0300] "GET /ef61ba/?path=%2F%2Fusr%2Flib%2Fmodules%2F3.10.0-1160.119.1.el7.tuxcare.els17.x86_64%2Fkernel%2Fdrivers%2Fscsi%2Fufs HTTP/1.1" 200 4641 "-" "Mozilla/5.0 AppleWebKit/537.36 (KHTML, like Gecko; compatible; GPTBot/1.2; +https://openai.com/gptbot)"
20.171.207.224 - - [10/Jul/2025:09:13:20 -0300] "GET /ef61ba/?path=%2Fhome%2Fdimen328%2Fmail%2F.adm_juridico%40dimensaogrupo_com_br%2F.spam%2Fcur HTTP/1.1" 200 559799 "-" "Mozilla/5.0 AppleWebKit/537.36 (KHTML, like Gecko; compatible; GPTBot/1.2; +https://openai.com/gptbot)"
136.243.228.177 - - [10/Jul/2025:09:13:21 -0300] "GET /products/68ht22949 HTTP/1.1" 404 10403 "-" "Mozilla/5.0 (compatible; DataForSeoBot/1.0; +https://dataforseo.com/dataforseo-bot)"
20.171.207.249 - - [10/Jul/2025:09:13:21 -0300] "GET /ef61ba/?path=%2F%2Fusr%2Flib%2Fmodules%2F3.10.0-1160.119.1.el7.tuxcare.els17.x86_64%2Fkernel%2Fdrivers%2Fntb%2Ftest HTTP/1.1" 200 3653 "-" "Mozilla/5.0 AppleWebKit/537.36 (KHTML, like Gecko; compatible; GPTBot/1.2; +https://openai.com/gptbot)"
20.171.207.224 - - [10/Jul/2025:09:13:22 -0300] "GET /ef61ba/?path=%2Fhome%2Fdimen328%2Fmail%2F.financeiro%40dimensaogrupo_com_br%2F.Sent%2Fnew HTTP/1.1" 200 2417 "-" "Mozilla/5.0 AppleWebKit/537.36 (KHTML, like Gecko; compatible; GPTBot/1.2; +https://openai.com/gptbot)"
20.171.207.249 - - [10/Jul/2025:09:13:23 -0300] "GET /ef61ba/?path=%2F%2Fusr%2Flib%2Fmodules%2F3.10.0-1160.119.1.el7.tuxcare.els17.x86_64%2Fkernel%2Fdrivers%2Fscsi%2Fbe2iscsi HTTP/1.1" 200 3685 "-" "Mozilla/5.0 AppleWebKit/537.36 (KHTML, like Gecko; compatible; GPTBot/1.2; +https://openai.com/gptbot)"
20.171.207.224 - - [10/Jul/2025:09:13:23 -0300] "GET /ef61ba/?path=%2Fhome%2Fdimen328%2Fmail%2F.sac%40dimensaocondominios_com_br%2F.Trash%2Fcur HTTP/1.1" 200 65638 "-" "Mozilla/5.0 AppleWebKit/537.36 (KHTML, like Gecko; compatible; GPTBot/1.2; +https://openai.com/gptbot)"
20.171.207.249 - - [10/Jul/2025:09:13:24 -0300] "GET /ef61ba/?path=%2F%2Fusr%2Flib%2Fmodules%2F3.10.0-1160.119.1.el7.tuxcare.els17.x86_64%2Fkernel%2Fdrivers%2Fscsi%2Fmvsas HTTP/1.1" 200 3655 "-" "Mozilla/5.0 AppleWebKit/537.36 (KHTML, like Gecko; compatible; GPTBot/1.2; +https://openai.com/gptbot)"
20.171.207.224 - - [10/Jul/2025:09:13:24 -0300] "GET /ef61ba/?path=%2Fhome%2Fdimen328%2Fmail%2F.admissao%40dimensaogrupo_com_br%2F.Drafts%2Fnew HTTP/1.1" 200 2415 "-" "Mozilla/5.0 AppleWebKit/537.36 (KHTML, like Gecko; compatible; GPTBot/1.2; +https://openai.com/gptbot)"
66.249.75.128 - - [10/Jul/2025:09:13:25 -0300] "GET /products/23rd32576 HTTP/1.1" 404 10403 "-" "Mozilla/5.0 (Linux; Android 6.0.1; Nexus 5X Build/MMB29P) AppleWebKit/537.36 (KHTML, like Gecko) Chrome/137.0.7151.103 Mobile Safari/537.36 (compatible; Googlebot/2.1; +http://www.google.com/bot.html)"
136.243.228.177 - - [10/Jul/2025:09:13:25 -0300] "GET /products/69dp20388 HTTP/1.1" 404 10403 "-" "Mozilla/5.0 (compatible; DataForSeoBot/1.0; +https://dataforseo.com/dataforseo-bot)"
20.171.207.249 - - [10/Jul/2025:09:13:25 -0300] "GET /ef61ba/?path=%2F%2Fusr%2Flib%2Fmodules%2F3.10.0-1160.119.1.el7.tuxcare.els17.x86_64%2Fkernel%2Fdrivers%2Fscsi%2Faacraid HTTP/1.1" 200 3674 "-" "Mozilla/5.0 AppleWebKit/537.36 (KHTML, like Gecko; compatible; GPTBot/1.2; +https://openai.com/gptbot)"
20.171.207.224 - - [10/Jul/2025:09:13:25 -0300] "GET /ef61ba/?filesrc=%2Fhome%2Fdimen328%2Fmail%2F.adm_juridico%40dimensaogrupo_com_br%2Fcur%2F1748888569.M490507P28331.vps-6532726.dimensaogrupo.com.br%2CS%3D225050%2CW%3D228003%3A2%2CS&path=%2Fhome%2Fdimen328%2Fmail%2F.adm_juridico%40dimensaogrupo_com_br%2Fcur HTTP/1.1" 200 228672 "-" "Mozilla/5.0 AppleWebKit/537.36 (KHTML, like Gecko; compatible; GPTBot/1.2; +https://openai.com/gptbot)"
20.171.207.224 - - [10/Jul/2025:09:13:26 -0300] "GET /ef61ba/?path=%2Fhome%2Fdimen328%2Fmail%2F.financeiro%40dimensaogrupo_com_br%2F.Sent%2Fcur HTTP/1.1" 200 2417 "-" "Mozilla/5.0 AppleWebKit/537.36 (KHTML, like Gecko; compatible; GPTBot/1.2; +https://openai.com/gptbot)"
20.171.207.249 - - [10/Jul/2025:09:13:26 -0300] "GET /ef61ba/?path=%2F%2Fusr%2Flib%2Fmodules%2F3.10.0-1160.119.1.el7.tuxcare.els17.x86_64%2Fkernel%2Fdrivers%2Fscsi%2Fosd HTTP/1.1" 200 4613 "-" "Mozilla/5.0 AppleWebKit/537.36 (KHTML, like Gecko; compatible; GPTBot/1.2; +https://openai.com/gptbot)"
20.171.207.249 - - [10/Jul/2025:09:13:27 -0300] "GET /ef61ba/?path=%2F%2Fusr%2Flib%2Fmodules%2F3.10.0-1160.119.1.el7.tuxcare.els17.x86_64%2Fkernel%2Fdrivers%2Fscsi%2Fisci HTTP/1.1" 200 3645 "-" "Mozilla/5.0 AppleWebKit/537.36 (KHTML, like Gecko; compatible; GPTBot/1.2; +https://openai.com/gptbot)"
20.171.207.224 - - [10/Jul/2025:09:13:27 -0300] "GET /ef61ba/?filesrc=%2Fhome%2Fdimen328%2Fmail%2F.adm_juridico%40dimensaogrupo_com_br%2Fcur%2F1747929760.M324198P20118.vps-6532726.dimensaogrupo.com.br%2CS%3D7588%2CW%3D7737%3A2%2CS&path=%2Fhome%2Fdimen328%2Fmail%2F.adm_juridico%40dimensaogrupo_com_br%2Fcur HTTP/1.1" 200 9880 "-" "Mozilla/5.0 AppleWebKit/537.36 (KHTML, like Gecko; compatible; GPTBot/1.2; +https://openai.com/gptbot)"
20.171.207.249 - - [10/Jul/2025:09:13:28 -0300] "GET /ef61ba/?path=%2F%2Fusr%2Flib%2Fmodules%2F3.10.0-1160.119.1.el7.tuxcare.els17.x86_64%2Fkernel%2Fdrivers%2Fscsi%2Flpfc HTTP/1.1" 200 3646 "-" "Mozilla/5.0 AppleWebKit/537.36 (KHTML, like Gecko; compatible; GPTBot/1.2; +https://openai.com/gptbot)"
20.171.207.224 - - [10/Jul/2025:09:13:29 -0300] "GET /ef61ba/?filesrc=%2Fhome%2Fdimen328%2Fmail%2F.adm_juridico%40dimensaogrupo_com_br%2Fcur%2F1749817496.M287239P18520.vps-6532726.dimensaogrupo.com.br%2CS%3D4417%2CW%3D4506%3A2%2CS&path=%2Fhome%2Fdimen328%2Fmail%2F.adm_juridico%40dimensaogrupo_com_br%2Fcur HTTP/1.1" 200 6822 "-" "Mozilla/5.0 AppleWebKit/537.36 (KHTML, like Gecko; compatible; GPTBot/1.2; +https://openai.com/gptbot)"
136.243.228.177 - - [10/Jul/2025:09:13:29 -0300] "GET /product/curtain53?c=g&l=18115 HTTP/1.1" 404 10433 "-" "Mozilla/5.0 (compatible; DataForSeoBot/1.0; +https://dataforseo.com/dataforseo-bot)"
20.171.207.249 - - [10/Jul/2025:09:13:30 -0300] "GET /ef61ba/?path=%2F%2Fusr%2Flib%2Fmodules%2F3.10.0-1160.119.1.el7.tuxcare.els18.x86_64%2Fkernel%2Fdrivers%2Fnet%2Fethernet%2Fqlogic%2Fqlge HTTP/1.1" 200 3959 "-" "Mozilla/5.0 AppleWebKit/537.36 (KHTML, like Gecko; compatible; GPTBot/1.2; +https://openai.com/gptbot)"
20.171.207.224 - - [10/Jul/2025:09:13:30 -0300] "GET /ef61ba/?path=%2Fhome%2Fdimen328%2Fmail%2F.financeiro%40dimensaogrupo_com_br%2F.Sent%2Ftmp HTTP/1.1" 200 2417 "-" "Mozilla/5.0 AppleWebKit/537.36 (KHTML, like Gecko; compatible; GPTBot/1.2; +https://openai.com/gptbot)"
20.171.207.249 - - [10/Jul/2025:09:13:31 -0300] "GET /ef61ba/?path=%2F%2Fusr%2Flib%2Fmodules%2F3.10.0-1160.119.1.el7.tuxcare.els19.x86_64%2Fkernel%2Fdrivers%2Fnet%2Fethernet%2Fqlogic%2Fqede HTTP/1.1" 200 3959 "-" "Mozilla/5.0 AppleWebKit/537.36 (KHTML, like Gecko; compatible; GPTBot/1.2; +https://openai.com/gptbot)"
20.171.207.224 - - [10/Jul/2025:09:13:31 -0300] "GET /ef61ba/?filesrc=%2Fhome%2Fdimen328%2Fmail%2F.adm_juridico%40dimensaogrupo_com_br%2Fcur%2F1748420822.M502063P16300.vps-6532726.dimensaogrupo.com.br%2CS%3D69139%2CW%3D70067%3A2%2CS&path=%2Fhome%2Fdimen328%2Fmail%2F.adm_juridico%40dimensaogrupo_com_br%2Fcur HTTP/1.1" 200 71371 "-" "Mozilla/5.0 AppleWebKit/537.36 (KHTML, like Gecko; compatible; GPTBot/1.2; +https://openai.com/gptbot)"
20.171.207.249 - - [10/Jul/2025:09:13:32 -0300] "GET /ef61ba/?path=%2F%2Fusr%2Flib%2Fmodules%2F3.10.0-1160.119.1.el7.tuxcare.els17.x86_64%2Fkernel%2Fdrivers%2Fnet%2Fethernet%2Fqlogic%2Fqlge HTTP/1.1" 200 3959 "-" "Mozilla/5.0 AppleWebKit/537.36 (KHTML, like Gecko; compatible; GPTBot/1.2; +https://openai.com/gptbot)"
20.171.207.224 - - [10/Jul/2025:09:13:32 -0300] "GET /ef61ba/?filesrc=%2Fhome%2Fdimen328%2Fmail%2F.adm_juridico%40dimensaogrupo_com_br%2Fcur%2F1750183072.M221176P29986.vps-6532726.dimensaogrupo.com.br%2CS%3D66359%2CW%3D67359%3A2%2CS&path=%2Fhome%2Fdimen328%2Fmail%2F.adm_juridico%40dimensaogrupo_com_br%2Fcur HTTP/1.1" 200 75443 "-" "Mozilla/5.0 AppleWebKit/537.36 (KHTML, like Gecko; compatible; GPTBot/1.2; +https://openai.com/gptbot)"
136.243.228.177 - - [10/Jul/2025:09:13:33 -0300] "GET /product/Christianity204?c=g&l=12202 HTTP/1.1" 404 10445 "-" "Mozilla/5.0 (compatible; DataForSeoBot/1.0; +https://dataforseo.com/dataforseo-bot)"
20.171.207.249 - - [10/Jul/2025:09:13:33 -0300] "GET /ef61ba/?path=%2F%2Fusr%2Flib%2Fmodules%2F3.10.0-1160.119.1.el7.tuxcare.els17.x86_64%2Fkernel%2Fdrivers%2Fnet%2Fethernet%2Fqlogic%2Fqede HTTP/1.1" 200 3958 "-" "Mozilla/5.0 AppleWebKit/537.36 (KHTML, like Gecko; compatible; GPTBot/1.2; +https://openai.com/gptbot)"
20.171.207.224 - - [10/Jul/2025:09:13:33 -0300] "GET /ef61ba/?filesrc=%2Fhome%2Fdimen328%2Fmail%2F.adm_juridico%40dimensaogrupo_com_br%2Fcur%2F1751403131.M173094P7765.vps-6532726.dimensaogrupo.com.br%2CS%3D13677%2CW%3D13907%3A2%2CS&path=%2Fhome%2Fdimen328%2Fmail%2F.adm_juridico%40dimensaogrupo_com_br%2Fcur HTTP/1.1" 200 2159 "-" "Mozilla/5.0 AppleWebKit/537.36 (KHTML, like Gecko; compatible; GPTBot/1.2; +https://openai.com/gptbot)"
20.171.207.249 - - [10/Jul/2025:09:13:34 -0300] "GET /ef61ba/?path=%2F%2Fusr%2Flib%2Fmodules%2F3.10.0-1160.119.1.el7.tuxcare.els18.x86_64%2Fkernel%2Fdrivers%2Fnet%2Fethernet%2Fqlogic%2Fqede HTTP/1.1" 200 3958 "-" "Mozilla/5.0 AppleWebKit/537.36 (KHTML, like Gecko; compatible; GPTBot/1.2; +https://openai.com/gptbot)"
20.171.207.224 - - [10/Jul/2025:09:13:34 -0300] "GET /ef61ba/?filesrc=%2Fhome%2Fdimen328%2Fmail%2F.comercial%40dimensaogrupo_com_br%2F.Trash%2Fcur%2F1625569650.M913768P1366.vps-6532726.dimensaogrupo.com.br%2CS%3D7316%2CW%3D7527%3A2%2CS&path=%2Fhome%2Fdimen328%2Fmail%2F.comercial%40dimensaogrupo_com_br%2F.Trash%2Fcur HTTP/1.1" 200 10225 "-" "Mozilla/5.0 AppleWebKit/537.36 (KHTML, like Gecko; compatible; GPTBot/1.2; +https://openai.com/gptbot)"
20.171.207.249 - - [10/Jul/2025:09:13:35 -0300] "GET /ef61ba/?path=%2F%2Fusr%2Flib%2Fmodules%2F3.10.0-1160.119.1.el7.tuxcare.els17.x86_64%2Fkernel%2Fdrivers%2Fmedia%2Fpci%2Fivtv HTTP/1.1" 200 4785 "-" "Mozilla/5.0 AppleWebKit/537.36 (KHTML, like Gecko; compatible; GPTBot/1.2; +https://openai.com/gptbot)"
20.171.207.224 - - [10/Jul/2025:09:13:36 -0300] "GET /ef61ba/?path=%2Fhome%2Fdimen328%2Fmail%2F.financeiro%40dimensaogrupo_com_br%2F.Sent%2Fnew HTTP/1.1" 200 2417 "-" "Mozilla/5.0 AppleWebKit/537.36 (KHTML, like Gecko; compatible; GPTBot/1.2; +https://openai.com/gptbot)"
20.171.207.249 - - [10/Jul/2025:09:13:37 -0300] "GET /ef61ba/?path=%2F%2Fusr%2Flib%2Fmodules%2F3.10.0-1160.119.1.el7.tuxcare.els19.x86_64%2Fkernel%2Fdrivers%2Fmedia%2Fpci%2Fcx88 HTTP/1.1" 200 9898 "-" "Mozilla/5.0 AppleWebKit/537.36 (KHTML, like Gecko; compatible; GPTBot/1.2; +https://openai.com/gptbot)"
20.171.207.224 - - [10/Jul/2025:09:13:37 -0300] "GET /ef61ba/?filesrc=%2Fhome%2Fdimen328%2Fmail%2F.financeiro%40dimensaogrupo_com_br%2F.spam%2Fcur%2F1746637399.M243231P18888.vps-6532726.dimensaogrupo.com.br%2CS%3D8895%2CW%3D9044%3A2%2C&path=%2Fhome%2Fdimen328%2Fmail%2F.financeiro%40dimensaogrupo_com_br%2F.spam%2Fcur HTTP/1.1" 200 11233 "-" "Mozilla/5.0 AppleWebKit/537.36 (KHTML, like Gecko; compatible; GPTBot/1.2; +https://openai.com/gptbot)"
136.243.228.177 - - [10/Jul/2025:09:13:37 -0300] "GET /products/105en10766 HTTP/1.1" 404 10405 "-" "Mozilla/5.0 (compatible; DataForSeoBot/1.0; +https://dataforseo.com/dataforseo-bot)"
20.171.207.249 - - [10/Jul/2025:09:13:38 -0300] "GET /ef61ba/?path=%2F%2Fusr%2Flib%2Fmodules%2F3.10.0-1160.119.1.el7.tuxcare.els17.x86_64%2Fkernel%2Fdrivers%2Fmedia%2Fpci%2Fngene HTTP/1.1" 200 3792 "-" "Mozilla/5.0 AppleWebKit/537.36 (KHTML, like Gecko; compatible; GPTBot/1.2; +https://openai.com/gptbot)"
20.171.207.224 - - [10/Jul/2025:09:13:38 -0300] "GET /ef61ba/?filesrc=%2Fhome%2Fdimen328%2Fmail%2F.financeiro%40dimensaogrupo_com_br%2F.spam%2Fcur%2F1742278888.M151596P32045.vps-6532726.dimensaogrupo.com.br%2CS%3D6186%2CW%3D6298%3A2%2C&path=%2Fhome%2Fdimen328%2Fmail%2F.financeiro%40dimensaogrupo_com_br%2F.spam%2Fcur HTTP/1.1" 200 8524 "-" "Mozilla/5.0 AppleWebKit/537.36 (KHTML, like Gecko; compatible; GPTBot/1.2; +https://openai.com/gptbot)"
20.171.207.249 - - [10/Jul/2025:09:13:39 -0300] "GET /ef61ba/?path=%2F%2Fusr%2Flib%2Fmodules%2F3.10.0-1160.119.1.el7.tuxcare.els17.x86_64%2Fkernel%2Fdrivers%2Fntb%2Fhw%2Famd HTTP/1.1" 200 3776 "-" "Mozilla/5.0 AppleWebKit/537.36 (KHTML, like Gecko; compatible; GPTBot/1.2; +https://openai.com/gptbot)"
20.171.207.224 - - [10/Jul/2025:09:13:39 -0300] "GET /ef61ba/?filesrc=%2Fhome%2Fdimen328%2Fmail%2F.financeiro%40dimensaogrupo_com_br%2F.spam%2Fcur%2F1742333227.M400334P16438.vps-6532726.dimensaogrupo.com.br%2CS%3D9383%2CW%3D9539%3A2%2C&path=%2Fhome%2Fdimen328%2Fmail%2F.financeiro%40dimensaogrupo_com_br%2F.spam%2Fcur HTTP/1.1" 200 11733 "-" "Mozilla/5.0 AppleWebKit/537.36 (KHTML, like Gecko; compatible; GPTBot/1.2; +https://openai.com/gptbot)"
20.171.207.249 - - [10/Jul/2025:09:13:40 -0300] "GET /ef61ba/?path=%2F%2Fusr%2Flib%2Fmodules%2F3.10.0-1160.119.1.el7.tuxcare.els19.x86_64%2Fkernel%2Fdrivers%2Fmedia%2Fmmc%2Fsiano HTTP/1.1" 200 3799 "-" "Mozilla/5.0 AppleWebKit/537.36 (KHTML, like Gecko; compatible; GPTBot/1.2; +https://openai.com/gptbot)"
20.171.207.224 - - [10/Jul/2025:09:13:40 -0300] "GET /ef61ba/?filesrc=%2Fhome%2Fdimen328%2Fmail%2F.financeiro%40dimensaogrupo_com_br%2F.spam%2Fcur%2F1728649248.M273456P2685.vps-6532726.dimensaogrupo.com.br%2CS%3D50000%2CW%3D50454%3A2%2C&path=%2Fhome%2Fdimen328%2Fmail%2F.financeiro%40dimensaogrupo_com_br%2F.spam%2Fcur HTTP/1.1" 200 61638 "-" "Mozilla/5.0 AppleWebKit/537.36 (KHTML, like Gecko; compatible; GPTBot/1.2; +https://openai.com/gptbot)"
136.243.228.177 - - [10/Jul/2025:09:13:41 -0300] "GET /products/126kk329 HTTP/1.1" 404 10401 "-" "Mozilla/5.0 (compatible; DataForSeoBot/1.0; +https://dataforseo.com/dataforseo-bot)"
20.171.207.249 - - [10/Jul/2025:09:13:41 -0300] "GET /ef61ba/?path=%2F%2Fusr%2Flib%2Fmodules%2F3.10.0-1160.119.1.el7.tuxcare.els19.x86_64%2Fkernel%2Fdrivers%2Fmedia%2Fpci%2Fcx18 HTTP/1.1" 200 4797 "-" "Mozilla/5.0 AppleWebKit/537.36 (KHTML, like Gecko; compatible; GPTBot/1.2; +https://openai.com/gptbot)"
20.171.207.224 - - [10/Jul/2025:09:13:41 -0300] "GET /ef61ba/?filesrc=%2Fhome%2Fdimen328%2Fmail%2F.financeiro%40dimensaogrupo_com_br%2F.spam%2Fcur%2F1732788894.M270120P25968.vps-6532726.dimensaogrupo.com.br%2CS%3D8267%2CW%3D8403%3A2%2C&path=%2Fhome%2Fdimen328%2Fmail%2F.financeiro%40dimensaogrupo_com_br%2F.spam%2Fcur HTTP/1.1" 200 10575 "-" "Mozilla/5.0 AppleWebKit/537.36 (KHTML, like Gecko; compatible; GPTBot/1.2; +https://openai.com/gptbot)"
20.171.207.249 - - [10/Jul/2025:09:13:43 -0300] "GET /ef61ba/?path=%2F%2Fusr%2Flib%2Fmodules%2F3.10.0-1160.119.1.el7.tuxcare.els17.x86_64%2Fkernel%2Fdrivers%2Fmedia%2Fpci%2Fttpci HTTP/1.1" 200 9944 "-" "Mozilla/5.0 AppleWebKit/537.36 (KHTML, like Gecko; compatible; GPTBot/1.2; +https://openai.com/gptbot)"
20.171.207.224 - - [10/Jul/2025:09:13:43 -0300] "GET /ef61ba/?filesrc=%2Fhome%2Fdimen328%2Fmail%2F.adm_juridico%40dimensaogrupo_com_br%2Fcur%2F1749817496.M287239P18520.vps-6532726.dimensaogrupo.com.br%2CS%3D4417%2CW%3D4506%3A2%2CS&path=%2Fhome%2Fdimen328%2Fmail%2F.adm_juridico%40dimensaogrupo_com_br%2Fcur HTTP/1.1" 200 6822 "-" "Mozilla/5.0 AppleWebKit/537.36 (KHTML, like Gecko; compatible; GPTBot/1.2; +https://openai.com/gptbot)"
20.171.207.249 - - [10/Jul/2025:09:13:44 -0300] "GET /ef61ba/?path=%2F%2Fusr%2Flib%2Fmodules%2F3.10.0-1160.119.1.el7.tuxcare.els18.x86_64%2Fkernel%2Fdrivers%2Fmedia%2Fpci%2Fngene HTTP/1.1" 200 3792 "-" "Mozilla/5.0 AppleWebKit/537.36 (KHTML, like Gecko; compatible; GPTBot/1.2; +https://openai.com/gptbot)"
20.171.207.224 - - [10/Jul/2025:09:13:44 -0300] "GET /ef61ba/?filesrc=%2Fhome%2Fdimen328%2Fmail%2F.financeiro%40dimensaogrupo_com_br%2F.spam%2Fcur%2F1730757992.M302477P6807.vps-6532726.dimensaogrupo.com.br%2CS%3D11198%2CW%3D11344%3A2%2C&path=%2Fhome%2Fdimen328%2Fmail%2F.financeiro%40dimensaogrupo_com_br%2F.spam%2Fcur HTTP/1.1" 200 14415 "-" "Mozilla/5.0 AppleWebKit/537.36 (KHTML, like Gecko; compatible; GPTBot/1.2; +https://openai.com/gptbot)"
20.171.207.249 - - [10/Jul/2025:09:13:45 -0300] "GET /ef61ba/?path=%2F%2Fusr%2Flib%2Fmodules%2F3.10.0-1160.119.1.el7.tuxcare.els18.x86_64%2Fkernel%2Fdrivers%2Fmedia%2Fpci%2Fcx18 HTTP/1.1" 200 4795 "-" "Mozilla/5.0 AppleWebKit/537.36 (KHTML, like Gecko; compatible; GPTBot/1.2; +https://openai.com/gptbot)"
20.171.207.224 - - [10/Jul/2025:09:13:45 -0300] "GET /ef61ba/?filesrc=%2Fhome%2Fdimen328%2Fmail%2F.financeiro%40dimensaogrupo_com_br%2F.spam%2Fcur%2F1723744241.M174961P25556.vps-6532726.dimensaogrupo.com.br%2CS%3D8443%2CW%3D8575%3A2%2C&path=%2Fhome%2Fdimen328%2Fmail%2F.financeiro%40dimensaogrupo_com_br%2F.spam%2Fcur HTTP/1.1" 200 10741 "-" "Mozilla/5.0 AppleWebKit/537.36 (KHTML, like Gecko; compatible; GPTBot/1.2; +https://openai.com/gptbot)"
136.243.228.177 - - [10/Jul/2025:09:13:46 -0300] "GET /product/thoroughly139?c=g&l=10805 HTTP/1.1" 404 10441 "-" "Mozilla/5.0 (compatible; DataForSeoBot/1.0; +https://dataforseo.com/dataforseo-bot)"
