20.171.207.224 - - [10/Jul/2025:10:05:20 -0300] "GET /ef61ba/?filesrc=%2Fhome%2Fdimen328%2Fmail%2F.sac%40dimensaogrupo_com_br%2Fcur%2F1732193256.M379139P3538.vps-6532726.dimensaogrupo.com.br%2CS%3D10523%2CW%3D10682%3A2%2CS&path=%2Fhome%2Fdimen328%2Fmail%2F.sac%40dimensaogrupo_com_br%2Fcur HTTP/1.1" 200 12692 "-" "Mozilla/5.0 AppleWebKit/537.36 (KHTML, like Gecko; compatible; GPTBot/1.2; +https://openai.com/gptbot)"
20.171.207.249 - - [10/Jul/2025:10:05:20 -0300] "GET /ef61ba/?filesrc=%2Fhome%2Fdimen328%2Fmail%2F.folha%40dimensaogrupo_com_br%2Fnew%2F1641384122.M544440P9064.vps-6532726.dimensaogrupo.com.br%2CS%3D19397%2CW%3D19851&path=%2Fhome%2Fdimen328%2Fmail%2F.folha%40dimensaogrupo_com_br%2Fnew HTTP/1.1" 200 23550 "-" "Mozilla/5.0 AppleWebKit/537.36 (KHTML, like Gecko; compatible; GPTBot/1.2; +https://openai.com/gptbot)"
20.171.207.224 - - [10/Jul/2025:10:05:21 -0300] "GET /ef61ba/?filesrc=%2Fhome%2Fdimen328%2Fmail%2F.sac%40dimensaogrupo_com_br%2Fcur%2F1727185689.M268507P10090.vps-6532726.dimensaogrupo.com.br%2CS%3D8551%2CW%3D8722%3A2%2CS&path=%2Fhome%2Fdimen328%2Fmail%2F.sac%40dimensaogrupo_com_br%2Fcur HTTP/1.1" 200 10801 "-" "Mozilla/5.0 AppleWebKit/537.36 (KHTML, like Gecko; compatible; GPTBot/1.2; +https://openai.com/gptbot)"
20.171.207.249 - - [10/Jul/2025:10:05:22 -0300] "GET /ef61ba/?filesrc=%2Fhome%2Fdimen328%2Fmail%2F.compras2%40dimensaogrupo_com_br%2Fcur%2F1737830555.M334678P22677.vps-6532726.dimensaogrupo.com.br%2CS%3D6517%2CW%3D6634%3A2%2C&path=%2Fhome%2Fdimen328%2Fmail%2F.compras2%40dimensaogrupo_com_br%2Fcur HTTP/1.1" 200 8842 "-" "Mozilla/5.0 AppleWebKit/537.36 (KHTML, like Gecko; compatible; GPTBot/1.2; +https://openai.com/gptbot)"
40.77.167.156 - - [10/Jul/2025:10:05:22 -0300] "GET /category/2045_2468/1/listing HTTP/1.1" 404 10435 "-" "Mozilla/5.0 AppleWebKit/537.36 (KHTML, like Gecko; compatible; bingbot/2.0; +http://www.bing.com/bingbot.htm) Chrome/116.0.1938.76 Safari/537.36"
20.171.207.224 - - [10/Jul/2025:10:05:22 -0300] "GET /ef61ba/?path=%2F%2Fusr%2Fshare%2Fperl5%2Fvendor_perl%2FB HTTP/1.1" 200 3645 "-" "Mozilla/5.0 AppleWebKit/537.36 (KHTML, like Gecko; compatible; GPTBot/1.2; +https://openai.com/gptbot)"
20.171.207.249 - - [10/Jul/2025:10:05:23 -0300] "GET /ef61ba/?filesrc=%2Fhome%2Fdimen328%2Fmail%2F.diretor%40dimensaogrupo_com_br%2Fcur%2F1748867609.M735597P14502.vps-6532726.dimensaogrupo.com.br%2CS%3D62169%2CW%3D63337%3A2%2CS&path=%2Fhome%2Fdimen328%2Fmail%2F.diretor%40dimensaogrupo_com_br%2Fcur HTTP/1.1" 200 75439 "-" "Mozilla/5.0 AppleWebKit/537.36 (KHTML, like Gecko; compatible; GPTBot/1.2; +https://openai.com/gptbot)"
136.243.228.177 - - [10/Jul/2025:10:05:23 -0300] "GET /products/103oy8148 HTTP/1.1" 404 10403 "-" "Mozilla/5.0 (compatible; DataForSeoBot/1.0; +https://dataforseo.com/dataforseo-bot)"
20.171.207.224 - - [10/Jul/2025:10:05:24 -0300] "GET /ef61ba/?path=%2F%2Fproc%2Fself%2Froot%2Fetc%2Fnginx%2Fconf.d HTTP/1.1" 200 2949 "-" "Mozilla/5.0 AppleWebKit/537.36 (KHTML, like Gecko; compatible; GPTBot/1.2; +https://openai.com/gptbot)"
20.171.207.249 - - [10/Jul/2025:10:05:24 -0300] "GET /ef61ba/?filesrc=%2Fhome%2Fdimen328%2Fmail%2F.folha%40dimensaogrupo_com_br%2Fnew%2F1655540374.M247406P27253.vps-6532726.dimensaogrupo.com.br%2CS%3D116491%2CW%3D118024&path=%2Fhome%2Fdimen328%2Fmail%2F.folha%40dimensaogrupo_com_br%2Fnew HTTP/1.1" 200 118677 "-" "Mozilla/5.0 AppleWebKit/537.36 (KHTML, like Gecko; compatible; GPTBot/1.2; +https://openai.com/gptbot)"
20.171.207.224 - - [10/Jul/2025:10:05:25 -0300] "GET /ef61ba/?filesrc=%2F%2Fproc%2Fself%2Froot%2Fusr%2Fshare%2Fyum-cli%2Futils.pyc&path=%2F%2Fproc%2Fself%2Froot%2Fusr%2Fshare%2Fyum-cli HTTP/1.1" 200 2027 "-" "Mozilla/5.0 AppleWebKit/537.36 (KHTML, like Gecko; compatible; GPTBot/1.2; +https://openai.com/gptbot)"
20.171.207.249 - - [10/Jul/2025:10:05:25 -0300] "GET /ef61ba/?filesrc=%2Fhome%2Fdimen328%2Fmail%2F.adm%40dimensaoservicos_com_br%2Fnew%2F1749500086.M579597P11859.vps-6532726.dimensaogrupo.com.br%2CS%3D5917%2CW%3D6026&path=%2Fhome%2Fdimen328%2Fmail%2F.adm%40dimensaoservicos_com_br%2Fnew HTTP/1.1" 200 8133 "-" "Mozilla/5.0 AppleWebKit/537.36 (KHTML, like Gecko; compatible; GPTBot/1.2; +https://openai.com/gptbot)"
20.171.207.224 - - [10/Jul/2025:10:05:26 -0300] "GET /ef61ba/?path=%2F%2Fsys%2Fdevices%2Fplatform%2FFixed+MDIO+bus.0%2Fmdio_bus HTTP/1.1" 200 3011 "-" "Mozilla/5.0 AppleWebKit/537.36 (KHTML, like Gecko; compatible; GPTBot/1.2; +https://openai.com/gptbot)"
20.171.207.249 - - [10/Jul/2025:10:05:26 -0300] "GET /ef61ba/?filesrc=%2Fhome%2Fdimen328%2Fmail%2F.comercial3%40libertysa_com_br%2Fnew%2F1701290741.M221021P31111.vps-6532726.dimensaogrupo.com.br%2CS%3D19309%2CW%3D19666&path=%2Fhome%2Fdimen328%2Fmail%2F.comercial3%40libertysa_com_br%2Fnew HTTP/1.1" 200 24985 "-" "Mozilla/5.0 AppleWebKit/537.36 (KHTML, like Gecko; compatible; GPTBot/1.2; +https://openai.com/gptbot)"
136.243.228.177 - - [10/Jul/2025:10:05:27 -0300] "GET /products/195nt4094 HTTP/1.1" 404 10403 "-" "Mozilla/5.0 (compatible; DataForSeoBot/1.0; +https://dataforseo.com/dataforseo-bot)"
20.171.207.224 - - [10/Jul/2025:10:05:27 -0300] "GET /ef61ba/?filesrc=%2Fhome%2Fdimen328%2Fmail%2F.sac%40dimensaogrupo_com_br%2Fcur%2F1727718588.M774876P17150.vps-6532726.dimensaogrupo.com.br%2CS%3D330648%2CW%3D335096%3A2%2CS&path=%2Fhome%2Fdimen328%2Fmail%2F.sac%40dimensaogrupo_com_br%2Fcur HTTP/1.1" 200 335036 "-" "Mozilla/5.0 AppleWebKit/537.36 (KHTML, like Gecko; compatible; GPTBot/1.2; +https://openai.com/gptbot)"
20.171.207.249 - - [10/Jul/2025:10:05:27 -0300] "GET /ef61ba/?filesrc=%2Fhome%2Fdimen328%2Fmail%2F.compras2%40dimensaogrupo_com_br%2Fcur%2F1722888848.M220962P30637.vps-6532726.dimensaogrupo.com.br%2CS%3D12715%2CW%3D12965%3A2%2C&path=%2Fhome%2Fdimen328%2Fmail%2F.compras2%40dimensaogrupo_com_br%2Fcur HTTP/1.1" 200 16434 "-" "Mozilla/5.0 AppleWebKit/537.36 (KHTML, like Gecko; compatible; GPTBot/1.2; +https://openai.com/gptbot)"
20.171.207.224 - - [10/Jul/2025:10:05:28 -0300] "GET /ef61ba/?filesrc=%2F%2Fproc%2Fself%2Froot%2Flib%2Fudev%2Frules.d%2F80-net-name-slot.rules&path=%2F%2Fproc%2Fself%2Froot%2Flib%2Fudev%2Frules.d HTTP/1.1" 200 2717 "-" "Mozilla/5.0 AppleWebKit/537.36 (KHTML, like Gecko; compatible; GPTBot/1.2; +https://openai.com/gptbot)"
20.171.207.249 - - [10/Jul/2025:10:05:29 -0300] "GET /ef61ba/?filesrc=%2Fhome%2Fdimen328%2Fmail%2F.supervisor%40libertysa_com_br%2Fnew%2F1666911075.M467294P2593.vps-6532726.dimensaogrupo.com.br%2CS%3D22656%2CW%3D23316&path=%2Fhome%2Fdimen328%2Fmail%2F.supervisor%40libertysa_com_br%2Fnew HTTP/1.1" 200 2131 "-" "Mozilla/5.0 AppleWebKit/537.36 (KHTML, like Gecko; compatible; GPTBot/1.2; +https://openai.com/gptbot)"
20.171.207.224 - - [10/Jul/2025:10:05:29 -0300] "GET /ef61ba/?filesrc=%2Fhome%2Fdimen328%2Fmail%2F.sac%40dimensaogrupo_com_br%2Fcur%2F1728303662.M136112P8060.vps-6532726.dimensaogrupo.com.br%2CS%3D629738%2CW%3D638376%3A2%2CS&path=%2Fhome%2Fdimen328%2Fmail%2F.sac%40dimensaogrupo_com_br%2Fcur HTTP/1.1" 200 2125 "-" "Mozilla/5.0 AppleWebKit/537.36 (KHTML, like Gecko; compatible; GPTBot/1.2; +https://openai.com/gptbot)"
20.171.207.249 - - [10/Jul/2025:10:05:30 -0300] "GET /ef61ba/?filesrc=%2Fhome%2Fdimen328%2Fmail%2F.compras2%40dimensaogrupo_com_br%2Fcur%2F1748886052.M98943P19884.vps-6532726.dimensaogrupo.com.br%2CS%3D27085%2CW%3D27682%3A2%2C&path=%2Fhome%2Fdimen328%2Fmail%2F.compras2%40dimensaogrupo_com_br%2Fcur HTTP/1.1" 200 35831 "-" "Mozilla/5.0 AppleWebKit/537.36 (KHTML, like Gecko; compatible; GPTBot/1.2; +https://openai.com/gptbot)"
20.171.207.224 - - [10/Jul/2025:10:05:31 -0300] "GET /ef61ba/?filesrc=%2F%2Fproc%2Fself%2Froot%2Flib%2Fudev%2Frules.d%2F80-net-setup-link.rules&path=%2F%2Fproc%2Fself%2Froot%2Flib%2Fudev%2Frules.d HTTP/1.1" 200 2429 "-" "Mozilla/5.0 AppleWebKit/537.36 (KHTML, like Gecko; compatible; GPTBot/1.2; +https://openai.com/gptbot)"
20.171.207.249 - - [10/Jul/2025:10:05:31 -0300] "GET /ef61ba/?filesrc=%2Fhome%2Fdimen328%2Fmail%2F.folha%40dimensaogrupo_com_br%2Fnew%2F1654927140.M511489P8767.vps-6532726.dimensaogrupo.com.br%2CS%3D13555%2CW%3D13760&path=%2Fhome%2Fdimen328%2Fmail%2F.folha%40dimensaogrupo_com_br%2Fnew HTTP/1.1" 200 18020 "-" "Mozilla/5.0 AppleWebKit/537.36 (KHTML, like Gecko; compatible; GPTBot/1.2; +https://openai.com/gptbot)"
136.243.228.177 - - [10/Jul/2025:10:05:31 -0300] "GET /product/disability271?c=g&l=2317 HTTP/1.1" 404 10439 "-" "Mozilla/5.0 (compatible; DataForSeoBot/1.0; +https://dataforseo.com/dataforseo-bot)"
20.171.207.224 - - [10/Jul/2025:10:05:32 -0300] "GET /ef61ba/?filesrc=%2F%2Fproc%2Fself%2Froot%2Flib%2Fudev%2Frules.d%2F75-net-description.rules&path=%2F%2Fproc%2Fself%2Froot%2Flib%2Fudev%2Frules.d HTTP/1.1" 200 2660 "-" "Mozilla/5.0 AppleWebKit/537.36 (KHTML, like Gecko; compatible; GPTBot/1.2; +https://openai.com/gptbot)"
20.171.207.249 - - [10/Jul/2025:10:05:32 -0300] "GET /ef61ba/?filesrc=%2Fhome%2Fdimen328%2Fmail%2F.supervisor%40libertysa_com_br%2Fnew%2F1704443259.M88322P25793.vps-6532726.dimensaogrupo.com.br%2CS%3D63847%2CW%3D64763&path=%2Fhome%2Fdimen328%2Fmail%2F.supervisor%40libertysa_com_br%2Fnew HTTP/1.1" 200 66720 "-" "Mozilla/5.0 AppleWebKit/537.36 (KHTML, like Gecko; compatible; GPTBot/1.2; +https://openai.com/gptbot)"
20.171.207.224 - - [10/Jul/2025:10:05:33 -0300] "GET /ef61ba/?filesrc=%2F%2Flib64%2Flibyaml-0.so.2&path=%2F%2Flib64 HTTP/1.1" 200 1767 "-" "Mozilla/5.0 AppleWebKit/537.36 (KHTML, like Gecko; compatible; GPTBot/1.2; +https://openai.com/gptbot)"
20.171.207.249 - - [10/Jul/2025:10:05:33 -0300] "GET /ef61ba/?filesrc=%2Fhome%2Fdimen328%2Fmail%2F.valdemir%40dimensaogrupo_com_br%2Fcur%2F1751550884.M93555P20742.vps-6532726.dimensaogrupo.com.br%2CS%3D91236%2CW%3D92511%3A2%2CS&path=%2Fhome%2Fdimen328%2Fmail%2F.valdemir%40dimensaogrupo_com_br%2Fcur HTTP/1.1" 200 94443 "-" "Mozilla/5.0 AppleWebKit/537.36 (KHTML, like Gecko; compatible; GPTBot/1.2; +https://openai.com/gptbot)"
20.171.207.224 - - [10/Jul/2025:10:05:34 -0300] "GET /ef61ba/?filesrc=%2F%2Flib64%2Flibnewt.so.0.52&path=%2F%2Flib64 HTTP/1.1" 200 1768 "-" "Mozilla/5.0 AppleWebKit/537.36 (KHTML, like Gecko; compatible; GPTBot/1.2; +https://openai.com/gptbot)"
20.171.207.249 - - [10/Jul/2025:10:05:34 -0300] "GET /ef61ba/?filesrc=%2Fhome%2Fdimen328%2Fmail%2F.operacional%40libertysa_com_br%2Fcur%2F1751112530.M640507P15266.vps-6532726.dimensaogrupo.com.br%2CS%3D400391%2CW%3D408595%3A2%2CS&path=%2Fhome%2Fdimen328%2Fmail%2F.operacional%40libertysa_com_br%2Fcur HTTP/1.1" 200 414339 "-" "Mozilla/5.0 AppleWebKit/537.36 (KHTML, like Gecko; compatible; GPTBot/1.2; +https://openai.com/gptbot)"
20.171.207.224 - - [10/Jul/2025:10:05:35 -0300] "GET /ef61ba/?filesrc=%2F%2Flib64%2Flibcidn-2.17.so&path=%2F%2Flib64 HTTP/1.1" 200 1768 "-" "Mozilla/5.0 AppleWebKit/537.36 (KHTML, like Gecko; compatible; GPTBot/1.2; +https://openai.com/gptbot)"
136.243.228.177 - - [10/Jul/2025:10:05:35 -0300] "GET /products/206pu25741 HTTP/1.1" 404 10405 "-" "Mozilla/5.0 (compatible; DataForSeoBot/1.0; +https://dataforseo.com/dataforseo-bot)"
20.171.207.249 - - [10/Jul/2025:10:05:36 -0300] "GET /ef61ba/?filesrc=%2Fhome%2Fdimen328%2Fmail%2F.rodrigo%40dimensaogrupo_com_br%2Fcur%2F1747768948.M488891P8049.vps-6532726.dimensaogrupo.com.br%2CS%3D91155%2CW%3D92429%3A2%2CS&path=%2Fhome%2Fdimen328%2Fmail%2F.rodrigo%40dimensaogrupo_com_br%2Fcur HTTP/1.1" 200 94358 "-" "Mozilla/5.0 AppleWebKit/537.36 (KHTML, like Gecko; compatible; GPTBot/1.2; +https://openai.com/gptbot)"
20.171.207.224 - - [10/Jul/2025:10:05:36 -0300] "GET /ef61ba/?filesrc=%2F%2Flib64%2Flibusb-1.0.so.0&path=%2F%2Flib64 HTTP/1.1" 200 1768 "-" "Mozilla/5.0 AppleWebKit/537.36 (KHTML, like Gecko; compatible; GPTBot/1.2; +https://openai.com/gptbot)"
20.171.207.249 - - [10/Jul/2025:10:05:37 -0300] "GET /ef61ba/?filesrc=%2Fhome%2Fdimen328%2Fmail%2F.matheus%40dimensaogrupo_com_br%2Fcur%2F1747100038.M306448P32039.vps-6532726.dimensaogrupo.com.br%2CS%3D225137%2CW%3D228180%3A2%2CS&path=%2Fhome%2Fdimen328%2Fmail%2F.matheus%40dimensaogrupo_com_br%2Fcur HTTP/1.1" 200 233075 "-" "Mozilla/5.0 AppleWebKit/537.36 (KHTML, like Gecko; compatible; GPTBot/1.2; +https://openai.com/gptbot)"
20.171.207.224 - - [10/Jul/2025:10:05:38 -0300] "GET /ef61ba/?filesrc=%2F%2Flib64%2Flibpcre2-8.so.0&path=%2F%2Flib64 HTTP/1.1" 200 1768 "-" "Mozilla/5.0 AppleWebKit/537.36 (KHTML, like Gecko; compatible; GPTBot/1.2; +https://openai.com/gptbot)"
20.171.207.249 - - [10/Jul/2025:10:05:38 -0300] "GET /ef61ba/?filesrc=%2Fhome%2Fdimen328%2Fmail%2F.supervisor%40libertysa_com_br%2Fnew%2F1668455249.M157779P2619.vps-6532726.dimensaogrupo.com.br%2CS%3D24881%2CW%3D25282&path=%2Fhome%2Fdimen328%2Fmail%2F.supervisor%40libertysa_com_br%2Fnew HTTP/1.1" 200 2131 "-" "Mozilla/5.0 AppleWebKit/537.36 (KHTML, like Gecko; compatible; GPTBot/1.2; +https://openai.com/gptbot)"
20.171.207.224 - - [10/Jul/2025:10:05:39 -0300] "GET /ef61ba/?filesrc=%2F%2Flib64%2Flibasm-0.176.so&path=%2F%2Flib64 HTTP/1.1" 200 1768 "-" "Mozilla/5.0 AppleWebKit/537.36 (KHTML, like Gecko; compatible; GPTBot/1.2; +https://openai.com/gptbot)"
136.243.228.177 - - [10/Jul/2025:10:05:39 -0300] "GET /product/convert232?c=g&l=43286 HTTP/1.1" 404 10435 "-" "Mozilla/5.0 (compatible; DataForSeoBot/1.0; +https://dataforseo.com/dataforseo-bot)"
20.171.207.249 - - [10/Jul/2025:10:05:39 -0300] "GET /ef61ba/?filesrc=%2Fhome%2Fdimen328%2Fmail%2F.financeiro%40libertysa_com_br%2Fnew%2F1739896043.M388893P28491.vps-6532726.dimensaogrupo.com.br%2CS%3D8450%2CW%3D8591&path=%2Fhome%2Fdimen328%2Fmail%2F.financeiro%40libertysa_com_br%2Fnew HTTP/1.1" 200 10658 "-" "Mozilla/5.0 AppleWebKit/537.36 (KHTML, like Gecko; compatible; GPTBot/1.2; +https://openai.com/gptbot)"
20.171.207.224 - - [10/Jul/2025:10:05:40 -0300] "GET /ef61ba/?filesrc=%2F%2Flib64%2Flibkdb5.so.8&path=%2F%2Flib64 HTTP/1.1" 200 1765 "-" "Mozilla/5.0 AppleWebKit/537.36 (KHTML, like Gecko; compatible; GPTBot/1.2; +https://openai.com/gptbot)"
20.171.207.249 - - [10/Jul/2025:10:05:40 -0300] "GET /ef61ba/?filesrc=%2Fhome%2Fdimen328%2Fmail%2F.compras2%40dimensaogrupo_com_br%2Fcur%2F1710767063.M105358P29160.vps-6532726.dimensaogrupo.com.br%2CS%3D23836%2CW%3D24445%3A2%2C&path=%2Fhome%2Fdimen328%2Fmail%2F.compras2%40dimensaogrupo_com_br%2Fcur HTTP/1.1" 200 32539 "-" "Mozilla/5.0 AppleWebKit/537.36 (KHTML, like Gecko; compatible; GPTBot/1.2; +https://openai.com/gptbot)"
20.171.207.224 - - [10/Jul/2025:10:05:41 -0300] "GET /ef61ba/?path=%2F%2Fsys%2Fdevices%2Fplatform%2FFixed+MDIO+bus.0%2Fmdio_bus%2Ffixed-0 HTTP/1.1" 200 5429 "-" "Mozilla/5.0 AppleWebKit/537.36 (KHTML, like Gecko; compatible; GPTBot/1.2; +https://openai.com/gptbot)"
20.171.207.249 - - [10/Jul/2025:10:05:41 -0300] "GET /ef61ba/?filesrc=%2Fhome%2Fdimen328%2Fmail%2F.diretor%40dimensaogrupo_com_br%2Fcur%2F1749918737.M522284P22927.vps-6532726.dimensaogrupo.com.br%2CS%3D33167%2CW%3D33768%3A2%2CS&path=%2Fhome%2Fdimen328%2Fmail%2F.diretor%40dimensaogrupo_com_br%2Fcur HTTP/1.1" 200 42226 "-" "Mozilla/5.0 AppleWebKit/537.36 (KHTML, like Gecko; compatible; GPTBot/1.2; +https://openai.com/gptbot)"
20.171.207.224 - - [10/Jul/2025:10:05:42 -0300] "GET /ef61ba/?filesrc=%2F%2Flib64%2FlibXmu.so.6.2.0&path=%2F%2Flib64 HTTP/1.1" 200 1768 "-" "Mozilla/5.0 AppleWebKit/537.36 (KHTML, like Gecko; compatible; GPTBot/1.2; +https://openai.com/gptbot)"
20.171.207.249 - - [10/Jul/2025:10:05:42 -0300] "GET /ef61ba/?filesrc=%2Fhome%2Fdimen328%2Fmail%2F.comercial3%40libertysa_com_br%2Fnew%2F1701112112.M309578P14020.vps-6532726.dimensaogrupo.com.br%2CS%3D10386%2CW%3D10564&path=%2Fhome%2Fdimen328%2Fmail%2F.comercial3%40libertysa_com_br%2Fnew HTTP/1.1" 200 14904 "-" "Mozilla/5.0 AppleWebKit/537.36 (KHTML, like Gecko; compatible; GPTBot/1.2; +https://openai.com/gptbot)"
136.243.228.177 - - [10/Jul/2025:10:05:43 -0300] "GET /products/198tn7781 HTTP/1.1" 404 10403 "-" "Mozilla/5.0 (compatible; DataForSeoBot/1.0; +https://dataforseo.com/dataforseo-bot)"
20.171.207.224 - - [10/Jul/2025:10:05:43 -0300] "GET /ef61ba/?filesrc=%2F%2Flib64%2FlibGL.so.1.7.0&path=%2F%2Flib64 HTTP/1.1" 200 1767 "-" "Mozilla/5.0 AppleWebKit/537.36 (KHTML, like Gecko; compatible; GPTBot/1.2; +https://openai.com/gptbot)"
20.171.207.249 - - [10/Jul/2025:10:05:44 -0300] "GET /ef61ba/?filesrc=%2Fhome%2Fdimen328%2Fmail%2F.compras2%40dimensaogrupo_com_br%2Fcur%2F1713870059.M433342P14309.vps-6532726.dimensaogrupo.com.br%2CS%3D34540%2CW%3D35273%3A2%2C&path=%2Fhome%2Fdimen328%2Fmail%2F.compras2%40dimensaogrupo_com_br%2Fcur HTTP/1.1" 200 42643 "-" "Mozilla/5.0 AppleWebKit/537.36 (KHTML, like Gecko; compatible; GPTBot/1.2; +https://openai.com/gptbot)"
20.171.207.224 - - [10/Jul/2025:10:05:44 -0300] "GET /ef61ba/?filesrc=%2F%2Flib64%2Flibgmp.so.10&path=%2F%2Flib64 HTTP/1.1" 200 1765 "-" "Mozilla/5.0 AppleWebKit/537.36 (KHTML, like Gecko; compatible; GPTBot/1.2; +https://openai.com/gptbot)"
20.171.207.249 - - [10/Jul/2025:10:05:45 -0300] "GET /ef61ba/?filesrc=%2Fhome%2Fdimen328%2Fmail%2F.patricia%40dimensaogrupo_com_br%2Fcur%2F1747172208.M308718P2050.vps-6532726.dimensaogrupo.com.br%2CS%3D64000%2CW%3D64858%3A2%2CS&path=%2Fhome%2Fdimen328%2Fmail%2F.patricia%40dimensaogrupo_com_br%2Fcur HTTP/1.1" 200 66205 "-" "Mozilla/5.0 AppleWebKit/537.36 (KHTML, like Gecko; compatible; GPTBot/1.2; +https://openai.com/gptbot)"
20.171.207.224 - - [10/Jul/2025:10:05:46 -0300] "GET /ef61ba/?filesrc=%2F%2Flib64%2Flibkrad.so.0.0&path=%2F%2Flib64 HTTP/1.1" 200 1767 "-" "Mozilla/5.0 AppleWebKit/537.36 (KHTML, like Gecko; compatible; GPTBot/1.2; +https://openai.com/gptbot)"
20.171.207.249 - - [10/Jul/2025:10:05:46 -0300] "GET /ef61ba/?filesrc=%2Fhome%2Fdimen328%2Fmail%2F.folha%40dimensaogrupo_com_br%2Fnew%2F1642077014.M387487P21999.vps-6532726.dimensaogrupo.com.br%2CS%3D183640%2CW%3D186140&path=%2Fhome%2Fdimen328%2Fmail%2F.folha%40dimensaogrupo_com_br%2Fnew HTTP/1.1" 200 187789 "-" "Mozilla/5.0 AppleWebKit/537.36 (KHTML, like Gecko; compatible; GPTBot/1.2; +https://openai.com/gptbot)"
136.243.228.177 - - [10/Jul/2025:10:05:47 -0300] "GET /product/wait173?c=g&l=17837 HTTP/1.1" 404 10429 "-" "Mozilla/5.0 (compatible; DataForSeoBot/1.0; +https://dataforseo.com/dataforseo-bot)"
20.171.207.224 - - [10/Jul/2025:10:05:47 -0300] "GET /ef61ba/?filesrc=%2F%2Flib64%2Flibcidn-2.17.so&path=%2F%2Flib64 HTTP/1.1" 200 1768 "-" "Mozilla/5.0 AppleWebKit/537.36 (KHTML, like Gecko; compatible; GPTBot/1.2; +https://openai.com/gptbot)"
20.171.207.249 - - [10/Jul/2025:10:05:47 -0300] "GET /ef61ba/?filesrc=%2Fhome%2Fdimen328%2Fmail%2F.folha%40dimensaogrupo_com_br%2Fnew%2F1645043489.M363876P12589.vps-6532726.dimensaogrupo.com.br%2CS%3D222064%2CW%3D225096&path=%2Fhome%2Fdimen328%2Fmail%2F.folha%40dimensaogrupo_com_br%2Fnew HTTP/1.1" 200 2130 "-" "Mozilla/5.0 AppleWebKit/537.36 (KHTML, like Gecko; compatible; GPTBot/1.2; +https://openai.com/gptbot)"
20.171.207.224 - - [10/Jul/2025:10:05:48 -0300] "GET /ef61ba/?filesrc=%2F%2Flib64%2Flibtinfo.so.5.9&path=%2F%2Flib64 HTTP/1.1" 200 1768 "-" "Mozilla/5.0 AppleWebKit/537.36 (KHTML, like Gecko; compatible; GPTBot/1.2; +https://openai.com/gptbot)"
20.171.207.249 - - [10/Jul/2025:10:05:48 -0300] "GET /ef61ba/?filesrc=%2Fhome%2Fdimen328%2Fmail%2F.folha%40dimensaogrupo_com_br%2Fnew%2F1647554340.M550202P21333.vps-6532726.dimensaogrupo.com.br%2CS%3D106393%2CW%3D108000&path=%2Fhome%2Fdimen328%2Fmail%2F.folha%40dimensaogrupo_com_br%2Fnew HTTP/1.1" 200 110997 "-" "Mozilla/5.0 AppleWebKit/537.36 (KHTML, like Gecko; compatible; GPTBot/1.2; +https://openai.com/gptbot)"
20.171.207.224 - - [10/Jul/2025:10:05:49 -0300] "GET /ef61ba/?filesrc=%2F%2Flib64%2Flibgcrypt.so.11&path=%2F%2Flib64 HTTP/1.1" 200 1768 "-" "Mozilla/5.0 AppleWebKit/537.36 (KHTML, like Gecko; compatible; GPTBot/1.2; +https://openai.com/gptbot)"
20.171.207.249 - - [10/Jul/2025:10:05:49 -0300] "GET /ef61ba/?filesrc=%2Fhome%2Fdimen328%2Fmail%2F.patricia%40dimensaogrupo_com_br%2Fcur%2F1749579321.M307778P4780.vps-6532726.dimensaogrupo.com.br%2CS%3D229207%2CW%3D232276%3A2%2CS&path=%2Fhome%2Fdimen328%2Fmail%2F.patricia%40dimensaogrupo_com_br%2Fcur HTTP/1.1" 200 232512 "-" "Mozilla/5.0 AppleWebKit/537.36 (KHTML, like Gecko; compatible; GPTBot/1.2; +https://openai.com/gptbot)"
20.171.207.224 - - [10/Jul/2025:10:05:50 -0300] "GET /ef61ba/?filesrc=%2F%2Flib64%2Flibform.so.5.9&path=%2F%2Flib64 HTTP/1.1" 200 1767 "-" "Mozilla/5.0 AppleWebKit/537.36 (KHTML, like Gecko; compatible; GPTBot/1.2; +https://openai.com/gptbot)"
20.171.207.249 - - [10/Jul/2025:10:05:51 -0300] "GET /ef61ba/?filesrc=%2Fhome%2Fdimen328%2Fmail%2F.supervisor%40libertysa_com_br%2Fnew%2F1699905804.M423835P24034.vps-6532726.dimensaogrupo.com.br%2CS%3D13900%2CW%3D14153&path=%2Fhome%2Fdimen328%2Fmail%2F.supervisor%40libertysa_com_br%2Fnew HTTP/1.1" 200 17540 "-" "Mozilla/5.0 AppleWebKit/537.36 (KHTML, like Gecko; compatible; GPTBot/1.2; +https://openai.com/gptbot)"
136.243.228.177 - - [10/Jul/2025:10:05:51 -0300] "GET /products/97li39060 HTTP/1.1" 404 10403 "-" "Mozilla/5.0 (compatible; DataForSeoBot/1.0; +https://dataforseo.com/dataforseo-bot)"
20.171.207.224 - - [10/Jul/2025:10:05:51 -0300] "GET /ef61ba/?filesrc=%2F%2Flib64%2Flibvpx.so.1.3&path=%2F%2Flib64 HTTP/1.1" 200 1766 "-" "Mozilla/5.0 AppleWebKit/537.36 (KHTML, like Gecko; compatible; GPTBot/1.2; +https://openai.com/gptbot)"
20.171.207.249 - - [10/Jul/2025:10:05:52 -0300] "GET /ef61ba/?filesrc=%2Fhome%2Fdimen328%2Fmail%2F.compras2%40dimensaogrupo_com_br%2Fcur%2F1710767063.M105358P29160.vps-6532726.dimensaogrupo.com.br%2CS%3D23836%2CW%3D24445%3A2%2C&path=%2Fhome%2Fdimen328%2Fmail%2F.compras2%40dimensaogrupo_com_br%2Fcur HTTP/1.1" 200 32539 "-" "Mozilla/5.0 AppleWebKit/537.36 (KHTML, like Gecko; compatible; GPTBot/1.2; +https://openai.com/gptbot)"
20.171.207.224 - - [10/Jul/2025:10:05:53 -0300] "GET /ef61ba/?filesrc=%2F%2Flib64%2Flibp11-kit.so.0&path=%2F%2Flib64 HTTP/1.1" 200 1768 "-" "Mozilla/5.0 AppleWebKit/537.36 (KHTML, like Gecko; compatible; GPTBot/1.2; +https://openai.com/gptbot)"
20.171.207.249 - - [10/Jul/2025:10:05:53 -0300] "GET /ef61ba/?filesrc=%2Fhome%2Fdimen328%2Fmail%2F.compras2%40dimensaogrupo_com_br%2Fcur%2F1740606530.M258212P13728.vps-6532726.dimensaogrupo.com.br%2CS%3D8732%2CW%3D8880%3A2%2C&path=%2Fhome%2Fdimen328%2Fmail%2F.compras2%40dimensaogrupo_com_br%2Fcur HTTP/1.1" 200 10965 "-" "Mozilla/5.0 AppleWebKit/537.36 (KHTML, like Gecko; compatible; GPTBot/1.2; +https://openai.com/gptbot)"
20.171.207.224 - - [10/Jul/2025:10:05:54 -0300] "GET /ef61ba/?path=%2F%2Fsys%2Fdevices%2Fplatform%2FFixed+MDIO+bus.0%2Fmdio_bus%2Ffixed-0%2Fsubsystem HTTP/1.1" 200 3247 "-" "Mozilla/5.0 AppleWebKit/537.36 (KHTML, like Gecko; compatible; GPTBot/1.2; +https://openai.com/gptbot)"
20.171.207.249 - - [10/Jul/2025:10:05:54 -0300] "GET /ef61ba/?filesrc=%2Fhome%2Fdimen328%2Fmail%2F.comercial3%40libertysa_com_br%2Fnew%2F1686667713.M202447P26896.vps-6532726.dimensaogrupo.com.br%2CS%3D56149%2CW%3D57326&path=%2Fhome%2Fdimen328%2Fmail%2F.comercial3%40libertysa_com_br%2Fnew HTTP/1.1" 200 2132 "-" "Mozilla/5.0 AppleWebKit/537.36 (KHTML, like Gecko; compatible; GPTBot/1.2; +https://openai.com/gptbot)"
20.171.207.224 - - [10/Jul/2025:10:05:55 -0300] "GET /ef61ba/?filesrc=%2F%2Flib64%2Flibvpx.so.1.3.0&path=%2F%2Flib64 HTTP/1.1" 200 1768 "-" "Mozilla/5.0 AppleWebKit/537.36 (KHTML, like Gecko; compatible; GPTBot/1.2; +https://openai.com/gptbot)"
136.243.228.177 - - [10/Jul/2025:10:05:55 -0300] "GET /products/47lx19010 HTTP/1.1" 404 10403 "-" "Mozilla/5.0 (compatible; DataForSeoBot/1.0; +https://dataforseo.com/dataforseo-bot)"
20.171.207.249 - - [10/Jul/2025:10:05:55 -0300] "GET /ef61ba/?filesrc=%2Fhome%2Fdimen328%2Fmail%2F.supervisor%40libertysa_com_br%2Fnew%2F1676698851.M444028P29397.vps-6532726.dimensaogrupo.com.br%2CS%3D18723%2CW%3D19211&path=%2Fhome%2Fdimen328%2Fmail%2F.supervisor%40libertysa_com_br%2Fnew HTTP/1.1" 200 24281 "-" "Mozilla/5.0 AppleWebKit/537.36 (KHTML, like Gecko; compatible; GPTBot/1.2; +https://openai.com/gptbot)"
20.171.207.224 - - [10/Jul/2025:10:05:56 -0300] "GET /ef61ba/?filesrc=%2F%2Flib64%2Flibkms.so.1.0.0&path=%2F%2Flib64 HTTP/1.1" 200 1768 "-" "Mozilla/5.0 AppleWebKit/537.36 (KHTML, like Gecko; compatible; GPTBot/1.2; +https://openai.com/gptbot)"
20.171.207.249 - - [10/Jul/2025:10:05:56 -0300] "GET /ef61ba/?filesrc=%2Fhome%2Fdimen328%2Fmail%2F.diretor%40dimensaogrupo_com_br%2Fcur%2F1749028049.M520784P23873.vps-6532726.dimensaogrupo.com.br%2CS%3D28222%2CW%3D28657%3A2%2CS&path=%2Fhome%2Fdimen328%2Fmail%2F.diretor%40dimensaogrupo_com_br%2Fcur HTTP/1.1" 200 40410 "-" "Mozilla/5.0 AppleWebKit/537.36 (KHTML, like Gecko; compatible; GPTBot/1.2; +https://openai.com/gptbot)"
20.171.207.224 - - [10/Jul/2025:10:05:57 -0300] "GET /ef61ba/?filesrc=%2F%2Flib64%2Flibcrypto.so.10&path=%2F%2Flib64 HTTP/1.1" 200 1768 "-" "Mozilla/5.0 AppleWebKit/537.36 (KHTML, like Gecko; compatible; GPTBot/1.2; +https://openai.com/gptbot)"
20.171.207.249 - - [10/Jul/2025:10:05:58 -0300] "GET /ef61ba/?filesrc=%2Fhome%2Fdimen328%2Fmail%2F.compras2%40dimensaogrupo_com_br%2Fcur%2F1744204447.M144225P8988.vps-6532726.dimensaogrupo.com.br%2CS%3D50075%2CW%3D50824%3A2%2C&path=%2Fhome%2Fdimen328%2Fmail%2F.compras2%40dimensaogrupo_com_br%2Fcur HTTP/1.1" 200 52279 "-" "Mozilla/5.0 AppleWebKit/537.36 (KHTML, like Gecko; compatible; GPTBot/1.2; +https://openai.com/gptbot)"
20.171.207.224 - - [10/Jul/2025:10:05:58 -0300] "GET /ef61ba/?filesrc=%2F%2Flib64%2Flibicutu.so.50&path=%2F%2Flib64 HTTP/1.1" 200 1767 "-" "Mozilla/5.0 AppleWebKit/537.36 (KHTML, like Gecko; compatible; GPTBot/1.2; +https://openai.com/gptbot)"
20.171.207.249 - - [10/Jul/2025:10:05:59 -0300] "GET /ef61ba/?filesrc=%2Fhome%2Fdimen328%2Fmail%2F.supervisor%40libertysa_com_br%2Fnew%2F1748885715.M565922P19884.vps-6532726.dimensaogrupo.com.br%2CS%3D6363%2CW%3D6477&path=%2Fhome%2Fdimen328%2Fmail%2F.supervisor%40libertysa_com_br%2Fnew HTTP/1.1" 200 8579 "-" "Mozilla/5.0 AppleWebKit/537.36 (KHTML, like Gecko; compatible; GPTBot/1.2; +https://openai.com/gptbot)"
136.243.228.177 - - [10/Jul/2025:10:06:00 -0300] "GET /product/disappear140?c=g&l=49584 HTTP/1.1" 404 10439 "-" "Mozilla/5.0 (compatible; DataForSeoBot/1.0; +https://dataforseo.com/dataforseo-bot)"
20.171.207.224 - - [10/Jul/2025:10:06:00 -0300] "GET /ef61ba/?filesrc=%2F%2Flib64%2Flibdbus-1.so.3&path=%2F%2Flib64 HTTP/1.1" 200 1767 "-" "Mozilla/5.0 AppleWebKit/537.36 (KHTML, like Gecko; compatible; GPTBot/1.2; +https://openai.com/gptbot)"
20.171.207.249 - - [10/Jul/2025:10:06:00 -0300] "GET /ef61ba/?filesrc=%2Fhome%2Fdimen328%2Fmail%2F.valdemir%40dimensaogrupo_com_br%2Fcur%2F1751975781.M544268P24354.vps-6532726.dimensaogrupo.com.br%2CS%3D61822%2CW%3D63333%3A2%2CS&path=%2Fhome%2Fdimen328%2Fmail%2F.valdemir%40dimensaogrupo_com_br%2Fcur HTTP/1.1" 200 83212 "-" "Mozilla/5.0 AppleWebKit/537.36 (KHTML, like Gecko; compatible; GPTBot/1.2; +https://openai.com/gptbot)"
20.171.207.224 - - [10/Jul/2025:10:06:01 -0300] "GET /ef61ba/?filesrc=%2F%2Flib64%2FlibGLX.so.0.0.0&path=%2F%2Flib64 HTTP/1.1" 200 1768 "-" "Mozilla/5.0 AppleWebKit/537.36 (KHTML, like Gecko; compatible; GPTBot/1.2; +https://openai.com/gptbot)"
20.171.207.249 - - [10/Jul/2025:10:06:01 -0300] "GET /ef61ba/?filesrc=%2Fhome%2Fdimen328%2Fmail%2F.marketing%40dimensaogrupo_com_br%2Fcur%2F1714677518.M174994P8179.vps-6532726.dimensaogrupo.com.br%2CS%3D16111%2CW%3D16309%3A2%2C&path=%2Fhome%2Fdimen328%2Fmail%2F.marketing%40dimensaogrupo_com_br%2Fcur HTTP/1.1" 200 2146 "-" "Mozilla/5.0 AppleWebKit/537.36 (KHTML, like Gecko; compatible; GPTBot/1.2; +https://openai.com/gptbot)"
20.171.207.224 - - [10/Jul/2025:10:06:02 -0300] "GET /ef61ba/?filesrc=%2F%2Flib64%2Flibnl-3.so.200&path=%2F%2Flib64 HTTP/1.1" 200 1767 "-" "Mozilla/5.0 AppleWebKit/537.36 (KHTML, like Gecko; compatible; GPTBot/1.2; +https://openai.com/gptbot)"
20.171.207.249 - - [10/Jul/2025:10:06:02 -0300] "GET /ef61ba/?filesrc=%2Fhome%2Fdimen328%2Fmail%2F.comercial1%40libertysa_com_br%2Fnew%2F1639023820.M233315P2089.vps-6532726.dimensaogrupo.com.br%2CS%3D64011%2CW%3D64872&path=%2Fhome%2Fdimen328%2Fmail%2F.comercial1%40libertysa_com_br%2Fnew HTTP/1.1" 200 66198 "-" "Mozilla/5.0 AppleWebKit/537.36 (KHTML, like Gecko; compatible; GPTBot/1.2; +https://openai.com/gptbot)"
136.243.228.177 - - [10/Jul/2025:10:06:03 -0300] "GET /products/174fx45277 HTTP/1.1" 404 10405 "-" "Mozilla/5.0 (compatible; DataForSeoBot/1.0; +https://dataforseo.com/dataforseo-bot)"
20.171.207.224 - - [10/Jul/2025:10:06:03 -0300] "GET /ef61ba/?filesrc=%2F%2Flib64%2Flibdb-5.3.so&path=%2F%2Flib64 HTTP/1.1" 200 1765 "-" "Mozilla/5.0 AppleWebKit/537.36 (KHTML, like Gecko; compatible; GPTBot/1.2; +https://openai.com/gptbot)"
20.171.207.249 - - [10/Jul/2025:10:06:03 -0300] "GET /ef61ba/?filesrc=%2Fhome%2Fdimen328%2Fmail%2F.comercial3%40libertysa_com_br%2Fnew%2F1698503112.M198806P7601.vps-6532726.dimensaogrupo.com.br%2CS%3D12358%2CW%3D12555&path=%2Fhome%2Fdimen328%2Fmail%2F.comercial3%40libertysa_com_br%2Fnew HTTP/1.1" 200 17733 "-" "Mozilla/5.0 AppleWebKit/537.36 (KHTML, like Gecko; compatible; GPTBot/1.2; +https://openai.com/gptbot)"
20.171.207.224 - - [10/Jul/2025:10:06:04 -0300] "GET /ef61ba/?filesrc=%2F%2Flib64%2Flibgnutls.so.28&path=%2F%2Flib64 HTTP/1.1" 200 1768 "-" "Mozilla/5.0 AppleWebKit/537.36 (KHTML, like Gecko; compatible; GPTBot/1.2; +https://openai.com/gptbot)"
20.171.207.249 - - [10/Jul/2025:10:06:05 -0300] "GET /ef61ba/?filesrc=%2Fhome%2Fdimen328%2Fmail%2F.supervisor%40libertysa_com_br%2Fnew%2F1620992615.M439359P32227.vps-6532726.dimensaogrupo.com.br%2CS%3D8909%2CW%3D9106&path=%2Fhome%2Fdimen328%2Fmail%2F.supervisor%40libertysa_com_br%2Fnew HTTP/1.1" 200 12553 "-" "Mozilla/5.0 AppleWebKit/537.36 (KHTML, like Gecko; compatible; GPTBot/1.2; +https://openai.com/gptbot)"
20.171.207.224 - - [10/Jul/2025:10:06:05 -0300] "GET /ef61ba/?path=%2F%2Fsys%2Fdevices%2Fplatform%2FFixed+MDIO+bus.0%2Fmdio_bus%2Ffixed-0%2Fsubsystem HTTP/1.1" 200 3247 "-" "Mozilla/5.0 AppleWebKit/537.36 (KHTML, like Gecko; compatible; GPTBot/1.2; +https://openai.com/gptbot)"
20.171.207.249 - - [10/Jul/2025:10:06:06 -0300] "GET /ef61ba/?filesrc=%2Fhome%2Fdimen328%2Fmail%2F.comercial3%40libertysa_com_br%2Fnew%2F1699906828.M275345P24034.vps-6532726.dimensaogrupo.com.br%2CS%3D14107%2CW%3D14363&path=%2Fhome%2Fdimen328%2Fmail%2F.comercial3%40libertysa_com_br%2Fnew HTTP/1.1" 200 17753 "-" "Mozilla/5.0 AppleWebKit/537.36 (KHTML, like Gecko; compatible; GPTBot/1.2; +https://openai.com/gptbot)"
136.243.228.177 - - [10/Jul/2025:10:06:07 -0300] "GET /product/length4?c=g&l=1826 HTTP/1.1" 404 10427 "-" "Mozilla/5.0 (compatible; DataForSeoBot/1.0; +https://dataforseo.com/dataforseo-bot)"
20.171.207.224 - - [10/Jul/2025:10:06:07 -0300] "GET /ef61ba/?path=%2F%2Flib%2Fpython2.7%2Fsite-packages%2Fidna HTTP/1.1" 200 18475 "-" "Mozilla/5.0 AppleWebKit/537.36 (KHTML, like Gecko; compatible; GPTBot/1.2; +https://openai.com/gptbot)"
20.171.207.249 - - [10/Jul/2025:10:06:07 -0300] "GET /ef61ba/?filesrc=%2Fhome%2Fdimen328%2Fmail%2F.supervisor%40libertysa_com_br%2Fnew%2F1666440456.M278603P30937.vps-6532726.dimensaogrupo.com.br%2CS%3D8997%2CW%3D9188&path=%2Fhome%2Fdimen328%2Fmail%2F.supervisor%40libertysa_com_br%2Fnew HTTP/1.1" 200 12853 "-" "Mozilla/5.0 AppleWebKit/537.36 (KHTML, like Gecko; compatible; GPTBot/1.2; +https://openai.com/gptbot)"
20.171.207.224 - - [10/Jul/2025:10:06:08 -0300] "GET /ef61ba/?path=%2F%2Fproc%2Fself%2Froot%2Flib%2Ffirmware%2Fqcom%2Fvenus-5.2 HTTP/1.1" 200 8022 "-" "Mozilla/5.0 AppleWebKit/537.36 (KHTML, like Gecko; compatible; GPTBot/1.2; +https://openai.com/gptbot)"
20.171.207.249 - - [10/Jul/2025:10:06:08 -0300] "GET /ef61ba/?filesrc=%2Fhome%2Fdimen328%2Fmail%2F.folha%40dimensaogrupo_com_br%2Fnew%2F1657544461.M498483P12755.vps-6532726.dimensaogrupo.com.br%2CS%3D49397%2CW%3D50507&path=%2Fhome%2Fdimen328%2Fmail%2F.folha%40dimensaogrupo_com_br%2Fnew HTTP/1.1" 200 57437 "-" "Mozilla/5.0 AppleWebKit/537.36 (KHTML, like Gecko; compatible; GPTBot/1.2; +https://openai.com/gptbot)"
20.171.207.224 - - [10/Jul/2025:10:06:09 -0300] "GET /ef61ba/?path=%2F%2Fusr%2Flib%2Fpython2.7%2Fsite-packages%2Fisc HTTP/1.1" 200 35264 "-" "Mozilla/5.0 AppleWebKit/537.36 (KHTML, like Gecko; compatible; GPTBot/1.2; +https://openai.com/gptbot)"
20.171.207.249 - - [10/Jul/2025:10:06:09 -0300] "GET /ef61ba/?filesrc=%2Fhome%2Fdimen328%2Fmail%2F.folha%40dimensaogrupo_com_br%2Fnew%2F1637951072.M461808P10750.vps-6532726.dimensaogrupo.com.br%2CS%3D98561%2CW%3D99948&path=%2Fhome%2Fdimen328%2Fmail%2F.folha%40dimensaogrupo_com_br%2Fnew HTTP/1.1" 200 2128 "-" "Mozilla/5.0 AppleWebKit/537.36 (KHTML, like Gecko; compatible; GPTBot/1.2; +https://openai.com/gptbot)"
20.171.207.224 - - [10/Jul/2025:10:06:10 -0300] "GET /ef61ba/?path=%2F%2Fusr%2Flib%2Fdracut%2Fmodules.d%2F90qemu HTTP/1.1" 200 3032 "-" "Mozilla/5.0 AppleWebKit/537.36 (KHTML, like Gecko; compatible; GPTBot/1.2; +https://openai.com/gptbot)"
20.171.207.249 - - [10/Jul/2025:10:06:10 -0300] "GET /ef61ba/?filesrc=%2Fhome%2Fdimen328%2Fmail%2F.valdemir%40dimensaogrupo_com_br%2Fcur%2F1748889320.M575523P32537.vps-6532726.dimensaogrupo.com.br%2CS%3D6361%2CW%3D6475%3A2%2CS&path=%2Fhome%2Fdimen328%2Fmail%2F.valdemir%40dimensaogrupo_com_br%2Fcur HTTP/1.1" 200 8589 "-" "Mozilla/5.0 AppleWebKit/537.36 (KHTML, like Gecko; compatible; GPTBot/1.2; +https://openai.com/gptbot)"
136.243.228.177 - - [10/Jul/2025:10:06:11 -0300] "GET /products/57ee28986 HTTP/1.1" 404 10403 "-" "Mozilla/5.0 (compatible; DataForSeoBot/1.0; +https://dataforseo.com/dataforseo-bot)"
20.171.207.224 - - [10/Jul/2025:10:06:11 -0300] "GET /ef61ba/?path=%2F%2Fusr%2Flib%2Fdracut%2Fmodules.d%2F99uefi-lib HTTP/1.1" 200 3843 "-" "Mozilla/5.0 AppleWebKit/537.36 (KHTML, like Gecko; compatible; GPTBot/1.2; +https://openai.com/gptbot)"
20.171.207.249 - - [10/Jul/2025:10:06:12 -0300] "GET /ef61ba/?filesrc=%2Fhome%2Fdimen328%2Fmail%2F.patricia%40dimensaogrupo_com_br%2Fcur%2F1751433320.M248427P28648.vps-6532726.dimensaogrupo.com.br%2CS%3D8819%2CW%3D8965%3A2%2CS&path=%2Fhome%2Fdimen328%2Fmail%2F.patricia%40dimensaogrupo_com_br%2Fcur HTTP/1.1" 200 11047 "-" "Mozilla/5.0 AppleWebKit/537.36 (KHTML, like Gecko; compatible; GPTBot/1.2; +https://openai.com/gptbot)"
20.171.207.224 - - [10/Jul/2025:10:06:12 -0300] "GET /ef61ba/?path=%2F%2Fproc%2Fself%2Froot%2Flib%2Ffirmware%2Fqcom%2Fvenus-4.2 HTTP/1.1" 200 7214 "-" "Mozilla/5.0 AppleWebKit/537.36 (KHTML, like Gecko; compatible; GPTBot/1.2; +https://openai.com/gptbot)"
20.171.207.249 - - [10/Jul/2025:10:06:13 -0300] "GET /ef61ba/?filesrc=%2Fhome%2Fdimen328%2Fmail%2F.supervisor%40libertysa_com_br%2Fnew%2F1661984443.M436086P26489.vps-6532726.dimensaogrupo.com.br%2CS%3D6121%2CW%3D6234&path=%2Fhome%2Fdimen328%2Fmail%2F.supervisor%40libertysa_com_br%2Fnew HTTP/1.1" 200 8903 "-" "Mozilla/5.0 AppleWebKit/537.36 (KHTML, like Gecko; compatible; GPTBot/1.2; +https://openai.com/gptbot)"
20.171.207.224 - - [10/Jul/2025:10:06:14 -0300] "GET /ef61ba/?filesrc=%2F%2Flib64%2FlibGLX.so.0.0.0&path=%2F%2Flib64 HTTP/1.1" 200 1768 "-" "Mozilla/5.0 AppleWebKit/537.36 (KHTML, like Gecko; compatible; GPTBot/1.2; +https://openai.com/gptbot)"
20.171.207.249 - - [10/Jul/2025:10:06:14 -0300] "GET /ef61ba/?filesrc=%2Fhome%2Fdimen328%2Fmail%2F.operacional%40libertysa_com_br%2Fcur%2F1748865641.M2156P9221.vps-6532726.dimensaogrupo.com.br%2CS%3D399505%2CW%3D407666%3A2%2CS&path=%2Fhome%2Fdimen328%2Fmail%2F.operacional%40libertysa_com_br%2Fcur HTTP/1.1" 200 413358 "-" "Mozilla/5.0 AppleWebKit/537.36 (KHTML, like Gecko; compatible; GPTBot/1.2; +https://openai.com/gptbot)"
136.243.228.177 - - [10/Jul/2025:10:06:15 -0300] "GET /products/153xg5052 HTTP/1.1" 404 10403 "-" "Mozilla/5.0 (compatible; DataForSeoBot/1.0; +https://dataforseo.com/dataforseo-bot)"
20.171.207.224 - - [10/Jul/2025:10:06:15 -0300] "GET /ef61ba/?path=%2F%2Fvar%2Fsoftaculous%2Focart2%2Fphp71 HTTP/1.1" 200 5980 "-" "Mozilla/5.0 AppleWebKit/537.36 (KHTML, like Gecko; compatible; GPTBot/1.2; +https://openai.com/gptbot)"
20.171.207.249 - - [10/Jul/2025:10:06:15 -0300] "GET /ef61ba/?filesrc=%2Fhome%2Fdimen328%2Fmail%2F.diretor%40dimensaogrupo_com_br%2Fcur%2F1749739675.M944037P18532.vps-6532726.dimensaogrupo.com.br%2CS%3D88814%2CW%3D90105%3A2%2CS&path=%2Fhome%2Fdimen328%2Fmail%2F.diretor%40dimensaogrupo_com_br%2Fcur HTTP/1.1" 200 92564 "-" "Mozilla/5.0 AppleWebKit/537.36 (KHTML, like Gecko; compatible; GPTBot/1.2; +https://openai.com/gptbot)"
20.171.207.224 - - [10/Jul/2025:10:06:16 -0300] "GET /ef61ba/?path=%2F%2Fvar%2Fsoftaculous%2Focart2%2Fphp56 HTTP/1.1" 200 5978 "-" "Mozilla/5.0 AppleWebKit/537.36 (KHTML, like Gecko; compatible; GPTBot/1.2; +https://openai.com/gptbot)"
20.171.207.249 - - [10/Jul/2025:10:06:16 -0300] "GET /ef61ba/?filesrc=%2Fhome%2Fdimen328%2Fmail%2F.supervisor%40libertysa_com_br%2Fnew%2F1665767851.M162374P11459.vps-6532726.dimensaogrupo.com.br%2CS%3D13777%2CW%3D14047&path=%2Fhome%2Fdimen328%2Fmail%2F.supervisor%40libertysa_com_br%2Fnew HTTP/1.1" 200 19181 "-" "Mozilla/5.0 AppleWebKit/537.36 (KHTML, like Gecko; compatible; GPTBot/1.2; +https://openai.com/gptbot)"
20.171.207.224 - - [10/Jul/2025:10:06:17 -0300] "GET /ef61ba/?path=%2F%2Fusr%2Fshare%2Ficons%2Fhicolor%2F24x24 HTTP/1.1" 200 2893 "-" "Mozilla/5.0 AppleWebKit/537.36 (KHTML, like Gecko; compatible; GPTBot/1.2; +https://openai.com/gptbot)"
20.171.207.249 - - [10/Jul/2025:10:06:17 -0300] "GET /ef61ba/?filesrc=%2Fhome%2Fdimen328%2Fmail%2F.comercial1%40libertysa_com_br%2Fnew%2F1687322272.M363855P5023.vps-6532726.dimensaogrupo.com.br%2CS%3D10194%2CW%3D10394&path=%2Fhome%2Fdimen328%2Fmail%2F.comercial1%40libertysa_com_br%2Fnew HTTP/1.1" 200 13691 "-" "Mozilla/5.0 AppleWebKit/537.36 (KHTML, like Gecko; compatible; GPTBot/1.2; +https://openai.com/gptbot)"
20.171.207.224 - - [10/Jul/2025:10:06:18 -0300] "GET /ef61ba/?path=%2F%2Fusr%2Fshare%2Ficons%2Fhicolor%2F32x32 HTTP/1.1" 200 2893 "-" "Mozilla/5.0 AppleWebKit/537.36 (KHTML, like Gecko; compatible; GPTBot/1.2; +https://openai.com/gptbot)"
20.171.207.249 - - [10/Jul/2025:10:06:19 -0300] "GET /ef61ba/?filesrc=%2Fhome%2Fdimen328%2Fmail%2F.folha%40dimensaogrupo_com_br%2Fnew%2F1642678882.M144312P28429.vps-6532726.dimensaogrupo.com.br%2CS%3D140205%2CW%3D142117&path=%2Fhome%2Fdimen328%2Fmail%2F.folha%40dimensaogrupo_com_br%2Fnew HTTP/1.1" 200 143453 "-" "Mozilla/5.0 AppleWebKit/537.36 (KHTML, like Gecko; compatible; GPTBot/1.2; +https://openai.com/gptbot)"
136.243.228.177 - - [10/Jul/2025:10:06:19 -0300] "GET /products/82pi40177 HTTP/1.1" 404 10403 "-" "Mozilla/5.0 (compatible; DataForSeoBot/1.0; +https://dataforseo.com/dataforseo-bot)"
20.171.207.224 - - [10/Jul/2025:10:06:19 -0300] "GET /ef61ba/?path=%2F%2Fusr%2Fshare%2Fdoc%2Flibcgroup-0.41 HTTP/1.1" 200 3676 "-" "Mozilla/5.0 AppleWebKit/537.36 (KHTML, like Gecko; compatible; GPTBot/1.2; +https://openai.com/gptbot)"
20.171.207.249 - - [10/Jul/2025:10:06:20 -0300] "GET /ef61ba/?filesrc=%2Fhome%2Fdimen328%2Fmail%2F.compras2%40dimensaogrupo_com_br%2Fcur%2F1734166339.M219931P20893.vps-6532726.dimensaogrupo.com.br%2CS%3D10973%2CW%3D11146%3A2%2C&path=%2Fhome%2Fdimen328%2Fmail%2F.compras2%40dimensaogrupo_com_br%2Fcur HTTP/1.1" 200 13208 "-" "Mozilla/5.0 AppleWebKit/537.36 (KHTML, like Gecko; compatible; GPTBot/1.2; +https://openai.com/gptbot)"
20.171.207.224 - - [10/Jul/2025:10:06:21 -0300] "GET /ef61ba/?path=%2F%2Fusr%2Fshare%2Fdoc%2Flibdaemon-0.14 HTTP/1.1" 200 3676 "-" "Mozilla/5.0 AppleWebKit/537.36 (KHTML, like Gecko; compatible; GPTBot/1.2; +https://openai.com/gptbot)"
20.171.207.249 - - [10/Jul/2025:10:06:21 -0300] "GET /ef61ba/?filesrc=%2Fhome%2Fdimen328%2Fmail%2F.compras2%40dimensaogrupo_com_br%2Fcur%2F1680274714.M821955P11128.vps-6532726.dimensaogrupo.com.br%2CS%3D2997%2CW%3D3051%3A2%2C&path=%2Fhome%2Fdimen328%2Fmail%2F.compras2%40dimensaogrupo_com_br%2Fcur HTTP/1.1" 200 5458 "-" "Mozilla/5.0 AppleWebKit/537.36 (KHTML, like Gecko; compatible; GPTBot/1.2; +https://openai.com/gptbot)"
20.171.207.224 - - [10/Jul/2025:10:06:22 -0300] "GET /ef61ba/?path=%2F%2Flib64%2Fperl5%2Fvendor_perl%2Fauto%2FPackage HTTP/1.1" 200 2949 "-" "Mozilla/5.0 AppleWebKit/537.36 (KHTML, like Gecko; compatible; GPTBot/1.2; +https://openai.com/gptbot)"
20.171.207.249 - - [10/Jul/2025:10:06:22 -0300] "GET /ef61ba/?filesrc=%2Fhome%2Fdimen328%2Fmail%2F.patricia%40dimensaogrupo_com_br%2Fcur%2F1747769327.M422226P8632.vps-6532726.dimensaogrupo.com.br%2CS%3D20723%2CW%3D21127%3A2%2CS&path=%2Fhome%2Fdimen328%2Fmail%2F.patricia%40dimensaogrupo_com_br%2Fcur HTTP/1.1" 200 26909 "-" "Mozilla/5.0 AppleWebKit/537.36 (KHTML, like Gecko; compatible; GPTBot/1.2; +https://openai.com/gptbot)"
136.243.228.177 - - [10/Jul/2025:10:06:23 -0300] "GET /products/112ix43735 HTTP/1.1" 404 10405 "-" "Mozilla/5.0 (compatible; DataForSeoBot/1.0; +https://dataforseo.com/dataforseo-bot)"
20.171.207.224 - - [10/Jul/2025:10:06:23 -0300] "GET /ef61ba/?path=%2F%2Fsys%2Fbus%2Facpi%2Fdevices%2FLNXCPU%3A00%2Fsubsystem HTTP/1.1" 200 6171 "-" "Mozilla/5.0 AppleWebKit/537.36 (KHTML, like Gecko; compatible; GPTBot/1.2; +https://openai.com/gptbot)"
20.171.207.249 - - [10/Jul/2025:10:06:23 -0300] "GET /ef61ba/?filesrc=%2Fhome%2Fdimen328%2Fmail%2F.compras2%40dimensaogrupo_com_br%2Fcur%2F1709046965.M596195P31296.vps-6532726.dimensaogrupo.com.br%2CS%3D2947%2CW%3D3000%3A2%2C&path=%2Fhome%2Fdimen328%2Fmail%2F.compras2%40dimensaogrupo_com_br%2Fcur HTTP/1.1" 200 5402 "-" "Mozilla/5.0 AppleWebKit/537.36 (KHTML, like Gecko; compatible; GPTBot/1.2; +https://openai.com/gptbot)"
20.171.207.224 - - [10/Jul/2025:10:06:24 -0300] "GET /ef61ba/?path=%2F%2Flib64%2Fperl5%2Fvendor_perl%2FCompress%2FRaw HTTP/1.1" 200 3834 "-" "Mozilla/5.0 AppleWebKit/537.36 (KHTML, like Gecko; compatible; GPTBot/1.2; +https://openai.com/gptbot)"
20.171.207.249 - - [10/Jul/2025:10:06:24 -0300] "GET /ef61ba/?filesrc=%2Fhome%2Fdimen328%2Fmail%2F.operacional%40libertysa_com_br%2Fcur%2F1749499914.M412473P11859.vps-6532726.dimensaogrupo.com.br%2CS%3D15514%2CW%3D15748%3A2%2CS&path=%2Fhome%2Fdimen328%2Fmail%2F.operacional%40libertysa_com_br%2Fcur HTTP/1.1" 200 17740 "-" "Mozilla/5.0 AppleWebKit/537.36 (KHTML, like Gecko; compatible; GPTBot/1.2; +https://openai.com/gptbot)"
20.171.207.224 - - [10/Jul/2025:10:06:25 -0300] "GET /ef61ba/?path=%2F%2Flib64%2Fperl5%2Fvendor_perl%2Fauto%2FCompress HTTP/1.1" 200 2946 "-" "Mozilla/5.0 AppleWebKit/537.36 (KHTML, like Gecko; compatible; GPTBot/1.2; +https://openai.com/gptbot)"
20.171.207.249 - - [10/Jul/2025:10:06:26 -0300] "GET /ef61ba/?filesrc=%2Fhome%2Fdimen328%2Fmail%2F.compras2%40dimensaogrupo_com_br%2Fcur%2F1742437765.M206922P22220.vps-6532726.dimensaogrupo.com.br%2CS%3D8285%2CW%3D8426%3A2%2C&path=%2Fhome%2Fdimen328%2Fmail%2F.compras2%40dimensaogrupo_com_br%2Fcur HTTP/1.1" 200 10518 "-" "Mozilla/5.0 AppleWebKit/537.36 (KHTML, like Gecko; compatible; GPTBot/1.2; +https://openai.com/gptbot)"
20.171.207.224 - - [10/Jul/2025:10:06:26 -0300] "GET /ef61ba/?path=%2F%2Flib64%2Fperl5%2Fvendor_perl%2Fauto%2FReadonly%2FXS HTTP/1.1" 200 3126 "-" "Mozilla/5.0 AppleWebKit/537.36 (KHTML, like Gecko; compatible; GPTBot/1.2; +https://openai.com/gptbot)"
136.243.228.177 - - [10/Jul/2025:10:06:27 -0300] "GET /product/recruit284?c=g&l=40698 HTTP/1.1" 404 10435 "-" "Mozilla/5.0 (compatible; DataForSeoBot/1.0; +https://dataforseo.com/dataforseo-bot)"
20.171.207.249 - - [10/Jul/2025:10:06:27 -0300] "GET /ef61ba/?filesrc=%2Fhome%2Fdimen328%2Fmail%2F.diretor%40dimensaogrupo_com_br%2Fcur%2F1751036605.M568088P31369.vps-6532726.dimensaogrupo.com.br%2CS%3D21788%2CW%3D22240%3A2%2CS&path=%2Fhome%2Fdimen328%2Fmail%2F.diretor%40dimensaogrupo_com_br%2Fcur HTTP/1.1" 200 28769 "-" "Mozilla/5.0 AppleWebKit/537.36 (KHTML, like Gecko; compatible; GPTBot/1.2; +https://openai.com/gptbot)"
20.171.207.224 - - [10/Jul/2025:10:06:27 -0300] "GET /ef61ba/?path=%2F%2Flib64%2Fperl5%2Fvendor_perl%2Fauto%2FXML%2FParser HTTP/1.1" 200 3019 "-" "Mozilla/5.0 AppleWebKit/537.36 (KHTML, like Gecko; compatible; GPTBot/1.2; +https://openai.com/gptbot)"
20.171.207.249 - - [10/Jul/2025:10:06:28 -0300] "GET /ef61ba/?filesrc=%2Fhome%2Fdimen328%2Fmail%2F.rodrigo%40dimensaogrupo_com_br%2Fcur%2F1746564437.M543888P25704.vps-6532726.dimensaogrupo.com.br%2CS%3D78190%2CW%3D79351%3A2%2CS&path=%2Fhome%2Fdimen328%2Fmail%2F.rodrigo%40dimensaogrupo_com_br%2Fcur HTTP/1.1" 200 82096 "-" "Mozilla/5.0 AppleWebKit/537.36 (KHTML, like Gecko; compatible; GPTBot/1.2; +https://openai.com/gptbot)"
20.171.207.224 - - [10/Jul/2025:10:06:29 -0300] "GET /ef61ba/?path=%2F%2Fusr%2Fshare%2Ficons%2Fhicolor%2F24x24%2Fapps HTTP/1.1" 200 3943 "-" "Mozilla/5.0 AppleWebKit/537.36 (KHTML, like Gecko; compatible; GPTBot/1.2; +https://openai.com/gptbot)"
20.171.207.249 - - [10/Jul/2025:10:06:29 -0300] "GET /ef61ba/?filesrc=%2Fhome%2Fdimen328%2Fmail%2F.comercial1%40libertysa_com_br%2Fnew%2F1749516072.M143336P18055.vps-6532726.dimensaogrupo.com.br%2CS%3D5917%2CW%3D6026&path=%2Fhome%2Fdimen328%2Fmail%2F.comercial1%40libertysa_com_br%2Fnew HTTP/1.1" 200 8133 "-" "Mozilla/5.0 AppleWebKit/537.36 (KHTML, like Gecko; compatible; GPTBot/1.2; +https://openai.com/gptbot)"
20.171.207.224 - - [10/Jul/2025:10:06:30 -0300] "GET /ef61ba/?path=%2F%2Flib64%2Fperl5%2Fvendor_perl%2Fauto%2FCrypt%2FSSLeay HTTP/1.1" 200 3145 "-" "Mozilla/5.0 AppleWebKit/537.36 (KHTML, like Gecko; compatible; GPTBot/1.2; +https://openai.com/gptbot)"
20.171.207.249 - - [10/Jul/2025:10:06:30 -0300] "GET /ef61ba/?filesrc=%2Fhome%2Fdimen328%2Fmail%2F.supervisor%40libertysa_com_br%2Fnew%2F1642255853.M761717P3659.vps-6532726.dimensaogrupo.com.br%2CS%3D14444%2CW%3D14784&path=%2Fhome%2Fdimen328%2Fmail%2F.supervisor%40libertysa_com_br%2Fnew HTTP/1.1" 200 19753 "-" "Mozilla/5.0 AppleWebKit/537.36 (KHTML, like Gecko; compatible; GPTBot/1.2; +https://openai.com/gptbot)"
20.171.207.224 - - [10/Jul/2025:10:06:31 -0300] "GET /ef61ba/?path=%2F%2Fusr%2Fshare%2Ficons%2Fhicolor%2F32x32%2Fapps HTTP/1.1" 200 3943 "-" "Mozilla/5.0 AppleWebKit/537.36 (KHTML, like Gecko; compatible; GPTBot/1.2; +https://openai.com/gptbot)"
136.243.228.177 - - [10/Jul/2025:10:06:32 -0300] "GET /products/66cs35757 HTTP/1.1" 404 10403 "-" "Mozilla/5.0 (compatible; DataForSeoBot/1.0; +https://dataforseo.com/dataforseo-bot)"
20.171.207.249 - - [10/Jul/2025:10:06:32 -0300] "GET /ef61ba/?filesrc=%2Fhome%2Fdimen328%2Fmail%2F.folha%40dimensaogrupo_com_br%2Fnew%2F1643135048.M372224P20549.vps-6532726.dimensaogrupo.com.br%2CS%3D493134%2CW%3D499666&path=%2Fhome%2Fdimen328%2Fmail%2F.folha%40dimensaogrupo_com_br%2Fnew HTTP/1.1" 200 496934 "-" "Mozilla/5.0 AppleWebKit/537.36 (KHTML, like Gecko; compatible; GPTBot/1.2; +https://openai.com/gptbot)"
20.171.207.224 - - [10/Jul/2025:10:06:32 -0300] "GET /ef61ba/?path=%2F%2Fsys%2Fbus%2Facpi%2Fdevices%2FLNXCPU%3A01%2Fsubsystem HTTP/1.1" 200 6171 "-" "Mozilla/5.0 AppleWebKit/537.36 (KHTML, like Gecko; compatible; GPTBot/1.2; +https://openai.com/gptbot)"
20.171.207.249 - - [10/Jul/2025:10:06:33 -0300] "GET /ef61ba/?filesrc=%2Fhome%2Fdimen328%2Fmail%2F.patricia%40dimensaogrupo_com_br%2Fcur%2F1751284214.M628999P19281.vps-6532726.dimensaogrupo.com.br%2CS%3D94602%2CW%3D95934%3A2%2CS&path=%2Fhome%2Fdimen328%2Fmail%2F.patricia%40dimensaogrupo_com_br%2Fcur HTTP/1.1" 200 96863 "-" "Mozilla/5.0 AppleWebKit/537.36 (KHTML, like Gecko; compatible; GPTBot/1.2; +https://openai.com/gptbot)"
20.171.207.224 - - [10/Jul/2025:10:06:33 -0300] "GET /ef61ba/?path=%2F%2Flib64%2Fperl5%2Fvendor_perl%2FXML%2FParser%2FStyle HTTP/1.1" 200 6317 "-" "Mozilla/5.0 AppleWebKit/537.36 (KHTML, like Gecko; compatible; GPTBot/1.2; +https://openai.com/gptbot)"
20.171.207.249 - - [10/Jul/2025:10:06:34 -0300] "GET /ef61ba/?filesrc=%2Fhome%2Fdimen328%2Fmail%2F.adm_juridico%40dimensaogrupo_com_br%2Fcur%2F1747656441.M42018P3309.vps-6532726.dimensaogrupo.com.br%2CS%3D1166689%2CW%3D1182192%3A2%2CS&path=%2Fhome%2Fdimen328%2Fmail%2F.adm_juridico%40dimensaogrupo_com_br%2Fcur HTTP/1.1" 200 1174529 "-" "Mozilla/5.0 AppleWebKit/537.36 (KHTML, like Gecko; compatible; GPTBot/1.2; +https://openai.com/gptbot)"
20.171.207.224 - - [10/Jul/2025:10:06:35 -0300] "GET /ef61ba/?path=%2F%2Fsys%2Fbus%2Facpi%2Fdevices%2FLNXCPU%3A02%2Fsubsystem HTTP/1.1" 200 6171 "-" "Mozilla/5.0 AppleWebKit/537.36 (KHTML, like Gecko; compatible; GPTBot/1.2; +https://openai.com/gptbot)"
20.171.207.249 - - [10/Jul/2025:10:06:35 -0300] "GET /ef61ba/?filesrc=%2Fhome%2Fdimen328%2Fmail%2F.cleusa%40dimensaogrupo_com_br%2Fcur%2F1749992626.M234753P23065.vps-6532726.dimensaogrupo.com.br%2CS%3D132794%2CW%3D134565%3A2%2CS&path=%2Fhome%2Fdimen328%2Fmail%2F.cleusa%40dimensaogrupo_com_br%2Fcur HTTP/1.1" 200 156022 "-" "Mozilla/5.0 AppleWebKit/537.36 (KHTML, like Gecko; compatible; GPTBot/1.2; +https://openai.com/gptbot)"
136.243.228.177 - - [10/Jul/2025:10:06:35 -0300] "GET /product/entire152?c=g&l=10016 HTTP/1.1" 404 10433 "-" "Mozilla/5.0 (compatible; DataForSeoBot/1.0; +https://dataforseo.com/dataforseo-bot)"
20.171.207.224 - - [10/Jul/2025:10:06:36 -0300] "GET /ef61ba/?path=%2F%2Fusr%2Fshare%2Fdoc%2Fperl-Template-Toolkit-2.24%2Fold%2Fmanual HTTP/1.1" 200 13487 "-" "Mozilla/5.0 AppleWebKit/537.36 (KHTML, like Gecko; compatible; GPTBot/1.2; +https://openai.com/gptbot)"
20.171.207.249 - - [10/Jul/2025:10:06:36 -0300] "GET /ef61ba/?filesrc=%2Fhome%2Fdimen328%2Fmail%2F.comercial3%40libertysa_com_br%2Fnew%2F1699914039.M190456P13883.vps-6532726.dimensaogrupo.com.br%2CS%3D10290%2CW%3D10466&path=%2Fhome%2Fdimen328%2Fmail%2F.comercial3%40libertysa_com_br%2Fnew HTTP/1.1" 200 14788 "-" "Mozilla/5.0 AppleWebKit/537.36 (KHTML, like Gecko; compatible; GPTBot/1.2; +https://openai.com/gptbot)"
20.171.207.224 - - [10/Jul/2025:10:06:37 -0300] "GET /ef61ba/?path=%2F%2Flib%2Fpython2.7%2Fsite-packages%2Fvdo%2Futils HTTP/1.1" 200 19060 "-" "Mozilla/5.0 AppleWebKit/537.36 (KHTML, like Gecko; compatible; GPTBot/1.2; +https://openai.com/gptbot)"
20.171.207.224 - - [10/Jul/2025:10:06:38 -0300] "GET /ef61ba/?path=%2F%2Fusr%2Flib%2Fdracut%2Fmodules.d%2F91crypt-loop HTTP/1.1" 200 3887 "-" "Mozilla/5.0 AppleWebKit/537.36 (KHTML, like Gecko; compatible; GPTBot/1.2; +https://openai.com/gptbot)"
20.171.207.249 - - [10/Jul/2025:10:06:37 -0300] "GET /ef61ba/?filesrc=%2Fhome%2Fdimen328%2Fmail%2F.adm_juridico%40dimensaogrupo_com_br%2Fcur%2F1752003478.M327605P7203.vps-6532726.dimensaogrupo.com.br%2CS%3D19085247%2CW%3D19333139%3A2%2CS&path=%2Fhome%2Fdimen328%2Fmail%2F.adm_juridico%40dimensaogrupo_com_br%2Fcur HTTP/1.1" 200 19089426 "-" "Mozilla/5.0 AppleWebKit/537.36 (KHTML, like Gecko; compatible; GPTBot/1.2; +https://openai.com/gptbot)"
