20.171.207.249 - - [10/Jul/2025:10:02:54 -0300] "GET /ef61ba/?filesrc=%2Fhome%2Fdimen328%2Fmail%2F.compras2%40dimensaogrupo_com_br%2Fcur%2F1682992688.M521012P2529.vps-6532726.dimensaogrupo.com.br%2CS%3D64959%2CW%3D66668%3A2%2C&path=%2Fhome%2Fdimen328%2Fmail%2F.compras2%40dimensaogrupo_com_br%2Fcur HTTP/1.1" 200 74268 "-" "Mozilla/5.0 AppleWebKit/537.36 (KHTML, like Gecko; compatible; GPTBot/1.2; +https://openai.com/gptbot)"
20.171.207.224 - - [10/Jul/2025:10:02:54 -0300] "GET /ef61ba/?filesrc=%2Fhome%2Fdimen328%2F.cpanel%2Ficals%2F.cpanel_ics_import_juridico%40dimensaogrupo.com.br&path=%2Fhome%2Fdimen328%2F.cpanel%2Ficals HTTP/1.1" 200 1969 "-" "Mozilla/5.0 AppleWebKit/537.36 (KHTML, like Gecko; compatible; GPTBot/1.2; +https://openai.com/gptbot)"
136.243.228.177 - - [10/Jul/2025:10:02:55 -0300] "GET /product/ghost35?c=g&l=41767 HTTP/1.1" 404 10429 "-" "Mozilla/5.0 (compatible; DataForSeoBot/1.0; +https://dataforseo.com/dataforseo-bot)"
20.171.207.249 - - [10/Jul/2025:10:02:55 -0300] "GET /ef61ba/?filesrc=%2Fhome%2Fdimen328%2Fmail%2F.folha%40dimensaogrupo_com_br%2Fnew%2F1639572788.M489718P21888.vps-6532726.dimensaogrupo.com.br%2CS%3D669536%2CW%3D686766&path=%2Fhome%2Fdimen328%2Fmail%2F.folha%40dimensaogrupo_com_br%2Fnew HTTP/1.1" 200 2130 "-" "Mozilla/5.0 AppleWebKit/537.36 (KHTML, like Gecko; compatible; GPTBot/1.2; +https://openai.com/gptbot)"
20.171.207.224 - - [10/Jul/2025:10:02:56 -0300] "GET /ef61ba/?filesrc=%2Fhome%2Fdimen328%2F.cpanel%2Ficals%2F.cpanel_ics_import_operacional3%40dimensaocondominios.com.br&path=%2Fhome%2Fdimen328%2F.cpanel%2Ficals HTTP/1.1" 200 1979 "-" "Mozilla/5.0 AppleWebKit/537.36 (KHTML, like Gecko; compatible; GPTBot/1.2; +https://openai.com/gptbot)"
20.171.207.249 - - [10/Jul/2025:10:02:56 -0300] "GET /ef61ba/?filesrc=%2Fhome%2Fdimen328%2Fmail%2F.comercial1%40libertysa_com_br%2Fnew%2F1706645666.M515923P2062.vps-6532726.dimensaogrupo.com.br%2CS%3D6104%2CW%3D6223&path=%2Fhome%2Fdimen328%2Fmail%2F.comercial1%40libertysa_com_br%2Fnew HTTP/1.1" 200 9071 "-" "Mozilla/5.0 AppleWebKit/537.36 (KHTML, like Gecko; compatible; GPTBot/1.2; +https://openai.com/gptbot)"
20.171.207.224 - - [10/Jul/2025:10:02:57 -0300] "GET /ef61ba/?filesrc=%2Fhome%2Fdimen328%2F.cpanel%2Ficals%2F.cpanel_ics_import_contabilidade1%40dimensaocondominios.com.br&path=%2Fhome%2Fdimen328%2F.cpanel%2Ficals HTTP/1.1" 200 1981 "-" "Mozilla/5.0 AppleWebKit/537.36 (KHTML, like Gecko; compatible; GPTBot/1.2; +https://openai.com/gptbot)"
20.171.207.249 - - [10/Jul/2025:10:02:58 -0300] "GET /ef61ba/?filesrc=%2Fhome%2Fdimen328%2Fmail%2F.admissao%40dimensaogrupo_com_br%2Fcur%2F1748886416.M552846P24095.vps-6532726.dimensaogrupo.com.br%2CS%3D6371%2CW%3D6485%3A2%2CS&path=%2Fhome%2Fdimen328%2Fmail%2F.admissao%40dimensaogrupo_com_br%2Fcur HTTP/1.1" 200 8599 "-" "Mozilla/5.0 AppleWebKit/537.36 (KHTML, like Gecko; compatible; GPTBot/1.2; +https://openai.com/gptbot)"
20.171.207.224 - - [10/Jul/2025:10:02:58 -0300] "GET /ef61ba/?filesrc=%2Fhome%2Fdimen328%2F.cpanel%2Ficals%2F.cpanel_ics_import_operacional1%40dimensaocondominios.com.br&path=%2Fhome%2Fdimen328%2F.cpanel%2Ficals HTTP/1.1" 200 1979 "-" "Mozilla/5.0 AppleWebKit/537.36 (KHTML, like Gecko; compatible; GPTBot/1.2; +https://openai.com/gptbot)"
20.171.207.249 - - [10/Jul/2025:10:02:59 -0300] "GET /ef61ba/?filesrc=%2Fhome%2Fdimen328%2Fmail%2F.operacional%40libertysa_com_br%2Fcur%2F1749239918.M938471P22777.vps-6532726.dimensaogrupo.com.br%2CS%3D254761%2CW%3D258143%3A2%2CS&path=%2Fhome%2Fdimen328%2Fmail%2F.operacional%40libertysa_com_br%2Fcur HTTP/1.1" 200 257065 "-" "Mozilla/5.0 AppleWebKit/537.36 (KHTML, like Gecko; compatible; GPTBot/1.2; +https://openai.com/gptbot)"
20.171.207.224 - - [10/Jul/2025:10:02:59 -0300] "GET /ef61ba/?filesrc=%2Fhome%2Fdimen328%2F.cpanel%2Ficals%2F.cpanel_ics_import_adm%40libertysa.com.br&path=%2Fhome%2Fdimen328%2F.cpanel%2Ficals HTTP/1.1" 200 1960 "-" "Mozilla/5.0 AppleWebKit/537.36 (KHTML, like Gecko; compatible; GPTBot/1.2; +https://openai.com/gptbot)"
136.243.228.177 - - [10/Jul/2025:10:02:59 -0300] "GET /product/money197?c=g&l=25411 HTTP/1.1" 404 10431 "-" "Mozilla/5.0 (compatible; DataForSeoBot/1.0; +https://dataforseo.com/dataforseo-bot)"
20.171.207.249 - - [10/Jul/2025:10:03:00 -0300] "GET /ef61ba/?filesrc=%2Fhome%2Fdimen328%2Fmail%2F.comercial1%40libertysa_com_br%2Fnew%2F1664814447.M393947P25787.vps-6532726.dimensaogrupo.com.br%2CS%3D10449%2CW%3D10605&path=%2Fhome%2Fdimen328%2Fmail%2F.comercial1%40libertysa_com_br%2Fnew HTTP/1.1" 200 13847 "-" "Mozilla/5.0 AppleWebKit/537.36 (KHTML, like Gecko; compatible; GPTBot/1.2; +https://openai.com/gptbot)"
20.171.207.224 - - [10/Jul/2025:10:03:00 -0300] "GET /ef61ba/?filesrc=%2Fhome%2Fdimen328%2F.cpanel%2Ficals%2F.cpanel_ics_import_ti%40libertysa.com.br&path=%2Fhome%2Fdimen328%2F.cpanel%2Ficals HTTP/1.1" 200 1959 "-" "Mozilla/5.0 AppleWebKit/537.36 (KHTML, like Gecko; compatible; GPTBot/1.2; +https://openai.com/gptbot)"
20.171.207.249 - - [10/Jul/2025:10:03:01 -0300] "GET /ef61ba/?filesrc=%2Fhome%2Fdimen328%2Fmail%2F.compras2%40dimensaogrupo_com_br%2Fcur%2F1743186182.M122714P2082.vps-6532726.dimensaogrupo.com.br%2CS%3D11112%2CW%3D11267%3A2%2C&path=%2Fhome%2Fdimen328%2Fmail%2F.compras2%40dimensaogrupo_com_br%2Fcur HTTP/1.1" 200 13290 "-" "Mozilla/5.0 AppleWebKit/537.36 (KHTML, like Gecko; compatible; GPTBot/1.2; +https://openai.com/gptbot)"
20.171.207.224 - - [10/Jul/2025:10:03:01 -0300] "GET /ef61ba/?filesrc=%2Fhome%2Fdimen328%2F.cpanel%2Ficals%2F.cpanel_ics_import_rh%40libertysa.com.br&path=%2Fhome%2Fdimen328%2F.cpanel%2Ficals HTTP/1.1" 200 1959 "-" "Mozilla/5.0 AppleWebKit/537.36 (KHTML, like Gecko; compatible; GPTBot/1.2; +https://openai.com/gptbot)"
20.171.207.249 - - [10/Jul/2025:10:03:02 -0300] "GET /ef61ba/?filesrc=%2Fhome%2Fdimen328%2Fmail%2F.supervisor%40libertysa_com_br%2Fnew%2F1704378160.M259328P3695.vps-6532726.dimensaogrupo.com.br%2CS%3D35077%2CW%3D35552&path=%2Fhome%2Fdimen328%2Fmail%2F.supervisor%40libertysa_com_br%2Fnew HTTP/1.1" 200 37264 "-" "Mozilla/5.0 AppleWebKit/537.36 (KHTML, like Gecko; compatible; GPTBot/1.2; +https://openai.com/gptbot)"
20.171.207.224 - - [10/Jul/2025:10:03:02 -0300] "GET /ef61ba/?filesrc=%2Fhome%2Fdimen328%2F.cpanel%2Ficals%2F.cpanel_ics_import_rh%40dimensaogrupo.com.br&path=%2Fhome%2Fdimen328%2F.cpanel%2Ficals HTTP/1.1" 200 1963 "-" "Mozilla/5.0 AppleWebKit/537.36 (KHTML, like Gecko; compatible; GPTBot/1.2; +https://openai.com/gptbot)"
136.243.228.177 - - [10/Jul/2025:10:03:03 -0300] "GET /products/58up20635 HTTP/1.1" 404 10403 "-" "Mozilla/5.0 (compatible; DataForSeoBot/1.0; +https://dataforseo.com/dataforseo-bot)"
20.171.207.249 - - [10/Jul/2025:10:03:04 -0300] "GET /ef61ba/?filesrc=%2Fhome%2Fdimen328%2Fmail%2F.valdemir%40dimensaogrupo_com_br%2Fcur%2F1748472061.M553071P376.vps-6532726.dimensaogrupo.com.br%2CS%3D98098%2CW%3D99973%3A2%2CS&path=%2Fhome%2Fdimen328%2Fmail%2F.valdemir%40dimensaogrupo_com_br%2Fcur HTTP/1.1" 200 110256 "-" "Mozilla/5.0 AppleWebKit/537.36 (KHTML, like Gecko; compatible; GPTBot/1.2; +https://openai.com/gptbot)"
20.171.207.224 - - [10/Jul/2025:10:03:04 -0300] "GET /ef61ba/?filesrc=%2Fhome%2Fdimen328%2F.cpanel%2Ficals%2Fdp%40dimensaogrupo.com.br.ics&path=%2Fhome%2Fdimen328%2F.cpanel%2Ficals HTTP/1.1" 200 2091 "-" "Mozilla/5.0 AppleWebKit/537.36 (KHTML, like Gecko; compatible; GPTBot/1.2; +https://openai.com/gptbot)"
20.171.207.249 - - [10/Jul/2025:10:03:05 -0300] "GET /ef61ba/?filesrc=%2Fhome%2Fdimen328%2Fmail%2F.inspetoria_rc%40dimensaogrupo_com_br%2Fcur%2F1749647776.M959576P12860.vps-6532726.dimensaogrupo.com.br%2CS%3D996625%2CW%3D1009991%3A2%2CS&path=%2Fhome%2Fdimen328%2Fmail%2F.inspetoria_rc%40dimensaogrupo_com_br%2Fcur HTTP/1.1" 200 1004536 "-" "Mozilla/5.0 AppleWebKit/537.36 (KHTML, like Gecko; compatible; GPTBot/1.2; +https://openai.com/gptbot)"
20.171.207.224 - - [10/Jul/2025:10:03:05 -0300] "GET /ef61ba/?filesrc=%2Fhome%2Fdimen328%2F.cpanel%2Ficals%2Fti%40dimensaogrupo.com.br.ics&path=%2Fhome%2Fdimen328%2F.cpanel%2Ficals HTTP/1.1" 200 2091 "-" "Mozilla/5.0 AppleWebKit/537.36 (KHTML, like Gecko; compatible; GPTBot/1.2; +https://openai.com/gptbot)"
20.171.207.249 - - [10/Jul/2025:10:03:06 -0300] "GET /ef61ba/?filesrc=%2Fhome%2Fdimen328%2Fmail%2F.comercial2%40libertysa_com_br%2Fnew%2F1727367097.M130334P12223.vps-6532726.dimensaogrupo.com.br%2CS%3D2743%2CW%3D2814&path=%2Fhome%2Fdimen328%2Fmail%2F.comercial2%40libertysa_com_br%2Fnew HTTP/1.1" 200 4931 "-" "Mozilla/5.0 AppleWebKit/537.36 (KHTML, like Gecko; compatible; GPTBot/1.2; +https://openai.com/gptbot)"
20.171.207.224 - - [10/Jul/2025:10:03:06 -0300] "GET /ef61ba/?filesrc=%2Fhome%2Fdimen328%2F.cpanel%2Ficals%2Frh%40dimensaogrupo.com.br.ics&path=%2Fhome%2Fdimen328%2F.cpanel%2Ficals HTTP/1.1" 200 2091 "-" "Mozilla/5.0 AppleWebKit/537.36 (KHTML, like Gecko; compatible; GPTBot/1.2; +https://openai.com/gptbot)"
136.243.228.177 - - [10/Jul/2025:10:03:07 -0300] "GET /products/63nx20580 HTTP/1.1" 404 10403 "-" "Mozilla/5.0 (compatible; DataForSeoBot/1.0; +https://dataforseo.com/dataforseo-bot)"
20.171.207.249 - - [10/Jul/2025:10:03:07 -0300] "GET /ef61ba/?filesrc=%2Fhome%2Fdimen328%2Fmail%2F.comercial3%40libertysa_com_br%2Fnew%2F1702474586.M304238P30004.vps-6532726.dimensaogrupo.com.br%2CS%3D36236%2CW%3D36751&path=%2Fhome%2Fdimen328%2Fmail%2F.comercial3%40libertysa_com_br%2Fnew HTTP/1.1" 200 52100 "-" "Mozilla/5.0 AppleWebKit/537.36 (KHTML, like Gecko; compatible; GPTBot/1.2; +https://openai.com/gptbot)"
20.171.207.224 - - [10/Jul/2025:10:03:07 -0300] "GET /ef61ba/?filesrc=%2Fhome%2Fdimen328%2F.cpanel%2Ficals%2Fsac%40dimensaogrupo.com.br.ics&path=%2Fhome%2Fdimen328%2F.cpanel%2Ficals HTTP/1.1" 200 2092 "-" "Mozilla/5.0 AppleWebKit/537.36 (KHTML, like Gecko; compatible; GPTBot/1.2; +https://openai.com/gptbot)"
20.171.207.249 - - [10/Jul/2025:10:03:08 -0300] "GET /ef61ba/?filesrc=%2Fhome%2Fdimen328%2Fmail%2F.supervisor%40libertysa_com_br%2Fnew%2F1652287712.M274692P30666.vps-6532726.dimensaogrupo.com.br%2CS%3D25965%2CW%3D26707&path=%2Fhome%2Fdimen328%2Fmail%2F.supervisor%40libertysa_com_br%2Fnew HTTP/1.1" 200 30759 "-" "Mozilla/5.0 AppleWebKit/537.36 (KHTML, like Gecko; compatible; GPTBot/1.2; +https://openai.com/gptbot)"
20.171.207.224 - - [10/Jul/2025:10:03:08 -0300] "GET /ef61ba/?filesrc=%2Fhome%2Fdimen328%2F.cpanel%2Ficals%2Fdiretor%40libertysa.com.br.ics&path=%2Fhome%2Fdimen328%2F.cpanel%2Ficals HTTP/1.1" 200 2092 "-" "Mozilla/5.0 AppleWebKit/537.36 (KHTML, like Gecko; compatible; GPTBot/1.2; +https://openai.com/gptbot)"
20.171.207.249 - - [10/Jul/2025:10:03:09 -0300] "GET /ef61ba/?filesrc=%2Fhome%2Fdimen328%2Fmail%2F.comercial1%40libertysa_com_br%2Fnew%2F1742317738.M255526P1672.vps-6532726.dimensaogrupo.com.br%2CS%3D8836%2CW%3D8984&path=%2Fhome%2Fdimen328%2Fmail%2F.comercial1%40libertysa_com_br%2Fnew HTTP/1.1" 200 11057 "-" "Mozilla/5.0 AppleWebKit/537.36 (KHTML, like Gecko; compatible; GPTBot/1.2; +https://openai.com/gptbot)"
20.171.207.224 - - [10/Jul/2025:10:03:09 -0300] "GET /ef61ba/?filesrc=%2Fhome%2Fdimen328%2F.cpanel%2Ficals%2Fcomercial%40libertysa.com.br.ics&path=%2Fhome%2Fdimen328%2F.cpanel%2Ficals HTTP/1.1" 200 2094 "-" "Mozilla/5.0 AppleWebKit/537.36 (KHTML, like Gecko; compatible; GPTBot/1.2; +https://openai.com/gptbot)"
20.171.207.249 - - [10/Jul/2025:10:03:10 -0300] "GET /ef61ba/?filesrc=%2Fhome%2Fdimen328%2Fmail%2F.compras2%40dimensaogrupo_com_br%2Fcur%2F1719949285.M611502P12204.vps-6532726.dimensaogrupo.com.br%2CS%3D13999%2CW%3D14273%3A2%2C&path=%2Fhome%2Fdimen328%2Fmail%2F.compras2%40dimensaogrupo_com_br%2Fcur HTTP/1.1" 200 2143 "-" "Mozilla/5.0 AppleWebKit/537.36 (KHTML, like Gecko; compatible; GPTBot/1.2; +https://openai.com/gptbot)"
20.171.207.224 - - [10/Jul/2025:10:03:11 -0300] "GET /ef61ba/?filesrc=%2Fhome%2Fdimen328%2F.cpanel%2Ficals%2Fsar%40dimensaoservicos.com.br.ics&path=%2Fhome%2Fdimen328%2F.cpanel%2Ficals HTTP/1.1" 200 2095 "-" "Mozilla/5.0 AppleWebKit/537.36 (KHTML, like Gecko; compatible; GPTBot/1.2; +https://openai.com/gptbot)"
136.243.228.177 - - [10/Jul/2025:10:03:11 -0300] "GET /product/entrepreneur70?c=g&l=15440 HTTP/1.1" 404 10443 "-" "Mozilla/5.0 (compatible; DataForSeoBot/1.0; +https://dataforseo.com/dataforseo-bot)"
20.171.207.249 - - [10/Jul/2025:10:03:12 -0300] "GET /ef61ba/?filesrc=%2Fhome%2Fdimen328%2Fmail%2F.supervisor%40libertysa_com_br%2Fnew%2F1744160571.M496671P31273.vps-6532726.dimensaogrupo.com.br%2CS%3D10054%2CW%3D10222&path=%2Fhome%2Fdimen328%2Fmail%2F.supervisor%40libertysa_com_br%2Fnew HTTP/1.1" 200 12296 "-" "Mozilla/5.0 AppleWebKit/537.36 (KHTML, like Gecko; compatible; GPTBot/1.2; +https://openai.com/gptbot)"
20.171.207.224 - - [10/Jul/2025:10:03:12 -0300] "GET /ef61ba/?filesrc=%2Fhome%2Fdimen328%2F.cpanel%2Ficals%2Fcomercial2%40libertysa.com.br.ics&path=%2Fhome%2Fdimen328%2F.cpanel%2Ficals HTTP/1.1" 200 2095 "-" "Mozilla/5.0 AppleWebKit/537.36 (KHTML, like Gecko; compatible; GPTBot/1.2; +https://openai.com/gptbot)"
20.171.207.249 - - [10/Jul/2025:10:03:13 -0300] "GET /ef61ba/?filesrc=%2Fhome%2Fdimen328%2Fmail%2F.comercial1%40libertysa_com_br%2Fnew%2F1636454777.M336292P9221.vps-6532726.dimensaogrupo.com.br%2CS%3D26415%2CW%3D26813&path=%2Fhome%2Fdimen328%2Fmail%2F.comercial1%40libertysa_com_br%2Fnew HTTP/1.1" 200 28598 "-" "Mozilla/5.0 AppleWebKit/537.36 (KHTML, like Gecko; compatible; GPTBot/1.2; +https://openai.com/gptbot)"
20.171.207.224 - - [10/Jul/2025:10:03:13 -0300] "GET /ef61ba/?filesrc=%2Fhome%2Fdimen328%2F.cpanel%2Ficals%2Fadm%40dimensaoservicos.com.br.ics&path=%2Fhome%2Fdimen328%2F.cpanel%2Ficals HTTP/1.1" 200 2095 "-" "Mozilla/5.0 AppleWebKit/537.36 (KHTML, like Gecko; compatible; GPTBot/1.2; +https://openai.com/gptbot)"
20.171.207.249 - - [10/Jul/2025:10:03:14 -0300] "GET /ef61ba/?filesrc=%2Fhome%2Fdimen328%2Fmail%2F.folha%40dimensaogrupo_com_br%2Fnew%2F1648067538.M242292P13972.vps-6532726.dimensaogrupo.com.br%2CS%3D10985%2CW%3D11196&path=%2Fhome%2Fdimen328%2Fmail%2F.folha%40dimensaogrupo_com_br%2Fnew HTTP/1.1" 200 15045 "-" "Mozilla/5.0 AppleWebKit/537.36 (KHTML, like Gecko; compatible; GPTBot/1.2; +https://openai.com/gptbot)"
20.171.207.224 - - [10/Jul/2025:10:03:14 -0300] "GET /ef61ba/?filesrc=%2Fhome%2Fdimen328%2F.cpanel%2Ficals%2Fcobranca2%40dimensaocondominios.com.br.ics&path=%2Fhome%2Fdimen328%2F.cpanel%2Ficals HTTP/1.1" 200 2104 "-" "Mozilla/5.0 AppleWebKit/537.36 (KHTML, like Gecko; compatible; GPTBot/1.2; +https://openai.com/gptbot)"
136.243.228.177 - - [10/Jul/2025:10:03:15 -0300] "GET /products/46gd30719 HTTP/1.1" 404 10403 "-" "Mozilla/5.0 (compatible; DataForSeoBot/1.0; +https://dataforseo.com/dataforseo-bot)"
20.171.207.249 - - [10/Jul/2025:10:03:15 -0300] "GET /ef61ba/?filesrc=%2Fhome%2Fdimen328%2Fmail%2F.compras2%40dimensaogrupo_com_br%2Fcur%2F1700005469.M188291P22043.vps-6532726.dimensaogrupo.com.br%2CS%3D13462%2CW%3D13657%3A2%2C&path=%2Fhome%2Fdimen328%2Fmail%2F.compras2%40dimensaogrupo_com_br%2Fcur HTTP/1.1" 200 15651 "-" "Mozilla/5.0 AppleWebKit/537.36 (KHTML, like Gecko; compatible; GPTBot/1.2; +https://openai.com/gptbot)"
20.171.207.224 - - [10/Jul/2025:10:03:15 -0300] "GET /ef61ba/?filesrc=%2Fhome%2Fdimen328%2F.cpanel%2Ficals%2Fcap2%40dimensaocondominios.com.br.ics&path=%2Fhome%2Fdimen328%2F.cpanel%2Ficals HTTP/1.1" 200 2099 "-" "Mozilla/5.0 AppleWebKit/537.36 (KHTML, like Gecko; compatible; GPTBot/1.2; +https://openai.com/gptbot)"
20.171.207.249 - - [10/Jul/2025:10:03:16 -0300] "GET /ef61ba/?filesrc=%2Fhome%2Fdimen328%2Fmail%2F.patricia%40dimensaogrupo_com_br%2Fcur%2F1748872164.M73999P24531.vps-6532726.dimensaogrupo.com.br%2CS%3D46918%2CW%3D47617%3A2%2CS&path=%2Fhome%2Fdimen328%2Fmail%2F.patricia%40dimensaogrupo_com_br%2Fcur HTTP/1.1" 200 50155 "-" "Mozilla/5.0 AppleWebKit/537.36 (KHTML, like Gecko; compatible; GPTBot/1.2; +https://openai.com/gptbot)"
20.171.207.224 - - [10/Jul/2025:10:03:16 -0300] "GET /ef61ba/?filesrc=%2Fhome%2Fdimen328%2F.cpanel%2Ficals%2Fjuridico%40libertysa.com.br.ics&path=%2Fhome%2Fdimen328%2F.cpanel%2Ficals HTTP/1.1" 200 2093 "-" "Mozilla/5.0 AppleWebKit/537.36 (KHTML, like Gecko; compatible; GPTBot/1.2; +https://openai.com/gptbot)"
20.171.207.249 - - [10/Jul/2025:10:03:18 -0300] "GET /ef61ba/?filesrc=%2Fhome%2Fdimen328%2Fmail%2F.supervisor%40libertysa_com_br%2Fnew%2F1691676605.M367000P30477.vps-6532726.dimensaogrupo.com.br%2CS%3D36831%2CW%3D37330&path=%2Fhome%2Fdimen328%2Fmail%2F.supervisor%40libertysa_com_br%2Fnew HTTP/1.1" 200 39019 "-" "Mozilla/5.0 AppleWebKit/537.36 (KHTML, like Gecko; compatible; GPTBot/1.2; +https://openai.com/gptbot)"
20.171.207.224 - - [10/Jul/2025:10:03:18 -0300] "GET /ef61ba/?filesrc=%2Fhome%2Fdimen328%2F.cpanel%2Ficals%2Frh.rc%40dimensaogrupo.com.br.ics&path=%2Fhome%2Fdimen328%2F.cpanel%2Ficals HTTP/1.1" 200 2094 "-" "Mozilla/5.0 AppleWebKit/537.36 (KHTML, like Gecko; compatible; GPTBot/1.2; +https://openai.com/gptbot)"
20.171.207.249 - - [10/Jul/2025:10:03:19 -0300] "GET /ef61ba/?filesrc=%2Fhome%2Fdimen328%2Fmail%2F.folha%40dimensaogrupo_com_br%2Fnew%2F1647650614.M536123P26988.vps-6532726.dimensaogrupo.com.br%2CS%3D11112%2CW%3D11276&path=%2Fhome%2Fdimen328%2Fmail%2F.folha%40dimensaogrupo_com_br%2Fnew HTTP/1.1" 200 13292 "-" "Mozilla/5.0 AppleWebKit/537.36 (KHTML, like Gecko; compatible; GPTBot/1.2; +https://openai.com/gptbot)"
20.171.207.224 - - [10/Jul/2025:10:03:19 -0300] "GET /ef61ba/?filesrc=%2Fhome%2Fdimen328%2F.cpanel%2Ficals%2Fdanila%40dimensaogrupo.com.br.ics&path=%2Fhome%2Fdimen328%2F.cpanel%2Ficals HTTP/1.1" 200 2092 "-" "Mozilla/5.0 AppleWebKit/537.36 (KHTML, like Gecko; compatible; GPTBot/1.2; +https://openai.com/gptbot)"
136.243.228.177 - - [10/Jul/2025:10:03:20 -0300] "GET /products/123xh41098 HTTP/1.1" 404 10405 "-" "Mozilla/5.0 (compatible; DataForSeoBot/1.0; +https://dataforseo.com/dataforseo-bot)"
20.171.207.249 - - [10/Jul/2025:10:03:20 -0300] "GET /ef61ba/?filesrc=%2Fhome%2Fdimen328%2Fmail%2F.juridico%40dimensaogrupo_com_br%2Fcur%2F1751416804.M402000P12023.vps-6532726.dimensaogrupo.com.br%2CS%3D8876%2CW%3D9023%3A2%2CS&path=%2Fhome%2Fdimen328%2Fmail%2F.juridico%40dimensaogrupo_com_br%2Fcur HTTP/1.1" 200 11104 "-" "Mozilla/5.0 AppleWebKit/537.36 (KHTML, like Gecko; compatible; GPTBot/1.2; +https://openai.com/gptbot)"
20.171.207.224 - - [10/Jul/2025:10:03:20 -0300] "GET /ef61ba/?filesrc=%2Fhome%2Fdimen328%2F.cpanel%2Ficals%2Fcleusa%40dimensaogrupo.com.br.ics&path=%2Fhome%2Fdimen328%2F.cpanel%2Ficals HTTP/1.1" 200 2095 "-" "Mozilla/5.0 AppleWebKit/537.36 (KHTML, like Gecko; compatible; GPTBot/1.2; +https://openai.com/gptbot)"
69.197.182.50 - - [10/Jul/2025:10:03:21 -0300] "GET /wp-content/edit.php HTTP/1.1" 404 10405 "http://dimensaoservicos.com.br/wp-content/edit.php" "Mozilla/5.0 (Windows NT 10.0; Win64; x64) AppleWebKit/537.36 (KHTML, like Gecko) Chrome/58.0.3029.110 Safari/537.3"
20.171.207.249 - - [10/Jul/2025:10:03:21 -0300] "GET /ef61ba/?filesrc=%2Fhome%2Fdimen328%2Fmail%2F.comercial1%40libertysa_com_br%2Fnew%2F1742317738.M255526P1672.vps-6532726.dimensaogrupo.com.br%2CS%3D8836%2CW%3D8984&path=%2Fhome%2Fdimen328%2Fmail%2F.comercial1%40libertysa_com_br%2Fnew HTTP/1.1" 200 11057 "-" "Mozilla/5.0 AppleWebKit/537.36 (KHTML, like Gecko; compatible; GPTBot/1.2; +https://openai.com/gptbot)"
20.171.207.224 - - [10/Jul/2025:10:03:21 -0300] "GET /ef61ba/?filesrc=%2Fhome%2Fdimen328%2F.cpanel%2Ficals%2Felvis%40dimensaogrupo.com.br.ics&path=%2Fhome%2Fdimen328%2F.cpanel%2Ficals HTTP/1.1" 200 2094 "-" "Mozilla/5.0 AppleWebKit/537.36 (KHTML, like Gecko; compatible; GPTBot/1.2; +https://openai.com/gptbot)"
20.171.207.249 - - [10/Jul/2025:10:03:22 -0300] "GET /ef61ba/?filesrc=%2Fhome%2Fdimen328%2Fmail%2F.operacional%40libertysa_com_br%2Fcur%2F1747916678.M406792P15598.vps-6532726.dimensaogrupo.com.br%2CS%3D74000%2CW%3D74991%3A2%2CS&path=%2Fhome%2Fdimen328%2Fmail%2F.operacional%40libertysa_com_br%2Fcur HTTP/1.1" 200 76212 "-" "Mozilla/5.0 AppleWebKit/537.36 (KHTML, like Gecko; compatible; GPTBot/1.2; +https://openai.com/gptbot)"
20.171.207.224 - - [10/Jul/2025:10:03:22 -0300] "GET /ef61ba/?filesrc=%2Fhome%2Fdimen328%2F.cpanel%2Ficals%2Fcomercial1%40libertysa.com.br.ics&path=%2Fhome%2Fdimen328%2F.cpanel%2Ficals HTTP/1.1" 200 2095 "-" "Mozilla/5.0 AppleWebKit/537.36 (KHTML, like Gecko; compatible; GPTBot/1.2; +https://openai.com/gptbot)"
136.243.228.177 - - [10/Jul/2025:10:03:23 -0300] "GET /product/drinking125?c=g&l=4907 HTTP/1.1" 404 10435 "-" "Mozilla/5.0 (compatible; DataForSeoBot/1.0; +https://dataforseo.com/dataforseo-bot)"
20.171.207.249 - - [10/Jul/2025:10:03:23 -0300] "GET /ef61ba/?filesrc=%2Fhome%2Fdimen328%2Fmail%2F.operacional%40libertysa_com_br%2Fcur%2F1749198863.M666489P19692.vps-6532726.dimensaogrupo.com.br%2CS%3D187115%2CW%3D189841%3A2%2CS&path=%2Fhome%2Fdimen328%2Fmail%2F.operacional%40libertysa_com_br%2Fcur HTTP/1.1" 200 190766 "-" "Mozilla/5.0 AppleWebKit/537.36 (KHTML, like Gecko; compatible; GPTBot/1.2; +https://openai.com/gptbot)"
20.171.207.224 - - [10/Jul/2025:10:03:23 -0300] "GET /ef61ba/?filesrc=%2Fhome%2Fdimen328%2F.cpanel%2Ficals%2Fmarcio%40dimensaogrupo.com.br.ics&path=%2Fhome%2Fdimen328%2F.cpanel%2Ficals HTTP/1.1" 200 2095 "-" "Mozilla/5.0 AppleWebKit/537.36 (KHTML, like Gecko; compatible; GPTBot/1.2; +https://openai.com/gptbot)"
20.171.207.249 - - [10/Jul/2025:10:03:24 -0300] "GET /ef61ba/?filesrc=%2Fhome%2Fdimen328%2Fmail%2F.marketing%40dimensaogrupo_com_br%2Fcur%2F1714144314.M493644P27111.vps-6532726.dimensaogrupo.com.br%2CS%3D62317%2CW%3D63345%3A2%2C&path=%2Fhome%2Fdimen328%2Fmail%2F.marketing%40dimensaogrupo_com_br%2Fcur HTTP/1.1" 200 2147 "-" "Mozilla/5.0 AppleWebKit/537.36 (KHTML, like Gecko; compatible; GPTBot/1.2; +https://openai.com/gptbot)"
20.171.207.224 - - [10/Jul/2025:10:03:25 -0300] "GET /ef61ba/?filesrc=%2Fhome%2Fdimen328%2F.cpanel%2Ficals%2Fedson%40dimensaogrupo.com.br.ics&path=%2Fhome%2Fdimen328%2F.cpanel%2Ficals HTTP/1.1" 200 2094 "-" "Mozilla/5.0 AppleWebKit/537.36 (KHTML, like Gecko; compatible; GPTBot/1.2; +https://openai.com/gptbot)"
20.171.207.249 - - [10/Jul/2025:10:03:26 -0300] "GET /ef61ba/?filesrc=%2Fhome%2Fdimen328%2Fmail%2F.folha%40dimensaogrupo_com_br%2Fnew%2F1639664057.M333047P25010.vps-6532726.dimensaogrupo.com.br%2CS%3D47915%2CW%3D48651&path=%2Fhome%2Fdimen328%2Fmail%2F.folha%40dimensaogrupo_com_br%2Fnew HTTP/1.1" 200 59965 "-" "Mozilla/5.0 AppleWebKit/537.36 (KHTML, like Gecko; compatible; GPTBot/1.2; +https://openai.com/gptbot)"
20.171.207.224 - - [10/Jul/2025:10:03:26 -0300] "GET /ef61ba/?filesrc=%2Fhome%2Fdimen328%2F.cpanel%2Ficals%2Fjardinagem%40libertysa.com.br.ics&path=%2Fhome%2Fdimen328%2F.cpanel%2Ficals HTTP/1.1" 200 2095 "-" "Mozilla/5.0 AppleWebKit/537.36 (KHTML, like Gecko; compatible; GPTBot/1.2; +https://openai.com/gptbot)"
20.171.207.249 - - [10/Jul/2025:10:03:27 -0300] "GET /ef61ba/?filesrc=%2Fhome%2Fdimen328%2Fmail%2F.compras2%40dimensaogrupo_com_br%2Fcur%2F1719839444.M401380P4863.vps-6532726.dimensaogrupo.com.br%2CS%3D161909%2CW%3D164167%3A2%2C&path=%2Fhome%2Fdimen328%2Fmail%2F.compras2%40dimensaogrupo_com_br%2Fcur HTTP/1.1" 200 167845 "-" "Mozilla/5.0 AppleWebKit/537.36 (KHTML, like Gecko; compatible; GPTBot/1.2; +https://openai.com/gptbot)"
20.171.207.224 - - [10/Jul/2025:10:03:27 -0300] "GET /ef61ba/?filesrc=%2Fhome%2Fdimen328%2F.cpanel%2Ficals%2Finspetoria%40libertysa.com.br.ics&path=%2Fhome%2Fdimen328%2F.cpanel%2Ficals HTTP/1.1" 200 2095 "-" "Mozilla/5.0 AppleWebKit/537.36 (KHTML, like Gecko; compatible; GPTBot/1.2; +https://openai.com/gptbot)"
136.243.228.177 - - [10/Jul/2025:10:03:27 -0300] "GET /product/outsider10?c=g&l=14018 HTTP/1.1" 404 10435 "-" "Mozilla/5.0 (compatible; DataForSeoBot/1.0; +https://dataforseo.com/dataforseo-bot)"
20.171.207.249 - - [10/Jul/2025:10:03:28 -0300] "GET /ef61ba/?filesrc=%2Fhome%2Fdimen328%2Fmail%2F.patricia%40dimensaogrupo_com_br%2Fcur%2F1747292669.M567774P9787.vps-6532726.dimensaogrupo.com.br%2CS%3D14567%2CW%3D14936%3A2%2CS&path=%2Fhome%2Fdimen328%2Fmail%2F.patricia%40dimensaogrupo_com_br%2Fcur HTTP/1.1" 200 17892 "-" "Mozilla/5.0 AppleWebKit/537.36 (KHTML, like Gecko; compatible; GPTBot/1.2; +https://openai.com/gptbot)"
20.171.207.224 - - [10/Jul/2025:10:03:28 -0300] "GET /ef61ba/?filesrc=%2Fhome%2Fdimen328%2F.cpanel%2Ficals%2Ffolha2%40dimensaogrupo.com.br.ics&path=%2Fhome%2Fdimen328%2F.cpanel%2Ficals HTTP/1.1" 200 2095 "-" "Mozilla/5.0 AppleWebKit/537.36 (KHTML, like Gecko; compatible; GPTBot/1.2; +https://openai.com/gptbot)"
20.171.207.249 - - [10/Jul/2025:10:03:29 -0300] "GET /ef61ba/?filesrc=%2Fhome%2Fdimen328%2Fmail%2F.supervisor%40libertysa_com_br%2Fnew%2F1655508771.M208352P16179.vps-6532726.dimensaogrupo.com.br%2CS%3D36750%2CW%3D37625&path=%2Fhome%2Fdimen328%2Fmail%2F.supervisor%40libertysa_com_br%2Fnew HTTP/1.1" 200 42032 "-" "Mozilla/5.0 AppleWebKit/537.36 (KHTML, like Gecko; compatible; GPTBot/1.2; +https://openai.com/gptbot)"
20.171.207.224 - - [10/Jul/2025:10:03:29 -0300] "GET /ef61ba/?filesrc=%2Fhome%2Fdimen328%2F.cpanel%2Ficals%2Ffolha1%40dimensaogrupo.com.br.ics&path=%2Fhome%2Fdimen328%2F.cpanel%2Ficals HTTP/1.1" 200 2095 "-" "Mozilla/5.0 AppleWebKit/537.36 (KHTML, like Gecko; compatible; GPTBot/1.2; +https://openai.com/gptbot)"
20.171.207.249 - - [10/Jul/2025:10:03:30 -0300] "GET /ef61ba/?filesrc=%2Fhome%2Fdimen328%2Fmail%2F.compras2%40dimensaogrupo_com_br%2Fcur%2F1701284009.M244487P9245.vps-6532726.dimensaogrupo.com.br%2CS%3D16783%2CW%3D17127%3A2%2C&path=%2Fhome%2Fdimen328%2Fmail%2F.compras2%40dimensaogrupo_com_br%2Fcur HTTP/1.1" 200 21563 "-" "Mozilla/5.0 AppleWebKit/537.36 (KHTML, like Gecko; compatible; GPTBot/1.2; +https://openai.com/gptbot)"
20.171.207.224 - - [10/Jul/2025:10:03:30 -0300] "GET /ef61ba/?filesrc=%2Fhome%2Fdimen328%2F.cpanel%2Ficals%2Ffinanceiro%40libertysa.com.br.ics&path=%2Fhome%2Fdimen328%2F.cpanel%2Ficals HTTP/1.1" 200 2095 "-" "Mozilla/5.0 AppleWebKit/537.36 (KHTML, like Gecko; compatible; GPTBot/1.2; +https://openai.com/gptbot)"
20.171.207.249 - - [10/Jul/2025:10:03:31 -0300] "GET /ef61ba/?filesrc=%2Fhome%2Fdimen328%2Fmail%2F.supervisor%40libertysa_com_br%2Fnew%2F1699716557.M545040P14333.vps-6532726.dimensaogrupo.com.br%2CS%3D36257%2CW%3D36772&path=%2Fhome%2Fdimen328%2Fmail%2F.supervisor%40libertysa_com_br%2Fnew HTTP/1.1" 200 52121 "-" "Mozilla/5.0 AppleWebKit/537.36 (KHTML, like Gecko; compatible; GPTBot/1.2; +https://openai.com/gptbot)"
136.243.228.177 - - [10/Jul/2025:10:03:31 -0300] "GET /product/pot274?c=g&l=11862 HTTP/1.1" 404 10427 "-" "Mozilla/5.0 (compatible; DataForSeoBot/1.0; +https://dataforseo.com/dataforseo-bot)"
20.171.207.224 - - [10/Jul/2025:10:03:31 -0300] "GET /ef61ba/?filesrc=%2Fhome%2Fdimen328%2F.cpanel%2Ficals%2Flider%40dimensaogrupo.com.br.ics&path=%2Fhome%2Fdimen328%2F.cpanel%2Ficals HTTP/1.1" 200 2094 "-" "Mozilla/5.0 AppleWebKit/537.36 (KHTML, like Gecko; compatible; GPTBot/1.2; +https://openai.com/gptbot)"
20.171.207.249 - - [10/Jul/2025:10:03:32 -0300] "GET /ef61ba/?filesrc=%2Fhome%2Fdimen328%2Fmail%2F.compras2%40dimensaogrupo_com_br%2Fcur%2F1733176289.M353735P17602.vps-6532726.dimensaogrupo.com.br%2CS%3D14333%2CW%3D14548%3A2%2C&path=%2Fhome%2Fdimen328%2Fmail%2F.compras2%40dimensaogrupo_com_br%2Fcur HTTP/1.1" 200 16568 "-" "Mozilla/5.0 AppleWebKit/537.36 (KHTML, like Gecko; compatible; GPTBot/1.2; +https://openai.com/gptbot)"
20.171.207.224 - - [10/Jul/2025:10:03:33 -0300] "GET /ef61ba/?filesrc=%2Fhome%2Fdimen328%2F.cpanel%2Ficals%2Ffolha%40dimensaogrupo.com.br.ics&path=%2Fhome%2Fdimen328%2F.cpanel%2Ficals HTTP/1.1" 200 2094 "-" "Mozilla/5.0 AppleWebKit/537.36 (KHTML, like Gecko; compatible; GPTBot/1.2; +https://openai.com/gptbot)"
20.171.207.249 - - [10/Jul/2025:10:03:34 -0300] "GET /ef61ba/?filesrc=%2Fhome%2Fdimen328%2Fmail%2F.comercial1%40libertysa_com_br%2Fnew%2F1633628990.M138777P20644.vps-6532726.dimensaogrupo.com.br%2CS%3D6978%2CW%3D7108&path=%2Fhome%2Fdimen328%2Fmail%2F.comercial1%40libertysa_com_br%2Fnew HTTP/1.1" 200 9782 "-" "Mozilla/5.0 AppleWebKit/537.36 (KHTML, like Gecko; compatible; GPTBot/1.2; +https://openai.com/gptbot)"
20.171.207.224 - - [10/Jul/2025:10:03:34 -0300] "GET /ef61ba/?filesrc=%2Fhome%2Fdimen328%2F.cpanel%2Ficals%2Fcomercial3%40libertysa.com.br.ics&path=%2Fhome%2Fdimen328%2F.cpanel%2Ficals HTTP/1.1" 200 2095 "-" "Mozilla/5.0 AppleWebKit/537.36 (KHTML, like Gecko; compatible; GPTBot/1.2; +https://openai.com/gptbot)"
136.243.228.177 - - [10/Jul/2025:10:03:35 -0300] "GET /product/gold150?c=g&l=9430 HTTP/1.1" 404 10427 "-" "Mozilla/5.0 (compatible; DataForSeoBot/1.0; +https://dataforseo.com/dataforseo-bot)"
20.171.207.249 - - [10/Jul/2025:10:03:35 -0300] "GET /ef61ba/?filesrc=%2Fhome%2Fdimen328%2Fmail%2F.financeiro%40libertysa_com_br%2Fcur%2F1677769285.M622180P28332.vps-6532726.dimensaogrupo.com.br%2CS%3D104104%2CW%3D105487%3A2%2C&path=%2Fhome%2Fdimen328%2Fmail%2F.financeiro%40libertysa_com_br%2Fcur HTTP/1.1" 200 106321 "-" "Mozilla/5.0 AppleWebKit/537.36 (KHTML, like Gecko; compatible; GPTBot/1.2; +https://openai.com/gptbot)"
20.171.207.224 - - [10/Jul/2025:10:03:35 -0300] "GET /ef61ba/?filesrc=%2Fhome%2Fdimen328%2F.cpanel%2Ficals%2Fregras%40dimensaogrupo.com.br.ics&path=%2Fhome%2Fdimen328%2F.cpanel%2Ficals HTTP/1.1" 200 2095 "-" "Mozilla/5.0 AppleWebKit/537.36 (KHTML, like Gecko; compatible; GPTBot/1.2; +https://openai.com/gptbot)"
20.171.207.249 - - [10/Jul/2025:10:03:36 -0300] "GET /ef61ba/?filesrc=%2Fhome%2Fdimen328%2Fmail%2F.patricia%40dimensaogrupo_com_br%2Fcur%2F1748535554.M345201P29662.vps-6532726.dimensaogrupo.com.br%2CS%3D6982%2CW%3D7106%3A2%2CS&path=%2Fhome%2Fdimen328%2Fmail%2F.patricia%40dimensaogrupo_com_br%2Fcur HTTP/1.1" 200 9210 "-" "Mozilla/5.0 AppleWebKit/537.36 (KHTML, like Gecko; compatible; GPTBot/1.2; +https://openai.com/gptbot)"
20.171.207.224 - - [10/Jul/2025:10:03:36 -0300] "GET /ef61ba/?filesrc=%2Fhome%2Fdimen328%2F.cpanel%2Ficals%2Fsupervisor%40libertysa.com.br.ics&path=%2Fhome%2Fdimen328%2F.cpanel%2Ficals HTTP/1.1" 200 2095 "-" "Mozilla/5.0 AppleWebKit/537.36 (KHTML, like Gecko; compatible; GPTBot/1.2; +https://openai.com/gptbot)"
20.171.207.249 - - [10/Jul/2025:10:03:37 -0300] "GET /ef61ba/?filesrc=%2Fhome%2Fdimen328%2Fmail%2F.matheus%40dimensaogrupo_com_br%2Fcur%2F1746727031.M250292P4423.vps-6532726.dimensaogrupo.com.br%2CS%3D56664%2CW%3D57547%3A2%2CS&path=%2Fhome%2Fdimen328%2Fmail%2F.matheus%40dimensaogrupo_com_br%2Fcur HTTP/1.1" 200 2139 "-" "Mozilla/5.0 AppleWebKit/537.36 (KHTML, like Gecko; compatible; GPTBot/1.2; +https://openai.com/gptbot)"
20.171.207.224 - - [10/Jul/2025:10:03:37 -0300] "GET /ef61ba/?filesrc=%2Fhome%2Fdimen328%2F.cpanel%2Ficals%2F.cpanel_ics_import_operacional3%40dimensaoservicos.com.br&path=%2Fhome%2Fdimen328%2F.cpanel%2Ficals HTTP/1.1" 200 1976 "-" "Mozilla/5.0 AppleWebKit/537.36 (KHTML, like Gecko; compatible; GPTBot/1.2; +https://openai.com/gptbot)"
20.171.207.249 - - [10/Jul/2025:10:03:38 -0300] "GET /ef61ba/?filesrc=%2Fhome%2Fdimen328%2Fmail%2F.supervisor%40libertysa_com_br%2Fnew%2F1713857773.M153275P31829.vps-6532726.dimensaogrupo.com.br%2CS%3D13905%2CW%3D14282&path=%2Fhome%2Fdimen328%2Fmail%2F.supervisor%40libertysa_com_br%2Fnew HTTP/1.1" 200 18035 "-" "Mozilla/5.0 AppleWebKit/537.36 (KHTML, like Gecko; compatible; GPTBot/1.2; +https://openai.com/gptbot)"
20.171.207.224 - - [10/Jul/2025:10:03:38 -0300] "GET /ef61ba/?filesrc=%2Fhome%2Fdimen328%2F.cpanel%2Ficals%2Finspetoria%40libertysa.com.br.ics&path=%2Fhome%2Fdimen328%2F.cpanel%2Ficals HTTP/1.1" 200 2095 "-" "Mozilla/5.0 AppleWebKit/537.36 (KHTML, like Gecko; compatible; GPTBot/1.2; +https://openai.com/gptbot)"
136.243.228.177 - - [10/Jul/2025:10:03:39 -0300] "GET /products/65kh5580 HTTP/1.1" 404 10401 "-" "Mozilla/5.0 (compatible; DataForSeoBot/1.0; +https://dataforseo.com/dataforseo-bot)"
20.171.207.249 - - [10/Jul/2025:10:03:39 -0300] "GET /ef61ba/?filesrc=%2Fhome%2Fdimen328%2Fmail%2F.supervisor%40libertysa_com_br%2Fnew%2F1696013000.M397432P11531.vps-6532726.dimensaogrupo.com.br%2CS%3D30138%2CW%3D30979&path=%2Fhome%2Fdimen328%2Fmail%2F.supervisor%40libertysa_com_br%2Fnew HTTP/1.1" 200 35202 "-" "Mozilla/5.0 AppleWebKit/537.36 (KHTML, like Gecko; compatible; GPTBot/1.2; +https://openai.com/gptbot)"
20.171.207.224 - - [10/Jul/2025:10:03:40 -0300] "GET /ef61ba/?filesrc=%2Fhome%2Fdimen328%2F.cpanel%2Ficals%2F.cpanel_ics_import_aceitecomercial%40dimensaogrupo.com.br&path=%2Fhome%2Fdimen328%2F.cpanel%2Ficals HTTP/1.1" 200 1976 "-" "Mozilla/5.0 AppleWebKit/537.36 (KHTML, like Gecko; compatible; GPTBot/1.2; +https://openai.com/gptbot)"
20.171.207.249 - - [10/Jul/2025:10:03:41 -0300] "GET /ef61ba/?filesrc=%2Fhome%2Fdimen328%2Fmail%2F.folha%40dimensaogrupo_com_br%2Fnew%2F1649862912.M249827P23366.vps-6532726.dimensaogrupo.com.br%2CS%3D283335%2CW%3D287130&path=%2Fhome%2Fdimen328%2Fmail%2F.folha%40dimensaogrupo_com_br%2Fnew HTTP/1.1" 200 287319 "-" "Mozilla/5.0 AppleWebKit/537.36 (KHTML, like Gecko; compatible; GPTBot/1.2; +https://openai.com/gptbot)"
20.171.207.224 - - [10/Jul/2025:10:03:41 -0300] "GET /ef61ba/?filesrc=%2Fhome%2Fdimen328%2F.cpanel%2Ficals%2F.cpanel_ics_import_juridico2%40dimensaocondominios.com.br&path=%2Fhome%2Fdimen328%2F.cpanel%2Ficals HTTP/1.1" 200 1976 "-" "Mozilla/5.0 AppleWebKit/537.36 (KHTML, like Gecko; compatible; GPTBot/1.2; +https://openai.com/gptbot)"
20.171.207.249 - - [10/Jul/2025:10:03:42 -0300] "GET /ef61ba/?filesrc=%2Fhome%2Fdimen328%2Fmail%2F.patricia%40dimensaogrupo_com_br%2Fcur%2F1751434906.M368709P15553.vps-6532726.dimensaogrupo.com.br%2CS%3D8842%2CW%3D8988%3A2%2CS&path=%2Fhome%2Fdimen328%2Fmail%2F.patricia%40dimensaogrupo_com_br%2Fcur HTTP/1.1" 200 11070 "-" "Mozilla/5.0 AppleWebKit/537.36 (KHTML, like Gecko; compatible; GPTBot/1.2; +https://openai.com/gptbot)"
20.171.207.224 - - [10/Jul/2025:10:03:42 -0300] "GET /ef61ba/?filesrc=%2Fhome%2Fdimen328%2F.cpanel%2Ficals%2F.cpanel_ics_import_operacional4%40dimensaoservicos.com.br&path=%2Fhome%2Fdimen328%2F.cpanel%2Ficals HTTP/1.1" 200 1976 "-" "Mozilla/5.0 AppleWebKit/537.36 (KHTML, like Gecko; compatible; GPTBot/1.2; +https://openai.com/gptbot)"
20.171.207.249 - - [10/Jul/2025:10:03:43 -0300] "GET /ef61ba/?filesrc=%2Fhome%2Fdimen328%2Fmail%2F.comercial1%40libertysa_com_br%2Fnew%2F1699515551.M542240P11594.vps-6532726.dimensaogrupo.com.br%2CS%3D14907%2CW%3D15091&path=%2Fhome%2Fdimen328%2Fmail%2F.comercial1%40libertysa_com_br%2Fnew HTTP/1.1" 200 19736 "-" "Mozilla/5.0 AppleWebKit/537.36 (KHTML, like Gecko; compatible; GPTBot/1.2; +https://openai.com/gptbot)"
20.171.207.224 - - [10/Jul/2025:10:03:43 -0300] "GET /ef61ba/?filesrc=%2Fhome%2Fdimen328%2F.cpanel%2Ficals%2F.cpanel_ics_import_controladoria%40dimensaoservicos.com.br&path=%2Fhome%2Fdimen328%2F.cpanel%2Ficals HTTP/1.1" 200 1977 "-" "Mozilla/5.0 AppleWebKit/537.36 (KHTML, like Gecko; compatible; GPTBot/1.2; +https://openai.com/gptbot)"
136.243.228.177 - - [10/Jul/2025:10:03:43 -0300] "GET /product/tonight99?c=g&l=10413 HTTP/1.1" 404 10433 "-" "Mozilla/5.0 (compatible; DataForSeoBot/1.0; +https://dataforseo.com/dataforseo-bot)"
20.171.207.249 - - [10/Jul/2025:10:03:44 -0300] "GET /ef61ba/?filesrc=%2Fhome%2Fdimen328%2Fmail%2F.compras2%40dimensaogrupo_com_br%2Fcur%2F1733176289.M353735P17602.vps-6532726.dimensaogrupo.com.br%2CS%3D14333%2CW%3D14548%3A2%2C&path=%2Fhome%2Fdimen328%2Fmail%2F.compras2%40dimensaogrupo_com_br%2Fcur HTTP/1.1" 200 16568 "-" "Mozilla/5.0 AppleWebKit/537.36 (KHTML, like Gecko; compatible; GPTBot/1.2; +https://openai.com/gptbot)"
20.171.207.224 - - [10/Jul/2025:10:03:44 -0300] "GET /ef61ba/?filesrc=%2Fhome%2Fdimen328%2F.cpanel%2Ficals%2F.cpanel_ics_import_operacional2%40dimensaoservicos.com.br&path=%2Fhome%2Fdimen328%2F.cpanel%2Ficals HTTP/1.1" 200 1976 "-" "Mozilla/5.0 AppleWebKit/537.36 (KHTML, like Gecko; compatible; GPTBot/1.2; +https://openai.com/gptbot)"
20.171.207.249 - - [10/Jul/2025:10:03:45 -0300] "GET /ef61ba/?filesrc=%2Fhome%2Fdimen328%2Fmail%2F.supervisor%40libertysa_com_br%2Fnew%2F1695422450.M336023P5559.vps-6532726.dimensaogrupo.com.br%2CS%3D14716%2CW%3D14927&path=%2Fhome%2Fdimen328%2Fmail%2F.supervisor%40libertysa_com_br%2Fnew HTTP/1.1" 200 16893 "-" "Mozilla/5.0 AppleWebKit/537.36 (KHTML, like Gecko; compatible; GPTBot/1.2; +https://openai.com/gptbot)"
20.171.207.224 - - [10/Jul/2025:10:03:45 -0300] "GET /ef61ba/?filesrc=%2Fhome%2Fdimen328%2F.cpanel%2Ficals%2F.cpanel_ics_import_leonardoresende%40dimensaogrupo.com.br&path=%2Fhome%2Fdimen328%2F.cpanel%2Ficals HTTP/1.1" 200 1976 "-" "Mozilla/5.0 AppleWebKit/537.36 (KHTML, like Gecko; compatible; GPTBot/1.2; +https://openai.com/gptbot)"
20.171.207.249 - - [10/Jul/2025:10:03:46 -0300] "GET /ef61ba/?filesrc=%2Fhome%2Fdimen328%2Fmail%2F.patricia%40dimensaogrupo_com_br%2Fcur%2F1749506203.M592021P12438.vps-6532726.dimensaogrupo.com.br%2CS%3D5888%2CW%3D5997%3A2%2CS&path=%2Fhome%2Fdimen328%2Fmail%2F.patricia%40dimensaogrupo_com_br%2Fcur HTTP/1.1" 200 8116 "-" "Mozilla/5.0 AppleWebKit/537.36 (KHTML, like Gecko; compatible; GPTBot/1.2; +https://openai.com/gptbot)"
20.171.207.224 - - [10/Jul/2025:10:03:47 -0300] "GET /ef61ba/?filesrc=%2Fhome%2Fdimen328%2F.cpanel%2Ficals%2Fcarla%40dimensaocondominios.com.br.ics&path=%2Fhome%2Fdimen328%2F.cpanel%2Ficals HTTP/1.1" 200 2100 "-" "Mozilla/5.0 AppleWebKit/537.36 (KHTML, like Gecko; compatible; GPTBot/1.2; +https://openai.com/gptbot)"
136.243.228.177 - - [10/Jul/2025:10:03:47 -0300] "GET /product/click168?c=g&l=4812 HTTP/1.1" 404 10429 "-" "Mozilla/5.0 (compatible; DataForSeoBot/1.0; +https://dataforseo.com/dataforseo-bot)"
20.171.207.249 - - [10/Jul/2025:10:03:48 -0300] "GET /ef61ba/?filesrc=%2Fhome%2Fdimen328%2Fmail%2F.diretor%40dimensaogrupo_com_br%2Fcur%2F1749228714.M717050P12941.vps-6532726.dimensaogrupo.com.br%2CS%3D222035%2CW%3D225015%3A2%2CS&path=%2Fhome%2Fdimen328%2Fmail%2F.diretor%40dimensaogrupo_com_br%2Fcur HTTP/1.1" 200 225245 "-" "Mozilla/5.0 AppleWebKit/537.36 (KHTML, like Gecko; compatible; GPTBot/1.2; +https://openai.com/gptbot)"
20.171.207.224 - - [10/Jul/2025:10:03:48 -0300] "GET /ef61ba/?filesrc=%2Fhome%2Fdimen328%2F.cpanel%2Ficals%2Ffiscal%40dimensaocondominios.com.br.ics&path=%2Fhome%2Fdimen328%2F.cpanel%2Ficals HTTP/1.1" 200 2101 "-" "Mozilla/5.0 AppleWebKit/537.36 (KHTML, like Gecko; compatible; GPTBot/1.2; +https://openai.com/gptbot)"
20.171.207.249 - - [10/Jul/2025:10:03:49 -0300] "GET /ef61ba/?filesrc=%2Fhome%2Fdimen328%2Fmail%2F.supervisor%40libertysa_com_br%2Fnew%2F1655936936.M322717P439.vps-6532726.dimensaogrupo.com.br%2CS%3D19551%2CW%3D19994&path=%2Fhome%2Fdimen328%2Fmail%2F.supervisor%40libertysa_com_br%2Fnew HTTP/1.1" 200 25603 "-" "Mozilla/5.0 AppleWebKit/537.36 (KHTML, like Gecko; compatible; GPTBot/1.2; +https://openai.com/gptbot)"
20.171.207.224 - - [10/Jul/2025:10:03:49 -0300] "GET /ef61ba/?filesrc=%2Fhome%2Fdimen328%2F.cpanel%2Ficals%2Fedson%40dimensaocondominios.com.br.ics&path=%2Fhome%2Fdimen328%2F.cpanel%2Ficals HTTP/1.1" 200 2100 "-" "Mozilla/5.0 AppleWebKit/537.36 (KHTML, like Gecko; compatible; GPTBot/1.2; +https://openai.com/gptbot)"
216.73.216.72 - - [10/Jul/2025:10:03:50 -0300] "GET /wp-admin/?C=M&O=D HTTP/1.1" 200 781 "-" "Mozilla/5.0 AppleWebKit/537.36 (KHTML, like Gecko; compatible; ClaudeBot/1.0; +claudebot@anthropic.com)"
20.171.207.249 - - [10/Jul/2025:10:03:50 -0300] "GET /ef61ba/?filesrc=%2Fhome%2Fdimen328%2Fmail%2F.comercial1%40libertysa_com_br%2Fnew%2F1743174769.M996960P4015.vps-6532726.dimensaogrupo.com.br%2CS%3D11163%2CW%3D11319&path=%2Fhome%2Fdimen328%2Fmail%2F.comercial1%40libertysa_com_br%2Fnew HTTP/1.1" 200 13330 "-" "Mozilla/5.0 AppleWebKit/537.36 (KHTML, like Gecko; compatible; GPTBot/1.2; +https://openai.com/gptbot)"
216.73.216.72 - - [10/Jul/2025:10:03:50 -0300] "GET /ef61ba/?filesrc=%2Fhome%2Fdimen328%2Fdimensaoservicos.com.br%2F500.shtml&path=%2Fhome%2Fdimen328%2Fdimensaoservicos.com.br HTTP/1.1" 200 2254 "-" "Mozilla/5.0 AppleWebKit/537.36 (KHTML, like Gecko; compatible; ClaudeBot/1.0; +claudebot@anthropic.com)"
20.171.207.224 - - [10/Jul/2025:10:03:50 -0300] "GET /ef61ba/?filesrc=%2Fhome%2Fdimen328%2F.cpanel%2Ficals%2Fdpcond%40dimensaocondominios.com.br.ics&path=%2Fhome%2Fdimen328%2F.cpanel%2Ficals HTTP/1.1" 200 2101 "-" "Mozilla/5.0 AppleWebKit/537.36 (KHTML, like Gecko; compatible; GPTBot/1.2; +https://openai.com/gptbot)"
216.73.216.72 - - [10/Jul/2025:10:03:50 -0300] "GET /ef61ba/?filesrc=%2Fhome%2Fdimen328%2Fdimensaoservicos.com.br%2Frobots.txt&path=%2Fhome%2Fdimen328%2Fdimensaoservicos.com.br HTTP/1.1" 200 2345 "-" "Mozilla/5.0 AppleWebKit/537.36 (KHTML, like Gecko; compatible; ClaudeBot/1.0; +claudebot@anthropic.com)"
20.171.207.249 - - [10/Jul/2025:10:03:51 -0300] "GET /ef61ba/?filesrc=%2Fhome%2Fdimen328%2Fmail%2F.supervisor%40libertysa_com_br%2Fnew%2F1700745795.M444108P10244.vps-6532726.dimensaogrupo.com.br%2CS%3D35677%2CW%3D36163&path=%2Fhome%2Fdimen328%2Fmail%2F.supervisor%40libertysa_com_br%2Fnew HTTP/1.1" 200 37855 "-" "Mozilla/5.0 AppleWebKit/537.36 (KHTML, like Gecko; compatible; GPTBot/1.2; +https://openai.com/gptbot)"
20.171.207.224 - - [10/Jul/2025:10:03:51 -0300] "GET /ef61ba/?filesrc=%2Fhome%2Fdimen328%2F.cpanel%2Ficals%2Fadmcond%40dimensaocondominios.com.br.ics&path=%2Fhome%2Fdimen328%2F.cpanel%2Ficals HTTP/1.1" 200 2102 "-" "Mozilla/5.0 AppleWebKit/537.36 (KHTML, like Gecko; compatible; GPTBot/1.2; +https://openai.com/gptbot)"
136.243.228.177 - - [10/Jul/2025:10:03:51 -0300] "GET /products/111gz18420 HTTP/1.1" 404 10405 "-" "Mozilla/5.0 (compatible; DataForSeoBot/1.0; +https://dataforseo.com/dataforseo-bot)"
20.171.207.249 - - [10/Jul/2025:10:03:52 -0300] "GET /ef61ba/?filesrc=%2Fhome%2Fdimen328%2Fmail%2F.folha%40dimensaogrupo_com_br%2Fnew%2F1657042294.M373976P2177.vps-6532726.dimensaogrupo.com.br%2CS%3D588892%2CW%3D596633&path=%2Fhome%2Fdimen328%2Fmail%2F.folha%40dimensaogrupo_com_br%2Fnew HTTP/1.1" 200 591803 "-" "Mozilla/5.0 AppleWebKit/537.36 (KHTML, like Gecko; compatible; GPTBot/1.2; +https://openai.com/gptbot)"
20.171.207.224 - - [10/Jul/2025:10:03:52 -0300] "GET /ef61ba/?filesrc=%2Fhome%2Fdimen328%2F.cpanel%2Ficals%2Fodair%40dimensaocondominios.com.br.ics&path=%2Fhome%2Fdimen328%2F.cpanel%2Ficals HTTP/1.1" 200 2100 "-" "Mozilla/5.0 AppleWebKit/537.36 (KHTML, like Gecko; compatible; GPTBot/1.2; +https://openai.com/gptbot)"
20.171.207.249 - - [10/Jul/2025:10:03:53 -0300] "GET /ef61ba/?filesrc=%2Fhome%2Fdimen328%2Fmail%2F.rodrigo%40dimensaogrupo_com_br%2Fcur%2F1749842870.M57874P22275.vps-6532726.dimensaogrupo.com.br%2CS%3D91130%2CW%3D92403%3A2%2CS&path=%2Fhome%2Fdimen328%2Fmail%2F.rodrigo%40dimensaogrupo_com_br%2Fcur HTTP/1.1" 200 94333 "-" "Mozilla/5.0 AppleWebKit/537.36 (KHTML, like Gecko; compatible; GPTBot/1.2; +https://openai.com/gptbot)"
20.171.207.224 - - [10/Jul/2025:10:03:54 -0300] "GET /ef61ba/?filesrc=%2Fhome%2Fdimen328%2F.cpanel%2Ficals%2Fselecao%40dimensaocondominios.com.br.ics&path=%2Fhome%2Fdimen328%2F.cpanel%2Ficals HTTP/1.1" 200 2102 "-" "Mozilla/5.0 AppleWebKit/537.36 (KHTML, like Gecko; compatible; GPTBot/1.2; +https://openai.com/gptbot)"
20.171.207.249 - - [10/Jul/2025:10:03:55 -0300] "GET /ef61ba/?filesrc=%2Fhome%2Fdimen328%2Fmail%2F.supervisor%40libertysa_com_br%2Fnew%2F1727408105.M279169P31290.vps-6532726.dimensaogrupo.com.br%2CS%3D5463%2CW%3D5552&path=%2Fhome%2Fdimen328%2Fmail%2F.supervisor%40libertysa_com_br%2Fnew HTTP/1.1" 200 7659 "-" "Mozilla/5.0 AppleWebKit/537.36 (KHTML, like Gecko; compatible; GPTBot/1.2; +https://openai.com/gptbot)"
136.243.228.177 - - [10/Jul/2025:10:03:55 -0300] "GET /product/daily184?c=g&l=12750 HTTP/1.1" 404 10431 "-" "Mozilla/5.0 (compatible; DataForSeoBot/1.0; +https://dataforseo.com/dataforseo-bot)"
20.171.207.224 - - [10/Jul/2025:10:03:55 -0300] "GET /ef61ba/?filesrc=%2Fhome%2Fdimen328%2F.cpanel%2Ficals%2Fpostmaster%40dimensaocondominios.com.br.ics&path=%2Fhome%2Fdimen328%2F.cpanel%2Ficals HTTP/1.1" 200 2105 "-" "Mozilla/5.0 AppleWebKit/537.36 (KHTML, like Gecko; compatible; GPTBot/1.2; +https://openai.com/gptbot)"
20.171.207.249 - - [10/Jul/2025:10:03:56 -0300] "GET /ef61ba/?filesrc=%2Fhome%2Fdimen328%2Fmail%2F.compras2%40dimensaogrupo_com_br%2Fcur%2F1710933683.M611150P3341.vps-6532726.dimensaogrupo.com.br%2CS%3D49550%2CW%3D49630%3A2%2C&path=%2Fhome%2Fdimen328%2Fmail%2F.compras2%40dimensaogrupo_com_br%2Fcur HTTP/1.1" 200 63040 "-" "Mozilla/5.0 AppleWebKit/537.36 (KHTML, like Gecko; compatible; GPTBot/1.2; +https://openai.com/gptbot)"
20.171.207.224 - - [10/Jul/2025:10:03:56 -0300] "GET /ef61ba/?filesrc=%2Fhome%2Fdimen328%2F.cpanel%2Ficals%2Fexpedicao%40dimensaocondominios.com.br.ics&path=%2Fhome%2Fdimen328%2F.cpanel%2Ficals HTTP/1.1" 200 2104 "-" "Mozilla/5.0 AppleWebKit/537.36 (KHTML, like Gecko; compatible; GPTBot/1.2; +https://openai.com/gptbot)"
20.171.207.249 - - [10/Jul/2025:10:03:57 -0300] "GET /ef61ba/?filesrc=%2Fhome%2Fdimen328%2Fmail%2F.supervisor%40libertysa_com_br%2Fnew%2F1666364941.M248928P32711.vps-6532726.dimensaogrupo.com.br%2CS%3D44738%2CW%3D45645&path=%2Fhome%2Fdimen328%2Fmail%2F.supervisor%40libertysa_com_br%2Fnew HTTP/1.1" 200 55925 "-" "Mozilla/5.0 AppleWebKit/537.36 (KHTML, like Gecko; compatible; GPTBot/1.2; +https://openai.com/gptbot)"
20.171.207.224 - - [10/Jul/2025:10:03:57 -0300] "GET /ef61ba/?filesrc=%2Fhome%2Fdimen328%2F.cpanel%2Ficals%2F.cpanel_ics_import_leonardoresende%40dimensaogrupo.com.br&path=%2Fhome%2Fdimen328%2F.cpanel%2Ficals HTTP/1.1" 200 1976 "-" "Mozilla/5.0 AppleWebKit/537.36 (KHTML, like Gecko; compatible; GPTBot/1.2; +https://openai.com/gptbot)"
20.171.207.249 - - [10/Jul/2025:10:03:58 -0300] "GET /ef61ba/?filesrc=%2Fhome%2Fdimen328%2Fmail%2F.comercial1%40libertysa_com_br%2Fnew%2F1642221382.M356874P30992.vps-6532726.dimensaogrupo.com.br%2CS%3D9009%2CW%3D9142&path=%2Fhome%2Fdimen328%2Fmail%2F.comercial1%40libertysa_com_br%2Fnew HTTP/1.1" 200 13309 "-" "Mozilla/5.0 AppleWebKit/537.36 (KHTML, like Gecko; compatible; GPTBot/1.2; +https://openai.com/gptbot)"
20.171.207.224 - - [10/Jul/2025:10:03:58 -0300] "GET /ef61ba/?filesrc=%2Fhome%2Fdimen328%2F.cpanel%2Ficals%2Faprendizdp%40dimensaocondominios.com.br.ics&path=%2Fhome%2Fdimen328%2F.cpanel%2Ficals HTTP/1.1" 200 2105 "-" "Mozilla/5.0 AppleWebKit/537.36 (KHTML, like Gecko; compatible; GPTBot/1.2; +https://openai.com/gptbot)"
20.171.207.249 - - [10/Jul/2025:10:03:59 -0300] "GET /ef61ba/?filesrc=%2Fhome%2Fdimen328%2Fmail%2F.supervisor%40libertysa_com_br%2Fnew%2F1648752344.M355354P19183.vps-6532726.dimensaogrupo.com.br%2CS%3D34222%2CW%3D35028&path=%2Fhome%2Fdimen328%2Fmail%2F.supervisor%40libertysa_com_br%2Fnew HTTP/1.1" 200 39750 "-" "Mozilla/5.0 AppleWebKit/537.36 (KHTML, like Gecko; compatible; GPTBot/1.2; +https://openai.com/gptbot)"
136.243.228.177 - - [10/Jul/2025:10:03:59 -0300] "GET /product/hormone286?c=g&l=48642 HTTP/1.1" 404 10435 "-" "Mozilla/5.0 (compatible; DataForSeoBot/1.0; +https://dataforseo.com/dataforseo-bot)"
20.171.207.224 - - [10/Jul/2025:10:03:59 -0300] "GET /ef61ba/?filesrc=%2Fhome%2Fdimen328%2F.cpanel%2Ficals%2F.cpanel_ics_import_dimensao%40dimensaocondominios.com.br&path=%2Fhome%2Fdimen328%2F.cpanel%2Ficals HTTP/1.1" 200 1975 "-" "Mozilla/5.0 AppleWebKit/537.36 (KHTML, like Gecko; compatible; GPTBot/1.2; +https://openai.com/gptbot)"
20.171.207.249 - - [10/Jul/2025:10:04:00 -0300] "GET /ef61ba/?filesrc=%2Fhome%2Fdimen328%2Fmail%2F.comercial1%40libertysa_com_br%2Fnew%2F1692727844.M494305P7778.vps-6532726.dimensaogrupo.com.br%2CS%3D31524%2CW%3D32391&path=%2Fhome%2Fdimen328%2Fmail%2F.comercial1%40libertysa_com_br%2Fnew HTTP/1.1" 200 36779 "-" "Mozilla/5.0 AppleWebKit/537.36 (KHTML, like Gecko; compatible; GPTBot/1.2; +https://openai.com/gptbot)"
20.171.207.224 - - [10/Jul/2025:10:04:01 -0300] "GET /ef61ba/?filesrc=%2Fhome%2Fdimen328%2F.cpanel%2Ficals%2F.cpanel_ics_import_supervisao3%40dimensaoservicos.com.br&path=%2Fhome%2Fdimen328%2F.cpanel%2Ficals HTTP/1.1" 200 1975 "-" "Mozilla/5.0 AppleWebKit/537.36 (KHTML, like Gecko; compatible; GPTBot/1.2; +https://openai.com/gptbot)"
20.171.207.249 - - [10/Jul/2025:10:04:02 -0300] "GET /ef61ba/?filesrc=%2Fhome%2Fdimen328%2Fmail%2F.comercial3%40libertysa_com_br%2Fnew%2F1699366312.M263334P24701.vps-6532726.dimensaogrupo.com.br%2CS%3D28863%2CW%3D29258&path=%2Fhome%2Fdimen328%2Fmail%2F.comercial3%40libertysa_com_br%2Fnew HTTP/1.1" 200 31051 "-" "Mozilla/5.0 AppleWebKit/537.36 (KHTML, like Gecko; compatible; GPTBot/1.2; +https://openai.com/gptbot)"
20.171.207.224 - - [10/Jul/2025:10:04:02 -0300] "GET /ef61ba/?filesrc=%2Fhome%2Fdimen328%2F.cpanel%2Ficals%2Fsac%40dimensaocondominios.com.br.ics&path=%2Fhome%2Fdimen328%2F.cpanel%2Ficals HTTP/1.1" 200 2098 "-" "Mozilla/5.0 AppleWebKit/537.36 (KHTML, like Gecko; compatible; GPTBot/1.2; +https://openai.com/gptbot)"
136.243.228.177 - - [10/Jul/2025:10:04:03 -0300] "GET /products/169ug22694 HTTP/1.1" 404 10405 "-" "Mozilla/5.0 (compatible; DataForSeoBot/1.0; +https://dataforseo.com/dataforseo-bot)"
20.171.207.249 - - [10/Jul/2025:10:04:03 -0300] "GET /ef61ba/?filesrc=%2Fhome%2Fdimen328%2Fmail%2F.folha%40dimensaogrupo_com_br%2Fnew%2F1651495361.M285777P4415.vps-6532726.dimensaogrupo.com.br%2CS%3D25690%2CW%3D26429&path=%2Fhome%2Fdimen328%2Fmail%2F.folha%40dimensaogrupo_com_br%2Fnew HTTP/1.1" 200 30339 "-" "Mozilla/5.0 AppleWebKit/537.36 (KHTML, like Gecko; compatible; GPTBot/1.2; +https://openai.com/gptbot)"
20.171.207.224 - - [10/Jul/2025:10:04:03 -0300] "GET /ef61ba/?filesrc=%2Fhome%2Fdimen328%2F.cpanel%2Ficals%2Fsar%40dimensaocondominios.com.br.ics&path=%2Fhome%2Fdimen328%2F.cpanel%2Ficals HTTP/1.1" 200 2098 "-" "Mozilla/5.0 AppleWebKit/537.36 (KHTML, like Gecko; compatible; GPTBot/1.2; +https://openai.com/gptbot)"
20.171.207.249 - - [10/Jul/2025:10:04:04 -0300] "GET /ef61ba/?filesrc=%2Fhome%2Fdimen328%2Fmail%2F.supervisor%40libertysa_com_br%2Fnew%2F1666272602.M331715P3670.vps-6532726.dimensaogrupo.com.br%2CS%3D33958%2CW%3D34695&path=%2Fhome%2Fdimen328%2Fmail%2F.supervisor%40libertysa_com_br%2Fnew HTTP/1.1" 200 39047 "-" "Mozilla/5.0 AppleWebKit/537.36 (KHTML, like Gecko; compatible; GPTBot/1.2; +https://openai.com/gptbot)"
20.171.207.224 - - [10/Jul/2025:10:04:04 -0300] "GET /ef61ba/?path=%2F%2Fusr%2Fshare%2Fperl5%2Fvendor_perl%2FFile HTTP/1.1" 200 8305 "-" "Mozilla/5.0 AppleWebKit/537.36 (KHTML, like Gecko; compatible; GPTBot/1.2; +https://openai.com/gptbot)"
