20.171.207.224 - - [10/Jul/2025:09:53:32 -0300] "GET /ef61ba/?path=%2F%2Fvar%2Flib%2Fyum%2Fyumdb%2Fp%2F11f9fe216f3302cddb2966960fb388056c16a62e-perl-Module-CoreList-2.76.02-299.el7_9.tuxcare.els1-noarch HTTP/1.1" 200 20549 "-" "Mozilla/5.0 AppleWebKit/537.36 (KHTML, like Gecko; compatible; GPTBot/1.2; +https://openai.com/gptbot)"
20.171.207.249 - - [10/Jul/2025:09:53:33 -0300] "GET /product/age95?c=g&l=32155 HTTP/1.1" 404 10425 "-" "Mozilla/5.0 AppleWebKit/537.36 (KHTML, like Gecko; compatible; GPTBot/1.2; +https://openai.com/gptbot)"
20.171.207.224 - - [10/Jul/2025:09:53:33 -0300] "GET /ef61ba/?path=%2F%2Fvar%2Flib%2Fyum%2Fyumdb%2Fp%2Feb5ad6a941f0ea2b8c89563e8f1d897c29c9857f-plesk-libboost-serialization1.65-1.65.1-1centos.7.190116.1809-x86_64 HTTP/1.1" 200 20050 "-" "Mozilla/5.0 AppleWebKit/537.36 (KHTML, like Gecko; compatible; GPTBot/1.2; +https://openai.com/gptbot)"
20.171.207.249 - - [10/Jul/2025:09:53:34 -0300] "GET /product/gap96?c=g&l=12924 HTTP/1.1" 404 10425 "-" "Mozilla/5.0 AppleWebKit/537.36 (KHTML, like Gecko; compatible; GPTBot/1.2; +https://openai.com/gptbot)"
20.171.207.224 - - [10/Jul/2025:09:53:34 -0300] "GET /ef61ba/?path=%2F%2Fvar%2Flib%2Fyum%2Fyumdb%2Fp%2F197ccee82abc1edc727564c1fd8bb047e001c4a5-plesk-libboost-serialization1.74-1.74.0.1-1centos.7.211202.1442-x86_64 HTTP/1.1" 200 20176 "-" "Mozilla/5.0 AppleWebKit/537.36 (KHTML, like Gecko; compatible; GPTBot/1.2; +https://openai.com/gptbot)"
136.243.228.177 - - [10/Jul/2025:09:53:35 -0300] "GET /products/227uj3790 HTTP/1.1" 404 10403 "-" "Mozilla/5.0 (compatible; DataForSeoBot/1.0; +https://dataforseo.com/dataforseo-bot)"
20.171.207.249 - - [10/Jul/2025:09:53:35 -0300] "GET /product/gym12?c=g&l=14764 HTTP/1.1" 404 10425 "-" "Mozilla/5.0 AppleWebKit/537.36 (KHTML, like Gecko; compatible; GPTBot/1.2; +https://openai.com/gptbot)"
20.171.207.224 - - [10/Jul/2025:09:53:36 -0300] "GET /ef61ba/?path=%2F%2Fvar%2Flib%2Fyum%2Fyumdb%2Fp%2F910fc2a3e4d54455b0ad77d6751d9579c3b33b08-plesk-libboost-program-options1.82-1.82.0-1centos.7.230425.0721-x86_64 HTTP/1.1" 200 20175 "-" "Mozilla/5.0 AppleWebKit/537.36 (KHTML, like Gecko; compatible; GPTBot/1.2; +https://openai.com/gptbot)"
20.171.207.249 - - [10/Jul/2025:09:53:37 -0300] "GET /product/pop19?c=g&l=20243 HTTP/1.1" 404 10425 "-" "Mozilla/5.0 AppleWebKit/537.36 (KHTML, like Gecko; compatible; GPTBot/1.2; +https://openai.com/gptbot)"
20.171.207.224 - - [10/Jul/2025:09:53:37 -0300] "GET /ef61ba/?filesrc=%2F%2Fvar%2Flib%2Fyum%2Fyumdb%2Fp%2F35ce98e500e191f64ab2cca557e8304e7b5ce48e-perl-DBD-SQLite-1.39-3.el7-x86_64%2Freason&path=%2F%2Fvar%2Flib%2Fyum%2Fyumdb%2Fp%2F35ce98e500e191f64ab2cca557e8304e7b5ce48e-perl-DBD-SQLite-1.39-3.el7-x86_64 HTTP/1.1" 200 2201 "-" "Mozilla/5.0 AppleWebKit/537.36 (KHTML, like Gecko; compatible; GPTBot/1.2; +https://openai.com/gptbot)"
20.171.207.249 - - [10/Jul/2025:09:53:38 -0300] "GET /product/dot37?c=g&l=48899 HTTP/1.1" 404 10425 "-" "Mozilla/5.0 AppleWebKit/537.36 (KHTML, like Gecko; compatible; GPTBot/1.2; +https://openai.com/gptbot)"
20.171.207.224 - - [10/Jul/2025:09:53:38 -0300] "GET /ef61ba/?path=%2F%2Fvar%2Flib%2Fyum%2Fyumdb%2Fp%2F1758db1a8162c6e878dc31f78b609288cabd2337-plesk-libboost-filesystem1.82-1.82.0-1centos.7.230425.0721-x86_64 HTTP/1.1" 200 19866 "-" "Mozilla/5.0 AppleWebKit/537.36 (KHTML, like Gecko; compatible; GPTBot/1.2; +https://openai.com/gptbot)"
20.171.207.249 - - [10/Jul/2025:09:53:39 -0300] "GET /product/and45?c=g&l=15899 HTTP/1.1" 404 10425 "-" "Mozilla/5.0 AppleWebKit/537.36 (KHTML, like Gecko; compatible; GPTBot/1.2; +https://openai.com/gptbot)"
20.171.207.224 - - [10/Jul/2025:09:53:39 -0300] "GET /ef61ba/?path=%2F%2Fvar%2Flib%2Fyum%2Fyumdb%2Fp%2Fa8c4e547a3e368a38e8ca9df00a7cb7f3edb8244-plesk-libboost-serialization1.82-1.82.0-1centos.7.230425.0721-x86_64 HTTP/1.1" 200 20052 "-" "Mozilla/5.0 AppleWebKit/537.36 (KHTML, like Gecko; compatible; GPTBot/1.2; +https://openai.com/gptbot)"
136.243.228.177 - - [10/Jul/2025:09:53:39 -0300] "GET /products/152qe20707 HTTP/1.1" 404 10405 "-" "Mozilla/5.0 (compatible; DataForSeoBot/1.0; +https://dataforseo.com/dataforseo-bot)"
20.171.207.249 - - [10/Jul/2025:09:53:40 -0300] "GET /product/toy202?c=g&l=6982 HTTP/1.1" 404 10425 "-" "Mozilla/5.0 AppleWebKit/537.36 (KHTML, like Gecko; compatible; GPTBot/1.2; +https://openai.com/gptbot)"
20.171.207.224 - - [10/Jul/2025:09:53:40 -0300] "GET /ef61ba/?path=%2F%2Fvar%2Flib%2Fyum%2Fyumdb%2Fa%2F825647c98ef63006e3f3a581d4384ed5a03ca178-alt-common-release-1.0.0-0.el7-x86_64 HTTP/1.1" 200 19163 "-" "Mozilla/5.0 AppleWebKit/537.36 (KHTML, like Gecko; compatible; GPTBot/1.2; +https://openai.com/gptbot)"
20.171.207.249 - - [10/Jul/2025:09:53:41 -0300] "GET /product/nod13?c=g&l=15309 HTTP/1.1" 404 10425 "-" "Mozilla/5.0 AppleWebKit/537.36 (KHTML, like Gecko; compatible; GPTBot/1.2; +https://openai.com/gptbot)"
20.171.207.224 - - [10/Jul/2025:09:53:41 -0300] "GET /ef61ba/?path=%2F%2Fvar%2Flib%2Fyum%2Fyumdb%2Fp%2F5e012aee498e307968bf2e30320ef63a805d0a15-perl-ExtUtils-CBuilder-0.28.2.6-299.el7_9.tuxcare.els1-noarch HTTP/1.1" 200 20748 "-" "Mozilla/5.0 AppleWebKit/537.36 (KHTML, like Gecko; compatible; GPTBot/1.2; +https://openai.com/gptbot)"
20.171.207.249 - - [10/Jul/2025:09:53:42 -0300] "GET /product/wow147?c=g&l=7981 HTTP/1.1" 404 10425 "-" "Mozilla/5.0 AppleWebKit/537.36 (KHTML, like Gecko; compatible; GPTBot/1.2; +https://openai.com/gptbot)"
20.171.207.224 - - [10/Jul/2025:09:53:43 -0300] "GET /ef61ba/?filesrc=%2F%2Fvar%2Flib%2Fyum%2Fyumdb%2Fp%2F96d9678f0b2ec2bd8657fe15b5f2e1046e96a797-perl-Package-Stash-XS-0.26-3.el7-x86_64%2Fvar_infra&path=%2F%2Fvar%2Flib%2Fyum%2Fyumdb%2Fp%2F96d9678f0b2ec2bd8657fe15b5f2e1046e96a797-perl-Package-Stash-XS-0.26-3.el7-x86_64 HTTP/1.1" 200 2224 "-" "Mozilla/5.0 AppleWebKit/537.36 (KHTML, like Gecko; compatible; GPTBot/1.2; +https://openai.com/gptbot)"
136.243.228.177 - - [10/Jul/2025:09:53:43 -0300] "GET /product/horn147?c=g&l=31 HTTP/1.1" 404 10423 "-" "Mozilla/5.0 (compatible; DataForSeoBot/1.0; +https://dataforseo.com/dataforseo-bot)"
20.171.207.249 - - [10/Jul/2025:09:53:44 -0300] "GET /product/hot42?c=g&l=17028 HTTP/1.1" 404 10425 "-" "Mozilla/5.0 AppleWebKit/537.36 (KHTML, like Gecko; compatible; GPTBot/1.2; +https://openai.com/gptbot)"
20.171.207.224 - - [10/Jul/2025:09:53:44 -0300] "GET /ef61ba/?path=%2F%2Fvar%2Flib%2Fyum%2Fyumdb%2Fp%2F9f25754cb3ffff3f09308dba7a7ea727f2173d11-plesk-libboost-1.82-1.82.0-1centos.7.230425.0721-x86_64 HTTP/1.1" 200 19246 "-" "Mozilla/5.0 AppleWebKit/537.36 (KHTML, like Gecko; compatible; GPTBot/1.2; +https://openai.com/gptbot)"
20.171.207.249 - - [10/Jul/2025:09:53:45 -0300] "GET /product/for98?c=g&l=35298 HTTP/1.1" 404 10425 "-" "Mozilla/5.0 AppleWebKit/537.36 (KHTML, like Gecko; compatible; GPTBot/1.2; +https://openai.com/gptbot)"
20.171.207.224 - - [10/Jul/2025:09:53:45 -0300] "GET /ef61ba/?path=%2F%2Fvar%2Flib%2Fyum%2Fyumdb%2Fa%2Fd8e22dcf777764913b5d88e45d645301ffeba7f9-aspell-devel-0.60.6.1-9.el7-x86_64 HTTP/1.1" 200 15794 "-" "Mozilla/5.0 AppleWebKit/537.36 (KHTML, like Gecko; compatible; GPTBot/1.2; +https://openai.com/gptbot)"
20.171.207.249 - - [10/Jul/2025:09:53:46 -0300] "GET /product/cow97?c=g&l=45913 HTTP/1.1" 404 10425 "-" "Mozilla/5.0 AppleWebKit/537.36 (KHTML, like Gecko; compatible; GPTBot/1.2; +https://openai.com/gptbot)"
20.171.207.224 - - [10/Jul/2025:09:53:46 -0300] "GET /ef61ba/?path=%2F%2Fvar%2Flib%2Fyum%2Fyumdb%2Fp%2F69e79b3fc98dfa94b182fc62eedbbfaea0d1ea28-perl-version-0.99.07-6.el7-x86_64 HTTP/1.1" 200 17881 "-" "Mozilla/5.0 AppleWebKit/537.36 (KHTML, like Gecko; compatible; GPTBot/1.2; +https://openai.com/gptbot)"
20.171.207.249 - - [10/Jul/2025:09:53:47 -0300] "GET /product/his87?c=g&l=17831 HTTP/1.1" 404 10425 "-" "Mozilla/5.0 AppleWebKit/537.36 (KHTML, like Gecko; compatible; GPTBot/1.2; +https://openai.com/gptbot)"
20.171.207.224 - - [10/Jul/2025:09:53:47 -0300] "GET /ef61ba/?path=%2F%2Fvar%2Flib%2Fyum%2Fyumdb%2Fp%2Fd624783b3dccbeaad9deb3170207e92d1f4eeaf3-perl-Sys-Syslog-0.33-3.el7-x86_64 HTTP/1.1" 200 17881 "-" "Mozilla/5.0 AppleWebKit/537.36 (KHTML, like Gecko; compatible; GPTBot/1.2; +https://openai.com/gptbot)"
136.243.228.177 - - [10/Jul/2025:09:53:48 -0300] "GET /products/52ns39509 HTTP/1.1" 404 10403 "-" "Mozilla/5.0 (compatible; DataForSeoBot/1.0; +https://dataforseo.com/dataforseo-bot)"
20.171.207.249 - - [10/Jul/2025:09:53:48 -0300] "GET /product/nor44?c=g&l=13214 HTTP/1.1" 404 10425 "-" "Mozilla/5.0 AppleWebKit/537.36 (KHTML, like Gecko; compatible; GPTBot/1.2; +https://openai.com/gptbot)"
20.171.207.224 - - [10/Jul/2025:09:53:49 -0300] "GET /ef61ba/?path=%2F%2Fvar%2Flib%2Fyum%2Fyumdb%2Fa%2Fd5738416094d0da5f205f33e78c3117e56b4508b-abrt-addon-kerneloops-2.1.11-60.el7.centos-x86_64 HTTP/1.1" 200 19954 "-" "Mozilla/5.0 AppleWebKit/537.36 (KHTML, like Gecko; compatible; GPTBot/1.2; +https://openai.com/gptbot)"
20.171.207.249 - - [10/Jul/2025:09:53:49 -0300] "GET /product/day273?c=g&l=3245 HTTP/1.1" 404 10425 "-" "Mozilla/5.0 AppleWebKit/537.36 (KHTML, like Gecko; compatible; GPTBot/1.2; +https://openai.com/gptbot)"
20.171.207.224 - - [10/Jul/2025:09:53:50 -0300] "GET /ef61ba/?path=%2F%2Fvar%2Flib%2Fyum%2Fyumdb%2Fp%2F8e2f3db40b4d11de4fff0274bc3444c4da0c95a4-perl-macros-5.16.3-299.el7_9.tuxcare.els1-x86_64 HTTP/1.1" 200 19889 "-" "Mozilla/5.0 AppleWebKit/537.36 (KHTML, like Gecko; compatible; GPTBot/1.2; +https://openai.com/gptbot)"
20.171.207.249 - - [10/Jul/2025:09:53:50 -0300] "GET /product/hit45?c=g&l=34409 HTTP/1.1" 404 10425 "-" "Mozilla/5.0 AppleWebKit/537.36 (KHTML, like Gecko; compatible; GPTBot/1.2; +https://openai.com/gptbot)"
136.243.228.177 - - [10/Jul/2025:09:53:51 -0300] "GET /products/300vv25341 HTTP/1.1" 404 10405 "-" "Mozilla/5.0 (compatible; DataForSeoBot/1.0; +https://dataforseo.com/dataforseo-bot)"
20.171.207.224 - - [10/Jul/2025:09:53:51 -0300] "GET /ef61ba/?filesrc=%2F%2Fvar%2Flib%2Fyum%2Fyumdb%2Fp%2F1758db1a8162c6e878dc31f78b609288cabd2337-plesk-libboost-filesystem1.82-1.82.0-1centos.7.230425.0721-x86_64%2Freason&path=%2F%2Fvar%2Flib%2Fyum%2Fyumdb%2Fp%2F1758db1a8162c6e878dc31f78b609288cabd2337-plesk-libboost-filesystem1.82-1.82.0-1centos.7.230425.0721-x86_64 HTTP/1.1" 200 2297 "-" "Mozilla/5.0 AppleWebKit/537.36 (KHTML, like Gecko; compatible; GPTBot/1.2; +https://openai.com/gptbot)"
20.171.207.249 - - [10/Jul/2025:09:53:52 -0300] "GET /product/art87?c=g&l=49271 HTTP/1.1" 404 10425 "-" "Mozilla/5.0 AppleWebKit/537.36 (KHTML, like Gecko; compatible; GPTBot/1.2; +https://openai.com/gptbot)"
20.171.207.224 - - [10/Jul/2025:09:53:52 -0300] "GET /ef61ba/?path=%2F%2Fvar%2Flib%2Fyum%2Fyumdb%2Fp%2Feaec02f472baa06352349395e12d8f26cd42f7ee-plesk-rdbmspp-2.0.4-1centos.7.230612.1943-x86_64 HTTP/1.1" 200 19890 "-" "Mozilla/5.0 AppleWebKit/537.36 (KHTML, like Gecko; compatible; GPTBot/1.2; +https://openai.com/gptbot)"
20.171.207.249 - - [10/Jul/2025:09:53:53 -0300] "GET /product/nod13?c=g&l=15309 HTTP/1.1" 404 10425 "-" "Mozilla/5.0 AppleWebKit/537.36 (KHTML, like Gecko; compatible; GPTBot/1.2; +https://openai.com/gptbot)"
20.171.207.224 - - [10/Jul/2025:09:53:53 -0300] "GET /ef61ba/?path=%2F%2Fvar%2Flib%2Fyum%2Fyumdb%2Fp%2Fc5a07e3d37d200d6556914ef19a10b9d3b259751-perl-IO-Zlib-1.10-299.el7_9.tuxcare.els1-noarch HTTP/1.1" 200 19825 "-" "Mozilla/5.0 AppleWebKit/537.36 (KHTML, like Gecko; compatible; GPTBot/1.2; +https://openai.com/gptbot)"
20.171.207.249 - - [10/Jul/2025:09:53:54 -0300] "GET /product/for236?c=g&l=3942 HTTP/1.1" 404 10425 "-" "Mozilla/5.0 AppleWebKit/537.36 (KHTML, like Gecko; compatible; GPTBot/1.2; +https://openai.com/gptbot)"
20.171.207.224 - - [10/Jul/2025:09:53:54 -0300] "GET /ef61ba/?path=%2F%2Fvar%2Flib%2Fyum%2Fyumdb%2Fp%2F768a69faa41ced26efe7d7f9c8a1bb66f90203a5-plesk-lmlib-0.2.6-1centos.7.230612.1943-x86_64 HTTP/1.1" 200 19758 "-" "Mozilla/5.0 AppleWebKit/537.36 (KHTML, like Gecko; compatible; GPTBot/1.2; +https://openai.com/gptbot)"
20.171.207.249 - - [10/Jul/2025:09:53:55 -0300] "GET /product/act64?c=g&l=33044 HTTP/1.1" 404 10425 "-" "Mozilla/5.0 AppleWebKit/537.36 (KHTML, like Gecko; compatible; GPTBot/1.2; +https://openai.com/gptbot)"
136.243.228.177 - - [10/Jul/2025:09:53:55 -0300] "GET /products/142tg45059 HTTP/1.1" 404 10405 "-" "Mozilla/5.0 (compatible; DataForSeoBot/1.0; +https://dataforseo.com/dataforseo-bot)"
20.171.207.224 - - [10/Jul/2025:09:53:56 -0300] "GET /ef61ba/?path=%2F%2Fvar%2Flib%2Fyum%2Fyumdb%2Fp%2Ffa62607268898a2d649dc3f0e2b718a1154ba499-perl-Locale-Maketext-Simple-0.21-299.el7_9.tuxcare.els1-noarch HTTP/1.1" 200 20814 "-" "Mozilla/5.0 AppleWebKit/537.36 (KHTML, like Gecko; compatible; GPTBot/1.2; +https://openai.com/gptbot)"
20.171.207.249 - - [10/Jul/2025:09:53:56 -0300] "GET /product/cap29?c=g&l=33581 HTTP/1.1" 404 10425 "-" "Mozilla/5.0 AppleWebKit/537.36 (KHTML, like Gecko; compatible; GPTBot/1.2; +https://openai.com/gptbot)"
20.171.207.224 - - [10/Jul/2025:09:53:57 -0300] "GET /ef61ba/?path=%2F%2Fopt%2Falt%2Fopenssl%2Fetc%2Fpki HTTP/1.1" 200 2853 "-" "Mozilla/5.0 AppleWebKit/537.36 (KHTML, like Gecko; compatible; GPTBot/1.2; +https://openai.com/gptbot)"
20.171.207.249 - - [10/Jul/2025:09:53:57 -0300] "GET /product/pad58?c=g&l=24282 HTTP/1.1" 404 10425 "-" "Mozilla/5.0 AppleWebKit/537.36 (KHTML, like Gecko; compatible; GPTBot/1.2; +https://openai.com/gptbot)"
20.171.207.224 - - [10/Jul/2025:09:53:58 -0300] "GET /ef61ba/?path=%2F%2Fproc%2Fself%2Froot%2Fetc%2Fsgml HTTP/1.1" 200 2870 "-" "Mozilla/5.0 AppleWebKit/537.36 (KHTML, like Gecko; compatible; GPTBot/1.2; +https://openai.com/gptbot)"
20.171.207.249 - - [10/Jul/2025:09:53:59 -0300] "GET /product/due27?c=g&l=48231 HTTP/1.1" 404 10425 "-" "Mozilla/5.0 AppleWebKit/537.36 (KHTML, like Gecko; compatible; GPTBot/1.2; +https://openai.com/gptbot)"
136.243.228.177 - - [10/Jul/2025:09:53:59 -0300] "GET /product/oclock59?c=g&l=17771 HTTP/1.1" 404 10431 "-" "Mozilla/5.0 (compatible; DataForSeoBot/1.0; +https://dataforseo.com/dataforseo-bot)"
20.171.207.224 - - [10/Jul/2025:09:53:59 -0300] "GET /ef61ba/?path=%2F%2Fproc%2Fself%2Froot%2Fetc%2Fssh HTTP/1.1" 200 10543 "-" "Mozilla/5.0 AppleWebKit/537.36 (KHTML, like Gecko; compatible; GPTBot/1.2; +https://openai.com/gptbot)"
20.171.207.249 - - [10/Jul/2025:09:54:00 -0300] "GET /product/nor242?c=g&l=4084 HTTP/1.1" 404 10425 "-" "Mozilla/5.0 AppleWebKit/537.36 (KHTML, like Gecko; compatible; GPTBot/1.2; +https://openai.com/gptbot)"
20.171.207.224 - - [10/Jul/2025:09:54:00 -0300] "GET /ef61ba/?path=%2F%2Fsys%2Fclass%2Fvc%2Fvcs%2Fpower HTTP/1.1" 200 8938 "-" "Mozilla/5.0 AppleWebKit/537.36 (KHTML, like Gecko; compatible; GPTBot/1.2; +https://openai.com/gptbot)"
20.171.207.249 - - [10/Jul/2025:09:54:01 -0300] "GET /product/ill62?c=g&l=22648 HTTP/1.1" 404 10425 "-" "Mozilla/5.0 AppleWebKit/537.36 (KHTML, like Gecko; compatible; GPTBot/1.2; +https://openai.com/gptbot)"
20.171.207.224 - - [10/Jul/2025:09:54:01 -0300] "GET /ef61ba/?path=%2F%2Fvar%2Flib%2Fyum%2Fyumdb%2Fp%2F8e2f3db40b4d11de4fff0274bc3444c4da0c95a4-perl-macros-5.16.3-299.el7_9.tuxcare.els1-x86_64 HTTP/1.1" 200 19889 "-" "Mozilla/5.0 AppleWebKit/537.36 (KHTML, like Gecko; compatible; GPTBot/1.2; +https://openai.com/gptbot)"
20.171.207.249 - - [10/Jul/2025:09:54:02 -0300] "GET /product/top285?c=g&l=9253 HTTP/1.1" 404 10425 "-" "Mozilla/5.0 AppleWebKit/537.36 (KHTML, like Gecko; compatible; GPTBot/1.2; +https://openai.com/gptbot)"
20.171.207.224 - - [10/Jul/2025:09:54:02 -0300] "GET /ef61ba/?filesrc=%2F%2Fvar%2Flib%2Fyum%2Fyumdb%2Fp%2Fd624783b3dccbeaad9deb3170207e92d1f4eeaf3-perl-Sys-Syslog-0.33-3.el7-x86_64%2Freleasever&path=%2F%2Fvar%2Flib%2Fyum%2Fyumdb%2Fp%2Fd624783b3dccbeaad9deb3170207e92d1f4eeaf3-perl-Sys-Syslog-0.33-3.el7-x86_64 HTTP/1.1" 200 2203 "-" "Mozilla/5.0 AppleWebKit/537.36 (KHTML, like Gecko; compatible; GPTBot/1.2; +https://openai.com/gptbot)"
136.243.228.177 - - [10/Jul/2025:09:54:03 -0300] "GET /product/people121?c=g&l=27713 HTTP/1.1" 404 10433 "-" "Mozilla/5.0 (compatible; DataForSeoBot/1.0; +https://dataforseo.com/dataforseo-bot)"
20.171.207.249 - - [10/Jul/2025:09:54:03 -0300] "GET /product/mud94?c=g&l=11486 HTTP/1.1" 404 10425 "-" "Mozilla/5.0 AppleWebKit/537.36 (KHTML, like Gecko; compatible; GPTBot/1.2; +https://openai.com/gptbot)"
20.171.207.224 - - [10/Jul/2025:09:54:04 -0300] "GET /ef61ba/?path=%2F%2Fproc%2Fself%2Froot%2Fetc%2Fscl HTTP/1.1" 200 3498 "-" "Mozilla/5.0 AppleWebKit/537.36 (KHTML, like Gecko; compatible; GPTBot/1.2; +https://openai.com/gptbot)"
20.171.207.249 - - [10/Jul/2025:09:54:04 -0300] "GET /product/bit113?c=g&l=4951 HTTP/1.1" 404 10425 "-" "Mozilla/5.0 AppleWebKit/537.36 (KHTML, like Gecko; compatible; GPTBot/1.2; +https://openai.com/gptbot)"
20.171.207.224 - - [10/Jul/2025:09:54:05 -0300] "GET /ef61ba/?path=%2F%2Fproc%2Fself%2Froot%2Fetc%2Fssl HTTP/1.1" 200 3498 "-" "Mozilla/5.0 AppleWebKit/537.36 (KHTML, like Gecko; compatible; GPTBot/1.2; +https://openai.com/gptbot)"
20.171.207.249 - - [10/Jul/2025:09:54:06 -0300] "GET /product/tax99?c=g&l=19325 HTTP/1.1" 404 10425 "-" "Mozilla/5.0 AppleWebKit/537.36 (KHTML, like Gecko; compatible; GPTBot/1.2; +https://openai.com/gptbot)"
20.171.207.224 - - [10/Jul/2025:09:54:06 -0300] "GET /ef61ba/?path=%2F%2Fsys%2Fbus%2Fscsi%2Fdrivers%2Fsd HTTP/1.1" 200 5079 "-" "Mozilla/5.0 AppleWebKit/537.36 (KHTML, like Gecko; compatible; GPTBot/1.2; +https://openai.com/gptbot)"
20.171.207.249 - - [10/Jul/2025:09:54:07 -0300] "GET /product/new43?c=g&l=22499 HTTP/1.1" 404 10425 "-" "Mozilla/5.0 AppleWebKit/537.36 (KHTML, like Gecko; compatible; GPTBot/1.2; +https://openai.com/gptbot)"
20.171.207.224 - - [10/Jul/2025:09:54:07 -0300] "GET /ef61ba/?path=%2F%2Fproc%2Fself%2Froot%2Fetc%2Fsnmp HTTP/1.1" 200 3763 "-" "Mozilla/5.0 AppleWebKit/537.36 (KHTML, like Gecko; compatible; GPTBot/1.2; +https://openai.com/gptbot)"
136.243.228.177 - - [10/Jul/2025:09:54:08 -0300] "GET /product/pursuit38?c=g&l=21638 HTTP/1.1" 404 10433 "-" "Mozilla/5.0 (compatible; DataForSeoBot/1.0; +https://dataforseo.com/dataforseo-bot)"
20.171.207.249 - - [10/Jul/2025:09:54:08 -0300] "GET /product/cap29?c=g&l=33581 HTTP/1.1" 404 10425 "-" "Mozilla/5.0 AppleWebKit/537.36 (KHTML, like Gecko; compatible; GPTBot/1.2; +https://openai.com/gptbot)"
20.171.207.224 - - [10/Jul/2025:09:54:08 -0300] "GET /ef61ba/?path=%2F%2Flib%2Ffirmware%2Fav7110 HTTP/1.1" 200 2869 "-" "Mozilla/5.0 AppleWebKit/537.36 (KHTML, like Gecko; compatible; GPTBot/1.2; +https://openai.com/gptbot)"
20.171.207.249 - - [10/Jul/2025:09:54:09 -0300] "GET /product/air42?c=g&l=46164 HTTP/1.1" 404 10425 "-" "Mozilla/5.0 AppleWebKit/537.36 (KHTML, like Gecko; compatible; GPTBot/1.2; +https://openai.com/gptbot)"
20.171.207.224 - - [10/Jul/2025:09:54:09 -0300] "GET /ef61ba/?path=%2Fhome%2Fdimen328%2Fmail%2Fnew HTTP/1.1" 200 127432 "-" "Mozilla/5.0 AppleWebKit/537.36 (KHTML, like Gecko; compatible; GPTBot/1.2; +https://openai.com/gptbot)"
20.171.207.249 - - [10/Jul/2025:09:54:10 -0300] "GET /product/how221?c=g&l=8611 HTTP/1.1" 404 10425 "-" "Mozilla/5.0 AppleWebKit/537.36 (KHTML, like Gecko; compatible; GPTBot/1.2; +https://openai.com/gptbot)"
20.171.207.224 - - [10/Jul/2025:09:54:10 -0300] "GET /ef61ba/?filesrc=%2F%2Fsbin%2Ftracepath6&path=%2F%2Fsbin HTTP/1.1" 200 1760 "-" "Mozilla/5.0 AppleWebKit/537.36 (KHTML, like Gecko; compatible; GPTBot/1.2; +https://openai.com/gptbot)"
136.243.228.177 - - [10/Jul/2025:09:54:11 -0300] "GET /products/192ld21681 HTTP/1.1" 404 10405 "-" "Mozilla/5.0 (compatible; DataForSeoBot/1.0; +https://dataforseo.com/dataforseo-bot)"
20.171.207.249 - - [10/Jul/2025:09:54:11 -0300] "GET /product/wet17?c=g&l=35701 HTTP/1.1" 404 10425 "-" "Mozilla/5.0 AppleWebKit/537.36 (KHTML, like Gecko; compatible; GPTBot/1.2; +https://openai.com/gptbot)"
20.171.207.224 - - [10/Jul/2025:09:54:12 -0300] "GET /ef61ba/?filesrc=%2F%2Fproc%2Fself%2Froot%2Fetc%2Fssh%2Fssh_host_ed25519_key&path=%2F%2Fproc%2Fself%2Froot%2Fetc%2Fssh HTTP/1.1" 200 1961 "-" "Mozilla/5.0 AppleWebKit/537.36 (KHTML, like Gecko; compatible; GPTBot/1.2; +https://openai.com/gptbot)"
20.171.207.249 - - [10/Jul/2025:09:54:12 -0300] "GET /product/act63?c=g&l=29479 HTTP/1.1" 404 10425 "-" "Mozilla/5.0 AppleWebKit/537.36 (KHTML, like Gecko; compatible; GPTBot/1.2; +https://openai.com/gptbot)"
20.171.207.224 - - [10/Jul/2025:09:54:13 -0300] "GET /ef61ba/?filesrc=%2F%2Fproc%2Fself%2Froot%2Fetc%2Fssh%2Fssh_host_rsa_key.pub&path=%2F%2Fproc%2Fself%2Froot%2Fetc%2Fssh HTTP/1.1" 200 2343 "-" "Mozilla/5.0 AppleWebKit/537.36 (KHTML, like Gecko; compatible; GPTBot/1.2; +https://openai.com/gptbot)"
20.171.207.249 - - [10/Jul/2025:09:54:14 -0300] "GET /product/age28?c=g&l=30988 HTTP/1.1" 404 10425 "-" "Mozilla/5.0 AppleWebKit/537.36 (KHTML, like Gecko; compatible; GPTBot/1.2; +https://openai.com/gptbot)"
20.171.207.224 - - [10/Jul/2025:09:54:14 -0300] "GET /ef61ba/?path=%2F%2Fproc%2Fself%2Froot%2Fsys%2Fmodule%2Fgf128mul HTTP/1.1" 200 10480 "-" "Mozilla/5.0 AppleWebKit/537.36 (KHTML, like Gecko; compatible; GPTBot/1.2; +https://openai.com/gptbot)"
20.171.207.249 - - [10/Jul/2025:09:54:15 -0300] "GET /product/off98?c=g&l=36682 HTTP/1.1" 404 10425 "-" "Mozilla/5.0 AppleWebKit/537.36 (KHTML, like Gecko; compatible; GPTBot/1.2; +https://openai.com/gptbot)"
20.171.207.224 - - [10/Jul/2025:09:54:15 -0300] "GET /ef61ba/?path=%2F%2Fproc%2Fself%2Froot%2Flib%2Ffirmware%2Fqcom%2Fsdm845 HTTP/1.1" 200 10332 "-" "Mozilla/5.0 AppleWebKit/537.36 (KHTML, like Gecko; compatible; GPTBot/1.2; +https://openai.com/gptbot)"
136.243.228.177 - - [10/Jul/2025:09:54:15 -0300] "GET /product/concert228?c=g&l=22954 HTTP/1.1" 404 10435 "-" "Mozilla/5.0 (compatible; DataForSeoBot/1.0; +https://dataforseo.com/dataforseo-bot)"
20.171.207.249 - - [10/Jul/2025:09:54:16 -0300] "GET /product/bit245?c=g&l=7121 HTTP/1.1" 404 10425 "-" "Mozilla/5.0 AppleWebKit/537.36 (KHTML, like Gecko; compatible; GPTBot/1.2; +https://openai.com/gptbot)"
20.171.207.224 - - [10/Jul/2025:09:54:16 -0300] "GET /ef61ba/?path=%2F%2Flib%2Fmodules%2F3.10.0-1160.119.1.el7.tuxcare.els21.x86_64%2Fkernel%2Fnet%2Fipv4 HTTP/1.1" 200 30627 "-" "Mozilla/5.0 AppleWebKit/537.36 (KHTML, like Gecko; compatible; GPTBot/1.2; +https://openai.com/gptbot)"
20.171.207.249 - - [10/Jul/2025:09:54:17 -0300] "GET /product/dog299?c=g&l=4101 HTTP/1.1" 404 10425 "-" "Mozilla/5.0 AppleWebKit/537.36 (KHTML, like Gecko; compatible; GPTBot/1.2; +https://openai.com/gptbot)"
20.171.207.224 - - [10/Jul/2025:09:54:17 -0300] "GET /ef61ba/?path=%2F%2Flib%2Fmodules%2F3.10.0-1160.119.1.el7.tuxcare.els20.x86_64%2Fkernel%2Fnet%2Fipv6 HTTP/1.1" 200 17465 "-" "Mozilla/5.0 AppleWebKit/537.36 (KHTML, like Gecko; compatible; GPTBot/1.2; +https://openai.com/gptbot)"
20.171.207.249 - - [10/Jul/2025:09:54:18 -0300] "GET /product/pet98?c=g&l=41472 HTTP/1.1" 404 10425 "-" "Mozilla/5.0 AppleWebKit/537.36 (KHTML, like Gecko; compatible; GPTBot/1.2; +https://openai.com/gptbot)"
20.171.207.224 - - [10/Jul/2025:09:54:19 -0300] "GET /ef61ba/?path=%2F%2Flib%2Fmodules%2F3.10.0-1160.119.1.el7.tuxcare.els17.x86_64%2Fkernel%2Fnet%2Fipv6 HTTP/1.1" 200 17465 "-" "Mozilla/5.0 AppleWebKit/537.36 (KHTML, like Gecko; compatible; GPTBot/1.2; +https://openai.com/gptbot)"
136.243.228.177 - - [10/Jul/2025:09:54:19 -0300] "GET /product/imagine100?c=g&l=18328 HTTP/1.1" 404 10435 "-" "Mozilla/5.0 (compatible; DataForSeoBot/1.0; +https://dataforseo.com/dataforseo-bot)"
20.171.207.249 - - [10/Jul/2025:09:54:19 -0300] "GET /product/toe26?c=g&l=18108 HTTP/1.1" 404 10425 "-" "Mozilla/5.0 AppleWebKit/537.36 (KHTML, like Gecko; compatible; GPTBot/1.2; +https://openai.com/gptbot)"
20.171.207.224 - - [10/Jul/2025:09:54:20 -0300] "GET /ef61ba/?path=%2F%2Flib%2Fmodules%2F3.10.0-1160.119.1.el7.tuxcare.els20.x86_64%2Fkernel%2Fsound%2Fi2c HTTP/1.1" 200 5165 "-" "Mozilla/5.0 AppleWebKit/537.36 (KHTML, like Gecko; compatible; GPTBot/1.2; +https://openai.com/gptbot)"
20.171.207.249 - - [10/Jul/2025:09:54:21 -0300] "GET /product/bit33?c=g&l=32575 HTTP/1.1" 404 10425 "-" "Mozilla/5.0 AppleWebKit/537.36 (KHTML, like Gecko; compatible; GPTBot/1.2; +https://openai.com/gptbot)"
20.171.207.224 - - [10/Jul/2025:09:54:21 -0300] "GET /ef61ba/?path=%2F%2Flib%2Fmodules%2F3.10.0-1160.119.1.el7.tuxcare.els19.x86_64%2Fkernel%2Ffs%2Fcifs HTTP/1.1" 200 3410 "-" "Mozilla/5.0 AppleWebKit/537.36 (KHTML, like Gecko; compatible; GPTBot/1.2; +https://openai.com/gptbot)"
20.171.207.249 - - [10/Jul/2025:09:54:22 -0300] "GET /product/shy28?c=g&l=22638 HTTP/1.1" 404 10425 "-" "Mozilla/5.0 AppleWebKit/537.36 (KHTML, like Gecko; compatible; GPTBot/1.2; +https://openai.com/gptbot)"
20.171.207.224 - - [10/Jul/2025:09:54:22 -0300] "GET /ef61ba/?path=%2F%2Flib%2Fmodules%2F3.10.0-1160.119.1.el7.tuxcare.els19.x86_64%2Fkernel%2Fnet%2Fipv4 HTTP/1.1" 200 30625 "-" "Mozilla/5.0 AppleWebKit/537.36 (KHTML, like Gecko; compatible; GPTBot/1.2; +https://openai.com/gptbot)"
20.171.207.249 - - [10/Jul/2025:09:54:23 -0300] "GET /product/wet17?c=g&l=35701 HTTP/1.1" 404 10425 "-" "Mozilla/5.0 AppleWebKit/537.36 (KHTML, like Gecko; compatible; GPTBot/1.2; +https://openai.com/gptbot)"
136.243.228.177 - - [10/Jul/2025:09:54:23 -0300] "GET /product/uncle84?c=g&l=10732 HTTP/1.1" 404 10429 "-" "Mozilla/5.0 (compatible; DataForSeoBot/1.0; +https://dataforseo.com/dataforseo-bot)"
20.171.207.224 - - [10/Jul/2025:09:54:23 -0300] "GET /ef61ba/?path=%2F%2Flib%2Fmodules%2F3.10.0-1160.119.1.el7.tuxcare.els19.x86_64%2Fkernel%2Ffs%2Fceph HTTP/1.1" 200 3410 "-" "Mozilla/5.0 AppleWebKit/537.36 (KHTML, like Gecko; compatible; GPTBot/1.2; +https://openai.com/gptbot)"
20.171.207.249 - - [10/Jul/2025:09:54:24 -0300] "GET /product/rid45?c=g&l=34415 HTTP/1.1" 404 10425 "-" "Mozilla/5.0 AppleWebKit/537.36 (KHTML, like Gecko; compatible; GPTBot/1.2; +https://openai.com/gptbot)"
20.171.207.224 - - [10/Jul/2025:09:54:24 -0300] "GET /ef61ba/?filesrc=%2Fhome%2Fdimen328%2Fmail%2Fnew%2F1734896730.M749214P17537.vps-6532726.dimensaogrupo.com.br%2CS%3D2482%2CW%3D2548&path=%2Fhome%2Fdimen328%2Fmail%2Fnew HTTP/1.1" 200 4516 "-" "Mozilla/5.0 AppleWebKit/537.36 (KHTML, like Gecko; compatible; GPTBot/1.2; +https://openai.com/gptbot)"
20.171.207.249 - - [10/Jul/2025:09:54:25 -0300] "GET /product/joy24?c=g&l=16040 HTTP/1.1" 404 10425 "-" "Mozilla/5.0 AppleWebKit/537.36 (KHTML, like Gecko; compatible; GPTBot/1.2; +https://openai.com/gptbot)"
20.171.207.224 - - [10/Jul/2025:09:54:26 -0300] "GET /ef61ba/?filesrc=%2Fhome%2Fdimen328%2Fmail%2Fnew%2F1730012000.M827578P19318.vps-6532726.dimensaogrupo.com.br%2CS%3D2809%2CW%3D2881&path=%2Fhome%2Fdimen328%2Fmail%2Fnew HTTP/1.1" 200 4843 "-" "Mozilla/5.0 AppleWebKit/537.36 (KHTML, like Gecko; compatible; GPTBot/1.2; +https://openai.com/gptbot)"
20.171.207.249 - - [10/Jul/2025:09:54:26 -0300] "GET /product/use225?c=g&l=9269 HTTP/1.1" 404 10425 "-" "Mozilla/5.0 AppleWebKit/537.36 (KHTML, like Gecko; compatible; GPTBot/1.2; +https://openai.com/gptbot)"
20.171.207.224 - - [10/Jul/2025:09:54:27 -0300] "GET /ef61ba/?filesrc=%2Fhome%2Fdimen328%2Fmail%2Fnew%2F1730174000.M827757P23646.vps-6532726.dimensaogrupo.com.br%2CS%3D2814%2CW%3D2886&path=%2Fhome%2Fdimen328%2Fmail%2Fnew HTTP/1.1" 200 4848 "-" "Mozilla/5.0 AppleWebKit/537.36 (KHTML, like Gecko; compatible; GPTBot/1.2; +https://openai.com/gptbot)"
136.243.228.177 - - [10/Jul/2025:09:54:27 -0300] "GET /products/104ef20415 HTTP/1.1" 404 10405 "-" "Mozilla/5.0 (compatible; DataForSeoBot/1.0; +https://dataforseo.com/dataforseo-bot)"
20.171.207.249 - - [10/Jul/2025:09:54:28 -0300] "GET /product/off98?c=g&l=36682 HTTP/1.1" 404 10425 "-" "Mozilla/5.0 AppleWebKit/537.36 (KHTML, like Gecko; compatible; GPTBot/1.2; +https://openai.com/gptbot)"
20.171.207.224 - - [10/Jul/2025:09:54:28 -0300] "GET /ef61ba/?filesrc=%2Fhome%2Fdimen328%2Fmail%2Fnew%2F1730228000.M998215P11695.vps-6532726.dimensaogrupo.com.br%2CS%3D2479%2CW%3D2545&path=%2Fhome%2Fdimen328%2Fmail%2Fnew HTTP/1.1" 200 4513 "-" "Mozilla/5.0 AppleWebKit/537.36 (KHTML, like Gecko; compatible; GPTBot/1.2; +https://openai.com/gptbot)"
20.171.207.249 - - [10/Jul/2025:09:54:29 -0300] "GET /product/bed65?c=g&l=44677 HTTP/1.1" 404 10425 "-" "Mozilla/5.0 AppleWebKit/537.36 (KHTML, like Gecko; compatible; GPTBot/1.2; +https://openai.com/gptbot)"
20.171.207.224 - - [10/Jul/2025:09:54:29 -0300] "GET /ef61ba/?filesrc=%2Fhome%2Fdimen328%2Fmail%2Fnew%2F1730228007.M955508P11695.vps-6532726.dimensaogrupo.com.br%2CS%3D2504%2CW%3D2570&path=%2Fhome%2Fdimen328%2Fmail%2Fnew HTTP/1.1" 200 4538 "-" "Mozilla/5.0 AppleWebKit/537.36 (KHTML, like Gecko; compatible; GPTBot/1.2; +https://openai.com/gptbot)"
20.171.207.249 - - [10/Jul/2025:09:54:30 -0300] "GET /product/etc57?c=g&l=27827 HTTP/1.1" 404 10425 "-" "Mozilla/5.0 AppleWebKit/537.36 (KHTML, like Gecko; compatible; GPTBot/1.2; +https://openai.com/gptbot)"
20.171.207.224 - - [10/Jul/2025:09:54:30 -0300] "GET /ef61ba/?filesrc=%2Fhome%2Fdimen328%2Fmail%2Fnew%2F1730228000.M825965P11695.vps-6532726.dimensaogrupo.com.br%2CS%3D2416%2CW%3D2482&path=%2Fhome%2Fdimen328%2Fmail%2Fnew HTTP/1.1" 200 4450 "-" "Mozilla/5.0 AppleWebKit/537.36 (KHTML, like Gecko; compatible; GPTBot/1.2; +https://openai.com/gptbot)"
20.171.207.249 - - [10/Jul/2025:09:54:31 -0300] "GET /product/put90?c=g&l=26378 HTTP/1.1" 404 10425 "-" "Mozilla/5.0 AppleWebKit/537.36 (KHTML, like Gecko; compatible; GPTBot/1.2; +https://openai.com/gptbot)"
20.171.207.224 - - [10/Jul/2025:09:54:31 -0300] "GET /ef61ba/?filesrc=%2Fhome%2Fdimen328%2Fmail%2Fnew%2F1730228004.M446498P11695.vps-6532726.dimensaogrupo.com.br%2CS%3D2489%2CW%3D2555&path=%2Fhome%2Fdimen328%2Fmail%2Fnew HTTP/1.1" 200 4523 "-" "Mozilla/5.0 AppleWebKit/537.36 (KHTML, like Gecko; compatible; GPTBot/1.2; +https://openai.com/gptbot)"
136.243.228.177 - - [10/Jul/2025:09:54:31 -0300] "GET /products/262nu1369 HTTP/1.1" 404 10403 "-" "Mozilla/5.0 (compatible; DataForSeoBot/1.0; +https://dataforseo.com/dataforseo-bot)"
20.171.207.249 - - [10/Jul/2025:09:54:32 -0300] "GET /product/fat32?c=g&l=26266 HTTP/1.1" 404 10425 "-" "Mozilla/5.0 AppleWebKit/537.36 (KHTML, like Gecko; compatible; GPTBot/1.2; +https://openai.com/gptbot)"
20.171.207.224 - - [10/Jul/2025:09:54:32 -0300] "GET /ef61ba/?filesrc=%2Fhome%2Fdimen328%2Fmail%2Fnew%2F1730044400.M838666P27039.vps-6532726.dimensaogrupo.com.br%2CS%3D2814%2CW%3D2886&path=%2Fhome%2Fdimen328%2Fmail%2Fnew HTTP/1.1" 200 4848 "-" "Mozilla/5.0 AppleWebKit/537.36 (KHTML, like Gecko; compatible; GPTBot/1.2; +https://openai.com/gptbot)"
20.171.207.249 - - [10/Jul/2025:09:54:33 -0300] "GET /product/tax52?c=g&l=34664 HTTP/1.1" 404 10425 "-" "Mozilla/5.0 AppleWebKit/537.36 (KHTML, like Gecko; compatible; GPTBot/1.2; +https://openai.com/gptbot)"
20.171.207.224 - - [10/Jul/2025:09:54:34 -0300] "GET /ef61ba/?filesrc=%2Fhome%2Fdimen328%2Fmail%2Fnew%2F1730228008.M442355P11695.vps-6532726.dimensaogrupo.com.br%2CS%3D2489%2CW%3D2555&path=%2Fhome%2Fdimen328%2Fmail%2Fnew HTTP/1.1" 200 4523 "-" "Mozilla/5.0 AppleWebKit/537.36 (KHTML, like Gecko; compatible; GPTBot/1.2; +https://openai.com/gptbot)"
20.171.207.249 - - [10/Jul/2025:09:54:35 -0300] "GET /product/lab13?c=g&l=44537 HTTP/1.1" 404 10425 "-" "Mozilla/5.0 AppleWebKit/537.36 (KHTML, like Gecko; compatible; GPTBot/1.2; +https://openai.com/gptbot)"
20.171.207.224 - - [10/Jul/2025:09:54:35 -0300] "GET /ef61ba/?filesrc=%2Fhome%2Fdimen328%2Fmail%2Fnew%2F1734896744.M309333P17537.vps-6532726.dimensaogrupo.com.br%2CS%3D2482%2CW%3D2548&path=%2Fhome%2Fdimen328%2Fmail%2Fnew HTTP/1.1" 200 4516 "-" "Mozilla/5.0 AppleWebKit/537.36 (KHTML, like Gecko; compatible; GPTBot/1.2; +https://openai.com/gptbot)"
136.243.228.177 - - [10/Jul/2025:09:54:35 -0300] "GET /product/speculation243?c=g&l=34375 HTTP/1.1" 404 10443 "-" "Mozilla/5.0 (compatible; DataForSeoBot/1.0; +https://dataforseo.com/dataforseo-bot)"
20.171.207.249 - - [10/Jul/2025:09:54:36 -0300] "GET /product/shy28?c=g&l=22638 HTTP/1.1" 404 10425 "-" "Mozilla/5.0 AppleWebKit/537.36 (KHTML, like Gecko; compatible; GPTBot/1.2; +https://openai.com/gptbot)"
20.171.207.224 - - [10/Jul/2025:09:54:36 -0300] "GET /ef61ba/?filesrc=%2Fhome%2Fdimen328%2Fmail%2Fnew%2F1734777767.M157538P29830.vps-6532726.dimensaogrupo.com.br%2CS%3D2814%2CW%3D2886&path=%2Fhome%2Fdimen328%2Fmail%2Fnew HTTP/1.1" 200 4848 "-" "Mozilla/5.0 AppleWebKit/537.36 (KHTML, like Gecko; compatible; GPTBot/1.2; +https://openai.com/gptbot)"
20.171.207.249 - - [10/Jul/2025:09:54:37 -0300] "GET /product/fog160?c=g&l=6778 HTTP/1.1" 404 10425 "-" "Mozilla/5.0 AppleWebKit/537.36 (KHTML, like Gecko; compatible; GPTBot/1.2; +https://openai.com/gptbot)"
20.171.207.224 - - [10/Jul/2025:09:54:37 -0300] "GET /ef61ba/?filesrc=%2Fhome%2Fdimen328%2Fmail%2Fnew%2F1734896729.M533972P17537.vps-6532726.dimensaogrupo.com.br%2CS%3D2489%2CW%3D2555&path=%2Fhome%2Fdimen328%2Fmail%2Fnew HTTP/1.1" 200 4523 "-" "Mozilla/5.0 AppleWebKit/537.36 (KHTML, like Gecko; compatible; GPTBot/1.2; +https://openai.com/gptbot)"
20.171.207.249 - - [10/Jul/2025:09:54:38 -0300] "GET /product/add213?c=g&l=3919 HTTP/1.1" 404 10425 "-" "Mozilla/5.0 AppleWebKit/537.36 (KHTML, like Gecko; compatible; GPTBot/1.2; +https://openai.com/gptbot)"
20.171.207.224 - - [10/Jul/2025:09:54:38 -0300] "GET /ef61ba/?filesrc=%2Fhome%2Fdimen328%2Fmail%2Fnew%2F1730174000.M827757P23646.vps-6532726.dimensaogrupo.com.br%2CS%3D2814%2CW%3D2886&path=%2Fhome%2Fdimen328%2Fmail%2Fnew HTTP/1.1" 200 4848 "-" "Mozilla/5.0 AppleWebKit/537.36 (KHTML, like Gecko; compatible; GPTBot/1.2; +https://openai.com/gptbot)"
20.171.207.249 - - [10/Jul/2025:09:54:39 -0300] "GET /product/ill82?c=g&l=36434 HTTP/1.1" 404 10425 "-" "Mozilla/5.0 AppleWebKit/537.36 (KHTML, like Gecko; compatible; GPTBot/1.2; +https://openai.com/gptbot)"
136.243.228.177 - - [10/Jul/2025:09:54:39 -0300] "GET /product/new58?c=g&l=18688 HTTP/1.1" 404 10425 "-" "Mozilla/5.0 (compatible; DataForSeoBot/1.0; +https://dataforseo.com/dataforseo-bot)"
20.171.207.224 - - [10/Jul/2025:09:54:39 -0300] "GET /ef61ba/?filesrc=%2Fhome%2Fdimen328%2Fmail%2Fnew%2F1734896729.M854298P17537.vps-6532726.dimensaogrupo.com.br%2CS%3D2489%2CW%3D2555&path=%2Fhome%2Fdimen328%2Fmail%2Fnew HTTP/1.1" 200 4523 "-" "Mozilla/5.0 AppleWebKit/537.36 (KHTML, like Gecko; compatible; GPTBot/1.2; +https://openai.com/gptbot)"
20.171.207.249 - - [10/Jul/2025:09:54:40 -0300] "GET /product/cab22?c=g&l=27534 HTTP/1.1" 404 10425 "-" "Mozilla/5.0 AppleWebKit/537.36 (KHTML, like Gecko; compatible; GPTBot/1.2; +https://openai.com/gptbot)"
20.171.207.224 - - [10/Jul/2025:09:54:41 -0300] "GET /ef61ba/?filesrc=%2Fhome%2Fdimen328%2Fmail%2Fnew%2F1734896730.M176879P17537.vps-6532726.dimensaogrupo.com.br%2CS%3D2489%2CW%3D2555&path=%2Fhome%2Fdimen328%2Fmail%2Fnew HTTP/1.1" 200 4523 "-" "Mozilla/5.0 AppleWebKit/537.36 (KHTML, like Gecko; compatible; GPTBot/1.2; +https://openai.com/gptbot)"
20.171.207.249 - - [10/Jul/2025:09:54:42 -0300] "GET /product/sad52?c=g&l=36658 HTTP/1.1" 404 10425 "-" "Mozilla/5.0 AppleWebKit/537.36 (KHTML, like Gecko; compatible; GPTBot/1.2; +https://openai.com/gptbot)"
20.171.207.224 - - [10/Jul/2025:09:54:42 -0300] "GET /ef61ba/?filesrc=%2Fhome%2Fdimen328%2Fmail%2Fnew%2F1734896729.M382298P17537.vps-6532726.dimensaogrupo.com.br%2CS%3D2477%2CW%3D2543&path=%2Fhome%2Fdimen328%2Fmail%2Fnew HTTP/1.1" 200 4511 "-" "Mozilla/5.0 AppleWebKit/537.36 (KHTML, like Gecko; compatible; GPTBot/1.2; +https://openai.com/gptbot)"
20.171.207.249 - - [10/Jul/2025:09:54:43 -0300] "GET /product/ego21?c=g&l=39209 HTTP/1.1" 404 10425 "-" "Mozilla/5.0 AppleWebKit/537.36 (KHTML, like Gecko; compatible; GPTBot/1.2; +https://openai.com/gptbot)"
136.243.228.177 - - [10/Jul/2025:09:54:43 -0300] "GET /product/movement138?c=g&l=34420 HTTP/1.1" 404 10437 "-" "Mozilla/5.0 (compatible; DataForSeoBot/1.0; +https://dataforseo.com/dataforseo-bot)"
20.171.207.224 - - [10/Jul/2025:09:54:43 -0300] "GET /ef61ba/?filesrc=%2Fhome%2Fdimen328%2Fmail%2Fnew%2F1730228002.M922620P11695.vps-6532726.dimensaogrupo.com.br%2CS%3D2482%2CW%3D2548&path=%2Fhome%2Fdimen328%2Fmail%2Fnew HTTP/1.1" 200 4516 "-" "Mozilla/5.0 AppleWebKit/537.36 (KHTML, like Gecko; compatible; GPTBot/1.2; +https://openai.com/gptbot)"
20.171.207.249 - - [10/Jul/2025:09:54:44 -0300] "GET /product/pit48?c=g&l=43366 HTTP/1.1" 404 10425 "-" "Mozilla/5.0 AppleWebKit/537.36 (KHTML, like Gecko; compatible; GPTBot/1.2; +https://openai.com/gptbot)"
20.171.207.224 - - [10/Jul/2025:09:54:44 -0300] "GET /ef61ba/?filesrc=%2Fhome%2Fdimen328%2Fmail%2Fnew%2F1734896872.M632933P17942.vps-6532726.dimensaogrupo.com.br%2CS%3D2485%2CW%3D2551&path=%2Fhome%2Fdimen328%2Fmail%2Fnew HTTP/1.1" 200 4519 "-" "Mozilla/5.0 AppleWebKit/537.36 (KHTML, like Gecko; compatible; GPTBot/1.2; +https://openai.com/gptbot)"
20.171.207.249 - - [10/Jul/2025:09:54:45 -0300] "GET /product/cup260?c=g&l=3734 HTTP/1.1" 404 10425 "-" "Mozilla/5.0 AppleWebKit/537.36 (KHTML, like Gecko; compatible; GPTBot/1.2; +https://openai.com/gptbot)"
20.171.207.224 - - [10/Jul/2025:09:54:45 -0300] "GET /ef61ba/?filesrc=%2Fhome%2Fdimen328%2Fmail%2Fnew%2F1730228002.M238130P11695.vps-6532726.dimensaogrupo.com.br%2CS%3D2485%2CW%3D2551&path=%2Fhome%2Fdimen328%2Fmail%2Fnew HTTP/1.1" 200 4519 "-" "Mozilla/5.0 AppleWebKit/537.36 (KHTML, like Gecko; compatible; GPTBot/1.2; +https://openai.com/gptbot)"
20.171.207.249 - - [10/Jul/2025:09:54:46 -0300] "GET /product/far242?c=g&l=8124 HTTP/1.1" 404 10425 "-" "Mozilla/5.0 AppleWebKit/537.36 (KHTML, like Gecko; compatible; GPTBot/1.2; +https://openai.com/gptbot)"
20.171.207.224 - - [10/Jul/2025:09:54:46 -0300] "GET /ef61ba/?filesrc=%2Fhome%2Fdimen328%2Fmail%2Fnew%2F1734651636.M834581P31951.vps-6532726.dimensaogrupo.com.br%2CS%3D2814%2CW%3D2886&path=%2Fhome%2Fdimen328%2Fmail%2Fnew HTTP/1.1" 200 4848 "-" "Mozilla/5.0 AppleWebKit/537.36 (KHTML, like Gecko; compatible; GPTBot/1.2; +https://openai.com/gptbot)"
20.171.207.249 - - [10/Jul/2025:09:54:47 -0300] "GET /product/leg144?c=g&l=7522 HTTP/1.1" 404 10425 "-" "Mozilla/5.0 AppleWebKit/537.36 (KHTML, like Gecko; compatible; GPTBot/1.2; +https://openai.com/gptbot)"
136.243.228.177 - - [10/Jul/2025:09:54:48 -0300] "GET /products/97uz25508 HTTP/1.1" 404 10403 "-" "Mozilla/5.0 (compatible; DataForSeoBot/1.0; +https://dataforseo.com/dataforseo-bot)"
20.171.207.224 - - [10/Jul/2025:09:54:48 -0300] "GET /ef61ba/?filesrc=%2Fhome%2Fdimen328%2Fmail%2Fnew%2F1734896728.M345826P17537.vps-6532726.dimensaogrupo.com.br%2CS%3D2476%2CW%3D2542&path=%2Fhome%2Fdimen328%2Fmail%2Fnew HTTP/1.1" 200 4510 "-" "Mozilla/5.0 AppleWebKit/537.36 (KHTML, like Gecko; compatible; GPTBot/1.2; +https://openai.com/gptbot)"
20.171.207.249 - - [10/Jul/2025:09:54:49 -0300] "GET /product/dam168?c=g&l=3166 HTTP/1.1" 404 10425 "-" "Mozilla/5.0 AppleWebKit/537.36 (KHTML, like Gecko; compatible; GPTBot/1.2; +https://openai.com/gptbot)"
20.171.207.224 - - [10/Jul/2025:09:54:49 -0300] "GET /ef61ba/?filesrc=%2Fhome%2Fdimen328%2Fmail%2Fnew%2F1734716438.M236455P3583.vps-6532726.dimensaogrupo.com.br%2CS%3D2814%2CW%3D2886&path=%2Fhome%2Fdimen328%2Fmail%2Fnew HTTP/1.1" 200 4847 "-" "Mozilla/5.0 AppleWebKit/537.36 (KHTML, like Gecko; compatible; GPTBot/1.2; +https://openai.com/gptbot)"
20.171.207.249 - - [10/Jul/2025:09:54:50 -0300] "GET /product/hat44?c=g&l=24592 HTTP/1.1" 404 10425 "-" "Mozilla/5.0 AppleWebKit/537.36 (KHTML, like Gecko; compatible; GPTBot/1.2; +https://openai.com/gptbot)"
20.171.207.224 - - [10/Jul/2025:09:54:50 -0300] "GET /ef61ba/?filesrc=%2Fhome%2Fdimen328%2Fmail%2Fnew%2F1734896731.M65292P17537.vps-6532726.dimensaogrupo.com.br%2CS%3D2473%2CW%3D2539&path=%2Fhome%2Fdimen328%2Fmail%2Fnew HTTP/1.1" 200 4506 "-" "Mozilla/5.0 AppleWebKit/537.36 (KHTML, like Gecko; compatible; GPTBot/1.2; +https://openai.com/gptbot)"
20.171.207.249 - - [10/Jul/2025:09:54:51 -0300] "GET /product/net75?c=g&l=49665 HTTP/1.1" 404 10425 "-" "Mozilla/5.0 AppleWebKit/537.36 (KHTML, like Gecko; compatible; GPTBot/1.2; +https://openai.com/gptbot)"
136.243.228.177 - - [10/Jul/2025:09:54:51 -0300] "GET /products/83px27448 HTTP/1.1" 404 10403 "-" "Mozilla/5.0 (compatible; DataForSeoBot/1.0; +https://dataforseo.com/dataforseo-bot)"
20.171.207.224 - - [10/Jul/2025:09:54:51 -0300] "GET /ef61ba/?filesrc=%2Fhome%2Fdimen328%2Fmail%2Fnew%2F1734896728.M823177P17537.vps-6532726.dimensaogrupo.com.br%2CS%3D2487%2CW%3D2553&path=%2Fhome%2Fdimen328%2Fmail%2Fnew HTTP/1.1" 200 4521 "-" "Mozilla/5.0 AppleWebKit/537.36 (KHTML, like Gecko; compatible; GPTBot/1.2; +https://openai.com/gptbot)"
20.171.207.249 - - [10/Jul/2025:09:54:52 -0300] "GET /product/die82?c=g&l=28560 HTTP/1.1" 404 10425 "-" "Mozilla/5.0 AppleWebKit/537.36 (KHTML, like Gecko; compatible; GPTBot/1.2; +https://openai.com/gptbot)"
20.171.207.224 - - [10/Jul/2025:09:54:52 -0300] "GET /ef61ba/?filesrc=%2Fhome%2Fdimen328%2Fmail%2Fnew%2F1730228002.M411332P11695.vps-6532726.dimensaogrupo.com.br%2CS%3D2476%2CW%3D2542&path=%2Fhome%2Fdimen328%2Fmail%2Fnew HTTP/1.1" 200 4510 "-" "Mozilla/5.0 AppleWebKit/537.36 (KHTML, like Gecko; compatible; GPTBot/1.2; +https://openai.com/gptbot)"
20.171.207.249 - - [10/Jul/2025:09:54:53 -0300] "GET /product/gut174?c=g&l=4678 HTTP/1.1" 404 10425 "-" "Mozilla/5.0 AppleWebKit/537.36 (KHTML, like Gecko; compatible; GPTBot/1.2; +https://openai.com/gptbot)"
20.171.207.224 - - [10/Jul/2025:09:54:53 -0300] "GET /ef61ba/?filesrc=%2Fhome%2Fdimen328%2Fmail%2Fnew%2F1740506827.M234095P6450.vps-6532726.dimensaogrupo.com.br%2CS%3D484448%2CW%3D491074&path=%2Fhome%2Fdimen328%2Fmail%2Fnew HTTP/1.1" 200 491831 "-" "Mozilla/5.0 AppleWebKit/537.36 (KHTML, like Gecko; compatible; GPTBot/1.2; +https://openai.com/gptbot)"
20.171.207.249 - - [10/Jul/2025:09:54:54 -0300] "GET /product/buy86?c=g&l=16334 HTTP/1.1" 404 10425 "-" "Mozilla/5.0 AppleWebKit/537.36 (KHTML, like Gecko; compatible; GPTBot/1.2; +https://openai.com/gptbot)"
20.171.207.224 - - [10/Jul/2025:09:54:55 -0300] "GET /ef61ba/?filesrc=%2Fhome%2Fdimen328%2Fmail%2Fnew%2F1730228001.M517974P11695.vps-6532726.dimensaogrupo.com.br%2CS%3D2487%2CW%3D2553&path=%2Fhome%2Fdimen328%2Fmail%2Fnew HTTP/1.1" 200 4521 "-" "Mozilla/5.0 AppleWebKit/537.36 (KHTML, like Gecko; compatible; GPTBot/1.2; +https://openai.com/gptbot)"
136.243.228.177 - - [10/Jul/2025:09:54:55 -0300] "GET /products/176sh44143 HTTP/1.1" 404 10405 "-" "Mozilla/5.0 (compatible; DataForSeoBot/1.0; +https://dataforseo.com/dataforseo-bot)"
20.171.207.249 - - [10/Jul/2025:09:54:56 -0300] "GET /product/era96?c=g&l=22070 HTTP/1.1" 404 10425 "-" "Mozilla/5.0 AppleWebKit/537.36 (KHTML, like Gecko; compatible; GPTBot/1.2; +https://openai.com/gptbot)"
20.171.207.224 - - [10/Jul/2025:09:54:56 -0300] "GET /ef61ba/?filesrc=%2Fhome%2Fdimen328%2Fmail%2Fnew%2F1730228002.M573560P11695.vps-6532726.dimensaogrupo.com.br%2CS%3D2478%2CW%3D2544&path=%2Fhome%2Fdimen328%2Fmail%2Fnew HTTP/1.1" 200 4512 "-" "Mozilla/5.0 AppleWebKit/537.36 (KHTML, like Gecko; compatible; GPTBot/1.2; +https://openai.com/gptbot)"
20.171.207.249 - - [10/Jul/2025:09:54:57 -0300] "GET /product/eye277?c=g&l=9467 HTTP/1.1" 404 10425 "-" "Mozilla/5.0 AppleWebKit/537.36 (KHTML, like Gecko; compatible; GPTBot/1.2; +https://openai.com/gptbot)"
20.171.207.224 - - [10/Jul/2025:09:54:57 -0300] "GET /ef61ba/?filesrc=%2Fhome%2Fdimen328%2Fmail%2Fnew%2F1730228003.M243708P11695.vps-6532726.dimensaogrupo.com.br%2CS%3D2504%2CW%3D2570&path=%2Fhome%2Fdimen328%2Fmail%2Fnew HTTP/1.1" 200 4538 "-" "Mozilla/5.0 AppleWebKit/537.36 (KHTML, like Gecko; compatible; GPTBot/1.2; +https://openai.com/gptbot)"
20.171.207.249 - - [10/Jul/2025:09:54:58 -0300] "GET /product/act69?c=g&l=25745 HTTP/1.1" 404 10425 "-" "Mozilla/5.0 AppleWebKit/537.36 (KHTML, like Gecko; compatible; GPTBot/1.2; +https://openai.com/gptbot)"
20.171.207.224 - - [10/Jul/2025:09:54:58 -0300] "GET /ef61ba/?filesrc=%2Fhome%2Fdimen328%2Fmail%2Fnew%2F1730228003.M399056P11695.vps-6532726.dimensaogrupo.com.br%2CS%3D2480%2CW%3D2546&path=%2Fhome%2Fdimen328%2Fmail%2Fnew HTTP/1.1" 200 4514 "-" "Mozilla/5.0 AppleWebKit/537.36 (KHTML, like Gecko; compatible; GPTBot/1.2; +https://openai.com/gptbot)"
20.171.207.249 - - [10/Jul/2025:09:54:59 -0300] "GET /product/hug12?c=g&l=36862 HTTP/1.1" 404 10425 "-" "Mozilla/5.0 AppleWebKit/537.36 (KHTML, like Gecko; compatible; GPTBot/1.2; +https://openai.com/gptbot)"
136.243.228.177 - - [10/Jul/2025:09:54:59 -0300] "GET /products/172xe10773 HTTP/1.1" 404 10405 "-" "Mozilla/5.0 (compatible; DataForSeoBot/1.0; +https://dataforseo.com/dataforseo-bot)"
20.171.207.224 - - [10/Jul/2025:09:54:59 -0300] "GET /ef61ba/?filesrc=%2Fhome%2Fdimen328%2Fmail%2Fnew%2F1730228007.M661626P11695.vps-6532726.dimensaogrupo.com.br%2CS%3D2482%2CW%3D2548&path=%2Fhome%2Fdimen328%2Fmail%2Fnew HTTP/1.1" 200 4516 "-" "Mozilla/5.0 AppleWebKit/537.36 (KHTML, like Gecko; compatible; GPTBot/1.2; +https://openai.com/gptbot)"
20.171.207.249 - - [10/Jul/2025:09:55:00 -0300] "GET /product/low115?c=g&l=6881 HTTP/1.1" 404 10425 "-" "Mozilla/5.0 AppleWebKit/537.36 (KHTML, like Gecko; compatible; GPTBot/1.2; +https://openai.com/gptbot)"
20.171.207.224 - - [10/Jul/2025:09:55:00 -0300] "GET /ef61ba/?filesrc=%2Fhome%2Fdimen328%2Fmail%2Fnew%2F1730228008.M112428P11695.vps-6532726.dimensaogrupo.com.br%2CS%3D2478%2CW%3D2544&path=%2Fhome%2Fdimen328%2Fmail%2Fnew HTTP/1.1" 200 4512 "-" "Mozilla/5.0 AppleWebKit/537.36 (KHTML, like Gecko; compatible; GPTBot/1.2; +https://openai.com/gptbot)"
20.171.207.249 - - [10/Jul/2025:09:55:01 -0300] "GET /product/new81?c=g&l=11979 HTTP/1.1" 404 10425 "-" "Mozilla/5.0 AppleWebKit/537.36 (KHTML, like Gecko; compatible; GPTBot/1.2; +https://openai.com/gptbot)"
20.171.207.224 - - [10/Jul/2025:09:55:01 -0300] "GET /ef61ba/?filesrc=%2Fhome%2Fdimen328%2Fmail%2Fnew%2F1734896730.M595406P17537.vps-6532726.dimensaogrupo.com.br%2CS%3D2485%2CW%3D2551&path=%2Fhome%2Fdimen328%2Fmail%2Fnew HTTP/1.1" 200 4519 "-" "Mozilla/5.0 AppleWebKit/537.36 (KHTML, like Gecko; compatible; GPTBot/1.2; +https://openai.com/gptbot)"
20.171.207.249 - - [10/Jul/2025:09:55:02 -0300] "GET /product/law71?c=g&l=26517 HTTP/1.1" 404 10425 "-" "Mozilla/5.0 AppleWebKit/537.36 (KHTML, like Gecko; compatible; GPTBot/1.2; +https://openai.com/gptbot)"
20.171.207.224 - - [10/Jul/2025:09:55:03 -0300] "GET /ef61ba/?filesrc=%2Fhome%2Fdimen328%2Fmail%2Fnew%2F1730228001.M166722P11695.vps-6532726.dimensaogrupo.com.br%2CS%3D2481%2CW%3D2547&path=%2Fhome%2Fdimen328%2Fmail%2Fnew HTTP/1.1" 200 4515 "-" "Mozilla/5.0 AppleWebKit/537.36 (KHTML, like Gecko; compatible; GPTBot/1.2; +https://openai.com/gptbot)"
136.243.228.177 - - [10/Jul/2025:09:55:03 -0300] "GET /products/151ie15220 HTTP/1.1" 404 10405 "-" "Mozilla/5.0 (compatible; DataForSeoBot/1.0; +https://dataforseo.com/dataforseo-bot)"
20.171.207.249 - - [10/Jul/2025:09:55:04 -0300] "GET /product/sun282?c=g&l=9712 HTTP/1.1" 404 10425 "-" "Mozilla/5.0 AppleWebKit/537.36 (KHTML, like Gecko; compatible; GPTBot/1.2; +https://openai.com/gptbot)"
20.171.207.224 - - [10/Jul/2025:09:55:04 -0300] "GET /ef61ba/?filesrc=%2Fhome%2Fdimen328%2Fmail%2Fnew%2F1730076800.M853811P32648.vps-6532726.dimensaogrupo.com.br%2CS%3D2809%2CW%3D2881&path=%2Fhome%2Fdimen328%2Fmail%2Fnew HTTP/1.1" 200 4843 "-" "Mozilla/5.0 AppleWebKit/537.36 (KHTML, like Gecko; compatible; GPTBot/1.2; +https://openai.com/gptbot)"
20.171.207.249 - - [10/Jul/2025:09:55:05 -0300] "GET /product/pig97?c=g&l=29791 HTTP/1.1" 404 10425 "-" "Mozilla/5.0 AppleWebKit/537.36 (KHTML, like Gecko; compatible; GPTBot/1.2; +https://openai.com/gptbot)"
20.171.207.224 - - [10/Jul/2025:09:55:05 -0300] "GET /ef61ba/?filesrc=%2Fhome%2Fdimen328%2Fmail%2Fnew%2F1734896743.M880077P17537.vps-6532726.dimensaogrupo.com.br%2CS%3D2484%2CW%3D2550&path=%2Fhome%2Fdimen328%2Fmail%2Fnew HTTP/1.1" 200 4518 "-" "Mozilla/5.0 AppleWebKit/537.36 (KHTML, like Gecko; compatible; GPTBot/1.2; +https://openai.com/gptbot)"
20.171.207.249 - - [10/Jul/2025:09:55:06 -0300] "GET /product/lot87?c=g&l=25185 HTTP/1.1" 404 10425 "-" "Mozilla/5.0 AppleWebKit/537.36 (KHTML, like Gecko; compatible; GPTBot/1.2; +https://openai.com/gptbot)"
20.171.207.224 - - [10/Jul/2025:09:55:06 -0300] "GET /ef61ba/?filesrc=%2Fhome%2Fdimen328%2Fmail%2Fnew%2F1730228006.M86351P11695.vps-6532726.dimensaogrupo.com.br%2CS%3D2478%2CW%3D2544&path=%2Fhome%2Fdimen328%2Fmail%2Fnew HTTP/1.1" 200 4511 "-" "Mozilla/5.0 AppleWebKit/537.36 (KHTML, like Gecko; compatible; GPTBot/1.2; +https://openai.com/gptbot)"
20.171.207.249 - - [10/Jul/2025:09:55:07 -0300] "GET /product/rib284?c=g&l=1258 HTTP/1.1" 404 10425 "-" "Mozilla/5.0 AppleWebKit/537.36 (KHTML, like Gecko; compatible; GPTBot/1.2; +https://openai.com/gptbot)"
136.243.228.177 - - [10/Jul/2025:09:55:07 -0300] "GET /product/differ128?c=g&l=41466 HTTP/1.1" 404 10433 "-" "Mozilla/5.0 (compatible; DataForSeoBot/1.0; +https://dataforseo.com/dataforseo-bot)"
20.171.207.224 - - [10/Jul/2025:09:55:07 -0300] "GET /ef61ba/?filesrc=%2Fhome%2Fdimen328%2Fmail%2Fnew%2F1734896728.M985192P17537.vps-6532726.dimensaogrupo.com.br%2CS%3D2487%2CW%3D2553&path=%2Fhome%2Fdimen328%2Fmail%2Fnew HTTP/1.1" 200 4521 "-" "Mozilla/5.0 AppleWebKit/537.36 (KHTML, like Gecko; compatible; GPTBot/1.2; +https://openai.com/gptbot)"
20.171.207.249 - - [10/Jul/2025:09:55:08 -0300] "GET /product/add106?c=g&l=2208 HTTP/1.1" 404 10425 "-" "Mozilla/5.0 AppleWebKit/537.36 (KHTML, like Gecko; compatible; GPTBot/1.2; +https://openai.com/gptbot)"
20.171.207.224 - - [10/Jul/2025:09:55:08 -0300] "GET /ef61ba/?filesrc=%2Fhome%2Fdimen328%2Fmail%2Fnew%2F1730228003.M567102P11695.vps-6532726.dimensaogrupo.com.br%2CS%3D2481%2CW%3D2547&path=%2Fhome%2Fdimen328%2Fmail%2Fnew HTTP/1.1" 200 4515 "-" "Mozilla/5.0 AppleWebKit/537.36 (KHTML, like Gecko; compatible; GPTBot/1.2; +https://openai.com/gptbot)"
20.171.207.249 - - [10/Jul/2025:09:55:09 -0300] "GET /product/etc72?c=g&l=30522 HTTP/1.1" 404 10425 "-" "Mozilla/5.0 AppleWebKit/537.36 (KHTML, like Gecko; compatible; GPTBot/1.2; +https://openai.com/gptbot)"
20.171.207.224 - - [10/Jul/2025:09:55:10 -0300] "GET /ef61ba/?filesrc=%2Fhome%2Fdimen328%2Fmail%2Fnew%2F1730228005.M903581P11695.vps-6532726.dimensaogrupo.com.br%2CS%3D2486%2CW%3D2552&path=%2Fhome%2Fdimen328%2Fmail%2Fnew HTTP/1.1" 200 4520 "-" "Mozilla/5.0 AppleWebKit/537.36 (KHTML, like Gecko; compatible; GPTBot/1.2; +https://openai.com/gptbot)"
20.171.207.249 - - [10/Jul/2025:09:55:10 -0300] "GET /product/out12?c=g&l=18746 HTTP/1.1" 404 10425 "-" "Mozilla/5.0 AppleWebKit/537.36 (KHTML, like Gecko; compatible; GPTBot/1.2; +https://openai.com/gptbot)"
