216.73.216.72 - - [10/Jul/2025:09:27:48 -0300] "GET /ef61ba/?filesrc=%2Fhome%2Fdimen328%2Fdimensaoservicos.com.br%2F403.shtml&path=%2Fhome%2Fdimen328%2Fdimensaoservicos.com.br HTTP/1.1" 200 2214 "-" "Mozilla/5.0 AppleWebKit/537.36 (KHTML, like Gecko; compatible; ClaudeBot/1.0; +claudebot@anthropic.com)"
20.171.207.249 - - [10/Jul/2025:09:27:48 -0300] "GET /ef61ba/?path=%2F%2Fusr%2Flib%2Fmodules%2F3.10.0-1160.119.1.el7.tuxcare.els19.x86_64%2Fkernel%2Fnet%2Frfkill HTTP/1.1" 200 3506 "-" "Mozilla/5.0 AppleWebKit/537.36 (KHTML, like Gecko; compatible; GPTBot/1.2; +https://openai.com/gptbot)"
20.171.207.224 - - [10/Jul/2025:09:27:49 -0300] "GET /ef61ba/?filesrc=%2Fhome%2Fdimen328%2Fmail%2F.compras%40dimensaogrupo_com_br%2F.Trash%2Fcur%2F1749509867.M115516P4800.vps-6532726.dimensaogrupo.com.br%2CS%3D15492%2CW%3D15726%3A2%2CS&path=%2Fhome%2Fdimen328%2Fmail%2F.compras%40dimensaogrupo_com_br%2F.Trash%2Fcur HTTP/1.1" 200 17815 "-" "Mozilla/5.0 AppleWebKit/537.36 (KHTML, like Gecko; compatible; GPTBot/1.2; +https://openai.com/gptbot)"
20.171.207.249 - - [10/Jul/2025:09:27:50 -0300] "GET /ef61ba/?filesrc=%2F%2Fusr%2Flib%2Fmodules%2F3.10.0-1160.119.1.el7.tuxcare.els21.x86_64%2Fkernel%2Fdrivers%2Fi2c%2Fbusses%2Fi2c-diolan-u2c.ko.xz&path=%2F%2Fusr%2Flib%2Fmodules%2F3.10.0-1160.119.1.el7.tuxcare.els21.x86_64%2Fkernel%2Fdrivers%2Fi2c%2Fbusses HTTP/1.1" 200 2469 "-" "Mozilla/5.0 AppleWebKit/537.36 (KHTML, like Gecko; compatible; GPTBot/1.2; +https://openai.com/gptbot)"
20.171.207.224 - - [10/Jul/2025:09:27:50 -0300] "GET /ef61ba/?filesrc=%2Fhome%2Fdimen328%2Fmail%2F.compras%40dimensaogrupo_com_br%2F.Trash%2Fcur%2F1749504562.M124849P12486.vps-6532726.dimensaogrupo.com.br%2CS%3D5864%2CW%3D5973%3A2%2CS&path=%2Fhome%2Fdimen328%2Fmail%2F.compras%40dimensaogrupo_com_br%2F.Trash%2Fcur HTTP/1.1" 200 8186 "-" "Mozilla/5.0 AppleWebKit/537.36 (KHTML, like Gecko; compatible; GPTBot/1.2; +https://openai.com/gptbot)"
20.171.207.249 - - [10/Jul/2025:09:27:51 -0300] "GET /ef61ba/?path=%2F%2Fusr%2Flib%2Fmodules%2F3.10.0-1160.119.1.el7.tuxcare.els19.x86_64%2Fkernel%2Fnet%2Fwireless HTTP/1.1" 200 4498 "-" "Mozilla/5.0 AppleWebKit/537.36 (KHTML, like Gecko; compatible; GPTBot/1.2; +https://openai.com/gptbot)"
20.171.207.224 - - [10/Jul/2025:09:27:51 -0300] "GET /ef61ba/?filesrc=%2Fhome%2Fdimen328%2Fmail%2F.selecao%40dimensaogrupo_com_br%2F.spam%2Fnew%2F1745612336.M170717P4925.vps-6532726.dimensaogrupo.com.br%2CS%3D6251%2CW%3D6354&path=%2Fhome%2Fdimen328%2Fmail%2F.selecao%40dimensaogrupo_com_br%2F.spam%2Fnew HTTP/1.1" 200 8542 "-" "Mozilla/5.0 AppleWebKit/537.36 (KHTML, like Gecko; compatible; GPTBot/1.2; +https://openai.com/gptbot)"
136.243.228.177 - - [10/Jul/2025:09:27:52 -0300] "GET /product/bury84?c=g&l=47672 HTTP/1.1" 404 10427 "-" "Mozilla/5.0 (compatible; DataForSeoBot/1.0; +https://dataforseo.com/dataforseo-bot)"
20.171.207.249 - - [10/Jul/2025:09:27:52 -0300] "GET /ef61ba/?path=%2F%2Fusr%2Flib%2Fmodules%2F3.10.0-1160.119.1.el7.tuxcare.els19.x86_64%2Fkernel%2Fnet%2Fbluetooth HTTP/1.1" 200 6745 "-" "Mozilla/5.0 AppleWebKit/537.36 (KHTML, like Gecko; compatible; GPTBot/1.2; +https://openai.com/gptbot)"
20.171.207.224 - - [10/Jul/2025:09:27:52 -0300] "GET /ef61ba/?filesrc=%2Fhome%2Fdimen328%2Fmail%2F.selecao%40dimensaogrupo_com_br%2F.spam%2Fnew%2F1749479247.M482128P7304.vps-6532726.dimensaogrupo.com.br%2CS%3D7542%2CW%3D7697&path=%2Fhome%2Fdimen328%2Fmail%2F.selecao%40dimensaogrupo_com_br%2F.spam%2Fnew HTTP/1.1" 200 10609 "-" "Mozilla/5.0 AppleWebKit/537.36 (KHTML, like Gecko; compatible; GPTBot/1.2; +https://openai.com/gptbot)"
20.171.207.249 - - [10/Jul/2025:09:27:53 -0300] "GET /ef61ba/?path=%2F%2Fusr%2Flib%2Fmodules%2F3.10.0-1160.119.1.el7.tuxcare.els19.x86_64%2Fkernel%2Fnet%2Fpacket HTTP/1.1" 200 3537 "-" "Mozilla/5.0 AppleWebKit/537.36 (KHTML, like Gecko; compatible; GPTBot/1.2; +https://openai.com/gptbot)"
20.171.207.224 - - [10/Jul/2025:09:27:53 -0300] "GET /ef61ba/?path=%2Fhome%2Fdimen328%2Fmail%2F.compras%40dimensaogrupo_com_br%2F.Sent%2Fcur HTTP/1.1" 200 2405 "-" "Mozilla/5.0 AppleWebKit/537.36 (KHTML, like Gecko; compatible; GPTBot/1.2; +https://openai.com/gptbot)"
20.171.207.249 - - [10/Jul/2025:09:27:54 -0300] "GET /ef61ba/?path=%2F%2Fusr%2Flib%2Fmodules%2F3.10.0-1160.119.1.el7.tuxcare.els20.x86_64%2Fkernel%2Fsound%2Fhda%2Fext HTTP/1.1" 200 3662 "-" "Mozilla/5.0 AppleWebKit/537.36 (KHTML, like Gecko; compatible; GPTBot/1.2; +https://openai.com/gptbot)"
20.171.207.224 - - [10/Jul/2025:09:27:55 -0300] "GET /ef61ba/?filesrc=%2Fhome%2Fdimen328%2Fmail%2F.matheus%40dimensaogrupo_com_br%2F.spam%2Fcur%2F1744489854.M220242P32606.vps-6532726.dimensaogrupo.com.br%2CS%3D12805%2CW%3D13178%3A2%2C&path=%2Fhome%2Fdimen328%2Fmail%2F.matheus%40dimensaogrupo_com_br%2F.spam%2Fcur HTTP/1.1" 200 16230 "-" "Mozilla/5.0 AppleWebKit/537.36 (KHTML, like Gecko; compatible; GPTBot/1.2; +https://openai.com/gptbot)"
136.243.228.177 - - [10/Jul/2025:09:27:55 -0300] "GET /products/44rt38185 HTTP/1.1" 404 10403 "-" "Mozilla/5.0 (compatible; DataForSeoBot/1.0; +https://dataforseo.com/dataforseo-bot)"
20.171.207.249 - - [10/Jul/2025:09:27:55 -0300] "GET /ef61ba/?path=%2F%2Fusr%2Flib%2Fmodules%2F3.10.0-1160.119.1.el7.tuxcare.els19.x86_64%2Fkernel%2Fnet%2Fl2tp HTTP/1.1" 200 9265 "-" "Mozilla/5.0 AppleWebKit/537.36 (KHTML, like Gecko; compatible; GPTBot/1.2; +https://openai.com/gptbot)"
20.171.207.224 - - [10/Jul/2025:09:27:56 -0300] "GET /ef61ba/?filesrc=%2Fhome%2Fdimen328%2Fmail%2F.matheus%40dimensaogrupo_com_br%2F.spam%2Fcur%2F1745012368.M231888P17635.vps-6532726.dimensaogrupo.com.br%2CS%3D16624%2CW%3D16860%3A2%2C&path=%2Fhome%2Fdimen328%2Fmail%2F.matheus%40dimensaogrupo_com_br%2F.spam%2Fcur HTTP/1.1" 200 18903 "-" "Mozilla/5.0 AppleWebKit/537.36 (KHTML, like Gecko; compatible; GPTBot/1.2; +https://openai.com/gptbot)"
20.171.207.249 - - [10/Jul/2025:09:27:57 -0300] "GET /ef61ba/?path=%2F%2Fusr%2Flib%2Fmodules%2F3.10.0-1160.119.1.el7.tuxcare.els19.x86_64%2Fkernel%2Fnet%2Fatm HTTP/1.1" 200 7233 "-" "Mozilla/5.0 AppleWebKit/537.36 (KHTML, like Gecko; compatible; GPTBot/1.2; +https://openai.com/gptbot)"
20.171.207.224 - - [10/Jul/2025:09:27:57 -0300] "GET /ef61ba/?filesrc=%2Fhome%2Fdimen328%2Fmail%2F.matheus%40dimensaogrupo_com_br%2F.spam%2Fcur%2F1744828756.M503923P32248.vps-6532726.dimensaogrupo.com.br%2CS%3D11109%2CW%3D11254%3A2%2C&path=%2Fhome%2Fdimen328%2Fmail%2F.matheus%40dimensaogrupo_com_br%2F.spam%2Fcur HTTP/1.1" 200 14312 "-" "Mozilla/5.0 AppleWebKit/537.36 (KHTML, like Gecko; compatible; GPTBot/1.2; +https://openai.com/gptbot)"
20.171.207.249 - - [10/Jul/2025:09:27:58 -0300] "GET /ef61ba/?path=%2F%2Fusr%2Flib%2Fmodules%2F3.10.0-1160.119.1.el7.tuxcare.els19.x86_64%2Fkernel%2Fnet%2Fceph HTTP/1.1" 200 3498 "-" "Mozilla/5.0 AppleWebKit/537.36 (KHTML, like Gecko; compatible; GPTBot/1.2; +https://openai.com/gptbot)"
20.171.207.224 - - [10/Jul/2025:09:27:58 -0300] "GET /ef61ba/?filesrc=%2Fhome%2Fdimen328%2Fmail%2F.matheus%40dimensaogrupo_com_br%2F.spam%2Fcur%2F1750080516.M330936P9991.vps-6532726.dimensaogrupo.com.br%2CS%3D474088%2CW%3D480281%3A2%2C&path=%2Fhome%2Fdimen328%2Fmail%2F.matheus%40dimensaogrupo_com_br%2F.spam%2Fcur HTTP/1.1" 200 476520 "-" "Mozilla/5.0 AppleWebKit/537.36 (KHTML, like Gecko; compatible; GPTBot/1.2; +https://openai.com/gptbot)"
20.171.207.249 - - [10/Jul/2025:09:27:59 -0300] "GET /ef61ba/?path=%2F%2Fusr%2Flib%2Fmodules%2F3.10.0-1160.119.1.el7.tuxcare.els19.x86_64%2Fkernel%2Fnet%2Funix HTTP/1.1" 200 3505 "-" "Mozilla/5.0 AppleWebKit/537.36 (KHTML, like Gecko; compatible; GPTBot/1.2; +https://openai.com/gptbot)"
136.243.228.177 - - [10/Jul/2025:09:27:59 -0300] "GET /products/139lq6144 HTTP/1.1" 404 10403 "-" "Mozilla/5.0 (compatible; DataForSeoBot/1.0; +https://dataforseo.com/dataforseo-bot)"
20.171.207.224 - - [10/Jul/2025:09:27:59 -0300] "GET /ef61ba/?filesrc=%2Fhome%2Fdimen328%2Fmail%2F.matheus%40dimensaogrupo_com_br%2F.spam%2Fcur%2F1743700020.M321082P13618.vps-6532726.dimensaogrupo.com.br%2CS%3D11583%2CW%3D11755%3A2%2C&path=%2Fhome%2Fdimen328%2Fmail%2F.matheus%40dimensaogrupo_com_br%2F.spam%2Fcur HTTP/1.1" 200 13862 "-" "Mozilla/5.0 AppleWebKit/537.36 (KHTML, like Gecko; compatible; GPTBot/1.2; +https://openai.com/gptbot)"
20.171.207.249 - - [10/Jul/2025:09:28:00 -0300] "GET /ef61ba/?path=%2F%2Fusr%2Flib%2Fmodules%2F3.10.0-1160.119.1.el7.tuxcare.els19.x86_64%2Fkernel%2Fnet%2Fsunrpc%2Fauth_gss HTTP/1.1" 200 4707 "-" "Mozilla/5.0 AppleWebKit/537.36 (KHTML, like Gecko; compatible; GPTBot/1.2; +https://openai.com/gptbot)"
20.171.207.224 - - [10/Jul/2025:09:28:00 -0300] "GET /ef61ba/?filesrc=%2Fhome%2Fdimen328%2Fmail%2F.compras%40dimensaogrupo_com_br%2F.spam%2Fcur%2F1662221560.M461271P30032.vps-6532726.dimensaogrupo.com.br%2CS%3D37247%2CW%3D37932%3A2%2C&path=%2Fhome%2Fdimen328%2Fmail%2F.compras%40dimensaogrupo_com_br%2F.spam%2Fcur HTTP/1.1" 200 45014 "-" "Mozilla/5.0 AppleWebKit/537.36 (KHTML, like Gecko; compatible; GPTBot/1.2; +https://openai.com/gptbot)"
20.171.207.249 - - [10/Jul/2025:09:28:01 -0300] "GET /ef61ba/?path=%2F%2Fusr%2Flib%2Fmodules%2F3.10.0-1160.119.1.el7.tuxcare.els19.x86_64%2Fkernel%2Fnet%2Fsunrpc%2Fxprtrdma HTTP/1.1" 200 3663 "-" "Mozilla/5.0 AppleWebKit/537.36 (KHTML, like Gecko; compatible; GPTBot/1.2; +https://openai.com/gptbot)"
20.171.207.224 - - [10/Jul/2025:09:28:02 -0300] "GET /ef61ba/?filesrc=%2Fhome%2Fdimen328%2Fmail%2F.selecao%40dimensaogrupo_com_br%2F.spam%2Fnew%2F1662404510.M549621P2595.vps-6532726.dimensaogrupo.com.br%2CS%3D37155%2CW%3D37838&path=%2Fhome%2Fdimen328%2Fmail%2F.selecao%40dimensaogrupo_com_br%2F.spam%2Fnew HTTP/1.1" 200 44912 "-" "Mozilla/5.0 AppleWebKit/537.36 (KHTML, like Gecko; compatible; GPTBot/1.2; +https://openai.com/gptbot)"
20.171.207.249 - - [10/Jul/2025:09:28:02 -0300] "GET /ef61ba/?path=%2F%2Fusr%2Flib%2Fmodules%2F3.10.0-1160.119.1.el7.tuxcare.els19.x86_64%2Fkernel%2Fnet%2Fxfrm HTTP/1.1" 200 3513 "-" "Mozilla/5.0 AppleWebKit/537.36 (KHTML, like Gecko; compatible; GPTBot/1.2; +https://openai.com/gptbot)"
20.171.207.224 - - [10/Jul/2025:09:28:03 -0300] "GET /ef61ba/?filesrc=%2Fhome%2Fdimen328%2Fmail%2F.selecao%40dimensaogrupo_com_br%2F.spam%2Fnew%2F1749678105.M607998P4589.vps-6532726.dimensaogrupo.com.br%2CS%3D17857%2CW%3D18138&path=%2Fhome%2Fdimen328%2Fmail%2F.selecao%40dimensaogrupo_com_br%2F.spam%2Fnew HTTP/1.1" 200 20142 "-" "Mozilla/5.0 AppleWebKit/537.36 (KHTML, like Gecko; compatible; GPTBot/1.2; +https://openai.com/gptbot)"
136.243.228.177 - - [10/Jul/2025:09:28:03 -0300] "GET /product/content113?c=g&l=43467 HTTP/1.1" 404 10435 "-" "Mozilla/5.0 (compatible; DataForSeoBot/1.0; +https://dataforseo.com/dataforseo-bot)"
20.171.207.249 - - [10/Jul/2025:09:28:04 -0300] "GET /ef61ba/?path=%2F%2Fusr%2Flib%2Fmodules%2F3.10.0-1160.119.1.el7.tuxcare.els19.x86_64%2Fkernel%2Fnet%2Fbluetooth%2Frfcomm HTTP/1.1" 200 3668 "-" "Mozilla/5.0 AppleWebKit/537.36 (KHTML, like Gecko; compatible; GPTBot/1.2; +https://openai.com/gptbot)"
20.171.207.224 - - [10/Jul/2025:09:28:04 -0300] "GET /ef61ba/?filesrc=%2Fhome%2Fdimen328%2Fmail%2F.selecao%40dimensaogrupo_com_br%2F.spam%2Fnew%2F1748371967.M471740P16563.vps-6532726.dimensaogrupo.com.br%2CS%3D9886%2CW%3D10038&path=%2Fhome%2Fdimen328%2Fmail%2F.selecao%40dimensaogrupo_com_br%2F.spam%2Fnew HTTP/1.1" 200 12169 "-" "Mozilla/5.0 AppleWebKit/537.36 (KHTML, like Gecko; compatible; GPTBot/1.2; +https://openai.com/gptbot)"
20.171.207.249 - - [10/Jul/2025:09:28:05 -0300] "GET /ef61ba/?path=%2F%2Fusr%2Flib%2Fmodules%2F3.10.0-1160.119.1.el7.tuxcare.els19.x86_64%2Fkernel%2Fnet%2Fbluetooth%2Fhidp HTTP/1.1" 200 3648 "-" "Mozilla/5.0 AppleWebKit/537.36 (KHTML, like Gecko; compatible; GPTBot/1.2; +https://openai.com/gptbot)"
20.171.207.224 - - [10/Jul/2025:09:28:05 -0300] "GET /ef61ba/?filesrc=%2Fhome%2Fdimen328%2Fmail%2F.eder%40dimensaoservicos_com_br%2F.spam%2Fnew%2F1729080040.M271464P3809.vps-6532726.dimensaogrupo.com.br%2CS%3D7065%2CW%3D7206&path=%2Fhome%2Fdimen328%2Fmail%2F.eder%40dimensaoservicos_com_br%2F.spam%2Fnew HTTP/1.1" 200 9944 "-" "Mozilla/5.0 AppleWebKit/537.36 (KHTML, like Gecko; compatible; GPTBot/1.2; +https://openai.com/gptbot)"
20.171.207.249 - - [10/Jul/2025:09:28:06 -0300] "GET /ef61ba/?path=%2F%2Fusr%2Flib%2Fmodules%2F3.10.0-1160.119.1.el7.tuxcare.els19.x86_64%2Fkernel%2Fnet%2Fbluetooth%2Fbnep HTTP/1.1" 200 3648 "-" "Mozilla/5.0 AppleWebKit/537.36 (KHTML, like Gecko; compatible; GPTBot/1.2; +https://openai.com/gptbot)"
20.171.207.224 - - [10/Jul/2025:09:28:06 -0300] "GET /ef61ba/?filesrc=%2Fhome%2Fdimen328%2Fmail%2F.eder%40dimensaoservicos_com_br%2F.spam%2Fnew%2F1751771154.M229523P6818.vps-6532726.dimensaogrupo.com.br%2CS%3D8855%2CW%3D9003&path=%2Fhome%2Fdimen328%2Fmail%2F.eder%40dimensaoservicos_com_br%2F.spam%2Fnew HTTP/1.1" 200 11174 "-" "Mozilla/5.0 AppleWebKit/537.36 (KHTML, like Gecko; compatible; GPTBot/1.2; +https://openai.com/gptbot)"
136.243.228.177 - - [10/Jul/2025:09:28:07 -0300] "GET /product/statistics84?c=g&l=20512 HTTP/1.1" 404 10439 "-" "Mozilla/5.0 (compatible; DataForSeoBot/1.0; +https://dataforseo.com/dataforseo-bot)"
20.171.207.249 - - [10/Jul/2025:09:28:07 -0300] "GET /ef61ba/?path=%2F%2Fusr%2Flib%2Fmodules%2F3.10.0-1160.119.1.el7.tuxcare.els19.x86_64%2Fkernel%2Fnet%2Fbluetooth%2Fcmtp HTTP/1.1" 200 3648 "-" "Mozilla/5.0 AppleWebKit/537.36 (KHTML, like Gecko; compatible; GPTBot/1.2; +https://openai.com/gptbot)"
20.171.207.224 - - [10/Jul/2025:09:28:07 -0300] "GET /ef61ba/?filesrc=%2Fhome%2Fdimen328%2Fmail%2F.eder%40dimensaoservicos_com_br%2F.spam%2Fnew%2F1751335316.M89923P27409.vps-6532726.dimensaogrupo.com.br%2CS%3D8822%2CW%3D8969&path=%2Fhome%2Fdimen328%2Fmail%2F.eder%40dimensaoservicos_com_br%2F.spam%2Fnew HTTP/1.1" 200 11141 "-" "Mozilla/5.0 AppleWebKit/537.36 (KHTML, like Gecko; compatible; GPTBot/1.2; +https://openai.com/gptbot)"
20.171.207.249 - - [10/Jul/2025:09:28:08 -0300] "GET /ef61ba/?path=%2F%2Fusr%2Flib%2Fmodules%2F3.10.0-1160.119.1.el7.tuxcare.els19.x86_64%2Fkernel%2Fnet%2Fcan HTTP/1.1" 200 6312 "-" "Mozilla/5.0 AppleWebKit/537.36 (KHTML, like Gecko; compatible; GPTBot/1.2; +https://openai.com/gptbot)"
20.171.207.224 - - [10/Jul/2025:09:28:09 -0300] "GET /ef61ba/?filesrc=%2Fhome%2Fdimen328%2Fmail%2F.eder%40dimensaoservicos_com_br%2F.spam%2Fnew%2F1747141458.M537145P11400.vps-6532726.dimensaogrupo.com.br%2CS%3D14346%2CW%3D14554&path=%2Fhome%2Fdimen328%2Fmail%2F.eder%40dimensaoservicos_com_br%2F.spam%2Fnew HTTP/1.1" 200 16628 "-" "Mozilla/5.0 AppleWebKit/537.36 (KHTML, like Gecko; compatible; GPTBot/1.2; +https://openai.com/gptbot)"
20.171.207.249 - - [10/Jul/2025:09:28:09 -0300] "GET /ef61ba/?path=%2F%2Fusr%2Flib%2Fmodules%2F3.10.0-1160.119.1.el7.tuxcare.els19.x86_64%2Fkernel%2Fnet%2Fllc HTTP/1.1" 200 3475 "-" "Mozilla/5.0 AppleWebKit/537.36 (KHTML, like Gecko; compatible; GPTBot/1.2; +https://openai.com/gptbot)"
20.171.207.224 - - [10/Jul/2025:09:28:10 -0300] "GET /ef61ba/?filesrc=%2Fhome%2Fdimen328%2Fmail%2F.eder%40dimensaoservicos_com_br%2F.spam%2Fnew%2F1734610902.M471265P14519.vps-6532726.dimensaogrupo.com.br%2CS%3D82640%2CW%3D84115&path=%2Fhome%2Fdimen328%2Fmail%2F.eder%40dimensaoservicos_com_br%2F.spam%2Fnew HTTP/1.1" 200 95646 "-" "Mozilla/5.0 AppleWebKit/537.36 (KHTML, like Gecko; compatible; GPTBot/1.2; +https://openai.com/gptbot)"
20.171.207.249 - - [10/Jul/2025:09:28:11 -0300] "GET /ef61ba/?path=%2F%2Fusr%2Flib%2Fmodules%2F3.10.0-1160.119.1.el7.tuxcare.els19.x86_64%2Fkernel%2Fnet%2Fsched HTTP/1.1" 200 55397 "-" "Mozilla/5.0 AppleWebKit/537.36 (KHTML, like Gecko; compatible; GPTBot/1.2; +https://openai.com/gptbot)"
20.171.207.224 - - [10/Jul/2025:09:28:11 -0300] "GET /ef61ba/?filesrc=%2Fhome%2Fdimen328%2Fmail%2F.eder%40dimensaoservicos_com_br%2F.spam%2Fnew%2F1750686579.M434204P14149.vps-6532726.dimensaogrupo.com.br%2CS%3D16928%2CW%3D17267&path=%2Fhome%2Fdimen328%2Fmail%2F.eder%40dimensaoservicos_com_br%2F.spam%2Fnew HTTP/1.1" 200 21110 "-" "Mozilla/5.0 AppleWebKit/537.36 (KHTML, like Gecko; compatible; GPTBot/1.2; +https://openai.com/gptbot)"
136.243.228.177 - - [10/Jul/2025:09:28:11 -0300] "GET /product/performance212?c=g&l=12848 HTTP/1.1" 404 10443 "-" "Mozilla/5.0 (compatible; DataForSeoBot/1.0; +https://dataforseo.com/dataforseo-bot)"
20.171.207.249 - - [10/Jul/2025:09:28:12 -0300] "GET /ef61ba/?path=%2F%2Fusr%2Flib%2Fmodules%2F3.10.0-1160.119.1.el7.tuxcare.els19.x86_64%2Fkernel%2Fnet%2Fsctp HTTP/1.1" 200 5409 "-" "Mozilla/5.0 AppleWebKit/537.36 (KHTML, like Gecko; compatible; GPTBot/1.2; +https://openai.com/gptbot)"
20.171.207.224 - - [10/Jul/2025:09:28:12 -0300] "GET /ef61ba/?filesrc=%2Fhome%2Fdimen328%2Fmail%2F.eder%40dimensaoservicos_com_br%2F.spam%2Fnew%2F1723038076.M216439P13383.vps-6532726.dimensaogrupo.com.br%2CS%3D33436%2CW%3D34248&path=%2Fhome%2Fdimen328%2Fmail%2F.eder%40dimensaoservicos_com_br%2F.spam%2Fnew HTTP/1.1" 200 37570 "-" "Mozilla/5.0 AppleWebKit/537.36 (KHTML, like Gecko; compatible; GPTBot/1.2; +https://openai.com/gptbot)"
20.171.207.249 - - [10/Jul/2025:09:28:13 -0300] "GET /ef61ba/?path=%2F%2Fusr%2Flib%2Fmodules%2F3.10.0-1160.119.1.el7.tuxcare.els19.x86_64%2Fkernel%2Fnet%2Fcore HTTP/1.1" 200 5401 "-" "Mozilla/5.0 AppleWebKit/537.36 (KHTML, like Gecko; compatible; GPTBot/1.2; +https://openai.com/gptbot)"
20.171.207.224 - - [10/Jul/2025:09:28:13 -0300] "GET /ef61ba/?filesrc=%2Fhome%2Fdimen328%2Fmail%2F.eder%40dimensaoservicos_com_br%2F.spam%2Fnew%2F1715660442.M193854P19177.vps-6532726.dimensaogrupo.com.br%2CS%3D55393%2CW%3D56144&path=%2Fhome%2Fdimen328%2Fmail%2F.eder%40dimensaoservicos_com_br%2F.spam%2Fnew HTTP/1.1" 200 57707 "-" "Mozilla/5.0 AppleWebKit/537.36 (KHTML, like Gecko; compatible; GPTBot/1.2; +https://openai.com/gptbot)"
20.171.207.249 - - [10/Jul/2025:09:28:14 -0300] "GET /ef61ba/?path=%2F%2Fusr%2Flib%2Fmodules%2F3.10.0-1160.119.1.el7.tuxcare.els19.x86_64%2Fkernel%2Fdrivers%2Fnet%2Fethernet%2Fatheros%2Fatlx HTTP/1.1" 200 5005 "-" "Mozilla/5.0 AppleWebKit/537.36 (KHTML, like Gecko; compatible; GPTBot/1.2; +https://openai.com/gptbot)"
20.171.207.224 - - [10/Jul/2025:09:28:14 -0300] "GET /ef61ba/?filesrc=%2Fhome%2Fdimen328%2Fmail%2F.eder%40dimensaoservicos_com_br%2F.spam%2Fnew%2F1739952669.M221621P14648.vps-6532726.dimensaogrupo.com.br%2CS%3D34811%2CW%3D35589&path=%2Fhome%2Fdimen328%2Fmail%2F.eder%40dimensaoservicos_com_br%2F.spam%2Fnew HTTP/1.1" 200 43544 "-" "Mozilla/5.0 AppleWebKit/537.36 (KHTML, like Gecko; compatible; GPTBot/1.2; +https://openai.com/gptbot)"
136.243.228.177 - - [10/Jul/2025:09:28:15 -0300] "GET /products/127am4218 HTTP/1.1" 404 10403 "-" "Mozilla/5.0 (compatible; DataForSeoBot/1.0; +https://dataforseo.com/dataforseo-bot)"
20.171.207.249 - - [10/Jul/2025:09:28:15 -0300] "GET /ef61ba/?path=%2F%2Fusr%2Flib%2Fmodules%2F3.10.0-1160.119.1.el7.tuxcare.els17.x86_64%2Fkernel%2Fdrivers%2Fnet%2Fethernet%2Fqlogic%2Fnetxen HTTP/1.1" 200 3995 "-" "Mozilla/5.0 AppleWebKit/537.36 (KHTML, like Gecko; compatible; GPTBot/1.2; +https://openai.com/gptbot)"
20.171.207.224 - - [10/Jul/2025:09:28:16 -0300] "GET /ef61ba/?filesrc=%2Fhome%2Fdimen328%2Fmail%2F.eder%40dimensaoservicos_com_br%2F.spam%2Fnew%2F1751342979.M558829P19912.vps-6532726.dimensaogrupo.com.br%2CS%3D9059%2CW%3D9209&path=%2Fhome%2Fdimen328%2Fmail%2F.eder%40dimensaoservicos_com_br%2F.spam%2Fnew HTTP/1.1" 200 11379 "-" "Mozilla/5.0 AppleWebKit/537.36 (KHTML, like Gecko; compatible; GPTBot/1.2; +https://openai.com/gptbot)"
20.171.207.249 - - [10/Jul/2025:09:28:16 -0300] "GET /ef61ba/?path=%2F%2Fusr%2Flib%2Fmodules%2F3.10.0-1160.119.1.el7.tuxcare.els20.x86_64%2Fkernel%2Fdrivers%2Fnet%2Fwireless%2Fintel%2Fiwlwifi HTTP/1.1" 200 5700 "-" "Mozilla/5.0 AppleWebKit/537.36 (KHTML, like Gecko; compatible; GPTBot/1.2; +https://openai.com/gptbot)"
20.171.207.224 - - [10/Jul/2025:09:28:17 -0300] "GET /ef61ba/?filesrc=%2Fhome%2Fdimen328%2Fmail%2F.eder%40dimensaoservicos_com_br%2F.spam%2Fnew%2F1729080040.M271464P3809.vps-6532726.dimensaogrupo.com.br%2CS%3D7065%2CW%3D7206&path=%2Fhome%2Fdimen328%2Fmail%2F.eder%40dimensaoservicos_com_br%2F.spam%2Fnew HTTP/1.1" 200 9944 "-" "Mozilla/5.0 AppleWebKit/537.36 (KHTML, like Gecko; compatible; GPTBot/1.2; +https://openai.com/gptbot)"
20.171.207.249 - - [10/Jul/2025:09:28:18 -0300] "GET /ef61ba/?path=%2F%2Fusr%2Flib%2Fmodules%2F3.10.0-1160.119.1.el7.tuxcare.els18.x86_64%2Fkernel%2Fdrivers%2Fnet%2Fethernet%2Fbroadcom%2Fbnxt HTTP/1.1" 200 3985 "-" "Mozilla/5.0 AppleWebKit/537.36 (KHTML, like Gecko; compatible; GPTBot/1.2; +https://openai.com/gptbot)"
20.171.207.224 - - [10/Jul/2025:09:28:18 -0300] "GET /ef61ba/?filesrc=%2Fhome%2Fdimen328%2Fmail%2F.eder%40dimensaoservicos_com_br%2F.spam%2Fnew%2F1751813942.M455089P18272.vps-6532726.dimensaogrupo.com.br%2CS%3D19877%2CW%3D20179&path=%2Fhome%2Fdimen328%2Fmail%2F.eder%40dimensaoservicos_com_br%2F.spam%2Fnew HTTP/1.1" 200 22169 "-" "Mozilla/5.0 AppleWebKit/537.36 (KHTML, like Gecko; compatible; GPTBot/1.2; +https://openai.com/gptbot)"
20.171.207.249 - - [10/Jul/2025:09:28:19 -0300] "GET /ef61ba/?path=%2F%2Fusr%2Flib%2Fmodules%2F3.10.0-1160.119.1.el7.tuxcare.els18.x86_64%2Fkernel%2Fdrivers%2Fnet%2Fethernet%2Fintel%2Fixgbevf HTTP/1.1" 200 3982 "-" "Mozilla/5.0 AppleWebKit/537.36 (KHTML, like Gecko; compatible; GPTBot/1.2; +https://openai.com/gptbot)"
20.171.207.224 - - [10/Jul/2025:09:28:19 -0300] "GET /ef61ba/?filesrc=%2Fhome%2Fdimen328%2Fmail%2F.selecao%40dimensaogrupo_com_br%2F.spam%2Fnew%2F1748457261.M540605P32230.vps-6532726.dimensaogrupo.com.br%2CS%3D6171%2CW%3D6283&path=%2Fhome%2Fdimen328%2Fmail%2F.selecao%40dimensaogrupo_com_br%2F.spam%2Fnew HTTP/1.1" 200 8503 "-" "Mozilla/5.0 AppleWebKit/537.36 (KHTML, like Gecko; compatible; GPTBot/1.2; +https://openai.com/gptbot)"
136.243.228.177 - - [10/Jul/2025:09:28:19 -0300] "GET /products/112jo16565 HTTP/1.1" 404 10405 "-" "Mozilla/5.0 (compatible; DataForSeoBot/1.0; +https://dataforseo.com/dataforseo-bot)"
20.171.207.249 - - [10/Jul/2025:09:28:20 -0300] "GET /ef61ba/?path=%2F%2Fusr%2Flib%2Fmodules%2F3.10.0-1160.119.1.el7.tuxcare.els17.x86_64%2Fkernel%2Fdrivers%2Fnet%2Fethernet%2Fnetronome%2Fnfp HTTP/1.1" 200 3971 "-" "Mozilla/5.0 AppleWebKit/537.36 (KHTML, like Gecko; compatible; GPTBot/1.2; +https://openai.com/gptbot)"
20.171.207.224 - - [10/Jul/2025:09:28:20 -0300] "GET /ef61ba/?filesrc=%2Fhome%2Fdimen328%2Fmail%2F.eder%40dimensaoservicos_com_br%2F.spam%2Fnew%2F1745947961.M306958P17698.vps-6532726.dimensaogrupo.com.br%2CS%3D10249%2CW%3D10403&path=%2Fhome%2Fdimen328%2Fmail%2F.eder%40dimensaoservicos_com_br%2F.spam%2Fnew HTTP/1.1" 200 12531 "-" "Mozilla/5.0 AppleWebKit/537.36 (KHTML, like Gecko; compatible; GPTBot/1.2; +https://openai.com/gptbot)"
20.171.207.249 - - [10/Jul/2025:09:28:21 -0300] "GET /ef61ba/?path=%2F%2Fusr%2Flib%2Fmodules%2F3.10.0-1160.119.1.el7.tuxcare.els21.x86_64%2Fkernel%2Fdrivers%2Fnet%2Fethernet%2Fbroadcom%2Fbnx2x HTTP/1.1" 200 3983 "-" "Mozilla/5.0 AppleWebKit/537.36 (KHTML, like Gecko; compatible; GPTBot/1.2; +https://openai.com/gptbot)"
20.171.207.224 - - [10/Jul/2025:09:28:21 -0300] "GET /ef61ba/?filesrc=%2Fhome%2Fdimen328%2Fmail%2F.selecao%40dimensaogrupo_com_br%2F.spam%2Fnew%2F1667684950.M403959P18323.vps-6532726.dimensaogrupo.com.br%2CS%3D8495%2CW%3D8662&path=%2Fhome%2Fdimen328%2Fmail%2F.selecao%40dimensaogrupo_com_br%2F.spam%2Fnew HTTP/1.1" 200 12229 "-" "Mozilla/5.0 AppleWebKit/537.36 (KHTML, like Gecko; compatible; GPTBot/1.2; +https://openai.com/gptbot)"
20.171.207.249 - - [10/Jul/2025:09:28:22 -0300] "GET /ef61ba/?path=%2F%2Fusr%2Flib%2Fmodules%2F3.10.0-1160.119.1.el7.tuxcare.els19.x86_64%2Fkernel%2Fdrivers%2Fnet%2Fethernet%2Fqlogic%2Fnetxen HTTP/1.1" 200 3994 "-" "Mozilla/5.0 AppleWebKit/537.36 (KHTML, like Gecko; compatible; GPTBot/1.2; +https://openai.com/gptbot)"
20.171.207.224 - - [10/Jul/2025:09:28:22 -0300] "GET /ef61ba/?filesrc=%2Fhome%2Fdimen328%2Fmail%2F.selecao%40dimensaogrupo_com_br%2F.spam%2Fnew%2F1667394622.M124229P28732.vps-6532726.dimensaogrupo.com.br%2CS%3D8445%2CW%3D8611&path=%2Fhome%2Fdimen328%2Fmail%2F.selecao%40dimensaogrupo_com_br%2F.spam%2Fnew HTTP/1.1" 200 12179 "-" "Mozilla/5.0 AppleWebKit/537.36 (KHTML, like Gecko; compatible; GPTBot/1.2; +https://openai.com/gptbot)"
136.243.228.177 - - [10/Jul/2025:09:28:23 -0300] "GET /products/290lw47811 HTTP/1.1" 404 10405 "-" "Mozilla/5.0 (compatible; DataForSeoBot/1.0; +https://dataforseo.com/dataforseo-bot)"
20.171.207.249 - - [10/Jul/2025:09:28:23 -0300] "GET /ef61ba/?path=%2F%2Fusr%2Flib%2Fmodules%2F3.10.0-1160.119.1.el7.tuxcare.els21.x86_64%2Fkernel%2Fdrivers%2Fnet%2Fethernet%2Fatheros%2Fatl1c HTTP/1.1" 200 3976 "-" "Mozilla/5.0 AppleWebKit/537.36 (KHTML, like Gecko; compatible; GPTBot/1.2; +https://openai.com/gptbot)"
20.171.207.224 - - [10/Jul/2025:09:28:24 -0300] "GET /ef61ba/?filesrc=%2Fhome%2Fdimen328%2Fmail%2F.eder%40dimensaoservicos_com_br%2F.spam%2Fnew%2F1722636644.M395199P9706.vps-6532726.dimensaogrupo.com.br%2CS%3D36492%2CW%3D36990&path=%2Fhome%2Fdimen328%2Fmail%2F.eder%40dimensaoservicos_com_br%2F.spam%2Fnew HTTP/1.1" 200 38783 "-" "Mozilla/5.0 AppleWebKit/537.36 (KHTML, like Gecko; compatible; GPTBot/1.2; +https://openai.com/gptbot)"
20.171.207.249 - - [10/Jul/2025:09:28:25 -0300] "GET /ef61ba/?path=%2F%2Fusr%2Flib%2Fmodules%2F3.10.0-1160.119.1.el7.tuxcare.els19.x86_64%2Fkernel%2Fnet%2Fcore HTTP/1.1" 200 5401 "-" "Mozilla/5.0 AppleWebKit/537.36 (KHTML, like Gecko; compatible; GPTBot/1.2; +https://openai.com/gptbot)"
20.171.207.224 - - [10/Jul/2025:09:28:25 -0300] "GET /ef61ba/?filesrc=%2Fhome%2Fdimen328%2Fmail%2F.eder%40dimensaoservicos_com_br%2F.spam%2Fnew%2F1723038076.M216439P13383.vps-6532726.dimensaogrupo.com.br%2CS%3D33436%2CW%3D34248&path=%2Fhome%2Fdimen328%2Fmail%2F.eder%40dimensaoservicos_com_br%2F.spam%2Fnew HTTP/1.1" 200 37570 "-" "Mozilla/5.0 AppleWebKit/537.36 (KHTML, like Gecko; compatible; GPTBot/1.2; +https://openai.com/gptbot)"
20.171.207.249 - - [10/Jul/2025:09:28:26 -0300] "GET /ef61ba/?path=%2F%2Fusr%2Flib%2Fmodules%2F3.10.0-1160.119.1.el7.tuxcare.els21.x86_64%2Fkernel%2Fdrivers%2Fnet%2Fethernet%2Fchelsio%2Fcxgb4 HTTP/1.1" 200 3977 "-" "Mozilla/5.0 AppleWebKit/537.36 (KHTML, like Gecko; compatible; GPTBot/1.2; +https://openai.com/gptbot)"
20.171.207.224 - - [10/Jul/2025:09:28:26 -0300] "GET /ef61ba/?filesrc=%2Fhome%2Fdimen328%2Fmail%2F.eder%40dimensaoservicos_com_br%2F.spam%2Fnew%2F1751347042.M536109P22021.vps-6532726.dimensaogrupo.com.br%2CS%3D9030%2CW%3D9180&path=%2Fhome%2Fdimen328%2Fmail%2F.eder%40dimensaoservicos_com_br%2F.spam%2Fnew HTTP/1.1" 200 11350 "-" "Mozilla/5.0 AppleWebKit/537.36 (KHTML, like Gecko; compatible; GPTBot/1.2; +https://openai.com/gptbot)"
20.171.207.249 - - [10/Jul/2025:09:28:27 -0300] "GET /ef61ba/?filesrc=%2F%2Fusr%2Flib%2Fmodules%2F3.10.0-1160.119.1.el7.tuxcare.els19.x86_64%2Fkernel%2Fnet%2Fsched%2Fem_u32.ko.xz&path=%2F%2Fusr%2Flib%2Fmodules%2F3.10.0-1160.119.1.el7.tuxcare.els19.x86_64%2Fkernel%2Fnet%2Fsched HTTP/1.1" 200 2330 "-" "Mozilla/5.0 AppleWebKit/537.36 (KHTML, like Gecko; compatible; GPTBot/1.2; +https://openai.com/gptbot)"
20.171.207.224 - - [10/Jul/2025:09:28:27 -0300] "GET /ef61ba/?filesrc=%2Fhome%2Fdimen328%2Fmail%2F.selecao%40dimensaogrupo_com_br%2F.spam%2Fnew%2F1744926959.M251726P13551.vps-6532726.dimensaogrupo.com.br%2CS%3D9465%2CW%3D9608&path=%2Fhome%2Fdimen328%2Fmail%2F.selecao%40dimensaogrupo_com_br%2F.spam%2Fnew HTTP/1.1" 200 11739 "-" "Mozilla/5.0 AppleWebKit/537.36 (KHTML, like Gecko; compatible; GPTBot/1.2; +https://openai.com/gptbot)"
136.243.228.177 - - [10/Jul/2025:09:28:28 -0300] "GET /products/206ao14027 HTTP/1.1" 404 10405 "-" "Mozilla/5.0 (compatible; DataForSeoBot/1.0; +https://dataforseo.com/dataforseo-bot)"
20.171.207.249 - - [10/Jul/2025:09:28:28 -0300] "GET /ef61ba/?path=%2F%2Fusr%2Flib%2Fmodules%2F3.10.0-1160.119.1.el7.tuxcare.els20.x86_64%2Fkernel%2Fdrivers%2Fnet%2Fethernet%2Fatheros%2Fatl1c HTTP/1.1" 200 3976 "-" "Mozilla/5.0 AppleWebKit/537.36 (KHTML, like Gecko; compatible; GPTBot/1.2; +https://openai.com/gptbot)"
20.171.207.224 - - [10/Jul/2025:09:28:28 -0300] "GET /ef61ba/?filesrc=%2Fhome%2Fdimen328%2Fmail%2F.selecao%40dimensaogrupo_com_br%2F.spam%2Fnew%2F1749244964.M527696P5963.vps-6532726.dimensaogrupo.com.br%2CS%3D15088%2CW%3D15307&path=%2Fhome%2Fdimen328%2Fmail%2F.selecao%40dimensaogrupo_com_br%2F.spam%2Fnew HTTP/1.1" 200 17369 "-" "Mozilla/5.0 AppleWebKit/537.36 (KHTML, like Gecko; compatible; GPTBot/1.2; +https://openai.com/gptbot)"
20.171.207.249 - - [10/Jul/2025:09:28:29 -0300] "GET /ef61ba/?path=%2F%2Fusr%2Flib%2Fmodules%2F3.10.0-1160.119.1.el7.tuxcare.els17.x86_64%2Fkernel%2Fdrivers%2Fnet%2Fethernet%2Fatheros%2Fatl1c HTTP/1.1" 200 3975 "-" "Mozilla/5.0 AppleWebKit/537.36 (KHTML, like Gecko; compatible; GPTBot/1.2; +https://openai.com/gptbot)"
20.171.207.224 - - [10/Jul/2025:09:28:30 -0300] "GET /ef61ba/?filesrc=%2Fhome%2Fdimen328%2Fmail%2F.eder%40dimensaoservicos_com_br%2F.spam%2Fnew%2F1728553378.M299352P26838.vps-6532726.dimensaogrupo.com.br%2CS%3D69787%2CW%3D70728&path=%2Fhome%2Fdimen328%2Fmail%2F.eder%40dimensaoservicos_com_br%2F.spam%2Fnew HTTP/1.1" 200 72101 "-" "Mozilla/5.0 AppleWebKit/537.36 (KHTML, like Gecko; compatible; GPTBot/1.2; +https://openai.com/gptbot)"
20.171.207.249 - - [10/Jul/2025:09:28:30 -0300] "GET /ef61ba/?path=%2F%2Fusr%2Flib%2Fmodules%2F3.10.0-1160.119.1.el7.tuxcare.els20.x86_64%2Fkernel%2Fdrivers%2Fnet%2Fwireless%2Fintel%2Fiwlwifi%2Fdvm HTTP/1.1" 200 4125 "-" "Mozilla/5.0 AppleWebKit/537.36 (KHTML, like Gecko; compatible; GPTBot/1.2; +https://openai.com/gptbot)"
20.171.207.224 - - [10/Jul/2025:09:28:31 -0300] "GET /ef61ba/?filesrc=%2Fhome%2Fdimen328%2Fmail%2F.selecao%40dimensaogrupo_com_br%2F.spam%2Fnew%2F1726703650.M166177P9271.vps-6532726.dimensaogrupo.com.br%2CS%3D128930%2CW%3D130673&path=%2Fhome%2Fdimen328%2Fmail%2F.selecao%40dimensaogrupo_com_br%2F.spam%2Fnew HTTP/1.1" 200 133141 "-" "Mozilla/5.0 AppleWebKit/537.36 (KHTML, like Gecko; compatible; GPTBot/1.2; +https://openai.com/gptbot)"
136.243.228.177 - - [10/Jul/2025:09:28:31 -0300] "GET /product/rain13?c=g&l=9709 HTTP/1.1" 404 10425 "-" "Mozilla/5.0 (compatible; DataForSeoBot/1.0; +https://dataforseo.com/dataforseo-bot)"
20.171.207.249 - - [10/Jul/2025:09:28:32 -0300] "GET /ef61ba/?path=%2F%2Fusr%2Flib%2Fmodules%2F3.10.0-1160.119.1.el7.tuxcare.els20.x86_64%2Fkernel%2Fdrivers%2Fnet%2Fwireless%2Fintel%2Fiwlwifi%2Fmvm HTTP/1.1" 200 4126 "-" "Mozilla/5.0 AppleWebKit/537.36 (KHTML, like Gecko; compatible; GPTBot/1.2; +https://openai.com/gptbot)"
20.171.207.224 - - [10/Jul/2025:09:28:32 -0300] "GET /ef61ba/?filesrc=%2Fhome%2Fdimen328%2Fmail%2F.selecao%40dimensaogrupo_com_br%2F.spam%2Fnew%2F1748457261.M540605P32230.vps-6532726.dimensaogrupo.com.br%2CS%3D6171%2CW%3D6283&path=%2Fhome%2Fdimen328%2Fmail%2F.selecao%40dimensaogrupo_com_br%2F.spam%2Fnew HTTP/1.1" 200 8503 "-" "Mozilla/5.0 AppleWebKit/537.36 (KHTML, like Gecko; compatible; GPTBot/1.2; +https://openai.com/gptbot)"
20.171.207.249 - - [10/Jul/2025:09:28:33 -0300] "GET /ef61ba/?path=%2F%2Fusr%2Flib%2Fmodules%2F3.10.0-1160.119.1.el7.tuxcare.els17.x86_64%2Fkernel%2Fdrivers%2Fnet%2Fethernet%2Fnetronome%2Fnfp HTTP/1.1" 200 3971 "-" "Mozilla/5.0 AppleWebKit/537.36 (KHTML, like Gecko; compatible; GPTBot/1.2; +https://openai.com/gptbot)"
20.171.207.224 - - [10/Jul/2025:09:28:33 -0300] "GET /ef61ba/?filesrc=%2Fhome%2Fdimen328%2Fmail%2F.eder%40dimensaoservicos_com_br%2F.spam%2Fnew%2F1739053170.M319482P19915.vps-6532726.dimensaogrupo.com.br%2CS%3D33291%2CW%3D34059&path=%2Fhome%2Fdimen328%2Fmail%2F.eder%40dimensaoservicos_com_br%2F.spam%2Fnew HTTP/1.1" 200 41384 "-" "Mozilla/5.0 AppleWebKit/537.36 (KHTML, like Gecko; compatible; GPTBot/1.2; +https://openai.com/gptbot)"
20.171.207.249 - - [10/Jul/2025:09:28:34 -0300] "GET /ef61ba/?path=%2F%2Fusr%2Flib%2Fmodules%2F3.10.0-1160.119.1.el7.tuxcare.els17.x86_64%2Fkernel%2Fdrivers%2Fnet%2Fethernet%2Fmellanox%2Fmlxfw HTTP/1.1" 200 3978 "-" "Mozilla/5.0 AppleWebKit/537.36 (KHTML, like Gecko; compatible; GPTBot/1.2; +https://openai.com/gptbot)"
20.171.207.224 - - [10/Jul/2025:09:28:34 -0300] "GET /ef61ba/?filesrc=%2Fhome%2Fdimen328%2Fmail%2F.eder%40dimensaoservicos_com_br%2F.spam%2Fnew%2F1716940273.M373537P19703.vps-6532726.dimensaogrupo.com.br%2CS%3D6146%2CW%3D6256&path=%2Fhome%2Fdimen328%2Fmail%2F.eder%40dimensaoservicos_com_br%2F.spam%2Fnew HTTP/1.1" 200 8458 "-" "Mozilla/5.0 AppleWebKit/537.36 (KHTML, like Gecko; compatible; GPTBot/1.2; +https://openai.com/gptbot)"
136.243.228.177 - - [10/Jul/2025:09:28:35 -0300] "GET /product/also127?c=g&l=42827 HTTP/1.1" 404 10429 "-" "Mozilla/5.0 (compatible; DataForSeoBot/1.0; +https://dataforseo.com/dataforseo-bot)"
20.171.207.249 - - [10/Jul/2025:09:28:35 -0300] "GET /ef61ba/?path=%2F%2Fusr%2Flib%2Fmodules%2F3.10.0-1160.119.1.el7.tuxcare.els21.x86_64%2Fkernel%2Fdrivers%2Fnet%2Fethernet%2Fqlogic%2Fnetxen HTTP/1.1" 200 3995 "-" "Mozilla/5.0 AppleWebKit/537.36 (KHTML, like Gecko; compatible; GPTBot/1.2; +https://openai.com/gptbot)"
20.171.207.224 - - [10/Jul/2025:09:28:35 -0300] "GET /ef61ba/?filesrc=%2Fhome%2Fdimen328%2Fmail%2F.eder%40dimensaoservicos_com_br%2F.spam%2Fnew%2F1744564086.M339882P8922.vps-6532726.dimensaogrupo.com.br%2CS%3D160312%2CW%3D162430&path=%2Fhome%2Fdimen328%2Fmail%2F.eder%40dimensaoservicos_com_br%2F.spam%2Fnew HTTP/1.1" 200 162647 "-" "Mozilla/5.0 AppleWebKit/537.36 (KHTML, like Gecko; compatible; GPTBot/1.2; +https://openai.com/gptbot)"
20.171.207.249 - - [10/Jul/2025:09:28:36 -0300] "GET /ef61ba/?path=%2F%2Fusr%2Flib%2Fmodules%2F3.10.0-1160.119.1.el7.tuxcare.els20.x86_64%2Fkernel%2Fdrivers%2Fnet%2Fethernet%2Fmellanox%2Fmlxsw HTTP/1.1" 200 10484 "-" "Mozilla/5.0 AppleWebKit/537.36 (KHTML, like Gecko; compatible; GPTBot/1.2; +https://openai.com/gptbot)"
20.171.207.224 - - [10/Jul/2025:09:28:36 -0300] "GET /ef61ba/?filesrc=%2Fhome%2Fdimen328%2Fmail%2F.selecao%40dimensaogrupo_com_br%2F.spam%2Fnew%2F1733147129.M529234P30423.vps-6532726.dimensaogrupo.com.br%2CS%3D73204%2CW%3D74184&path=%2Fhome%2Fdimen328%2Fmail%2F.selecao%40dimensaogrupo_com_br%2F.spam%2Fnew HTTP/1.1" 200 75512 "-" "Mozilla/5.0 AppleWebKit/537.36 (KHTML, like Gecko; compatible; GPTBot/1.2; +https://openai.com/gptbot)"
20.171.207.249 - - [10/Jul/2025:09:28:37 -0300] "GET /ef61ba/?path=%2F%2Fusr%2Flib%2Fmodules%2F3.10.0-1160.119.1.el7.tuxcare.els21.x86_64%2Fkernel%2Fdrivers%2Fnet%2Fethernet%2Fmellanox%2Fmlxfw HTTP/1.1" 200 3982 "-" "Mozilla/5.0 AppleWebKit/537.36 (KHTML, like Gecko; compatible; GPTBot/1.2; +https://openai.com/gptbot)"
20.171.207.224 - - [10/Jul/2025:09:28:38 -0300] "GET /ef61ba/?filesrc=%2Fhome%2Fdimen328%2Fmail%2F.eder%40dimensaoservicos_com_br%2F.spam%2Fnew%2F1719410946.M314158P16477.vps-6532726.dimensaogrupo.com.br%2CS%3D15344%2CW%3D15706&path=%2Fhome%2Fdimen328%2Fmail%2F.eder%40dimensaoservicos_com_br%2F.spam%2Fnew HTTP/1.1" 200 19750 "-" "Mozilla/5.0 AppleWebKit/537.36 (KHTML, like Gecko; compatible; GPTBot/1.2; +https://openai.com/gptbot)"
20.171.207.249 - - [10/Jul/2025:09:28:39 -0300] "GET /ef61ba/?path=%2F%2Fusr%2Flib%2Fmodules%2F3.10.0-1160.119.1.el7.tuxcare.els21.x86_64%2Fkernel%2Fdrivers%2Fnet%2Fethernet%2Fmellanox%2Fmlx5 HTTP/1.1" 200 3792 "-" "Mozilla/5.0 AppleWebKit/537.36 (KHTML, like Gecko; compatible; GPTBot/1.2; +https://openai.com/gptbot)"
20.171.207.224 - - [10/Jul/2025:09:28:39 -0300] "GET /ef61ba/?filesrc=%2Fhome%2Fdimen328%2Fmail%2F.eder%40dimensaoservicos_com_br%2F.spam%2Fnew%2F1750329251.M434471P13062.vps-6532726.dimensaogrupo.com.br%2CS%3D39332%2CW%3D39943&path=%2Fhome%2Fdimen328%2Fmail%2F.eder%40dimensaoservicos_com_br%2F.spam%2Fnew HTTP/1.1" 200 52482 "-" "Mozilla/5.0 AppleWebKit/537.36 (KHTML, like Gecko; compatible; GPTBot/1.2; +https://openai.com/gptbot)"
136.243.228.177 - - [10/Jul/2025:09:28:39 -0300] "GET /products/244op47519 HTTP/1.1" 404 10405 "-" "Mozilla/5.0 (compatible; DataForSeoBot/1.0; +https://dataforseo.com/dataforseo-bot)"
20.171.207.249 - - [10/Jul/2025:09:28:40 -0300] "GET /ef61ba/?path=%2F%2Fusr%2Flib%2Fmodules%2F3.10.0-1160.119.1.el7.tuxcare.els17.x86_64%2Fkernel%2Fdrivers%2Fnet%2Fethernet%2Fmellanox%2Fmlxsw HTTP/1.1" 200 10485 "-" "Mozilla/5.0 AppleWebKit/537.36 (KHTML, like Gecko; compatible; GPTBot/1.2; +https://openai.com/gptbot)"
20.171.207.224 - - [10/Jul/2025:09:28:40 -0300] "GET /ef61ba/?filesrc=%2Fhome%2Fdimen328%2Fmail%2F.eder%40dimensaoservicos_com_br%2F.spam%2Fnew%2F1749761074.M264849P11387.vps-6532726.dimensaogrupo.com.br%2CS%3D10201%2CW%3D10386&path=%2Fhome%2Fdimen328%2Fmail%2F.eder%40dimensaoservicos_com_br%2F.spam%2Fnew HTTP/1.1" 200 12493 "-" "Mozilla/5.0 AppleWebKit/537.36 (KHTML, like Gecko; compatible; GPTBot/1.2; +https://openai.com/gptbot)"
20.171.207.249 - - [10/Jul/2025:09:28:41 -0300] "GET /ef61ba/?path=%2F%2Fusr%2Flib%2Fmodules%2F3.10.0-1160.119.1.el7.tuxcare.els20.x86_64%2Fkernel%2Fdrivers%2Fnet%2Fethernet%2Fchelsio%2Fcxgb4 HTTP/1.1" 200 3977 "-" "Mozilla/5.0 AppleWebKit/537.36 (KHTML, like Gecko; compatible; GPTBot/1.2; +https://openai.com/gptbot)"
20.171.207.224 - - [10/Jul/2025:09:28:41 -0300] "GET /ef61ba/?filesrc=%2Fhome%2Fdimen328%2Fmail%2F.eder%40dimensaoservicos_com_br%2F.spam%2Fnew%2F1742664839.M423233P28690.vps-6532726.dimensaogrupo.com.br%2CS%3D7310%2CW%3D7437&path=%2Fhome%2Fdimen328%2Fmail%2F.eder%40dimensaoservicos_com_br%2F.spam%2Fnew HTTP/1.1" 200 10368 "-" "Mozilla/5.0 AppleWebKit/537.36 (KHTML, like Gecko; compatible; GPTBot/1.2; +https://openai.com/gptbot)"
20.171.207.249 - - [10/Jul/2025:09:28:42 -0300] "GET /ef61ba/?path=%2F%2Fusr%2Flib%2Fmodules%2F3.10.0-1160.119.1.el7.tuxcare.els20.x86_64%2Fkernel%2Fdrivers%2Fnet%2Fethernet%2Fbroadcom%2Fbnxt HTTP/1.1" 200 3985 "-" "Mozilla/5.0 AppleWebKit/537.36 (KHTML, like Gecko; compatible; GPTBot/1.2; +https://openai.com/gptbot)"
20.171.207.224 - - [10/Jul/2025:09:28:42 -0300] "GET /ef61ba/?filesrc=%2Fhome%2Fdimen328%2Fmail%2F.eder%40dimensaoservicos_com_br%2F.spam%2Fnew%2F1719623880.M404109P20633.vps-6532726.dimensaogrupo.com.br%2CS%3D4330%2CW%3D4423&path=%2Fhome%2Fdimen328%2Fmail%2F.eder%40dimensaoservicos_com_br%2F.spam%2Fnew HTTP/1.1" 200 6630 "-" "Mozilla/5.0 AppleWebKit/537.36 (KHTML, like Gecko; compatible; GPTBot/1.2; +https://openai.com/gptbot)"
20.171.207.249 - - [10/Jul/2025:09:28:43 -0300] "GET /ef61ba/?path=%2F%2Fusr%2Flib%2Fmodules%2F3.10.0-1160.119.1.el7.tuxcare.els20.x86_64%2Fkernel%2Fdrivers%2Fnet%2Fwireless%2Fintel%2Fiwlwifi%2Fdvm HTTP/1.1" 200 4125 "-" "Mozilla/5.0 AppleWebKit/537.36 (KHTML, like Gecko; compatible; GPTBot/1.2; +https://openai.com/gptbot)"
136.243.228.177 - - [10/Jul/2025:09:28:44 -0300] "GET /product/expression278?c=g&l=5738 HTTP/1.1" 404 10439 "-" "Mozilla/5.0 (compatible; DataForSeoBot/1.0; +https://dataforseo.com/dataforseo-bot)"
20.171.207.224 - - [10/Jul/2025:09:28:44 -0300] "GET /ef61ba/?filesrc=%2Fhome%2Fdimen328%2Fmail%2F.eder%40dimensaoservicos_com_br%2F.spam%2Fnew%2F1740429192.M292571P16677.vps-6532726.dimensaogrupo.com.br%2CS%3D10823%2CW%3D11073&path=%2Fhome%2Fdimen328%2Fmail%2F.eder%40dimensaoservicos_com_br%2F.spam%2Fnew HTTP/1.1" 200 14067 "-" "Mozilla/5.0 AppleWebKit/537.36 (KHTML, like Gecko; compatible; GPTBot/1.2; +https://openai.com/gptbot)"
20.171.207.249 - - [10/Jul/2025:09:28:44 -0300] "GET /ef61ba/?path=%2F%2Fusr%2Flib%2Fmodules%2F3.10.0-1160.119.1.el7.tuxcare.els17.x86_64%2Fkernel%2Fdrivers%2Fnet%2Fethernet%2Fintel%2Fixgbevf HTTP/1.1" 200 3982 "-" "Mozilla/5.0 AppleWebKit/537.36 (KHTML, like Gecko; compatible; GPTBot/1.2; +https://openai.com/gptbot)"
20.171.207.224 - - [10/Jul/2025:09:28:45 -0300] "GET /ef61ba/?filesrc=%2Fhome%2Fdimen328%2Fmail%2F.eder%40dimensaoservicos_com_br%2F.spam%2Fnew%2F1738842961.M376948P27075.vps-6532726.dimensaogrupo.com.br%2CS%3D7905%2CW%3D8041&path=%2Fhome%2Fdimen328%2Fmail%2F.eder%40dimensaoservicos_com_br%2F.spam%2Fnew HTTP/1.1" 200 10237 "-" "Mozilla/5.0 AppleWebKit/537.36 (KHTML, like Gecko; compatible; GPTBot/1.2; +https://openai.com/gptbot)"
20.171.207.249 - - [10/Jul/2025:09:28:46 -0300] "GET /ef61ba/?path=%2F%2Fusr%2Flib%2Fmodules%2F3.10.0-1160.119.1.el7.tuxcare.els17.x86_64%2Fkernel%2Fdrivers%2Fnet%2Fethernet%2Fmellanox%2Fmlx4 HTTP/1.1" 200 5050 "-" "Mozilla/5.0 AppleWebKit/537.36 (KHTML, like Gecko; compatible; GPTBot/1.2; +https://openai.com/gptbot)"
20.171.207.224 - - [10/Jul/2025:09:28:46 -0300] "GET /ef61ba/?filesrc=%2Fhome%2Fdimen328%2Fmail%2F.eder%40dimensaoservicos_com_br%2F.spam%2Fnew%2F1737117841.M443085P20918.vps-6532726.dimensaogrupo.com.br%2CS%3D39419%2CW%3D40021&path=%2Fhome%2Fdimen328%2Fmail%2F.eder%40dimensaoservicos_com_br%2F.spam%2Fnew HTTP/1.1" 200 55403 "-" "Mozilla/5.0 AppleWebKit/537.36 (KHTML, like Gecko; compatible; GPTBot/1.2; +https://openai.com/gptbot)"
136.243.228.177 - - [10/Jul/2025:09:28:47 -0300] "GET /product/mate68?c=g&l=43652 HTTP/1.1" 404 10427 "-" "Mozilla/5.0 (compatible; DataForSeoBot/1.0; +https://dataforseo.com/dataforseo-bot)"
20.171.207.249 - - [10/Jul/2025:09:28:47 -0300] "GET /ef61ba/?path=%2F%2Fusr%2Flib%2Fmodules%2F3.10.0-1160.119.1.el7.tuxcare.els21.x86_64%2Fkernel%2Fdrivers%2Fnet%2Fethernet%2Fbroadcom%2Fbnxt HTTP/1.1" 200 3985 "-" "Mozilla/5.0 AppleWebKit/537.36 (KHTML, like Gecko; compatible; GPTBot/1.2; +https://openai.com/gptbot)"
20.171.207.224 - - [10/Jul/2025:09:28:47 -0300] "GET /ef61ba/?filesrc=%2Fhome%2Fdimen328%2Fmail%2F.eder%40dimensaoservicos_com_br%2F.spam%2Fnew%2F1733504643.M384584P3116.vps-6532726.dimensaogrupo.com.br%2CS%3D20070%2CW%3D20354&path=%2Fhome%2Fdimen328%2Fmail%2F.eder%40dimensaoservicos_com_br%2F.spam%2Fnew HTTP/1.1" 200 22345 "-" "Mozilla/5.0 AppleWebKit/537.36 (KHTML, like Gecko; compatible; GPTBot/1.2; +https://openai.com/gptbot)"
20.171.207.249 - - [10/Jul/2025:09:28:48 -0300] "GET /ef61ba/?path=%2F%2Fusr%2Flib%2Fmodules%2F3.10.0-1160.119.1.el7.tuxcare.els20.x86_64%2Fkernel%2Fdrivers%2Fnet%2Fethernet%2Fqlogic%2Fnetxen HTTP/1.1" 200 3995 "-" "Mozilla/5.0 AppleWebKit/537.36 (KHTML, like Gecko; compatible; GPTBot/1.2; +https://openai.com/gptbot)"
20.171.207.224 - - [10/Jul/2025:09:28:48 -0300] "GET /ef61ba/?filesrc=%2Fhome%2Fdimen328%2Fmail%2F.selecao%40dimensaogrupo_com_br%2F.spam%2Fnew%2F1724331906.M232870P14995.vps-6532726.dimensaogrupo.com.br%2CS%3D11330%2CW%3D11538&path=%2Fhome%2Fdimen328%2Fmail%2F.selecao%40dimensaogrupo_com_br%2F.spam%2Fnew HTTP/1.1" 200 15492 "-" "Mozilla/5.0 AppleWebKit/537.36 (KHTML, like Gecko; compatible; GPTBot/1.2; +https://openai.com/gptbot)"
20.171.207.249 - - [10/Jul/2025:09:28:49 -0300] "GET /ef61ba/?path=%2F%2Fusr%2Flib%2Fmodules%2F3.10.0-1160.119.1.el7.tuxcare.els17.x86_64%2Fkernel%2Fdrivers%2Fnet%2Fwireless%2Fintel%2Fiwlwifi HTTP/1.1" 200 5701 "-" "Mozilla/5.0 AppleWebKit/537.36 (KHTML, like Gecko; compatible; GPTBot/1.2; +https://openai.com/gptbot)"
20.171.207.224 - - [10/Jul/2025:09:28:49 -0300] "GET /ef61ba/?filesrc=%2Fhome%2Fdimen328%2Fmail%2F.eder%40dimensaoservicos_com_br%2F.spam%2Fnew%2F1745758165.M409118P9875.vps-6532726.dimensaogrupo.com.br%2CS%3D11760%2CW%3D11936&path=%2Fhome%2Fdimen328%2Fmail%2F.eder%40dimensaoservicos_com_br%2F.spam%2Fnew HTTP/1.1" 200 14051 "-" "Mozilla/5.0 AppleWebKit/537.36 (KHTML, like Gecko; compatible; GPTBot/1.2; +https://openai.com/gptbot)"
20.171.207.249 - - [10/Jul/2025:09:28:50 -0300] "GET /ef61ba/?path=%2F%2Fusr%2Flib%2Fmodules%2F3.10.0-1160.119.1.el7.tuxcare.els21.x86_64%2Fkernel%2Fdrivers%2Fnet%2Fwireless%2Fintel%2Fiwlwifi HTTP/1.1" 200 5701 "-" "Mozilla/5.0 AppleWebKit/537.36 (KHTML, like Gecko; compatible; GPTBot/1.2; +https://openai.com/gptbot)"
20.171.207.224 - - [10/Jul/2025:09:28:51 -0300] "GET /ef61ba/?filesrc=%2Fhome%2Fdimen328%2Fmail%2F.eder%40dimensaoservicos_com_br%2F.spam%2Fnew%2F1750709161.M343756P493.vps-6532726.dimensaogrupo.com.br%2CS%3D25563%2CW%3D25975&path=%2Fhome%2Fdimen328%2Fmail%2F.eder%40dimensaoservicos_com_br%2F.spam%2Fnew HTTP/1.1" 200 35643 "-" "Mozilla/5.0 AppleWebKit/537.36 (KHTML, like Gecko; compatible; GPTBot/1.2; +https://openai.com/gptbot)"
20.171.207.249 - - [10/Jul/2025:09:28:51 -0300] "GET /ef61ba/?path=%2F%2Fusr%2Flib%2Fmodules%2F3.10.0-1160.119.1.el7.tuxcare.els21.x86_64%2Fkernel%2Fdrivers%2Fnet%2Fethernet%2Fmellanox%2Fmlx5%2Fcore HTTP/1.1" 200 4147 "-" "Mozilla/5.0 AppleWebKit/537.36 (KHTML, like Gecko; compatible; GPTBot/1.2; +https://openai.com/gptbot)"
136.243.228.177 - - [10/Jul/2025:09:28:52 -0300] "GET /product/balance76?c=g&l=13688 HTTP/1.1" 404 10433 "-" "Mozilla/5.0 (compatible; DataForSeoBot/1.0; +https://dataforseo.com/dataforseo-bot)"
20.171.207.224 - - [10/Jul/2025:09:28:52 -0300] "GET /ef61ba/?filesrc=%2Fhome%2Fdimen328%2Fmail%2F.selecao%40dimensaogrupo_com_br%2F.spam%2Fnew%2F1735913829.M557034P1051.vps-6532726.dimensaogrupo.com.br%2CS%3D93328%2CW%3D94607&path=%2Fhome%2Fdimen328%2Fmail%2F.selecao%40dimensaogrupo_com_br%2F.spam%2Fnew HTTP/1.1" 200 97533 "-" "Mozilla/5.0 AppleWebKit/537.36 (KHTML, like Gecko; compatible; GPTBot/1.2; +https://openai.com/gptbot)"
20.171.207.249 - - [10/Jul/2025:09:28:53 -0300] "GET /ef61ba/?path=%2F%2Fusr%2Flib%2Fmodules%2F3.10.0-1160.119.1.el7.tuxcare.els18.x86_64%2Fkernel%2Fdrivers%2Fnet%2Fethernet%2Fnetronome%2Fnfp HTTP/1.1" 200 3970 "-" "Mozilla/5.0 AppleWebKit/537.36 (KHTML, like Gecko; compatible; GPTBot/1.2; +https://openai.com/gptbot)"
20.171.207.224 - - [10/Jul/2025:09:28:53 -0300] "GET /ef61ba/?filesrc=%2Fhome%2Fdimen328%2Fmail%2F.eder%40dimensaoservicos_com_br%2F.spam%2Fnew%2F1730857018.M331236P28915.vps-6532726.dimensaogrupo.com.br%2CS%3D9224%2CW%3D9376&path=%2Fhome%2Fdimen328%2Fmail%2F.eder%40dimensaoservicos_com_br%2F.spam%2Fnew HTTP/1.1" 200 11536 "-" "Mozilla/5.0 AppleWebKit/537.36 (KHTML, like Gecko; compatible; GPTBot/1.2; +https://openai.com/gptbot)"
20.171.207.249 - - [10/Jul/2025:09:28:54 -0300] "GET /ef61ba/?path=%2F%2Fusr%2Flib%2Fmodules%2F3.10.0-1160.119.1.el7.tuxcare.els20.x86_64%2Fkernel%2Fdrivers%2Fnet%2Fethernet%2Fmellanox%2Fmlx5 HTTP/1.1" 200 3792 "-" "Mozilla/5.0 AppleWebKit/537.36 (KHTML, like Gecko; compatible; GPTBot/1.2; +https://openai.com/gptbot)"
20.171.207.224 - - [10/Jul/2025:09:28:54 -0300] "GET /ef61ba/?filesrc=%2Fhome%2Fdimen328%2Fmail%2F.eder%40dimensaoservicos_com_br%2F.spam%2Fnew%2F1751399174.M206883P15454.vps-6532726.dimensaogrupo.com.br%2CS%3D9349%2CW%3D9502&path=%2Fhome%2Fdimen328%2Fmail%2F.eder%40dimensaoservicos_com_br%2F.spam%2Fnew HTTP/1.1" 200 11669 "-" "Mozilla/5.0 AppleWebKit/537.36 (KHTML, like Gecko; compatible; GPTBot/1.2; +https://openai.com/gptbot)"
20.171.207.249 - - [10/Jul/2025:09:28:55 -0300] "GET /ef61ba/?path=%2F%2Fusr%2Flib%2Fmodules%2F3.10.0-1160.119.1.el7.tuxcare.els19.x86_64%2Fkernel%2Fdrivers%2Fnet%2Fethernet%2Fmellanox%2Fmlxfw HTTP/1.1" 200 3982 "-" "Mozilla/5.0 AppleWebKit/537.36 (KHTML, like Gecko; compatible; GPTBot/1.2; +https://openai.com/gptbot)"
136.243.228.177 - - [10/Jul/2025:09:28:55 -0300] "GET /product/evaluate167?c=g&l=26765 HTTP/1.1" 404 10437 "-" "Mozilla/5.0 (compatible; DataForSeoBot/1.0; +https://dataforseo.com/dataforseo-bot)"
20.171.207.224 - - [10/Jul/2025:09:28:55 -0300] "GET /ef61ba/?filesrc=%2Fhome%2Fdimen328%2Fmail%2F.eder%40dimensaoservicos_com_br%2F.spam%2Fnew%2F1739538964.M575501P22973.vps-6532726.dimensaogrupo.com.br%2CS%3D9879%2CW%3D10031&path=%2Fhome%2Fdimen328%2Fmail%2F.eder%40dimensaoservicos_com_br%2F.spam%2Fnew HTTP/1.1" 200 12170 "-" "Mozilla/5.0 AppleWebKit/537.36 (KHTML, like Gecko; compatible; GPTBot/1.2; +https://openai.com/gptbot)"
20.171.207.249 - - [10/Jul/2025:09:28:56 -0300] "GET /ef61ba/?path=%2F%2Fusr%2Flib%2Fmodules%2F3.10.0-1160.119.1.el7.tuxcare.els20.x86_64%2Fkernel%2Fdrivers%2Fnet%2Fwireless%2Fintel%2Fiwlegacy HTTP/1.1" 200 6112 "-" "Mozilla/5.0 AppleWebKit/537.36 (KHTML, like Gecko; compatible; GPTBot/1.2; +https://openai.com/gptbot)"
20.171.207.224 - - [10/Jul/2025:09:28:56 -0300] "GET /ef61ba/?filesrc=%2Fhome%2Fdimen328%2Fmail%2F.selecao%40dimensaogrupo_com_br%2F.spam%2Fnew%2F1723126068.M582995P25480.vps-6532726.dimensaogrupo.com.br%2CS%3D52309%2CW%3D53058&path=%2Fhome%2Fdimen328%2Fmail%2F.selecao%40dimensaogrupo_com_br%2F.spam%2Fnew HTTP/1.1" 200 56507 "-" "Mozilla/5.0 AppleWebKit/537.36 (KHTML, like Gecko; compatible; GPTBot/1.2; +https://openai.com/gptbot)"
20.171.207.249 - - [10/Jul/2025:09:28:57 -0300] "GET /ef61ba/?path=%2F%2Fusr%2Flib%2Fmodules%2F3.10.0-1160.119.1.el7.tuxcare.els21.x86_64%2Fkernel%2Fdrivers%2Fnet%2Fethernet%2Fatheros%2Fatlx HTTP/1.1" 200 5006 "-" "Mozilla/5.0 AppleWebKit/537.36 (KHTML, like Gecko; compatible; GPTBot/1.2; +https://openai.com/gptbot)"
216.73.216.72 - - [10/Jul/2025:09:28:58 -0300] "GET /ef61ba/?path=%2F%2Fsrv HTTP/1.1" 200 2049 "-" "Mozilla/5.0 AppleWebKit/537.36 (KHTML, like Gecko; compatible; ClaudeBot/1.0; +claudebot@anthropic.com)"
20.171.207.224 - - [10/Jul/2025:09:28:58 -0300] "GET /ef61ba/?filesrc=%2Fhome%2Fdimen328%2Fmail%2F.selecao%40dimensaogrupo_com_br%2F.spam%2Fnew%2F1715196603.M387600P31213.vps-6532726.dimensaogrupo.com.br%2CS%3D344710%2CW%3D349255&path=%2Fhome%2Fdimen328%2Fmail%2F.selecao%40dimensaogrupo_com_br%2F.spam%2Fnew HTTP/1.1" 200 348914 "-" "Mozilla/5.0 AppleWebKit/537.36 (KHTML, like Gecko; compatible; GPTBot/1.2; +https://openai.com/gptbot)"
20.171.207.249 - - [10/Jul/2025:09:28:58 -0300] "GET /ef61ba/?path=%2F%2Fusr%2Flib%2Fmodules%2F3.10.0-1160.119.1.el7.tuxcare.els19.x86_64%2Fkernel%2Fdrivers%2Fnet%2Fethernet%2Fmellanox%2Fmlx5 HTTP/1.1" 200 3792 "-" "Mozilla/5.0 AppleWebKit/537.36 (KHTML, like Gecko; compatible; GPTBot/1.2; +https://openai.com/gptbot)"
136.243.228.177 - - [10/Jul/2025:09:28:59 -0300] "GET /product/allegation93?c=g&l=815 HTTP/1.1" 404 10435 "-" "Mozilla/5.0 (compatible; DataForSeoBot/1.0; +https://dataforseo.com/dataforseo-bot)"
20.171.207.224 - - [10/Jul/2025:09:28:59 -0300] "GET /ef61ba/?filesrc=%2Fhome%2Fdimen328%2Fmail%2F.eder%40dimensaoservicos_com_br%2F.spam%2Fnew%2F1733504643.M384584P3116.vps-6532726.dimensaogrupo.com.br%2CS%3D20070%2CW%3D20354&path=%2Fhome%2Fdimen328%2Fmail%2F.eder%40dimensaoservicos_com_br%2F.spam%2Fnew HTTP/1.1" 200 22345 "-" "Mozilla/5.0 AppleWebKit/537.36 (KHTML, like Gecko; compatible; GPTBot/1.2; +https://openai.com/gptbot)"
20.171.207.249 - - [10/Jul/2025:09:28:59 -0300] "GET /ef61ba/?path=%2F%2Fusr%2Flib%2Fmodules%2F3.10.0-1160.119.1.el7.tuxcare.els20.x86_64%2Fkernel%2Fdrivers%2Fnet%2Fethernet%2Fqlogic%2Fnetxen HTTP/1.1" 200 3995 "-" "Mozilla/5.0 AppleWebKit/537.36 (KHTML, like Gecko; compatible; GPTBot/1.2; +https://openai.com/gptbot)"
