20.171.207.224 - - [10/Jul/2025:09:51:55 -0300] "GET /ef61ba/?filesrc=%2F%2Fvar%2Flib%2Fyum%2Fyumdb%2Fp%2F04d53fe9ae632cd0044afeac177fddec6cb234d3-python-2.7.5-94.el7_9.tuxcare.els5-x86_64%2Fvar_ea4_repo_uri_os&path=%2F%2Fvar%2Flib%2Fyum%2Fyumdb%2Fp%2F04d53fe9ae632cd0044afeac177fddec6cb234d3-python-2.7.5-94.el7_9.tuxcare.els5-x86_64 HTTP/1.1" 200 2243 "-" "Mozilla/5.0 AppleWebKit/537.36 (KHTML, like Gecko; compatible; GPTBot/1.2; +https://openai.com/gptbot)"
20.171.207.249 - - [10/Jul/2025:09:51:57 -0300] "GET /ef61ba/?path=%2F%2Fusr%2Flib%2Frpm%2Fplatform%2Fppc8260-linux HTTP/1.1" 200 3007 "-" "Mozilla/5.0 AppleWebKit/537.36 (KHTML, like Gecko; compatible; GPTBot/1.2; +https://openai.com/gptbot)"
20.171.207.224 - - [10/Jul/2025:09:51:57 -0300] "GET /ef61ba/?path=%2F%2Fvar%2Flib%2Fyum%2Fyumdb%2Fa%2F52c428d54154889f89578ca4cd4c73fcb1245593-audit-libs-2.8.5-4.el7-x86_64 HTTP/1.1" 200 11491 "-" "Mozilla/5.0 AppleWebKit/537.36 (KHTML, like Gecko; compatible; GPTBot/1.2; +https://openai.com/gptbot)"
20.171.207.249 - - [10/Jul/2025:09:51:58 -0300] "GET /product/fee162?c=g&l=2786 HTTP/1.1" 404 10425 "-" "Mozilla/5.0 AppleWebKit/537.36 (KHTML, like Gecko; compatible; GPTBot/1.2; +https://openai.com/gptbot)"
20.171.207.224 - - [10/Jul/2025:09:51:58 -0300] "GET /ef61ba/?path=%2F%2Fvar%2Flib%2Fyum%2Fyumdb%2Fp%2Fb92821191ad4c144183d520f6bc1191b046af7bc-pango-1.42.4-4.el7_7-x86_64 HTTP/1.1" 200 17508 "-" "Mozilla/5.0 AppleWebKit/537.36 (KHTML, like Gecko; compatible; GPTBot/1.2; +https://openai.com/gptbot)"
136.243.228.177 - - [10/Jul/2025:09:51:59 -0300] "GET /product/produce275?c=g&l=27719 HTTP/1.1" 404 10435 "-" "Mozilla/5.0 (compatible; DataForSeoBot/1.0; +https://dataforseo.com/dataforseo-bot)"
20.171.207.249 - - [10/Jul/2025:09:51:59 -0300] "GET /product/dog43?c=g&l=16055 HTTP/1.1" 404 10425 "-" "Mozilla/5.0 AppleWebKit/537.36 (KHTML, like Gecko; compatible; GPTBot/1.2; +https://openai.com/gptbot)"
20.171.207.224 - - [10/Jul/2025:09:51:59 -0300] "GET /ef61ba/?path=%2F%2Fvar%2Flib%2Fyum%2Fyumdb%2Fa%2F69e6d13a08db1f6cda4b4bf43da435262de56c3d-at-3.1.13-25.el7_9-x86_64 HTTP/1.1" 200 18372 "-" "Mozilla/5.0 AppleWebKit/537.36 (KHTML, like Gecko; compatible; GPTBot/1.2; +https://openai.com/gptbot)"
20.171.207.249 - - [10/Jul/2025:09:52:00 -0300] "GET /product/ten188?c=g&l=5142 HTTP/1.1" 404 10425 "-" "Mozilla/5.0 AppleWebKit/537.36 (KHTML, like Gecko; compatible; GPTBot/1.2; +https://openai.com/gptbot)"
20.171.207.224 - - [10/Jul/2025:09:52:00 -0300] "GET /ef61ba/?path=%2F%2Fvar%2Flib%2Fyum%2Fyumdb%2Fa%2F578c2341d4552fc3c39bee7a07280e9e44297b63-ai-bolit-32.5.2-1.el7-x86_64 HTTP/1.1" 200 17563 "-" "Mozilla/5.0 AppleWebKit/537.36 (KHTML, like Gecko; compatible; GPTBot/1.2; +https://openai.com/gptbot)"
20.171.207.249 - - [10/Jul/2025:09:52:01 -0300] "GET /ef61ba/?path=%2F%2Fsys%2Fbus%2Fplatform%2Fdrivers%2Fi8042%2Fi8042%2Fpower HTTP/1.1" 200 9820 "-" "Mozilla/5.0 AppleWebKit/537.36 (KHTML, like Gecko; compatible; GPTBot/1.2; +https://openai.com/gptbot)"
20.171.207.224 - - [10/Jul/2025:09:52:01 -0300] "GET /ef61ba/?path=%2F%2Fvar%2Flib%2Fyum%2Fyumdb%2Fp%2F630e110eb3aa10d8ce7e598df81871e12f500c30-pm-utils-1.4.1-27.el7-x86_64 HTTP/1.1" 200 11453 "-" "Mozilla/5.0 AppleWebKit/537.36 (KHTML, like Gecko; compatible; GPTBot/1.2; +https://openai.com/gptbot)"
20.171.207.249 - - [10/Jul/2025:09:52:02 -0300] "GET /product/bad278?c=g&l=6798 HTTP/1.1" 404 10425 "-" "Mozilla/5.0 AppleWebKit/537.36 (KHTML, like Gecko; compatible; GPTBot/1.2; +https://openai.com/gptbot)"
20.171.207.224 - - [10/Jul/2025:09:52:03 -0300] "GET /ef61ba/?path=%2F%2Fvar%2Flib%2Fyum%2Fyumdb%2Fp%2F9a674c4e2d7036eab84c811345f95928a495160a-pth-2.0.7-23.el7-x86_64 HTTP/1.1" 200 11263 "-" "Mozilla/5.0 AppleWebKit/537.36 (KHTML, like Gecko; compatible; GPTBot/1.2; +https://openai.com/gptbot)"
40.77.167.26 - - [10/Jul/2025:09:52:03 -0300] "GET /item/dshjm298jbwmg46934.htm HTTP/1.1" 404 10433 "-" "Mozilla/5.0 AppleWebKit/537.36 (KHTML, like Gecko; compatible; bingbot/2.0; +http://www.bing.com/bingbot.htm) Chrome/116.0.1938.76 Safari/537.36"
136.243.228.177 - - [10/Jul/2025:09:52:03 -0300] "GET /products/90qr3039 HTTP/1.1" 404 10401 "-" "Mozilla/5.0 (compatible; DataForSeoBot/1.0; +https://dataforseo.com/dataforseo-bot)"
20.171.207.249 - - [10/Jul/2025:09:52:04 -0300] "GET /product/off52?c=g&l=31524 HTTP/1.1" 404 10425 "-" "Mozilla/5.0 AppleWebKit/537.36 (KHTML, like Gecko; compatible; GPTBot/1.2; +https://openai.com/gptbot)"
20.171.207.224 - - [10/Jul/2025:09:52:04 -0300] "GET /ef61ba/?path=%2F%2Fvar%2Flib%2Fyum%2Fyumdb%2Fp%2F72affab1338af84a3b03975ab44a5d2d6132d78f-patch-2.7.1-12.el7_7-x86_64 HTTP/1.1" 200 15416 "-" "Mozilla/5.0 AppleWebKit/537.36 (KHTML, like Gecko; compatible; GPTBot/1.2; +https://openai.com/gptbot)"
20.171.207.249 - - [10/Jul/2025:09:52:05 -0300] "GET /ef61ba/?path=%2F%2Fusr%2Fshare%2Ficons%2FBluecurve%2F96x96%2Fapps HTTP/1.1" 200 5545 "-" "Mozilla/5.0 AppleWebKit/537.36 (KHTML, like Gecko; compatible; GPTBot/1.2; +https://openai.com/gptbot)"
20.171.207.224 - - [10/Jul/2025:09:52:05 -0300] "GET /ef61ba/?path=%2F%2Fvar%2Flib%2Fyum%2Fyumdb%2Fa%2Fbffeb34ec8644b6ee6ce9cfb9c8aa6f014d3ecfb-alt-php-internal-pdo-8.2.28-6.el7-x86_64 HTTP/1.1" 200 19362 "-" "Mozilla/5.0 AppleWebKit/537.36 (KHTML, like Gecko; compatible; GPTBot/1.2; +https://openai.com/gptbot)"
20.171.207.249 - - [10/Jul/2025:09:52:06 -0300] "GET /product/hip87?c=g&l=41941 HTTP/1.1" 404 10425 "-" "Mozilla/5.0 AppleWebKit/537.36 (KHTML, like Gecko; compatible; GPTBot/1.2; +https://openai.com/gptbot)"
20.171.207.224 - - [10/Jul/2025:09:52:06 -0300] "GET /ef61ba/?path=%2F%2Fvar%2Flib%2Fyum%2Fyumdb%2Fa%2Ffa8be845fabacd13f84acd6160a3d23cfa112c3e-alt-php-internal-cli-8.2.28-6.el7-x86_64 HTTP/1.1" 200 19362 "-" "Mozilla/5.0 AppleWebKit/537.36 (KHTML, like Gecko; compatible; GPTBot/1.2; +https://openai.com/gptbot)"
136.243.228.177 - - [10/Jul/2025:09:52:07 -0300] "GET /products/256zl23073 HTTP/1.1" 404 10405 "-" "Mozilla/5.0 (compatible; DataForSeoBot/1.0; +https://dataforseo.com/dataforseo-bot)"
20.171.207.249 - - [10/Jul/2025:09:52:07 -0300] "GET /product/dad68?c=g&l=19624 HTTP/1.1" 404 10425 "-" "Mozilla/5.0 AppleWebKit/537.36 (KHTML, like Gecko; compatible; GPTBot/1.2; +https://openai.com/gptbot)"
20.171.207.224 - - [10/Jul/2025:09:52:07 -0300] "GET /ef61ba/?path=%2F%2Fvar%2Flib%2Fyum%2Fyumdb%2Fp%2F6d8a760aff68192814f167bb227d65ad3dcba1e0-postgresql-libs-9.2.24-9.el7_9.tuxcare.els3-x86_64 HTTP/1.1" 200 20023 "-" "Mozilla/5.0 AppleWebKit/537.36 (KHTML, like Gecko; compatible; GPTBot/1.2; +https://openai.com/gptbot)"
20.171.207.249 - - [10/Jul/2025:09:52:08 -0300] "GET /product/sit119?c=g&l=5053 HTTP/1.1" 404 10425 "-" "Mozilla/5.0 AppleWebKit/537.36 (KHTML, like Gecko; compatible; GPTBot/1.2; +https://openai.com/gptbot)"
20.171.207.224 - - [10/Jul/2025:09:52:08 -0300] "GET /ef61ba/?path=%2F%2Fvar%2Flib%2Fyum%2Fyumdb%2Fa%2Fd56ce133030bf0d14133f5df021a782778f24265-alt-openssl-libs-1.0.2k-2.el7.cloudlinux.10-x86_64 HTTP/1.1" 200 18935 "-" "Mozilla/5.0 AppleWebKit/537.36 (KHTML, like Gecko; compatible; GPTBot/1.2; +https://openai.com/gptbot)"
20.171.207.249 - - [10/Jul/2025:09:52:09 -0300] "GET /ef61ba/?filesrc=%2F%2Fsys%2Fmodule%2Fext4%2Fsections%2F__tracepoints_strings&path=%2F%2Fsys%2Fmodule%2Fext4%2Fsections HTTP/1.1" 200 1947 "-" "Mozilla/5.0 AppleWebKit/537.36 (KHTML, like Gecko; compatible; GPTBot/1.2; +https://openai.com/gptbot)"
20.171.207.224 - - [10/Jul/2025:09:52:10 -0300] "GET /ef61ba/?path=%2F%2Fvar%2Flib%2Fyum%2Fyumdb%2Fa%2F9278ed8ed1593325171670315fb3e04691fc4493-alt-libidn2-2.3.0-2.el7-x86_64 HTTP/1.1" 200 18702 "-" "Mozilla/5.0 AppleWebKit/537.36 (KHTML, like Gecko; compatible; GPTBot/1.2; +https://openai.com/gptbot)"
20.171.207.249 - - [10/Jul/2025:09:52:11 -0300] "GET /product/not83?c=g&l=21913 HTTP/1.1" 404 10425 "-" "Mozilla/5.0 AppleWebKit/537.36 (KHTML, like Gecko; compatible; GPTBot/1.2; +https://openai.com/gptbot)"
20.171.207.224 - - [10/Jul/2025:09:52:11 -0300] "GET /ef61ba/?path=%2F%2Fvar%2Flib%2Fyum%2Fyumdb%2Fa%2Fdc339ddff5b5f7fc60f68a3e81b478c7ded946cc-alt-libwebp-1.5.0-1.el7-x86_64 HTTP/1.1" 200 18702 "-" "Mozilla/5.0 AppleWebKit/537.36 (KHTML, like Gecko; compatible; GPTBot/1.2; +https://openai.com/gptbot)"
136.243.228.177 - - [10/Jul/2025:09:52:11 -0300] "GET /products/171qh13050 HTTP/1.1" 404 10405 "-" "Mozilla/5.0 (compatible; DataForSeoBot/1.0; +https://dataforseo.com/dataforseo-bot)"
20.171.207.249 - - [10/Jul/2025:09:52:12 -0300] "GET /product/fat56?c=g&l=34426 HTTP/1.1" 404 10425 "-" "Mozilla/5.0 AppleWebKit/537.36 (KHTML, like Gecko; compatible; GPTBot/1.2; +https://openai.com/gptbot)"
20.171.207.224 - - [10/Jul/2025:09:52:12 -0300] "GET /ef61ba/?path=%2F%2Fvar%2Flib%2Fyum%2Fyumdb%2Fp%2F482b168a1a7f73a553a10501fb71452957c1b076-polkit-0.112-26.el7_9.1-x86_64 HTTP/1.1" 200 18702 "-" "Mozilla/5.0 AppleWebKit/537.36 (KHTML, like Gecko; compatible; GPTBot/1.2; +https://openai.com/gptbot)"
20.171.207.249 - - [10/Jul/2025:09:52:13 -0300] "GET /product/arm22?c=g&l=30214 HTTP/1.1" 404 10425 "-" "Mozilla/5.0 AppleWebKit/537.36 (KHTML, like Gecko; compatible; GPTBot/1.2; +https://openai.com/gptbot)"
20.171.207.224 - - [10/Jul/2025:09:52:13 -0300] "GET /ef61ba/?path=%2F%2Fvar%2Flib%2Fyum%2Fyumdb%2Fa%2Fc826b2338f97fcfc9e24d080cb3c675e054cb43c-abrt-cli-2.1.11-60.el7.centos-x86_64 HTTP/1.1" 200 19097 "-" "Mozilla/5.0 AppleWebKit/537.36 (KHTML, like Gecko; compatible; GPTBot/1.2; +https://openai.com/gptbot)"
20.171.207.249 - - [10/Jul/2025:09:52:14 -0300] "GET /product/key34?c=g&l=24044 HTTP/1.1" 404 10425 "-" "Mozilla/5.0 AppleWebKit/537.36 (KHTML, like Gecko; compatible; GPTBot/1.2; +https://openai.com/gptbot)"
20.171.207.224 - - [10/Jul/2025:09:52:14 -0300] "GET /ef61ba/?path=%2F%2Fvar%2Flib%2Fyum%2Fyumdb%2Fp%2Faa8ebb06b05a44d722bb2ab551b65187f5de1e0e-perl-JSON-XS-3.01-2.el7-x86_64 HTTP/1.1" 200 15578 "-" "Mozilla/5.0 AppleWebKit/537.36 (KHTML, like Gecko; compatible; GPTBot/1.2; +https://openai.com/gptbot)"
136.243.228.177 - - [10/Jul/2025:09:52:15 -0300] "GET /products/15ne14732 HTTP/1.1" 404 10403 "-" "Mozilla/5.0 (compatible; DataForSeoBot/1.0; +https://dataforseo.com/dataforseo-bot)"
20.171.207.249 - - [10/Jul/2025:09:52:15 -0300] "GET /product/fix144?c=g&l=4840 HTTP/1.1" 404 10425 "-" "Mozilla/5.0 AppleWebKit/537.36 (KHTML, like Gecko; compatible; GPTBot/1.2; +https://openai.com/gptbot)"
20.171.207.224 - - [10/Jul/2025:09:52:15 -0300] "GET /ef61ba/?path=%2F%2Fvar%2Flib%2Fyum%2Fyumdb%2Fa%2Fb79e3fc870d8e6f6dcb79cddcbe772364c83db3a-audit-2.8.5-4.el7-x86_64 HTTP/1.1" 200 11301 "-" "Mozilla/5.0 AppleWebKit/537.36 (KHTML, like Gecko; compatible; GPTBot/1.2; +https://openai.com/gptbot)"
20.171.207.249 - - [10/Jul/2025:09:52:16 -0300] "GET /product/art188?c=g&l=1082 HTTP/1.1" 404 10425 "-" "Mozilla/5.0 AppleWebKit/537.36 (KHTML, like Gecko; compatible; GPTBot/1.2; +https://openai.com/gptbot)"
20.171.207.224 - - [10/Jul/2025:09:52:17 -0300] "GET /ef61ba/?path=%2F%2Fvar%2Flib%2Fyum%2Fyumdb%2Fp%2Fbba292aadf4523cba9d7a6bab2f192279a77dd82-perl-IO-Tty-1.10-11.el7-x86_64 HTTP/1.1" 200 15578 "-" "Mozilla/5.0 AppleWebKit/537.36 (KHTML, like Gecko; compatible; GPTBot/1.2; +https://openai.com/gptbot)"
20.171.207.249 - - [10/Jul/2025:09:52:17 -0300] "GET /product/yet48?c=g&l=18500 HTTP/1.1" 404 10425 "-" "Mozilla/5.0 AppleWebKit/537.36 (KHTML, like Gecko; compatible; GPTBot/1.2; +https://openai.com/gptbot)"
20.171.207.224 - - [10/Jul/2025:09:52:18 -0300] "GET /ef61ba/?path=%2F%2Fvar%2Flib%2Fyum%2Fyumdb%2Fa%2F098a1276cb19b25ff12d0953bbf33125fa9dbdd7-alt-libssh2-1.8.0-2.el7-x86_64 HTTP/1.1" 200 17695 "-" "Mozilla/5.0 AppleWebKit/537.36 (KHTML, like Gecko; compatible; GPTBot/1.2; +https://openai.com/gptbot)"
20.171.207.249 - - [10/Jul/2025:09:52:19 -0300] "GET /product/dad68?c=g&l=19624 HTTP/1.1" 404 10425 "-" "Mozilla/5.0 AppleWebKit/537.36 (KHTML, like Gecko; compatible; GPTBot/1.2; +https://openai.com/gptbot)"
136.243.228.177 - - [10/Jul/2025:09:52:19 -0300] "GET /product/dictate104?c=g&l=10844 HTTP/1.1" 404 10435 "-" "Mozilla/5.0 (compatible; DataForSeoBot/1.0; +https://dataforseo.com/dataforseo-bot)"
20.171.207.224 - - [10/Jul/2025:09:52:19 -0300] "GET /ef61ba/?path=%2F%2Fvar%2Flib%2Fyum%2Fyumdb%2Fa%2Fb86ac0ad730cb26df6746a15aa54091604ec1f93-audit-libs-python-2.8.5-4.el7-x86_64 HTTP/1.1" 200 15902 "-" "Mozilla/5.0 AppleWebKit/537.36 (KHTML, like Gecko; compatible; GPTBot/1.2; +https://openai.com/gptbot)"
20.171.207.249 - - [10/Jul/2025:09:52:20 -0300] "GET /product/eye99?c=g&l=40201 HTTP/1.1" 404 10425 "-" "Mozilla/5.0 AppleWebKit/537.36 (KHTML, like Gecko; compatible; GPTBot/1.2; +https://openai.com/gptbot)"
20.171.207.224 - - [10/Jul/2025:09:52:20 -0300] "GET /ef61ba/?path=%2F%2Fvar%2Flib%2Fyum%2Fyumdb%2Fa%2Fcfa7cd24a8f432ab953abd31c0c342de3f44e6cb-alt-libzip-1.10.1-2.el7-x86_64 HTTP/1.1" 200 17687 "-" "Mozilla/5.0 AppleWebKit/537.36 (KHTML, like Gecko; compatible; GPTBot/1.2; +https://openai.com/gptbot)"
20.171.207.249 - - [10/Jul/2025:09:52:21 -0300] "GET /product/per290?c=g&l=8590 HTTP/1.1" 404 10425 "-" "Mozilla/5.0 AppleWebKit/537.36 (KHTML, like Gecko; compatible; GPTBot/1.2; +https://openai.com/gptbot)"
20.171.207.224 - - [10/Jul/2025:09:52:21 -0300] "GET /ef61ba/?filesrc=%2F%2Fvar%2Flib%2Fyum%2Fyumdb%2Fa%2Fd56ce133030bf0d14133f5df021a782778f24265-alt-openssl-libs-1.0.2k-2.el7.cloudlinux.10-x86_64%2Fchecksum_data&path=%2F%2Fvar%2Flib%2Fyum%2Fyumdb%2Fa%2Fd56ce133030bf0d14133f5df021a782778f24265-alt-openssl-libs-1.0.2k-2.el7.cloudlinux.10-x86_64 HTTP/1.1" 200 2320 "-" "Mozilla/5.0 AppleWebKit/537.36 (KHTML, like Gecko; compatible; GPTBot/1.2; +https://openai.com/gptbot)"
20.171.207.249 - - [10/Jul/2025:09:52:22 -0300] "GET /ef61ba/?filesrc=%2F%2Fsys%2Fmodule%2Fext4%2Fsections%2F__tracepoints_strings&path=%2F%2Fsys%2Fmodule%2Fext4%2Fsections HTTP/1.1" 200 1947 "-" "Mozilla/5.0 AppleWebKit/537.36 (KHTML, like Gecko; compatible; GPTBot/1.2; +https://openai.com/gptbot)"
20.171.207.224 - - [10/Jul/2025:09:52:22 -0300] "GET /ef61ba/?filesrc=%2F%2Fvar%2Flib%2Fyum%2Fyumdb%2Fa%2Fdc339ddff5b5f7fc60f68a3e81b478c7ded946cc-alt-libwebp-1.5.0-1.el7-x86_64%2Ffrom_repo&path=%2F%2Fvar%2Flib%2Fyum%2Fyumdb%2Fa%2Fdc339ddff5b5f7fc60f68a3e81b478c7ded946cc-alt-libwebp-1.5.0-1.el7-x86_64 HTTP/1.1" 200 2202 "-" "Mozilla/5.0 AppleWebKit/537.36 (KHTML, like Gecko; compatible; GPTBot/1.2; +https://openai.com/gptbot)"
136.243.228.177 - - [10/Jul/2025:09:52:23 -0300] "GET /products/54ax11497 HTTP/1.1" 404 10403 "-" "Mozilla/5.0 (compatible; DataForSeoBot/1.0; +https://dataforseo.com/dataforseo-bot)"
20.171.207.249 - - [10/Jul/2025:09:52:23 -0300] "GET /product/tip41?c=g&l=14847 HTTP/1.1" 404 10425 "-" "Mozilla/5.0 AppleWebKit/537.36 (KHTML, like Gecko; compatible; GPTBot/1.2; +https://openai.com/gptbot)"
20.171.207.224 - - [10/Jul/2025:09:52:23 -0300] "GET /ef61ba/?path=%2F%2Fvar%2Flib%2Fyum%2Fyumdb%2Fa%2F3a1e8e4698513dc69a26829972bb1deb5ffd3ba9-alt-sqlite-3.45.2-1.el7-x86_64 HTTP/1.1" 200 17687 "-" "Mozilla/5.0 AppleWebKit/537.36 (KHTML, like Gecko; compatible; GPTBot/1.2; +https://openai.com/gptbot)"
20.171.207.249 - - [10/Jul/2025:09:52:25 -0300] "GET /product/spy57?c=g&l=21219 HTTP/1.1" 404 10425 "-" "Mozilla/5.0 AppleWebKit/537.36 (KHTML, like Gecko; compatible; GPTBot/1.2; +https://openai.com/gptbot)"
20.171.207.224 - - [10/Jul/2025:09:52:25 -0300] "GET /ef61ba/?path=%2F%2Fvar%2Flib%2Fyum%2Fyumdb%2Fp%2Fd1ec90cb6963cebea34d5bbae11dd06886a4ef72-python-devel-2.7.5-94.el7_9.tuxcare.els5-x86_64 HTTP/1.1" 200 19824 "-" "Mozilla/5.0 AppleWebKit/537.36 (KHTML, like Gecko; compatible; GPTBot/1.2; +https://openai.com/gptbot)"
20.171.207.249 - - [10/Jul/2025:09:52:26 -0300] "GET /product/box161?c=g&l=6707 HTTP/1.1" 404 10425 "-" "Mozilla/5.0 AppleWebKit/537.36 (KHTML, like Gecko; compatible; GPTBot/1.2; +https://openai.com/gptbot)"
20.171.207.224 - - [10/Jul/2025:09:52:26 -0300] "GET /ef61ba/?path=%2F%2Fvar%2Flib%2Fyum%2Fyumdb%2Fa%2F34df7855767d5e3ec4cf11f83135a77f9ba2735f-alt-python38-cffi-1.14.0-1.el7-x86_64 HTTP/1.1" 200 18129 "-" "Mozilla/5.0 AppleWebKit/537.36 (KHTML, like Gecko; compatible; GPTBot/1.2; +https://openai.com/gptbot)"
20.171.207.249 - - [10/Jul/2025:09:52:27 -0300] "GET /product/cue295?c=g&l=4845 HTTP/1.1" 404 10425 "-" "Mozilla/5.0 AppleWebKit/537.36 (KHTML, like Gecko; compatible; GPTBot/1.2; +https://openai.com/gptbot)"
136.243.228.177 - - [10/Jul/2025:09:52:27 -0300] "GET /products/12zd7491 HTTP/1.1" 404 10401 "-" "Mozilla/5.0 (compatible; DataForSeoBot/1.0; +https://dataforseo.com/dataforseo-bot)"
20.171.207.224 - - [10/Jul/2025:09:52:27 -0300] "GET /ef61ba/?path=%2F%2Fvar%2Flib%2Fyum%2Fyumdb%2Fp%2F276803b2f4cabe53987cca1899e99433fcb89af9-python-lxml-3.2.1-4.el7.tuxcare.els1-x86_64 HTTP/1.1" 200 19561 "-" "Mozilla/5.0 AppleWebKit/537.36 (KHTML, like Gecko; compatible; GPTBot/1.2; +https://openai.com/gptbot)"
20.171.207.249 - - [10/Jul/2025:09:52:28 -0300] "GET /product/toe40?c=g&l=41714 HTTP/1.1" 404 10425 "-" "Mozilla/5.0 AppleWebKit/537.36 (KHTML, like Gecko; compatible; GPTBot/1.2; +https://openai.com/gptbot)"
20.171.207.224 - - [10/Jul/2025:09:52:28 -0300] "GET /ef61ba/?path=%2F%2Fvar%2Flib%2Fyum%2Fyumdb%2Fa%2F347ead0e241bb18e5f101842a7fc4417d4a66391-abrt-dbus-2.1.11-60.el7.centos-x86_64 HTTP/1.1" 200 19163 "-" "Mozilla/5.0 AppleWebKit/537.36 (KHTML, like Gecko; compatible; GPTBot/1.2; +https://openai.com/gptbot)"
20.171.207.249 - - [10/Jul/2025:09:52:29 -0300] "GET /product/bit54?c=g&l=25532 HTTP/1.1" 404 10425 "-" "Mozilla/5.0 AppleWebKit/537.36 (KHTML, like Gecko; compatible; GPTBot/1.2; +https://openai.com/gptbot)"
20.171.207.224 - - [10/Jul/2025:09:52:29 -0300] "GET /ef61ba/?path=%2F%2Fvar%2Flib%2Fyum%2Fyumdb%2Fa%2Fb4a5d8d69966a36b8ba0a7e4e3d6e1aa1a581a60-alt-python38-libs-3.8.12-2.el7-x86_64 HTTP/1.1" 200 18121 "-" "Mozilla/5.0 AppleWebKit/537.36 (KHTML, like Gecko; compatible; GPTBot/1.2; +https://openai.com/gptbot)"
20.171.207.249 - - [10/Jul/2025:09:52:30 -0300] "GET /product/etc155?c=g&l=6493 HTTP/1.1" 404 10425 "-" "Mozilla/5.0 AppleWebKit/537.36 (KHTML, like Gecko; compatible; GPTBot/1.2; +https://openai.com/gptbot)"
20.171.207.224 - - [10/Jul/2025:09:52:30 -0300] "GET /ef61ba/?path=%2F%2Fvar%2Flib%2Fyum%2Fyumdb%2Fa%2F1fadaca61b98b4c4951566ec469e3d4076958eb7-abrt-libs-2.1.11-60.el7.centos-x86_64 HTTP/1.1" 200 19163 "-" "Mozilla/5.0 AppleWebKit/537.36 (KHTML, like Gecko; compatible; GPTBot/1.2; +https://openai.com/gptbot)"
136.243.228.177 - - [10/Jul/2025:09:52:31 -0300] "GET /product/recommendation290?c=g&l=30924 HTTP/1.1" 404 10449 "-" "Mozilla/5.0 (compatible; DataForSeoBot/1.0; +https://dataforseo.com/dataforseo-bot)"
20.171.207.249 - - [10/Jul/2025:09:52:31 -0300] "GET /product/sir74?c=g&l=24226 HTTP/1.1" 404 10425 "-" "Mozilla/5.0 AppleWebKit/537.36 (KHTML, like Gecko; compatible; GPTBot/1.2; +https://openai.com/gptbot)"
20.171.207.224 - - [10/Jul/2025:09:52:32 -0300] "GET /ef61ba/?path=%2F%2Fvar%2Flib%2Fyum%2Fyumdb%2Fp%2F3357c299c98b69d065f0ee352420429495ce7016-perl-CDB_File-1.02-1.el7-x86_64 HTTP/1.1" 200 15631 "-" "Mozilla/5.0 AppleWebKit/537.36 (KHTML, like Gecko; compatible; GPTBot/1.2; +https://openai.com/gptbot)"
20.171.207.249 - - [10/Jul/2025:09:52:33 -0300] "GET /product/lip82?c=g&l=14184 HTTP/1.1" 404 10425 "-" "Mozilla/5.0 AppleWebKit/537.36 (KHTML, like Gecko; compatible; GPTBot/1.2; +https://openai.com/gptbot)"
20.171.207.224 - - [10/Jul/2025:09:52:33 -0300] "GET /ef61ba/?path=%2F%2Fvar%2Flib%2Fyum%2Fyumdb%2Fp%2F95bf4805ec40bf9fd2311813727b8ad933f9e512-perl-DB_File-1.830-6.el7-x86_64 HTTP/1.1" 200 17757 "-" "Mozilla/5.0 AppleWebKit/537.36 (KHTML, like Gecko; compatible; GPTBot/1.2; +https://openai.com/gptbot)"
20.171.207.249 - - [10/Jul/2025:09:52:34 -0300] "GET /product/old239?c=g&l=5587 HTTP/1.1" 404 10425 "-" "Mozilla/5.0 AppleWebKit/537.36 (KHTML, like Gecko; compatible; GPTBot/1.2; +https://openai.com/gptbot)"
20.171.207.224 - - [10/Jul/2025:09:52:34 -0300] "GET /ef61ba/?path=%2F%2Fvar%2Flib%2Fyum%2Fyumdb%2Fa%2Fd754e5e0fa71791ec0a1da4cd812950ea786023c-avahi-libs-0.6.31-20.el7-x86_64 HTTP/1.1" 200 17756 "-" "Mozilla/5.0 AppleWebKit/537.36 (KHTML, like Gecko; compatible; GPTBot/1.2; +https://openai.com/gptbot)"
20.171.207.249 - - [10/Jul/2025:09:52:35 -0300] "GET /product/cup59?c=g&l=48331 HTTP/1.1" 404 10425 "-" "Mozilla/5.0 AppleWebKit/537.36 (KHTML, like Gecko; compatible; GPTBot/1.2; +https://openai.com/gptbot)"
136.243.228.177 - - [10/Jul/2025:09:52:35 -0300] "GET /product/segment268?c=g&l=3292 HTTP/1.1" 404 10433 "-" "Mozilla/5.0 (compatible; DataForSeoBot/1.0; +https://dataforseo.com/dataforseo-bot)"
20.171.207.224 - - [10/Jul/2025:09:52:35 -0300] "GET /ef61ba/?path=%2F%2Fvar%2Flib%2Fyum%2Fyumdb%2Fp%2Feb32c05e4c5224ba9d41e2e99702508920756a9e-procmail-3.22-36.el7_4.1-x86_64 HTTP/1.1" 200 15632 "-" "Mozilla/5.0 AppleWebKit/537.36 (KHTML, like Gecko; compatible; GPTBot/1.2; +https://openai.com/gptbot)"
20.171.207.249 - - [10/Jul/2025:09:52:36 -0300] "GET /product/mom32?c=g&l=17320 HTTP/1.1" 404 10425 "-" "Mozilla/5.0 AppleWebKit/537.36 (KHTML, like Gecko; compatible; GPTBot/1.2; +https://openai.com/gptbot)"
20.171.207.224 - - [10/Jul/2025:09:52:36 -0300] "GET /ef61ba/?path=%2F%2Fvar%2Flib%2Fyum%2Fyumdb%2Fa%2F95658299a9ea133af75d5b9dd7002358825ef0a2-augeas-libs-1.4.0-10.el7-x86_64 HTTP/1.1" 200 18767 "-" "Mozilla/5.0 AppleWebKit/537.36 (KHTML, like Gecko; compatible; GPTBot/1.2; +https://openai.com/gptbot)"
57.141.2.25 - - [10/Jul/2025:09:52:37 -0300] "GET /?sitemap453.xml HTTP/1.1" 200 4024 "-" "meta-externalagent/1.1 (+https://developers.facebook.com/docs/sharing/webmasters/crawler)"
20.171.207.249 - - [10/Jul/2025:09:52:37 -0300] "GET /product/dig300?c=g&l=1690 HTTP/1.1" 404 10425 "-" "Mozilla/5.0 AppleWebKit/537.36 (KHTML, like Gecko; compatible; GPTBot/1.2; +https://openai.com/gptbot)"
20.171.207.224 - - [10/Jul/2025:09:52:37 -0300] "GET /ef61ba/?path=%2F%2Fvar%2Flib%2Fyum%2Fyumdb%2Fa%2F9b84ad7224afce24282f81bf174de9be1d8ff6f1-alt-libxml2-2.10.2-5.el7-x86_64 HTTP/1.1" 200 17749 "-" "Mozilla/5.0 AppleWebKit/537.36 (KHTML, like Gecko; compatible; GPTBot/1.2; +https://openai.com/gptbot)"
20.171.207.249 - - [10/Jul/2025:09:52:38 -0300] "GET /product/end75?c=g&l=44989 HTTP/1.1" 404 10425 "-" "Mozilla/5.0 AppleWebKit/537.36 (KHTML, like Gecko; compatible; GPTBot/1.2; +https://openai.com/gptbot)"
20.171.207.224 - - [10/Jul/2025:09:52:39 -0300] "GET /ef61ba/?path=%2F%2Fvar%2Flib%2Fyum%2Fyumdb%2Fa%2Fda28d87486be28faa48e4f9f56b86fba6bd1e814-alt-nghttp2-1.65.0-1.el7-x86_64 HTTP/1.1" 200 18768 "-" "Mozilla/5.0 AppleWebKit/537.36 (KHTML, like Gecko; compatible; GPTBot/1.2; +https://openai.com/gptbot)"
136.243.228.177 - - [10/Jul/2025:09:52:39 -0300] "GET /product/milk34?c=g&l=32426 HTTP/1.1" 404 10427 "-" "Mozilla/5.0 (compatible; DataForSeoBot/1.0; +https://dataforseo.com/dataforseo-bot)"
20.171.207.249 - - [10/Jul/2025:09:52:40 -0300] "GET /product/sun183?c=g&l=2981 HTTP/1.1" 404 10425 "-" "Mozilla/5.0 AppleWebKit/537.36 (KHTML, like Gecko; compatible; GPTBot/1.2; +https://openai.com/gptbot)"
20.171.207.224 - - [10/Jul/2025:09:52:40 -0300] "GET /ef61ba/?path=%2F%2Fvar%2Flib%2Fyum%2Fyumdb%2Fa%2F370bfa120ae43d742a65e4d6b59a0d513d207afa-attr-2.4.46-13.el7-x86_64 HTTP/1.1" 200 11339 "-" "Mozilla/5.0 AppleWebKit/537.36 (KHTML, like Gecko; compatible; GPTBot/1.2; +https://openai.com/gptbot)"
20.171.207.249 - - [10/Jul/2025:09:52:41 -0300] "GET /product/bit54?c=g&l=25532 HTTP/1.1" 404 10425 "-" "Mozilla/5.0 AppleWebKit/537.36 (KHTML, like Gecko; compatible; GPTBot/1.2; +https://openai.com/gptbot)"
20.171.207.224 - - [10/Jul/2025:09:52:41 -0300] "GET /ef61ba/?path=%2F%2Fvar%2Flib%2Fyum%2Fyumdb%2Fa%2Fe3c607b3619eac8e3fe653fcbfcca9d9e47047af-alt-openssl11-libs-1.1.1w-2.el7-x86_64 HTTP/1.1" 200 18183 "-" "Mozilla/5.0 AppleWebKit/537.36 (KHTML, like Gecko; compatible; GPTBot/1.2; +https://openai.com/gptbot)"
20.171.207.249 - - [10/Jul/2025:09:52:42 -0300] "GET /product/rip233?c=g&l=4853 HTTP/1.1" 404 10425 "-" "Mozilla/5.0 AppleWebKit/537.36 (KHTML, like Gecko; compatible; GPTBot/1.2; +https://openai.com/gptbot)"
20.171.207.224 - - [10/Jul/2025:09:52:42 -0300] "GET /ef61ba/?path=%2F%2Fvar%2Flib%2Fyum%2Fyumdb%2Fa%2Fe1fd97521dd424b504c058800713a81d3a57a00a-alt-python311-libs-3.11.9-1.el7-x86_64 HTTP/1.1" 200 19230 "-" "Mozilla/5.0 AppleWebKit/537.36 (KHTML, like Gecko; compatible; GPTBot/1.2; +https://openai.com/gptbot)"
20.171.207.249 - - [10/Jul/2025:09:52:43 -0300] "GET /product/all227?c=g&l=6875 HTTP/1.1" 404 10425 "-" "Mozilla/5.0 AppleWebKit/537.36 (KHTML, like Gecko; compatible; GPTBot/1.2; +https://openai.com/gptbot)"
20.171.207.224 - - [10/Jul/2025:09:52:43 -0300] "GET /ef61ba/?path=%2F%2Fvar%2Flib%2Fyum%2Fyumdb%2Fa%2F5e4b49e4ab4270bb3d5ae6e1bcf1d8ec556bec15-abrt-2.1.11-60.el7.centos-x86_64 HTTP/1.1" 200 18833 "-" "Mozilla/5.0 AppleWebKit/537.36 (KHTML, like Gecko; compatible; GPTBot/1.2; +https://openai.com/gptbot)"
136.243.228.177 - - [10/Jul/2025:09:52:43 -0300] "GET /product/database75?c=g&l=4675 HTTP/1.1" 404 10433 "-" "Mozilla/5.0 (compatible; DataForSeoBot/1.0; +https://dataforseo.com/dataforseo-bot)"
20.171.207.249 - - [10/Jul/2025:09:52:44 -0300] "GET /product/yet276?c=g&l=2994 HTTP/1.1" 404 10425 "-" "Mozilla/5.0 AppleWebKit/537.36 (KHTML, like Gecko; compatible; GPTBot/1.2; +https://openai.com/gptbot)"
20.171.207.224 - - [10/Jul/2025:09:52:44 -0300] "GET /ef61ba/?path=%2F%2Fvar%2Flib%2Fyum%2Fyumdb%2Fa%2Fc647a3a04372fc419ab3b3ca6ae43a8e9a8df027-alt-python38-3.8.12-2.el7-x86_64 HTTP/1.1" 200 17811 "-" "Mozilla/5.0 AppleWebKit/537.36 (KHTML, like Gecko; compatible; GPTBot/1.2; +https://openai.com/gptbot)"
20.171.207.249 - - [10/Jul/2025:09:52:45 -0300] "GET /product/ass77?c=g&l=11229 HTTP/1.1" 404 10425 "-" "Mozilla/5.0 AppleWebKit/537.36 (KHTML, like Gecko; compatible; GPTBot/1.2; +https://openai.com/gptbot)"
20.171.207.224 - - [10/Jul/2025:09:52:46 -0300] "GET /ef61ba/?path=%2F%2Fvar%2Flib%2Fyum%2Fyumdb%2Fa%2F029a7e896912daf231a78d048c8029f282f0a20b-alt-python38-psutil-5.8.0-4.el7-x86_64 HTTP/1.1" 200 18183 "-" "Mozilla/5.0 AppleWebKit/537.36 (KHTML, like Gecko; compatible; GPTBot/1.2; +https://openai.com/gptbot)"
20.171.207.249 - - [10/Jul/2025:09:52:47 -0300] "GET /product/cop57?c=g&l=23221 HTTP/1.1" 404 10425 "-" "Mozilla/5.0 AppleWebKit/537.36 (KHTML, like Gecko; compatible; GPTBot/1.2; +https://openai.com/gptbot)"
20.171.207.224 - - [10/Jul/2025:09:52:47 -0300] "GET /ef61ba/?path=%2F%2Fvar%2Flib%2Fyum%2Fyumdb%2Fp%2F37537b905ab4da66a4ce96ac579dc2070d609c11-perl-YAML-Syck-1.27-3.el7-x86_64 HTTP/1.1" 200 15686 "-" "Mozilla/5.0 AppleWebKit/537.36 (KHTML, like Gecko; compatible; GPTBot/1.2; +https://openai.com/gptbot)"
136.243.228.177 - - [10/Jul/2025:09:52:47 -0300] "GET /products/261fx24082 HTTP/1.1" 404 10405 "-" "Mozilla/5.0 (compatible; DataForSeoBot/1.0; +https://dataforseo.com/dataforseo-bot)"
20.171.207.249 - - [10/Jul/2025:09:52:48 -0300] "GET /product/ear63?c=g&l=11899 HTTP/1.1" 404 10425 "-" "Mozilla/5.0 AppleWebKit/537.36 (KHTML, like Gecko; compatible; GPTBot/1.2; +https://openai.com/gptbot)"
20.171.207.224 - - [10/Jul/2025:09:52:48 -0300] "GET /ef61ba/?path=%2F%2Fvar%2Flib%2Fyum%2Fyumdb%2Fa%2F85266707ced163264c83521c85dbb7a6d2591164-alt-python38-PyYAML-5.4.1-3.el7-x86_64 HTTP/1.1" 200 18183 "-" "Mozilla/5.0 AppleWebKit/537.36 (KHTML, like Gecko; compatible; GPTBot/1.2; +https://openai.com/gptbot)"
20.171.207.249 - - [10/Jul/2025:09:52:49 -0300] "GET /product/mom32?c=g&l=17320 HTTP/1.1" 404 10425 "-" "Mozilla/5.0 AppleWebKit/537.36 (KHTML, like Gecko; compatible; GPTBot/1.2; +https://openai.com/gptbot)"
20.171.207.224 - - [10/Jul/2025:09:52:49 -0300] "GET /ef61ba/?path=%2F%2Fvar%2Flib%2Fyum%2Fyumdb%2Fp%2Fcfe54d790ff3c1924e109e9c00b02fa1c9088626-pciutils-libs-3.5.1-3.el7-x86_64 HTTP/1.1" 200 11605 "-" "Mozilla/5.0 AppleWebKit/537.36 (KHTML, like Gecko; compatible; GPTBot/1.2; +https://openai.com/gptbot)"
20.171.207.249 - - [10/Jul/2025:09:52:50 -0300] "GET /product/far61?c=g&l=11947 HTTP/1.1" 404 10425 "-" "Mozilla/5.0 AppleWebKit/537.36 (KHTML, like Gecko; compatible; GPTBot/1.2; +https://openai.com/gptbot)"
20.171.207.224 - - [10/Jul/2025:09:52:50 -0300] "GET /ef61ba/?filesrc=%2F%2Fvar%2Flib%2Fyum%2Fyumdb%2Fa%2F9b84ad7224afce24282f81bf174de9be1d8ff6f1-alt-libxml2-2.10.2-5.el7-x86_64%2Fchecksum_type&path=%2F%2Fvar%2Flib%2Fyum%2Fyumdb%2Fa%2F9b84ad7224afce24282f81bf174de9be1d8ff6f1-alt-libxml2-2.10.2-5.el7-x86_64 HTTP/1.1" 200 2205 "-" "Mozilla/5.0 AppleWebKit/537.36 (KHTML, like Gecko; compatible; GPTBot/1.2; +https://openai.com/gptbot)"
20.171.207.249 - - [10/Jul/2025:09:52:51 -0300] "GET /product/she229?c=g&l=9797 HTTP/1.1" 404 10425 "-" "Mozilla/5.0 AppleWebKit/537.36 (KHTML, like Gecko; compatible; GPTBot/1.2; +https://openai.com/gptbot)"
136.243.228.177 - - [10/Jul/2025:09:52:51 -0300] "GET /products/285gg37320 HTTP/1.1" 404 10405 "-" "Mozilla/5.0 (compatible; DataForSeoBot/1.0; +https://dataforseo.com/dataforseo-bot)"
20.171.207.224 - - [10/Jul/2025:09:52:51 -0300] "GET /ef61ba/?filesrc=%2F%2Fvar%2Flib%2Fyum%2Fyumdb%2Fa%2F370bfa120ae43d742a65e4d6b59a0d513d207afa-attr-2.4.46-13.el7-x86_64%2Freason&path=%2F%2Fvar%2Flib%2Fyum%2Fyumdb%2Fa%2F370bfa120ae43d742a65e4d6b59a0d513d207afa-attr-2.4.46-13.el7-x86_64 HTTP/1.1" 200 2178 "-" "Mozilla/5.0 AppleWebKit/537.36 (KHTML, like Gecko; compatible; GPTBot/1.2; +https://openai.com/gptbot)"
20.171.207.249 - - [10/Jul/2025:09:52:52 -0300] "GET /product/pie125?c=g&l=2345 HTTP/1.1" 404 10425 "-" "Mozilla/5.0 AppleWebKit/537.36 (KHTML, like Gecko; compatible; GPTBot/1.2; +https://openai.com/gptbot)"
20.171.207.224 - - [10/Jul/2025:09:52:53 -0300] "GET /ef61ba/?path=%2F%2Fvar%2Flib%2Fyum%2Fyumdb%2Fp%2Fd77a37da890f9c36c5c5102129189d98728f10cd-psacct-6.6.1-13.el7-x86_64 HTTP/1.1" 200 11377 "-" "Mozilla/5.0 AppleWebKit/537.36 (KHTML, like Gecko; compatible; GPTBot/1.2; +https://openai.com/gptbot)"
20.171.207.249 - - [10/Jul/2025:09:52:53 -0300] "GET /product/sun183?c=g&l=2981 HTTP/1.1" 404 10425 "-" "Mozilla/5.0 AppleWebKit/537.36 (KHTML, like Gecko; compatible; GPTBot/1.2; +https://openai.com/gptbot)"
20.171.207.224 - - [10/Jul/2025:09:52:54 -0300] "GET /ef61ba/?path=%2F%2Fvar%2Flib%2Fyum%2Fyumdb%2Fp%2F9b3dd92b4d19ee43f098f813be01b9c2aa42c2fd-pixman-0.34.0-1.el7-x86_64 HTTP/1.1" 200 11377 "-" "Mozilla/5.0 AppleWebKit/537.36 (KHTML, like Gecko; compatible; GPTBot/1.2; +https://openai.com/gptbot)"
20.171.207.249 - - [10/Jul/2025:09:52:55 -0300] "GET /product/bus292?c=g&l=7176 HTTP/1.1" 404 10425 "-" "Mozilla/5.0 AppleWebKit/537.36 (KHTML, like Gecko; compatible; GPTBot/1.2; +https://openai.com/gptbot)"
20.171.207.224 - - [10/Jul/2025:09:52:55 -0300] "GET /ef61ba/?path=%2F%2Fvar%2Flib%2Fyum%2Fyumdb%2Fa%2F2d156dcae99495907aa43d48d5366bf7e0a3bf6a-adobe-mappings-cmap-deprecated-20171205-3.el7-noarch HTTP/1.1" 200 19058 "-" "Mozilla/5.0 AppleWebKit/537.36 (KHTML, like Gecko; compatible; GPTBot/1.2; +https://openai.com/gptbot)"
136.243.228.177 - - [10/Jul/2025:09:52:56 -0300] "GET /products/72gy43785 HTTP/1.1" 404 10403 "-" "Mozilla/5.0 (compatible; DataForSeoBot/1.0; +https://dataforseo.com/dataforseo-bot)"
20.171.207.249 - - [10/Jul/2025:09:52:56 -0300] "GET /product/ill22?c=g&l=18694 HTTP/1.1" 404 10425 "-" "Mozilla/5.0 AppleWebKit/537.36 (KHTML, like Gecko; compatible; GPTBot/1.2; +https://openai.com/gptbot)"
20.171.207.224 - - [10/Jul/2025:09:52:56 -0300] "GET /ef61ba/?path=%2F%2Fvar%2Flib%2Fyum%2Fyumdb%2Fp%2F1fd7ba8354bbfb12e2aeb2da8af620cf1e88fe93-plesk-libboost-program-options1.74-1.74.0.1-1centos.7.211202.1442-x86_64 HTTP/1.1" 200 20300 "-" "Mozilla/5.0 AppleWebKit/537.36 (KHTML, like Gecko; compatible; GPTBot/1.2; +https://openai.com/gptbot)"
20.171.207.249 - - [10/Jul/2025:09:52:57 -0300] "GET /product/cry226?c=g&l=8120 HTTP/1.1" 404 10425 "-" "Mozilla/5.0 AppleWebKit/537.36 (KHTML, like Gecko; compatible; GPTBot/1.2; +https://openai.com/gptbot)"
20.171.207.224 - - [10/Jul/2025:09:52:57 -0300] "GET /ef61ba/?path=%2F%2Fvar%2Flib%2Fyum%2Fyumdb%2Fp%2F139b0681a1c96d7f51dce3c22bdb3c27d95616db-plesk-libboost-regex1.65-1.65.1-1centos.7.190116.1809-x86_64 HTTP/1.1" 200 19555 "-" "Mozilla/5.0 AppleWebKit/537.36 (KHTML, like Gecko; compatible; GPTBot/1.2; +https://openai.com/gptbot)"
20.171.207.249 - - [10/Jul/2025:09:52:58 -0300] "GET /product/bee39?c=g&l=38903 HTTP/1.1" 404 10425 "-" "Mozilla/5.0 AppleWebKit/537.36 (KHTML, like Gecko; compatible; GPTBot/1.2; +https://openai.com/gptbot)"
20.171.207.224 - - [10/Jul/2025:09:52:58 -0300] "GET /ef61ba/?path=%2F%2Fvar%2Flib%2Fyum%2Fyumdb%2Fp%2F913fa6c5c941d53d80cc0b8cd3a65b8e9119c5b7-plesk-libboost-system1.65-1.65.1-1centos.7.190116.1809-x86_64 HTTP/1.1" 200 19617 "-" "Mozilla/5.0 AppleWebKit/537.36 (KHTML, like Gecko; compatible; GPTBot/1.2; +https://openai.com/gptbot)"
136.243.228.177 - - [10/Jul/2025:09:52:59 -0300] "GET /product/severely49?c=g&l=10885 HTTP/1.1" 404 10435 "-" "Mozilla/5.0 (compatible; DataForSeoBot/1.0; +https://dataforseo.com/dataforseo-bot)"
20.171.207.249 - - [10/Jul/2025:09:52:59 -0300] "GET /product/run85?c=g&l=48605 HTTP/1.1" 404 10425 "-" "Mozilla/5.0 AppleWebKit/537.36 (KHTML, like Gecko; compatible; GPTBot/1.2; +https://openai.com/gptbot)"
20.171.207.224 - - [10/Jul/2025:09:52:59 -0300] "GET /ef61ba/?filesrc=%2F%2Fvar%2Flib%2Fyum%2Fyumdb%2Fa%2F85266707ced163264c83521c85dbb7a6d2591164-alt-python38-PyYAML-5.4.1-3.el7-x86_64%2Ffrom_repo&path=%2F%2Fvar%2Flib%2Fyum%2Fyumdb%2Fa%2F85266707ced163264c83521c85dbb7a6d2591164-alt-python38-PyYAML-5.4.1-3.el7-x86_64 HTTP/1.1" 200 2226 "-" "Mozilla/5.0 AppleWebKit/537.36 (KHTML, like Gecko; compatible; GPTBot/1.2; +https://openai.com/gptbot)"
20.171.207.249 - - [10/Jul/2025:09:53:00 -0300] "GET /product/low90?c=g&l=44818 HTTP/1.1" 404 10425 "-" "Mozilla/5.0 AppleWebKit/537.36 (KHTML, like Gecko; compatible; GPTBot/1.2; +https://openai.com/gptbot)"
20.171.207.224 - - [10/Jul/2025:09:53:01 -0300] "GET /ef61ba/?path=%2F%2Fvar%2Flib%2Fyum%2Fyumdb%2Fp%2Fe15f6e099b858ad33ea0a75874ccebc8e991efc4-plesk-libboost-regex1.82-1.82.0-1centos.7.230425.0721-x86_64 HTTP/1.1" 200 19555 "-" "Mozilla/5.0 AppleWebKit/537.36 (KHTML, like Gecko; compatible; GPTBot/1.2; +https://openai.com/gptbot)"
20.171.207.249 - - [10/Jul/2025:09:53:02 -0300] "GET /product/map140?c=g&l=6612 HTTP/1.1" 404 10425 "-" "Mozilla/5.0 AppleWebKit/537.36 (KHTML, like Gecko; compatible; GPTBot/1.2; +https://openai.com/gptbot)"
20.171.207.224 - - [10/Jul/2025:09:53:02 -0300] "GET /ef61ba/?path=%2F%2Fvar%2Flib%2Fyum%2Fyumdb%2Fp%2F0dbc4d03fe390bd6ca629a63526af99598ff4ecd-plesk-libboost-thread1.65-1.65.1-1centos.7.190116.1809-x86_64 HTTP/1.1" 200 19617 "-" "Mozilla/5.0 AppleWebKit/537.36 (KHTML, like Gecko; compatible; GPTBot/1.2; +https://openai.com/gptbot)"
20.171.207.249 - - [10/Jul/2025:09:53:03 -0300] "GET /product/dog243?c=g&l=6275 HTTP/1.1" 404 10425 "-" "Mozilla/5.0 AppleWebKit/537.36 (KHTML, like Gecko; compatible; GPTBot/1.2; +https://openai.com/gptbot)"
20.171.207.224 - - [10/Jul/2025:09:53:03 -0300] "GET /ef61ba/?path=%2F%2Fvar%2Flib%2Fyum%2Fyumdb%2Fp%2F6d5e8cedb4a2cae33b6c9a1abb4f02e8d45a12cc-plesk-libboost-thread1.82-1.82.0-1centos.7.230425.0721-x86_64 HTTP/1.1" 200 19618 "-" "Mozilla/5.0 AppleWebKit/537.36 (KHTML, like Gecko; compatible; GPTBot/1.2; +https://openai.com/gptbot)"
136.243.228.177 - - [10/Jul/2025:09:53:03 -0300] "GET /product/pretend253?c=g&l=37561 HTTP/1.1" 404 10435 "-" "Mozilla/5.0 (compatible; DataForSeoBot/1.0; +https://dataforseo.com/dataforseo-bot)"
20.171.207.249 - - [10/Jul/2025:09:53:04 -0300] "GET /product/bus292?c=g&l=8950 HTTP/1.1" 404 10425 "-" "Mozilla/5.0 AppleWebKit/537.36 (KHTML, like Gecko; compatible; GPTBot/1.2; +https://openai.com/gptbot)"
20.171.207.224 - - [10/Jul/2025:09:53:04 -0300] "GET /ef61ba/?path=%2F%2Fvar%2Flib%2Fyum%2Fyumdb%2Fp%2F5194fb2ed7d84028844c846fcf76fee854eb2fc1-plesk-libboost-system1.82-1.82.0-1centos.7.230425.0721-x86_64 HTTP/1.1" 200 19618 "-" "Mozilla/5.0 AppleWebKit/537.36 (KHTML, like Gecko; compatible; GPTBot/1.2; +https://openai.com/gptbot)"
20.171.207.249 - - [10/Jul/2025:09:53:05 -0300] "GET /product/gap76?c=g&l=42272 HTTP/1.1" 404 10425 "-" "Mozilla/5.0 AppleWebKit/537.36 (KHTML, like Gecko; compatible; GPTBot/1.2; +https://openai.com/gptbot)"
20.171.207.224 - - [10/Jul/2025:09:53:05 -0300] "GET /ef61ba/?filesrc=%2F%2Fvar%2Flib%2Fyum%2Fyumdb%2Fp%2F9b3dd92b4d19ee43f098f813be01b9c2aa42c2fd-pixman-0.34.0-1.el7-x86_64%2Freleasever&path=%2F%2Fvar%2Flib%2Fyum%2Fyumdb%2Fp%2F9b3dd92b4d19ee43f098f813be01b9c2aa42c2fd-pixman-0.34.0-1.el7-x86_64 HTTP/1.1" 200 2182 "-" "Mozilla/5.0 AppleWebKit/537.36 (KHTML, like Gecko; compatible; GPTBot/1.2; +https://openai.com/gptbot)"
20.171.207.249 - - [10/Jul/2025:09:53:06 -0300] "GET /product/pay89?c=g&l=16919 HTTP/1.1" 404 10425 "-" "Mozilla/5.0 AppleWebKit/537.36 (KHTML, like Gecko; compatible; GPTBot/1.2; +https://openai.com/gptbot)"
20.171.207.224 - - [10/Jul/2025:09:53:06 -0300] "GET /ef61ba/?path=%2F%2Fvar%2Flib%2Fyum%2Fyumdb%2Fp%2F71cd49697470a41dc13d7d89b6e25bb457644dfe-plesk-libstdc++12.2.0-12.2.0-1centos.7.230425.0518-x86_64 HTTP/1.1" 200 2451 "-" "Mozilla/5.0 AppleWebKit/537.36 (KHTML, like Gecko; compatible; GPTBot/1.2; +https://openai.com/gptbot)"
136.243.228.177 - - [10/Jul/2025:09:53:07 -0300] "GET /product/computer203?c=g&l=16631 HTTP/1.1" 404 10437 "-" "Mozilla/5.0 (compatible; DataForSeoBot/1.0; +https://dataforseo.com/dataforseo-bot)"
20.171.207.249 - - [10/Jul/2025:09:53:07 -0300] "GET /product/add294?c=g&l=1590 HTTP/1.1" 404 10425 "-" "Mozilla/5.0 AppleWebKit/537.36 (KHTML, like Gecko; compatible; GPTBot/1.2; +https://openai.com/gptbot)"
20.171.207.224 - - [10/Jul/2025:09:53:07 -0300] "GET /ef61ba/?path=%2F%2Fvar%2Flib%2Fyum%2Fyumdb%2Fp%2Fa098345c63c0b650214eb75bc927d8a9a566d1e8-plesk-libstdc++10.3.0-10.3.0-1centos.7.211223.1252-x86_64 HTTP/1.1" 200 2451 "-" "Mozilla/5.0 AppleWebKit/537.36 (KHTML, like Gecko; compatible; GPTBot/1.2; +https://openai.com/gptbot)"
66.249.75.128 - - [10/Jul/2025:09:53:09 -0300] "GET /products/59lm49864 HTTP/1.1" 404 10403 "-" "Mozilla/5.0 (compatible; Googlebot/2.1; +http://www.google.com/bot.html)"
20.171.207.249 - - [10/Jul/2025:09:53:09 -0300] "GET /product/cut225?c=g&l=1949 HTTP/1.1" 404 10425 "-" "Mozilla/5.0 AppleWebKit/537.36 (KHTML, like Gecko; compatible; GPTBot/1.2; +https://openai.com/gptbot)"
20.171.207.224 - - [10/Jul/2025:09:53:09 -0300] "GET /ef61ba/?path=%2F%2Fvar%2Flib%2Fyum%2Fyumdb%2Fa%2F257cee949a031e063715704818c62e3dcd2e234f-abrt-addon-python-2.1.11-60.el7.centos-x86_64 HTTP/1.1" 200 19691 "-" "Mozilla/5.0 AppleWebKit/537.36 (KHTML, like Gecko; compatible; GPTBot/1.2; +https://openai.com/gptbot)"
20.171.207.249 - - [10/Jul/2025:09:53:10 -0300] "GET /product/huh198?c=g&l=1226 HTTP/1.1" 404 10425 "-" "Mozilla/5.0 AppleWebKit/537.36 (KHTML, like Gecko; compatible; GPTBot/1.2; +https://openai.com/gptbot)"
20.171.207.224 - - [10/Jul/2025:09:53:10 -0300] "GET /ef61ba/?path=%2F%2Fvar%2Flib%2Fyum%2Fyumdb%2Fa%2F0225d44377494f375ff689e16a9d8da6ca3e64bb-abrt-addon-vmcore-2.1.11-60.el7.centos-x86_64 HTTP/1.1" 200 19691 "-" "Mozilla/5.0 AppleWebKit/537.36 (KHTML, like Gecko; compatible; GPTBot/1.2; +https://openai.com/gptbot)"
136.243.228.177 - - [10/Jul/2025:09:53:11 -0300] "GET /product/defendant185?c=g&l=6817 HTTP/1.1" 404 10437 "-" "Mozilla/5.0 (compatible; DataForSeoBot/1.0; +https://dataforseo.com/dataforseo-bot)"
20.171.207.249 - - [10/Jul/2025:09:53:11 -0300] "GET /product/hat70?c=g&l=45244 HTTP/1.1" 404 10425 "-" "Mozilla/5.0 AppleWebKit/537.36 (KHTML, like Gecko; compatible; GPTBot/1.2; +https://openai.com/gptbot)"
20.171.207.224 - - [10/Jul/2025:09:53:11 -0300] "GET /ef61ba/?path=%2F%2Fvar%2Flib%2Fyum%2Fyumdb%2Fp%2Fe39ce268623c39aa70dbbbca842a91b379d77bc3-plesk-libstdc++6.3.0-6.3.0-1centos.7.190110.1553-x86_64 HTTP/1.1" 200 2447 "-" "Mozilla/5.0 AppleWebKit/537.36 (KHTML, like Gecko; compatible; GPTBot/1.2; +https://openai.com/gptbot)"
20.171.207.249 - - [10/Jul/2025:09:53:12 -0300] "GET /product/egg68?c=g&l=40240 HTTP/1.1" 404 10425 "-" "Mozilla/5.0 AppleWebKit/537.36 (KHTML, like Gecko; compatible; GPTBot/1.2; +https://openai.com/gptbot)"
20.171.207.224 - - [10/Jul/2025:09:53:12 -0300] "GET /ef61ba/?path=%2F%2Fvar%2Flib%2Fyum%2Fyumdb%2Fa%2Fde7a175cc786d07abea04fa25bfae92b2f824c95-abrt-addon-xorg-2.1.11-60.el7.centos-x86_64 HTTP/1.1" 200 19559 "-" "Mozilla/5.0 AppleWebKit/537.36 (KHTML, like Gecko; compatible; GPTBot/1.2; +https://openai.com/gptbot)"
20.171.207.249 - - [10/Jul/2025:09:53:13 -0300] "GET /product/joy200?c=g&l=4952 HTTP/1.1" 404 10425 "-" "Mozilla/5.0 AppleWebKit/537.36 (KHTML, like Gecko; compatible; GPTBot/1.2; +https://openai.com/gptbot)"
20.171.207.224 - - [10/Jul/2025:09:53:13 -0300] "GET /ef61ba/?path=%2F%2Fvar%2Flib%2Fyum%2Fyumdb%2Fa%2Fd1876e5ec363c76577a0254c3083143e25b14bf7-alt-python311-3.11.9-1.el7-x86_64 HTTP/1.1" 200 18900 "-" "Mozilla/5.0 AppleWebKit/537.36 (KHTML, like Gecko; compatible; GPTBot/1.2; +https://openai.com/gptbot)"
20.171.207.249 - - [10/Jul/2025:09:53:14 -0300] "GET /product/let45?c=g&l=26251 HTTP/1.1" 404 10425 "-" "Mozilla/5.0 AppleWebKit/537.36 (KHTML, like Gecko; compatible; GPTBot/1.2; +https://openai.com/gptbot)"
20.171.207.224 - - [10/Jul/2025:09:53:15 -0300] "GET /ef61ba/?path=%2F%2Fvar%2Flib%2Fyum%2Fyumdb%2Fa%2F1e8f95bab9c976f8bb3c865af6a99a5418ff9607-alt-openssl11-1.1.1w-2.el7-x86_64 HTTP/1.1" 200 18900 "-" "Mozilla/5.0 AppleWebKit/537.36 (KHTML, like Gecko; compatible; GPTBot/1.2; +https://openai.com/gptbot)"
136.243.228.177 - - [10/Jul/2025:09:53:15 -0300] "GET /products/63iu9932 HTTP/1.1" 404 10401 "-" "Mozilla/5.0 (compatible; DataForSeoBot/1.0; +https://dataforseo.com/dataforseo-bot)"
20.171.207.249 - - [10/Jul/2025:09:53:16 -0300] "GET /product/mud27?c=g&l=38239 HTTP/1.1" 404 10425 "-" "Mozilla/5.0 AppleWebKit/537.36 (KHTML, like Gecko; compatible; GPTBot/1.2; +https://openai.com/gptbot)"
20.171.207.224 - - [10/Jul/2025:09:53:16 -0300] "GET /ef61ba/?path=%2F%2Fvar%2Flib%2Fyum%2Fyumdb%2Fa%2Febaf8411a0c8871d8b0d9d11435066e0150aae98-alt-freetds11-1.4.26-1.el7-x86_64 HTTP/1.1" 200 18900 "-" "Mozilla/5.0 AppleWebKit/537.36 (KHTML, like Gecko; compatible; GPTBot/1.2; +https://openai.com/gptbot)"
20.171.207.249 - - [10/Jul/2025:09:53:17 -0300] "GET /product/dog190?c=g&l=7702 HTTP/1.1" 404 10425 "-" "Mozilla/5.0 AppleWebKit/537.36 (KHTML, like Gecko; compatible; GPTBot/1.2; +https://openai.com/gptbot)"
20.171.207.224 - - [10/Jul/2025:09:53:17 -0300] "GET /ef61ba/?path=%2F%2Fvar%2Flib%2Fyum%2Fyumdb%2Fa%2Fe86cd17217a9f9774f9f12631d790fc15964e3ef-alt-python38-pycares-4.1.2-2.el7-x86_64 HTTP/1.1" 200 19295 "-" "Mozilla/5.0 AppleWebKit/537.36 (KHTML, like Gecko; compatible; GPTBot/1.2; +https://openai.com/gptbot)"
20.171.207.249 - - [10/Jul/2025:09:53:18 -0300] "GET /product/pay89?c=g&l=16919 HTTP/1.1" 404 10425 "-" "Mozilla/5.0 AppleWebKit/537.36 (KHTML, like Gecko; compatible; GPTBot/1.2; +https://openai.com/gptbot)"
20.171.207.224 - - [10/Jul/2025:09:53:18 -0300] "GET /ef61ba/?path=%2F%2Fvar%2Flib%2Fyum%2Fyumdb%2Fa%2F305e6180cf2c70a4ab45e6dd85ebc2e22a008fd2-alt-curlssl11-8.13.0-1.el7-x86_64 HTTP/1.1" 200 18900 "-" "Mozilla/5.0 AppleWebKit/537.36 (KHTML, like Gecko; compatible; GPTBot/1.2; +https://openai.com/gptbot)"
20.171.207.249 - - [10/Jul/2025:09:53:19 -0300] "GET /product/aid60?c=g&l=12404 HTTP/1.1" 404 10425 "-" "Mozilla/5.0 AppleWebKit/537.36 (KHTML, like Gecko; compatible; GPTBot/1.2; +https://openai.com/gptbot)"
20.171.207.224 - - [10/Jul/2025:09:53:19 -0300] "GET /ef61ba/?path=%2F%2Fvar%2Flib%2Fyum%2Fyumdb%2Fa%2Fd98b49a4f9b926a527ab4a3e5ec1d932c11925a7-alt-python38-aiohttp-3.7.4-2.el7-x86_64 HTTP/1.1" 200 18244 "-" "Mozilla/5.0 AppleWebKit/537.36 (KHTML, like Gecko; compatible; GPTBot/1.2; +https://openai.com/gptbot)"
136.243.228.177 - - [10/Jul/2025:09:53:19 -0300] "GET /product/overcome44?c=g&l=1634 HTTP/1.1" 404 10433 "-" "Mozilla/5.0 (compatible; DataForSeoBot/1.0; +https://dataforseo.com/dataforseo-bot)"
20.171.207.249 - - [10/Jul/2025:09:53:20 -0300] "GET /product/leg75?c=g&l=10507 HTTP/1.1" 404 10425 "-" "Mozilla/5.0 AppleWebKit/537.36 (KHTML, like Gecko; compatible; GPTBot/1.2; +https://openai.com/gptbot)"
20.171.207.224 - - [10/Jul/2025:09:53:20 -0300] "GET /ef61ba/?path=%2F%2Fvar%2Flib%2Fyum%2Fyumdb%2Fa%2Fc04261c664cfb4ccae1633ddfc2af75dc5c4b49e-alt-libssh211-1.11.1-1.el7-x86_64 HTTP/1.1" 200 17873 "-" "Mozilla/5.0 AppleWebKit/537.36 (KHTML, like Gecko; compatible; GPTBot/1.2; +https://openai.com/gptbot)"
20.171.207.249 - - [10/Jul/2025:09:53:21 -0300] "GET /product/tea11?c=g&l=47417 HTTP/1.1" 404 10425 "-" "Mozilla/5.0 AppleWebKit/537.36 (KHTML, like Gecko; compatible; GPTBot/1.2; +https://openai.com/gptbot)"
20.171.207.224 - - [10/Jul/2025:09:53:21 -0300] "GET /ef61ba/?filesrc=%2F%2Fvar%2Flib%2Fyum%2Fyumdb%2Fa%2F0225d44377494f375ff689e16a9d8da6ca3e64bb-abrt-addon-vmcore-2.1.11-60.el7.centos-x86_64%2Fcommand_line&path=%2F%2Fvar%2Flib%2Fyum%2Fyumdb%2Fa%2F0225d44377494f375ff689e16a9d8da6ca3e64bb-abrt-addon-vmcore-2.1.11-60.el7.centos-x86_64 HTTP/1.1" 200 2300 "-" "Mozilla/5.0 AppleWebKit/537.36 (KHTML, like Gecko; compatible; GPTBot/1.2; +https://openai.com/gptbot)"
20.171.207.249 - - [10/Jul/2025:09:53:23 -0300] "GET /product/huh198?c=g&l=1226 HTTP/1.1" 404 10425 "-" "Mozilla/5.0 AppleWebKit/537.36 (KHTML, like Gecko; compatible; GPTBot/1.2; +https://openai.com/gptbot)"
136.243.228.177 - - [10/Jul/2025:09:53:23 -0300] "GET /product/prisoner234?c=g&l=30130 HTTP/1.1" 404 10437 "-" "Mozilla/5.0 (compatible; DataForSeoBot/1.0; +https://dataforseo.com/dataforseo-bot)"
20.171.207.224 - - [10/Jul/2025:09:53:23 -0300] "GET /ef61ba/?path=%2F%2Fvar%2Flib%2Fyum%2Fyumdb%2Fp%2F31dd0d8fd393e593891391a18640a8e924b3aa41-perl-Crypt-DES-2.05-20.el7-x86_64 HTTP/1.1" 200 15740 "-" "Mozilla/5.0 AppleWebKit/537.36 (KHTML, like Gecko; compatible; GPTBot/1.2; +https://openai.com/gptbot)"
20.171.207.249 - - [10/Jul/2025:09:53:24 -0300] "GET /product/bar63?c=g&l=35269 HTTP/1.1" 404 10425 "-" "Mozilla/5.0 AppleWebKit/537.36 (KHTML, like Gecko; compatible; GPTBot/1.2; +https://openai.com/gptbot)"
20.171.207.224 - - [10/Jul/2025:09:53:24 -0300] "GET /ef61ba/?path=%2F%2Fvar%2Flib%2Fyum%2Fyumdb%2Fp%2F35ce98e500e191f64ab2cca557e8304e7b5ce48e-perl-DBD-SQLite-1.39-3.el7-x86_64 HTTP/1.1" 200 17881 "-" "Mozilla/5.0 AppleWebKit/537.36 (KHTML, like Gecko; compatible; GPTBot/1.2; +https://openai.com/gptbot)"
20.171.207.249 - - [10/Jul/2025:09:53:25 -0300] "GET /product/pig99?c=g&l=20479 HTTP/1.1" 404 10425 "-" "Mozilla/5.0 AppleWebKit/537.36 (KHTML, like Gecko; compatible; GPTBot/1.2; +https://openai.com/gptbot)"
20.171.207.224 - - [10/Jul/2025:09:53:25 -0300] "GET /ef61ba/?path=%2F%2Fvar%2Flib%2Fyum%2Fyumdb%2Fp%2F7c3d671ae533614525deb6779c18a90962b81736-perl-DBD-MySQL-4.023-6.el7-x86_64 HTTP/1.1" 200 15740 "-" "Mozilla/5.0 AppleWebKit/537.36 (KHTML, like Gecko; compatible; GPTBot/1.2; +https://openai.com/gptbot)"
20.171.207.249 - - [10/Jul/2025:09:53:26 -0300] "GET /product/day52?c=g&l=22856 HTTP/1.1" 404 10425 "-" "Mozilla/5.0 AppleWebKit/537.36 (KHTML, like Gecko; compatible; GPTBot/1.2; +https://openai.com/gptbot)"
20.171.207.224 - - [10/Jul/2025:09:53:26 -0300] "GET /ef61ba/?path=%2F%2Fvar%2Flib%2Fyum%2Fyumdb%2Fp%2F271e6a2f80d97bc860fe0fb47c29211b0b5b3188-perl-Digest-SHA-5.85-4.el7-x86_64 HTTP/1.1" 200 15740 "-" "Mozilla/5.0 AppleWebKit/537.36 (KHTML, like Gecko; compatible; GPTBot/1.2; +https://openai.com/gptbot)"
136.243.228.177 - - [10/Jul/2025:09:53:27 -0300] "GET /products/193sq9416 HTTP/1.1" 404 10403 "-" "Mozilla/5.0 (compatible; DataForSeoBot/1.0; +https://dataforseo.com/dataforseo-bot)"
20.171.207.249 - - [10/Jul/2025:09:53:27 -0300] "GET /product/joy200?c=g&l=4952 HTTP/1.1" 404 10425 "-" "Mozilla/5.0 AppleWebKit/537.36 (KHTML, like Gecko; compatible; GPTBot/1.2; +https://openai.com/gptbot)"
20.171.207.224 - - [10/Jul/2025:09:53:27 -0300] "GET /ef61ba/?path=%2F%2Fvar%2Flib%2Fyum%2Fyumdb%2Fp%2F0a257ff8036e0bb766024024cba92c2fcd648902-perl-Digest-MD5-2.52-3.el7-x86_64 HTTP/1.1" 200 15740 "-" "Mozilla/5.0 AppleWebKit/537.36 (KHTML, like Gecko; compatible; GPTBot/1.2; +https://openai.com/gptbot)"
20.171.207.249 - - [10/Jul/2025:09:53:28 -0300] "GET /product/sit131?c=g&l=3471 HTTP/1.1" 404 10425 "-" "Mozilla/5.0 AppleWebKit/537.36 (KHTML, like Gecko; compatible; GPTBot/1.2; +https://openai.com/gptbot)"
20.171.207.224 - - [10/Jul/2025:09:53:28 -0300] "GET /ef61ba/?path=%2F%2Fvar%2Flib%2Fyum%2Fyumdb%2Fp%2F96d9678f0b2ec2bd8657fe15b5f2e1046e96a797-perl-Package-Stash-XS-0.26-3.el7-x86_64 HTTP/1.1" 200 16064 "-" "Mozilla/5.0 AppleWebKit/537.36 (KHTML, like Gecko; compatible; GPTBot/1.2; +https://openai.com/gptbot)"
20.171.207.249 - - [10/Jul/2025:09:53:30 -0300] "GET /product/fun90?c=g&l=44900 HTTP/1.1" 404 10425 "-" "Mozilla/5.0 AppleWebKit/537.36 (KHTML, like Gecko; compatible; GPTBot/1.2; +https://openai.com/gptbot)"
20.171.207.224 - - [10/Jul/2025:09:53:30 -0300] "GET /ef61ba/?path=%2F%2Fvar%2Flib%2Fyum%2Fyumdb%2Fa%2F305e6180cf2c70a4ab45e6dd85ebc2e22a008fd2-alt-curlssl11-8.13.0-1.el7-x86_64 HTTP/1.1" 200 18900 "-" "Mozilla/5.0 AppleWebKit/537.36 (KHTML, like Gecko; compatible; GPTBot/1.2; +https://openai.com/gptbot)"
20.171.207.249 - - [10/Jul/2025:09:53:31 -0300] "GET /product/sum287?c=g&l=2191 HTTP/1.1" 404 10425 "-" "Mozilla/5.0 AppleWebKit/537.36 (KHTML, like Gecko; compatible; GPTBot/1.2; +https://openai.com/gptbot)"
136.243.228.177 - - [10/Jul/2025:09:53:31 -0300] "GET /product/refrigerator226?c=g&l=28896 HTTP/1.1" 404 10445 "-" "Mozilla/5.0 (compatible; DataForSeoBot/1.0; +https://dataforseo.com/dataforseo-bot)"
20.171.207.224 - - [10/Jul/2025:09:53:31 -0300] "GET /ef61ba/?path=%2F%2Fvar%2Flib%2Fyum%2Fyumdb%2Fp%2F661443a57bcb281501b54f777f300aaf436e625e-plesk-libboost-filesystem1.65-1.65.1-1centos.7.190116.1809-x86_64 HTTP/1.1" 200 19865 "-" "Mozilla/5.0 AppleWebKit/537.36 (KHTML, like Gecko; compatible; GPTBot/1.2; +https://openai.com/gptbot)"
20.171.207.249 - - [10/Jul/2025:09:53:32 -0300] "GET /product/dad47?c=g&l=22171 HTTP/1.1" 404 10425 "-" "Mozilla/5.0 AppleWebKit/537.36 (KHTML, like Gecko; compatible; GPTBot/1.2; +https://openai.com/gptbot)"
