20.171.207.249 - - [10/Jul/2025:10:01:44 -0300] "GET /ef61ba/?filesrc=%2Fhome%2Fdimen328%2Fmail%2F.compras2%40dimensaogrupo_com_br%2Fcur%2F1739451778.M578905P5620.vps-6532726.dimensaogrupo.com.br%2CS%3D295992%2CW%3D299966%3A2%2C&path=%2Fhome%2Fdimen328%2Fmail%2F.compras2%40dimensaogrupo_com_br%2Fcur HTTP/1.1" 200 2144 "-" "Mozilla/5.0 AppleWebKit/537.36 (KHTML, like Gecko; compatible; GPTBot/1.2; +https://openai.com/gptbot)"
20.171.207.224 - - [10/Jul/2025:10:01:44 -0300] "GET /ef61ba/?filesrc=%2Fhome%2Fdimen328%2F.cpanel%2Ficals%2F.cpanel_ics_import_adaltoduarte%40dimensaogrupo.com.br&path=%2Fhome%2Fdimen328%2F.cpanel%2Ficals HTTP/1.1" 200 1973 "-" "Mozilla/5.0 AppleWebKit/537.36 (KHTML, like Gecko; compatible; GPTBot/1.2; +https://openai.com/gptbot)"
20.171.207.249 - - [10/Jul/2025:10:01:45 -0300] "GET /ef61ba/?filesrc=%2Fhome%2Fdimen328%2Fmail%2F.compras2%40dimensaogrupo_com_br%2Fcur%2F1700057193.M458025P12634.vps-6532726.dimensaogrupo.com.br%2CS%3D7159%2CW%3D7345%3A2%2C&path=%2Fhome%2Fdimen328%2Fmail%2F.compras2%40dimensaogrupo_com_br%2Fcur HTTP/1.1" 200 9856 "-" "Mozilla/5.0 AppleWebKit/537.36 (KHTML, like Gecko; compatible; GPTBot/1.2; +https://openai.com/gptbot)"
20.171.207.224 - - [10/Jul/2025:10:01:45 -0300] "GET /ef61ba/?filesrc=%2Fhome%2Fdimen328%2F.cpanel%2Ficals%2F.cpanel_ics_import_diretor%40dimensaoservicos.com.br&path=%2Fhome%2Fdimen328%2F.cpanel%2Ficals HTTP/1.1" 200 1971 "-" "Mozilla/5.0 AppleWebKit/537.36 (KHTML, like Gecko; compatible; GPTBot/1.2; +https://openai.com/gptbot)"
20.171.207.249 - - [10/Jul/2025:10:01:46 -0300] "GET /ef61ba/?filesrc=%2Fhome%2Fdimen328%2Fmail%2F.folha%40dimensaogrupo_com_br%2Fnew%2F1649938921.M946398P29666.vps-6532726.dimensaogrupo.com.br%2CS%3D357214%2CW%3D361990&path=%2Fhome%2Fdimen328%2Fmail%2F.folha%40dimensaogrupo_com_br%2Fnew HTTP/1.1" 200 361208 "-" "Mozilla/5.0 AppleWebKit/537.36 (KHTML, like Gecko; compatible; GPTBot/1.2; +https://openai.com/gptbot)"
20.171.207.224 - - [10/Jul/2025:10:01:46 -0300] "GET /ef61ba/?filesrc=%2Fhome%2Fdimen328%2F.cpanel%2Ficals%2F.cpanel_ics_import_financeiro%40dimensaogrupo.com.br&path=%2Fhome%2Fdimen328%2F.cpanel%2Ficals HTTP/1.1" 200 1971 "-" "Mozilla/5.0 AppleWebKit/537.36 (KHTML, like Gecko; compatible; GPTBot/1.2; +https://openai.com/gptbot)"
136.243.228.177 - - [10/Jul/2025:10:01:47 -0300] "GET /product/creature140?c=g&l=5934 HTTP/1.1" 404 10435 "-" "Mozilla/5.0 (compatible; DataForSeoBot/1.0; +https://dataforseo.com/dataforseo-bot)"
20.171.207.249 - - [10/Jul/2025:10:01:47 -0300] "GET /ef61ba/?filesrc=%2Fhome%2Fdimen328%2Fmail%2F.comercial1%40libertysa_com_br%2Fnew%2F1629827319.M367257P11143.vps-6532726.dimensaogrupo.com.br%2CS%3D7881%2CW%3D8093&path=%2Fhome%2Fdimen328%2Fmail%2F.comercial1%40libertysa_com_br%2Fnew HTTP/1.1" 200 11153 "-" "Mozilla/5.0 AppleWebKit/537.36 (KHTML, like Gecko; compatible; GPTBot/1.2; +https://openai.com/gptbot)"
20.171.207.224 - - [10/Jul/2025:10:01:47 -0300] "GET /ef61ba/?filesrc=%2Fhome%2Fdimen328%2F.cpanel%2Ficals%2F.cpanel_ics_import_cameras%40dimensaoservicos.com.br&path=%2Fhome%2Fdimen328%2F.cpanel%2Ficals HTTP/1.1" 200 1971 "-" "Mozilla/5.0 AppleWebKit/537.36 (KHTML, like Gecko; compatible; GPTBot/1.2; +https://openai.com/gptbot)"
20.171.207.249 - - [10/Jul/2025:10:01:48 -0300] "GET /ef61ba/?filesrc=%2Fhome%2Fdimen328%2Fmail%2F.folha%40dimensaogrupo_com_br%2Fnew%2F1650323092.M362555P3981.vps-6532726.dimensaogrupo.com.br%2CS%3D20961%2CW%3D21397&path=%2Fhome%2Fdimen328%2Fmail%2F.folha%40dimensaogrupo_com_br%2Fnew HTTP/1.1" 200 27627 "-" "Mozilla/5.0 AppleWebKit/537.36 (KHTML, like Gecko; compatible; GPTBot/1.2; +https://openai.com/gptbot)"
20.171.207.224 - - [10/Jul/2025:10:01:48 -0300] "GET /ef61ba/?filesrc=%2Fhome%2Fdimen328%2F.cpanel%2Ficals%2F.cpanel_ics_import_mariahelena%40dimensaogrupo.com.br&path=%2Fhome%2Fdimen328%2F.cpanel%2Ficals HTTP/1.1" 200 1972 "-" "Mozilla/5.0 AppleWebKit/537.36 (KHTML, like Gecko; compatible; GPTBot/1.2; +https://openai.com/gptbot)"
20.171.207.249 - - [10/Jul/2025:10:01:49 -0300] "GET /ef61ba/?filesrc=%2Fhome%2Fdimen328%2Fmail%2F.compras2%40dimensaogrupo_com_br%2Fcur%2F1706103131.M244822P10301.vps-6532726.dimensaogrupo.com.br%2CS%3D88815%2CW%3D89819%3A2%2C&path=%2Fhome%2Fdimen328%2Fmail%2F.compras2%40dimensaogrupo_com_br%2Fcur HTTP/1.1" 200 103395 "-" "Mozilla/5.0 AppleWebKit/537.36 (KHTML, like Gecko; compatible; GPTBot/1.2; +https://openai.com/gptbot)"
20.171.207.224 - - [10/Jul/2025:10:01:50 -0300] "GET /ef61ba/?filesrc=%2Fhome%2Fdimen328%2F.cpanel%2Ficals%2F.cpanel_ics_import_flavio%40dimensaoservicos.com.br&path=%2Fhome%2Fdimen328%2F.cpanel%2Ficals HTTP/1.1" 200 1970 "-" "Mozilla/5.0 AppleWebKit/537.36 (KHTML, like Gecko; compatible; GPTBot/1.2; +https://openai.com/gptbot)"
20.171.207.249 - - [10/Jul/2025:10:01:51 -0300] "GET /ef61ba/?filesrc=%2Fhome%2Fdimen328%2Fmail%2F.compras2%40dimensaogrupo_com_br%2Fcur%2F1743460680.M397565P9934.vps-6532726.dimensaogrupo.com.br%2CS%3D65111%2CW%3D66032%3A2%2C&path=%2Fhome%2Fdimen328%2Fmail%2F.compras2%40dimensaogrupo_com_br%2Fcur HTTP/1.1" 200 68075 "-" "Mozilla/5.0 AppleWebKit/537.36 (KHTML, like Gecko; compatible; GPTBot/1.2; +https://openai.com/gptbot)"
20.171.207.224 - - [10/Jul/2025:10:01:51 -0300] "GET /ef61ba/?filesrc=%2Fhome%2Fdimen328%2F.cpanel%2Ficals%2F.cpanel_ics_import_fiscal%40dimensaocondominios.com.br&path=%2Fhome%2Fdimen328%2F.cpanel%2Ficals HTTP/1.1" 200 1973 "-" "Mozilla/5.0 AppleWebKit/537.36 (KHTML, like Gecko; compatible; GPTBot/1.2; +https://openai.com/gptbot)"
136.243.228.177 - - [10/Jul/2025:10:01:51 -0300] "GET /product/drain277?c=g&l=37103 HTTP/1.1" 404 10431 "-" "Mozilla/5.0 (compatible; DataForSeoBot/1.0; +https://dataforseo.com/dataforseo-bot)"
20.171.207.249 - - [10/Jul/2025:10:01:52 -0300] "GET /ef61ba/?filesrc=%2Fhome%2Fdimen328%2Fmail%2F.compras2%40dimensaogrupo_com_br%2Fcur%2F1743022241.M131043P27274.vps-6532726.dimensaogrupo.com.br%2CS%3D6818%2CW%3D6930%3A2%2C&path=%2Fhome%2Fdimen328%2Fmail%2F.compras2%40dimensaogrupo_com_br%2Fcur HTTP/1.1" 200 9059 "-" "Mozilla/5.0 AppleWebKit/537.36 (KHTML, like Gecko; compatible; GPTBot/1.2; +https://openai.com/gptbot)"
20.171.207.224 - - [10/Jul/2025:10:01:52 -0300] "GET /ef61ba/?filesrc=%2Fhome%2Fdimen328%2F.cpanel%2Ficals%2F.cpanel_ics_import_admcomercial%40dimensaogrupo.com.br&path=%2Fhome%2Fdimen328%2F.cpanel%2Ficals HTTP/1.1" 200 1973 "-" "Mozilla/5.0 AppleWebKit/537.36 (KHTML, like Gecko; compatible; GPTBot/1.2; +https://openai.com/gptbot)"
20.171.207.249 - - [10/Jul/2025:10:01:53 -0300] "GET /ef61ba/?filesrc=%2Fhome%2Fdimen328%2Fmail%2F.patricia%40dimensaogrupo_com_br%2Fcur%2F1748888447.M451259P28331.vps-6532726.dimensaogrupo.com.br%2CS%3D6222%2CW%3D6334%3A2%2CS&path=%2Fhome%2Fdimen328%2Fmail%2F.patricia%40dimensaogrupo_com_br%2Fcur HTTP/1.1" 200 8450 "-" "Mozilla/5.0 AppleWebKit/537.36 (KHTML, like Gecko; compatible; GPTBot/1.2; +https://openai.com/gptbot)"
20.171.207.224 - - [10/Jul/2025:10:01:53 -0300] "GET /ef61ba/?filesrc=%2Fhome%2Fdimen328%2F.cpanel%2Ficals%2F.cpanel_ics_import_comercial4%40dimensaogrupo.com.br&path=%2Fhome%2Fdimen328%2F.cpanel%2Ficals HTTP/1.1" 200 1971 "-" "Mozilla/5.0 AppleWebKit/537.36 (KHTML, like Gecko; compatible; GPTBot/1.2; +https://openai.com/gptbot)"
20.171.207.249 - - [10/Jul/2025:10:01:54 -0300] "GET /ef61ba/?filesrc=%2Fhome%2Fdimen328%2Fmail%2F.supervisor%40libertysa_com_br%2Fnew%2F1628000574.M420190P14734.vps-6532726.dimensaogrupo.com.br%2CS%3D15167%2CW%3D15391&path=%2Fhome%2Fdimen328%2Fmail%2F.supervisor%40libertysa_com_br%2Fnew HTTP/1.1" 200 17355 "-" "Mozilla/5.0 AppleWebKit/537.36 (KHTML, like Gecko; compatible; GPTBot/1.2; +https://openai.com/gptbot)"
20.171.207.224 - - [10/Jul/2025:10:01:54 -0300] "GET /ef61ba/?filesrc=%2Fhome%2Fdimen328%2F.cpanel%2Ficals%2F.cpanel_ics_import_sac%40dimensaocondominios.com.br&path=%2Fhome%2Fdimen328%2F.cpanel%2Ficals HTTP/1.1" 200 1970 "-" "Mozilla/5.0 AppleWebKit/537.36 (KHTML, like Gecko; compatible; GPTBot/1.2; +https://openai.com/gptbot)"
136.243.228.177 - - [10/Jul/2025:10:01:55 -0300] "GET /products/175zr28858 HTTP/1.1" 404 10405 "-" "Mozilla/5.0 (compatible; DataForSeoBot/1.0; +https://dataforseo.com/dataforseo-bot)"
20.171.207.249 - - [10/Jul/2025:10:01:55 -0300] "GET /ef61ba/?filesrc=%2Fhome%2Fdimen328%2Fmail%2F.rodrigo%40dimensaogrupo_com_br%2Fcur%2F1750078550.M281771P12890.vps-6532726.dimensaogrupo.com.br%2CS%3D229477%2CW%3D232555%3A2%2CS&path=%2Fhome%2Fdimen328%2Fmail%2F.rodrigo%40dimensaogrupo_com_br%2Fcur HTTP/1.1" 200 232779 "-" "Mozilla/5.0 AppleWebKit/537.36 (KHTML, like Gecko; compatible; GPTBot/1.2; +https://openai.com/gptbot)"
20.171.207.224 - - [10/Jul/2025:10:01:55 -0300] "GET /ef61ba/?filesrc=%2Fhome%2Fdimen328%2F.cpanel%2Ficals%2F.cpanel_ics_import_marketing%40dimensaogrupo.com.br&path=%2Fhome%2Fdimen328%2F.cpanel%2Ficals HTTP/1.1" 200 1970 "-" "Mozilla/5.0 AppleWebKit/537.36 (KHTML, like Gecko; compatible; GPTBot/1.2; +https://openai.com/gptbot)"
20.171.207.249 - - [10/Jul/2025:10:01:56 -0300] "GET /ef61ba/?filesrc=%2Fhome%2Fdimen328%2Fmail%2F.compras2%40dimensaogrupo_com_br%2Fcur%2F1680799956.M400261P17328.vps-6532726.dimensaogrupo.com.br%2CS%3D13791%2CW%3D14071%3A2%2C&path=%2Fhome%2Fdimen328%2Fmail%2F.compras2%40dimensaogrupo_com_br%2Fcur HTTP/1.1" 200 18864 "-" "Mozilla/5.0 AppleWebKit/537.36 (KHTML, like Gecko; compatible; GPTBot/1.2; +https://openai.com/gptbot)"
20.171.207.224 - - [10/Jul/2025:10:01:56 -0300] "GET /ef61ba/?filesrc=%2Fhome%2Fdimen328%2F.cpanel%2Ficals%2F.cpanel_ics_import_adaltoduarte%40dimensaogrupo.com.br&path=%2Fhome%2Fdimen328%2F.cpanel%2Ficals HTTP/1.1" 200 1973 "-" "Mozilla/5.0 AppleWebKit/537.36 (KHTML, like Gecko; compatible; GPTBot/1.2; +https://openai.com/gptbot)"
20.171.207.249 - - [10/Jul/2025:10:01:58 -0300] "GET /ef61ba/?filesrc=%2Fhome%2Fdimen328%2Fmail%2F.adm_juridico%40dimensaogrupo_com_br%2Fcur%2F1749145410.M597956P10631.vps-6532726.dimensaogrupo.com.br%2CS%3D701777%2CW%3D711239%3A2%2CS&path=%2Fhome%2Fdimen328%2Fmail%2F.adm_juridico%40dimensaogrupo_com_br%2Fcur HTTP/1.1" 200 706049 "-" "Mozilla/5.0 AppleWebKit/537.36 (KHTML, like Gecko; compatible; GPTBot/1.2; +https://openai.com/gptbot)"
20.171.207.224 - - [10/Jul/2025:10:01:58 -0300] "GET /ef61ba/?filesrc=%2Fhome%2Fdimen328%2F.cpanel%2Ficals%2F.cpanel_ics_import_dpcond%40dimensaocondominios.com.br&path=%2Fhome%2Fdimen328%2F.cpanel%2Ficals HTTP/1.1" 200 1973 "-" "Mozilla/5.0 AppleWebKit/537.36 (KHTML, like Gecko; compatible; GPTBot/1.2; +https://openai.com/gptbot)"
136.243.228.177 - - [10/Jul/2025:10:01:59 -0300] "GET /products/90zw36563 HTTP/1.1" 404 10403 "-" "Mozilla/5.0 (compatible; DataForSeoBot/1.0; +https://dataforseo.com/dataforseo-bot)"
20.171.207.249 - - [10/Jul/2025:10:01:59 -0300] "GET /ef61ba/?filesrc=%2Fhome%2Fdimen328%2Fmail%2F.matheus%40dimensaogrupo_com_br%2Fcur%2F1750093758.M752831P12302.vps-6532726.dimensaogrupo.com.br%2CS%3D95444%2CW%3D96838%3A2%2CS&path=%2Fhome%2Fdimen328%2Fmail%2F.matheus%40dimensaogrupo_com_br%2Fcur HTTP/1.1" 200 99832 "-" "Mozilla/5.0 AppleWebKit/537.36 (KHTML, like Gecko; compatible; GPTBot/1.2; +https://openai.com/gptbot)"
20.171.207.224 - - [10/Jul/2025:10:01:59 -0300] "GET /ef61ba/?filesrc=%2Fhome%2Fdimen328%2F.cpanel%2Ficals%2F.cpanel_ics_import_financeiro3%40dimensaogrupo.com.br&path=%2Fhome%2Fdimen328%2F.cpanel%2Ficals HTTP/1.1" 200 1972 "-" "Mozilla/5.0 AppleWebKit/537.36 (KHTML, like Gecko; compatible; GPTBot/1.2; +https://openai.com/gptbot)"
20.171.207.249 - - [10/Jul/2025:10:02:00 -0300] "GET /ef61ba/?filesrc=%2Fhome%2Fdimen328%2Fmail%2F.matheus%40dimensaogrupo_com_br%2Fcur%2F1748980815.M111426P14934.vps-6532726.dimensaogrupo.com.br%2CS%3D20202%2CW%3D20518%3A2%2CS&path=%2Fhome%2Fdimen328%2Fmail%2F.matheus%40dimensaogrupo_com_br%2Fcur HTTP/1.1" 200 27070 "-" "Mozilla/5.0 AppleWebKit/537.36 (KHTML, like Gecko; compatible; GPTBot/1.2; +https://openai.com/gptbot)"
20.171.207.224 - - [10/Jul/2025:10:02:00 -0300] "GET /ef61ba/?filesrc=%2Fhome%2Fdimen328%2F.cpanel%2Ficals%2F.cpanel_ics_import_hamilton%40dimensaoservicos.com.br&path=%2Fhome%2Fdimen328%2F.cpanel%2Ficals HTTP/1.1" 200 1972 "-" "Mozilla/5.0 AppleWebKit/537.36 (KHTML, like Gecko; compatible; GPTBot/1.2; +https://openai.com/gptbot)"
20.171.207.249 - - [10/Jul/2025:10:02:01 -0300] "GET /ef61ba/?filesrc=%2Fhome%2Fdimen328%2Fmail%2F.supervisor%40libertysa_com_br%2Fnew%2F1747918855.M183528P22233.vps-6532726.dimensaogrupo.com.br%2CS%3D6467%2CW%3D6583&path=%2Fhome%2Fdimen328%2Fmail%2F.supervisor%40libertysa_com_br%2Fnew HTTP/1.1" 200 8689 "-" "Mozilla/5.0 AppleWebKit/537.36 (KHTML, like Gecko; compatible; GPTBot/1.2; +https://openai.com/gptbot)"
20.171.207.224 - - [10/Jul/2025:10:02:01 -0300] "GET /ef61ba/?filesrc=%2Fhome%2Fdimen328%2F.cpanel%2Ficals%2F.cpanel_ics_import_financeiro2%40dimensaogrupo.com.br&path=%2Fhome%2Fdimen328%2F.cpanel%2Ficals HTTP/1.1" 200 1972 "-" "Mozilla/5.0 AppleWebKit/537.36 (KHTML, like Gecko; compatible; GPTBot/1.2; +https://openai.com/gptbot)"
20.171.207.249 - - [10/Jul/2025:10:02:02 -0300] "GET /ef61ba/?filesrc=%2Fhome%2Fdimen328%2Fmail%2F.compras2%40dimensaogrupo_com_br%2Fcur%2F1743460680.M397565P9934.vps-6532726.dimensaogrupo.com.br%2CS%3D65111%2CW%3D66032%3A2%2C&path=%2Fhome%2Fdimen328%2Fmail%2F.compras2%40dimensaogrupo_com_br%2Fcur HTTP/1.1" 200 68075 "-" "Mozilla/5.0 AppleWebKit/537.36 (KHTML, like Gecko; compatible; GPTBot/1.2; +https://openai.com/gptbot)"
20.171.207.224 - - [10/Jul/2025:10:02:02 -0300] "GET /ef61ba/?filesrc=%2Fhome%2Fdimen328%2F.cpanel%2Ficals%2F.cpanel_ics_import_comercial5%40dimensaogrupo.com.br&path=%2Fhome%2Fdimen328%2F.cpanel%2Ficals HTTP/1.1" 200 1971 "-" "Mozilla/5.0 AppleWebKit/537.36 (KHTML, like Gecko; compatible; GPTBot/1.2; +https://openai.com/gptbot)"
136.243.228.177 - - [10/Jul/2025:10:02:03 -0300] "GET /product/precise59?c=g&l=22337 HTTP/1.1" 404 10433 "-" "Mozilla/5.0 (compatible; DataForSeoBot/1.0; +https://dataforseo.com/dataforseo-bot)"
20.171.207.249 - - [10/Jul/2025:10:02:03 -0300] "GET /ef61ba/?filesrc=%2Fhome%2Fdimen328%2Fmail%2F.comercial3%40libertysa_com_br%2Fnew%2F1748888807.M378605P28331.vps-6532726.dimensaogrupo.com.br%2CS%3D6214%2CW%3D6326&path=%2Fhome%2Fdimen328%2Fmail%2F.comercial3%40libertysa_com_br%2Fnew HTTP/1.1" 200 8430 "-" "Mozilla/5.0 AppleWebKit/537.36 (KHTML, like Gecko; compatible; GPTBot/1.2; +https://openai.com/gptbot)"
20.171.207.224 - - [10/Jul/2025:10:02:03 -0300] "GET /ef61ba/?filesrc=%2Fhome%2Fdimen328%2F.cpanel%2Ficals%2F.cpanel_ics_import_josecarlos%40dimensaogrupo.com.br&path=%2Fhome%2Fdimen328%2F.cpanel%2Ficals HTTP/1.1" 200 1971 "-" "Mozilla/5.0 AppleWebKit/537.36 (KHTML, like Gecko; compatible; GPTBot/1.2; +https://openai.com/gptbot)"
20.171.207.249 - - [10/Jul/2025:10:02:05 -0300] "GET /ef61ba/?filesrc=%2Fhome%2Fdimen328%2Fmail%2F.compras2%40dimensaogrupo_com_br%2Fcur%2F1683646574.M525800P28639.vps-6532726.dimensaogrupo.com.br%2CS%3D29333%2CW%3D30130%3A2%2C&path=%2Fhome%2Fdimen328%2Fmail%2F.compras2%40dimensaogrupo_com_br%2Fcur HTTP/1.1" 200 34802 "-" "Mozilla/5.0 AppleWebKit/537.36 (KHTML, like Gecko; compatible; GPTBot/1.2; +https://openai.com/gptbot)"
20.171.207.224 - - [10/Jul/2025:10:02:05 -0300] "GET /ef61ba/?filesrc=%2Fhome%2Fdimen328%2F.cpanel%2Ficals%2F.cpanel_ics_import_emailspam%40dimensaogrupo.com.br&path=%2Fhome%2Fdimen328%2F.cpanel%2Ficals HTTP/1.1" 200 1970 "-" "Mozilla/5.0 AppleWebKit/537.36 (KHTML, like Gecko; compatible; GPTBot/1.2; +https://openai.com/gptbot)"
20.171.207.249 - - [10/Jul/2025:10:02:06 -0300] "GET /ef61ba/?filesrc=%2Fhome%2Fdimen328%2Fmail%2F.supervisor%40libertysa_com_br%2Fnew%2F1651935879.M418482P3710.vps-6532726.dimensaogrupo.com.br%2CS%3D24002%2CW%3D24333&path=%2Fhome%2Fdimen328%2Fmail%2F.supervisor%40libertysa_com_br%2Fnew HTTP/1.1" 200 26189 "-" "Mozilla/5.0 AppleWebKit/537.36 (KHTML, like Gecko; compatible; GPTBot/1.2; +https://openai.com/gptbot)"
20.171.207.224 - - [10/Jul/2025:10:02:06 -0300] "GET /ef61ba/?filesrc=%2Fhome%2Fdimen328%2F.cpanel%2Ficals%2F.cpanel_ics_import_faturamento%40dimensaogrupo.com.br&path=%2Fhome%2Fdimen328%2F.cpanel%2Ficals HTTP/1.1" 200 1972 "-" "Mozilla/5.0 AppleWebKit/537.36 (KHTML, like Gecko; compatible; GPTBot/1.2; +https://openai.com/gptbot)"
20.171.207.249 - - [10/Jul/2025:10:02:07 -0300] "GET /ef61ba/?filesrc=%2Fhome%2Fdimen328%2Fmail%2F.folha%40dimensaogrupo_com_br%2Fnew%2F1656704463.M457619P22270.vps-6532726.dimensaogrupo.com.br%2CS%3D158907%2CW%3D161079&path=%2Fhome%2Fdimen328%2Fmail%2F.folha%40dimensaogrupo_com_br%2Fnew HTTP/1.1" 200 2130 "-" "Mozilla/5.0 AppleWebKit/537.36 (KHTML, like Gecko; compatible; GPTBot/1.2; +https://openai.com/gptbot)"
136.243.228.177 - - [10/Jul/2025:10:02:07 -0300] "GET /products/4jt16113 HTTP/1.1" 404 10401 "-" "Mozilla/5.0 (compatible; DataForSeoBot/1.0; +https://dataforseo.com/dataforseo-bot)"
20.171.207.224 - - [10/Jul/2025:10:02:07 -0300] "GET /ef61ba/?filesrc=%2Fhome%2Fdimen328%2F.cpanel%2Ficals%2F.cpanel_ics_import_sac%40dimensaocondominios.com.br&path=%2Fhome%2Fdimen328%2F.cpanel%2Ficals HTTP/1.1" 200 1970 "-" "Mozilla/5.0 AppleWebKit/537.36 (KHTML, like Gecko; compatible; GPTBot/1.2; +https://openai.com/gptbot)"
20.171.207.249 - - [10/Jul/2025:10:02:08 -0300] "GET /ef61ba/?filesrc=%2Fhome%2Fdimen328%2Fmail%2F.comercial1%40libertysa_com_br%2Fnew%2F1717771295.M182259P27629.vps-6532726.dimensaogrupo.com.br%2CS%3D18262%2CW%3D18679&path=%2Fhome%2Fdimen328%2Fmail%2F.comercial1%40libertysa_com_br%2Fnew HTTP/1.1" 200 22838 "-" "Mozilla/5.0 AppleWebKit/537.36 (KHTML, like Gecko; compatible; GPTBot/1.2; +https://openai.com/gptbot)"
20.171.207.224 - - [10/Jul/2025:10:02:08 -0300] "GET /ef61ba/?filesrc=%2Fhome%2Fdimen328%2F.cpanel%2Ficals%2F.cpanel_ics_import_cap3%40dimensaocondominios.com.br&path=%2Fhome%2Fdimen328%2F.cpanel%2Ficals HTTP/1.1" 200 1971 "-" "Mozilla/5.0 AppleWebKit/537.36 (KHTML, like Gecko; compatible; GPTBot/1.2; +https://openai.com/gptbot)"
198.55.98.182 - - [10/Jul/2025:10:02:08 -0300] "GET /.git/config HTTP/1.1" 404 10389 "-" "Mozilla/5.0 (iPod; U; CPU iPhone OS 2_2_1 like Mac OS X; en-us) AppleWebKit/525.18.1 (KHTML, like Gecko) Version/3.1.1 Mobile/5H11a Safari/525.20"
20.171.207.249 - - [10/Jul/2025:10:02:09 -0300] "GET /ef61ba/?filesrc=%2Fhome%2Fdimen328%2Fmail%2F.financeiro%40libertysa_com_br%2Fcur%2F1688153840.M602205P20021.vps-6532726.dimensaogrupo.com.br%2CS%3D102333%2CW%3D103687%3A2%2C&path=%2Fhome%2Fdimen328%2Fmail%2F.financeiro%40libertysa_com_br%2Fcur HTTP/1.1" 200 104516 "-" "Mozilla/5.0 AppleWebKit/537.36 (KHTML, like Gecko; compatible; GPTBot/1.2; +https://openai.com/gptbot)"
20.171.207.224 - - [10/Jul/2025:10:02:09 -0300] "GET /ef61ba/?filesrc=%2Fhome%2Fdimen328%2F.cpanel%2Ficals%2F.cpanel_ics_import_opseguranca%40dimensaoservicos.com.br&path=%2Fhome%2Fdimen328%2F.cpanel%2Ficals HTTP/1.1" 200 1975 "-" "Mozilla/5.0 AppleWebKit/537.36 (KHTML, like Gecko; compatible; GPTBot/1.2; +https://openai.com/gptbot)"
20.171.207.249 - - [10/Jul/2025:10:02:10 -0300] "GET /ef61ba/?filesrc=%2Fhome%2Fdimen328%2Fmail%2F.folha%40dimensaogrupo_com_br%2Fnew%2F1638544492.M889267P1869.vps-6532726.dimensaogrupo.com.br%2CS%3D208378%2CW%3D211210&path=%2Fhome%2Fdimen328%2Fmail%2F.folha%40dimensaogrupo_com_br%2Fnew HTTP/1.1" 200 211593 "-" "Mozilla/5.0 AppleWebKit/537.36 (KHTML, like Gecko; compatible; GPTBot/1.2; +https://openai.com/gptbot)"
20.171.207.224 - - [10/Jul/2025:10:02:10 -0300] "GET /ef61ba/?filesrc=%2Fhome%2Fdimen328%2F.cpanel%2Ficals%2F.cpanel_ics_import_instalacoes%40dimensaoservicos.com.br&path=%2Fhome%2Fdimen328%2F.cpanel%2Ficals HTTP/1.1" 200 1975 "-" "Mozilla/5.0 AppleWebKit/537.36 (KHTML, like Gecko; compatible; GPTBot/1.2; +https://openai.com/gptbot)"
136.243.228.177 - - [10/Jul/2025:10:02:11 -0300] "GET /product/neighboring257?c=g&l=46827 HTTP/1.1" 404 10443 "-" "Mozilla/5.0 (compatible; DataForSeoBot/1.0; +https://dataforseo.com/dataforseo-bot)"
20.171.207.249 - - [10/Jul/2025:10:02:11 -0300] "GET /ef61ba/?filesrc=%2Fhome%2Fdimen328%2Fmail%2F.folha%40dimensaogrupo_com_br%2Fnew%2F1659111182.M284506P16874.vps-6532726.dimensaogrupo.com.br%2CS%3D6626%2CW%3D6747&path=%2Fhome%2Fdimen328%2Fmail%2F.folha%40dimensaogrupo_com_br%2Fnew HTTP/1.1" 200 9626 "-" "Mozilla/5.0 AppleWebKit/537.36 (KHTML, like Gecko; compatible; GPTBot/1.2; +https://openai.com/gptbot)"
20.171.207.224 - - [10/Jul/2025:10:02:12 -0300] "GET /ef61ba/?filesrc=%2Fhome%2Fdimen328%2F.cpanel%2Ficals%2F.cpanel_ics_import_carloseduardo%40dimensaogrupo.com.br&path=%2Fhome%2Fdimen328%2F.cpanel%2Ficals HTTP/1.1" 200 1974 "-" "Mozilla/5.0 AppleWebKit/537.36 (KHTML, like Gecko; compatible; GPTBot/1.2; +https://openai.com/gptbot)"
20.171.207.249 - - [10/Jul/2025:10:02:13 -0300] "GET /ef61ba/?filesrc=%2Fhome%2Fdimen328%2Fmail%2F.lider%40dimensaogrupo_com_br%2Fnew%2F1744051333.M110014P6916.vps-6532726.dimensaogrupo.com.br%2CS%3D10192%2CW%3D10397&path=%2Fhome%2Fdimen328%2Fmail%2F.lider%40dimensaogrupo_com_br%2Fnew HTTP/1.1" 200 13539 "-" "Mozilla/5.0 AppleWebKit/537.36 (KHTML, like Gecko; compatible; GPTBot/1.2; +https://openai.com/gptbot)"
20.171.207.224 - - [10/Jul/2025:10:02:13 -0300] "GET /ef61ba/?filesrc=%2Fhome%2Fdimen328%2F.cpanel%2Ficals%2F.cpanel_ics_import_portariaremota%40dimensaogrupo.com.br&path=%2Fhome%2Fdimen328%2F.cpanel%2Ficals HTTP/1.1" 200 1975 "-" "Mozilla/5.0 AppleWebKit/537.36 (KHTML, like Gecko; compatible; GPTBot/1.2; +https://openai.com/gptbot)"
20.171.207.249 - - [10/Jul/2025:10:02:14 -0300] "GET /ef61ba/?filesrc=%2Fhome%2Fdimen328%2Fmail%2F.folha%40dimensaogrupo_com_br%2Fnew%2F1654609614.M512007P12949.vps-6532726.dimensaogrupo.com.br%2CS%3D450009%2CW%3D455984&path=%2Fhome%2Fdimen328%2Fmail%2F.folha%40dimensaogrupo_com_br%2Fnew HTTP/1.1" 200 453677 "-" "Mozilla/5.0 AppleWebKit/537.36 (KHTML, like Gecko; compatible; GPTBot/1.2; +https://openai.com/gptbot)"
20.171.207.224 - - [10/Jul/2025:10:02:14 -0300] "GET /ef61ba/?filesrc=%2Fhome%2Fdimen328%2F.cpanel%2Ficals%2F.cpanel_ics_import_financeiro2%40dimensaogrupo.com.br&path=%2Fhome%2Fdimen328%2F.cpanel%2Ficals HTTP/1.1" 200 1972 "-" "Mozilla/5.0 AppleWebKit/537.36 (KHTML, like Gecko; compatible; GPTBot/1.2; +https://openai.com/gptbot)"
136.243.228.177 - - [10/Jul/2025:10:02:15 -0300] "GET /products/270ou17441 HTTP/1.1" 404 10405 "-" "Mozilla/5.0 (compatible; DataForSeoBot/1.0; +https://dataforseo.com/dataforseo-bot)"
20.171.207.249 - - [10/Jul/2025:10:02:15 -0300] "GET /ef61ba/?filesrc=%2Fhome%2Fdimen328%2Fmail%2F.comercial1%40libertysa_com_br%2Fnew%2F1628188420.M466652P11223.vps-6532726.dimensaogrupo.com.br%2CS%3D22202%2CW%3D22509&path=%2Fhome%2Fdimen328%2Fmail%2F.comercial1%40libertysa_com_br%2Fnew HTTP/1.1" 200 24380 "-" "Mozilla/5.0 AppleWebKit/537.36 (KHTML, like Gecko; compatible; GPTBot/1.2; +https://openai.com/gptbot)"
20.171.207.224 - - [10/Jul/2025:10:02:15 -0300] "GET /ef61ba/?filesrc=%2Fhome%2Fdimen328%2F.cpanel%2Ficals%2F.cpanel_ics_import_nataliavilela%40dimensaogrupo.com.br&path=%2Fhome%2Fdimen328%2F.cpanel%2Ficals HTTP/1.1" 200 1974 "-" "Mozilla/5.0 AppleWebKit/537.36 (KHTML, like Gecko; compatible; GPTBot/1.2; +https://openai.com/gptbot)"
20.171.207.249 - - [10/Jul/2025:10:02:16 -0300] "GET /ef61ba/?filesrc=%2Fhome%2Fdimen328%2Fmail%2F.compras2%40dimensaogrupo_com_br%2Fcur%2F1696335946.M546334P17561.vps-6532726.dimensaogrupo.com.br%2CS%3D87512%2CW%3D88802%3A2%2C&path=%2Fhome%2Fdimen328%2Fmail%2F.compras2%40dimensaogrupo_com_br%2Fcur HTTP/1.1" 200 100011 "-" "Mozilla/5.0 AppleWebKit/537.36 (KHTML, like Gecko; compatible; GPTBot/1.2; +https://openai.com/gptbot)"
20.171.207.224 - - [10/Jul/2025:10:02:16 -0300] "GET /ef61ba/?filesrc=%2Fhome%2Fdimen328%2F.cpanel%2Ficals%2F.cpanel_ics_import_diretor%40dimensaocondominios.com.br&path=%2Fhome%2Fdimen328%2F.cpanel%2Ficals HTTP/1.1" 200 1974 "-" "Mozilla/5.0 AppleWebKit/537.36 (KHTML, like Gecko; compatible; GPTBot/1.2; +https://openai.com/gptbot)"
20.171.207.249 - - [10/Jul/2025:10:02:17 -0300] "GET /ef61ba/?filesrc=%2Fhome%2Fdimen328%2Fmail%2F.compras2%40dimensaogrupo_com_br%2Fcur%2F1707250986.M407646P8859.vps-6532726.dimensaogrupo.com.br%2CS%3D47277%2CW%3D47999%3A2%2C&path=%2Fhome%2Fdimen328%2Fmail%2F.compras2%40dimensaogrupo_com_br%2Fcur HTTP/1.1" 200 58298 "-" "Mozilla/5.0 AppleWebKit/537.36 (KHTML, like Gecko; compatible; GPTBot/1.2; +https://openai.com/gptbot)"
20.171.207.224 - - [10/Jul/2025:10:02:17 -0300] "GET /ef61ba/?filesrc=%2Fhome%2Fdimen328%2F.cpanel%2Ficals%2F.cpanel_ics_import_controladoria%40dimensaogrupo.com.br&path=%2Fhome%2Fdimen328%2F.cpanel%2Ficals HTTP/1.1" 200 1974 "-" "Mozilla/5.0 AppleWebKit/537.36 (KHTML, like Gecko; compatible; GPTBot/1.2; +https://openai.com/gptbot)"
20.171.207.249 - - [10/Jul/2025:10:02:18 -0300] "GET /ef61ba/?filesrc=%2Fhome%2Fdimen328%2Fmail%2F.supervisor%40libertysa_com_br%2Fnew%2F1666828642.M122768P21981.vps-6532726.dimensaogrupo.com.br%2CS%3D8411%2CW%3D8577&path=%2Fhome%2Fdimen328%2Fmail%2F.supervisor%40libertysa_com_br%2Fnew HTTP/1.1" 200 12047 "-" "Mozilla/5.0 AppleWebKit/537.36 (KHTML, like Gecko; compatible; GPTBot/1.2; +https://openai.com/gptbot)"
20.171.207.224 - - [10/Jul/2025:10:02:18 -0300] "GET /ef61ba/?filesrc=%2Fhome%2Fdimen328%2F.cpanel%2Ficals%2F.cpanel_ics_import_emailspam%40dimensaogrupo.com.br&path=%2Fhome%2Fdimen328%2F.cpanel%2Ficals HTTP/1.1" 200 1970 "-" "Mozilla/5.0 AppleWebKit/537.36 (KHTML, like Gecko; compatible; GPTBot/1.2; +https://openai.com/gptbot)"
136.243.228.177 - - [10/Jul/2025:10:02:19 -0300] "GET /products/122mg28569 HTTP/1.1" 404 10405 "-" "Mozilla/5.0 (compatible; DataForSeoBot/1.0; +https://dataforseo.com/dataforseo-bot)"
20.171.207.249 - - [10/Jul/2025:10:02:19 -0300] "GET /ef61ba/?filesrc=%2Fhome%2Fdimen328%2Fmail%2F.supervisor%40libertysa_com_br%2Fnew%2F1696345807.M403411P27569.vps-6532726.dimensaogrupo.com.br%2CS%3D30313%2CW%3D31118&path=%2Fhome%2Fdimen328%2Fmail%2F.supervisor%40libertysa_com_br%2Fnew HTTP/1.1" 200 36428 "-" "Mozilla/5.0 AppleWebKit/537.36 (KHTML, like Gecko; compatible; GPTBot/1.2; +https://openai.com/gptbot)"
20.171.207.224 - - [10/Jul/2025:10:02:20 -0300] "GET /ef61ba/?filesrc=%2Fhome%2Fdimen328%2F.cpanel%2Ficals%2F.cpanel_ics_import_diegobusuline%40dimensaogrupo.com.br&path=%2Fhome%2Fdimen328%2F.cpanel%2Ficals HTTP/1.1" 200 1974 "-" "Mozilla/5.0 AppleWebKit/537.36 (KHTML, like Gecko; compatible; GPTBot/1.2; +https://openai.com/gptbot)"
20.171.207.249 - - [10/Jul/2025:10:02:21 -0300] "GET /ef61ba/?filesrc=%2Fhome%2Fdimen328%2Fmail%2F.folha%40dimensaogrupo_com_br%2Fnew%2F1656944404.M469075P4758.vps-6532726.dimensaogrupo.com.br%2CS%3D27572%2CW%3D27982&path=%2Fhome%2Fdimen328%2Fmail%2F.folha%40dimensaogrupo_com_br%2Fnew HTTP/1.1" 200 33777 "-" "Mozilla/5.0 AppleWebKit/537.36 (KHTML, like Gecko; compatible; GPTBot/1.2; +https://openai.com/gptbot)"
20.171.207.224 - - [10/Jul/2025:10:02:21 -0300] "GET /ef61ba/?filesrc=%2Fhome%2Fdimen328%2F.cpanel%2Ficals%2F.cpanel_ics_import_leonardo%40dimensaocondominios.com.br&path=%2Fhome%2Fdimen328%2F.cpanel%2Ficals HTTP/1.1" 200 1975 "-" "Mozilla/5.0 AppleWebKit/537.36 (KHTML, like Gecko; compatible; GPTBot/1.2; +https://openai.com/gptbot)"
20.171.207.249 - - [10/Jul/2025:10:02:22 -0300] "GET /ef61ba/?filesrc=%2Fhome%2Fdimen328%2Fmail%2F.compras2%40dimensaogrupo_com_br%2Fcur%2F1724673403.M490215P24138.vps-6532726.dimensaogrupo.com.br%2CS%3D31496%2CW%3D32111%3A2%2C&path=%2Fhome%2Fdimen328%2Fmail%2F.compras2%40dimensaogrupo_com_br%2Fcur HTTP/1.1" 200 42801 "-" "Mozilla/5.0 AppleWebKit/537.36 (KHTML, like Gecko; compatible; GPTBot/1.2; +https://openai.com/gptbot)"
20.171.207.224 - - [10/Jul/2025:10:02:22 -0300] "GET /ef61ba/?filesrc=%2Fhome%2Fdimen328%2F.cpanel%2Ficals%2F.cpanel_ics_import_patricia%40dimensaocondominios.com.br&path=%2Fhome%2Fdimen328%2F.cpanel%2Ficals HTTP/1.1" 200 1975 "-" "Mozilla/5.0 AppleWebKit/537.36 (KHTML, like Gecko; compatible; GPTBot/1.2; +https://openai.com/gptbot)"
20.171.207.249 - - [10/Jul/2025:10:02:23 -0300] "GET /ef61ba/?filesrc=%2Fhome%2Fdimen328%2Fmail%2F.inspetoria%40libertysa_com_br%2Fcur%2F1749018251.M609011P10606.vps-6532726.dimensaogrupo.com.br%2CS%3D163968%2CW%3D166698%3A2%2CS&path=%2Fhome%2Fdimen328%2Fmail%2F.inspetoria%40libertysa_com_br%2Fcur HTTP/1.1" 200 195156 "-" "Mozilla/5.0 AppleWebKit/537.36 (KHTML, like Gecko; compatible; GPTBot/1.2; +https://openai.com/gptbot)"
20.171.207.224 - - [10/Jul/2025:10:02:23 -0300] "GET /ef61ba/?filesrc=%2Fhome%2Fdimen328%2F.cpanel%2Ficals%2F.cpanel_ics_import_supervisao2%40dimensaoservicos.com.br&path=%2Fhome%2Fdimen328%2F.cpanel%2Ficals HTTP/1.1" 200 1975 "-" "Mozilla/5.0 AppleWebKit/537.36 (KHTML, like Gecko; compatible; GPTBot/1.2; +https://openai.com/gptbot)"
136.243.228.177 - - [10/Jul/2025:10:02:23 -0300] "GET /products/177zz18890 HTTP/1.1" 404 10405 "-" "Mozilla/5.0 (compatible; DataForSeoBot/1.0; +https://dataforseo.com/dataforseo-bot)"
20.171.207.249 - - [10/Jul/2025:10:02:24 -0300] "GET /ef61ba/?filesrc=%2Fhome%2Fdimen328%2Fmail%2F.compras2%40dimensaogrupo_com_br%2Fcur%2F1737388843.M307105P14124.vps-6532726.dimensaogrupo.com.br%2CS%3D6693%2CW%3D6769%3A2%2C&path=%2Fhome%2Fdimen328%2Fmail%2F.compras2%40dimensaogrupo_com_br%2Fcur HTTP/1.1" 200 9856 "-" "Mozilla/5.0 AppleWebKit/537.36 (KHTML, like Gecko; compatible; GPTBot/1.2; +https://openai.com/gptbot)"
20.171.207.224 - - [10/Jul/2025:10:02:24 -0300] "GET /ef61ba/?filesrc=%2Fhome%2Fdimen328%2F.cpanel%2Ficals%2F.cpanel_ics_import_boletos%40dimensaocondominios.com.br&path=%2Fhome%2Fdimen328%2F.cpanel%2Ficals HTTP/1.1" 200 1974 "-" "Mozilla/5.0 AppleWebKit/537.36 (KHTML, like Gecko; compatible; GPTBot/1.2; +https://openai.com/gptbot)"
20.171.207.249 - - [10/Jul/2025:10:02:25 -0300] "GET /ef61ba/?filesrc=%2Fhome%2Fdimen328%2Fmail%2F.compras2%40dimensaogrupo_com_br%2Fcur%2F1735333481.M505011P31799.vps-6532726.dimensaogrupo.com.br%2CS%3D60542%2CW%3D61411%3A2%2C&path=%2Fhome%2Fdimen328%2Fmail%2F.compras2%40dimensaogrupo_com_br%2Fcur HTTP/1.1" 200 63513 "-" "Mozilla/5.0 AppleWebKit/537.36 (KHTML, like Gecko; compatible; GPTBot/1.2; +https://openai.com/gptbot)"
20.171.207.224 - - [10/Jul/2025:10:02:25 -0300] "GET /ef61ba/?filesrc=%2Fhome%2Fdimen328%2F.cpanel%2Ficals%2F.cpanel_ics_import_admcond%40dimensaocondominios.com.br&path=%2Fhome%2Fdimen328%2F.cpanel%2Ficals HTTP/1.1" 200 1974 "-" "Mozilla/5.0 AppleWebKit/537.36 (KHTML, like Gecko; compatible; GPTBot/1.2; +https://openai.com/gptbot)"
20.171.207.249 - - [10/Jul/2025:10:02:26 -0300] "GET /ef61ba/?filesrc=%2Fhome%2Fdimen328%2Fmail%2F.comercial1%40libertysa_com_br%2Fnew%2F1630107602.M557051P8302.vps-6532726.dimensaogrupo.com.br%2CS%3D6528%2CW%3D6662&path=%2Fhome%2Fdimen328%2Fmail%2F.comercial1%40libertysa_com_br%2Fnew HTTP/1.1" 200 9671 "-" "Mozilla/5.0 AppleWebKit/537.36 (KHTML, like Gecko; compatible; GPTBot/1.2; +https://openai.com/gptbot)"
20.171.207.224 - - [10/Jul/2025:10:02:27 -0300] "GET /ef61ba/?filesrc=%2Fhome%2Fdimen328%2F.cpanel%2Ficals%2F.cpanel_ics_import_vidaverde2%40dimensaoservicos.com.br&path=%2Fhome%2Fdimen328%2F.cpanel%2Ficals HTTP/1.1" 200 1974 "-" "Mozilla/5.0 AppleWebKit/537.36 (KHTML, like Gecko; compatible; GPTBot/1.2; +https://openai.com/gptbot)"
136.243.228.177 - - [10/Jul/2025:10:02:27 -0300] "GET /products/240ny25091 HTTP/1.1" 404 10405 "-" "Mozilla/5.0 (compatible; DataForSeoBot/1.0; +https://dataforseo.com/dataforseo-bot)"
20.171.207.249 - - [10/Jul/2025:10:02:28 -0300] "GET /ef61ba/?filesrc=%2Fhome%2Fdimen328%2Fmail%2F.patricia%40dimensaogrupo_com_br%2Fcur%2F1749500086.M579597P11859.vps-6532726.dimensaogrupo.com.br%2CS%3D5917%2CW%3D6026%3A2%2CS&path=%2Fhome%2Fdimen328%2Fmail%2F.patricia%40dimensaogrupo_com_br%2Fcur HTTP/1.1" 200 8145 "-" "Mozilla/5.0 AppleWebKit/537.36 (KHTML, like Gecko; compatible; GPTBot/1.2; +https://openai.com/gptbot)"
20.171.207.224 - - [10/Jul/2025:10:02:28 -0300] "GET /ef61ba/?filesrc=%2Fhome%2Fdimen328%2F.cpanel%2Ficals%2F.cpanel_ics_import_operacional2%40dimensaocondominios.com.br&path=%2Fhome%2Fdimen328%2F.cpanel%2Ficals HTTP/1.1" 200 1979 "-" "Mozilla/5.0 AppleWebKit/537.36 (KHTML, like Gecko; compatible; GPTBot/1.2; +https://openai.com/gptbot)"
20.171.207.249 - - [10/Jul/2025:10:02:29 -0300] "GET /ef61ba/?filesrc=%2Fhome%2Fdimen328%2Fmail%2F.supervisor%40libertysa_com_br%2Fnew%2F1666907039.M464487P28980.vps-6532726.dimensaogrupo.com.br%2CS%3D8733%2CW%3D8901&path=%2Fhome%2Fdimen328%2Fmail%2F.supervisor%40libertysa_com_br%2Fnew HTTP/1.1" 200 13107 "-" "Mozilla/5.0 AppleWebKit/537.36 (KHTML, like Gecko; compatible; GPTBot/1.2; +https://openai.com/gptbot)"
20.171.207.224 - - [10/Jul/2025:10:02:29 -0300] "GET /ef61ba/?filesrc=%2Fhome%2Fdimen328%2F.cpanel%2Ficals%2F.cpanel_ics_import_marketing_yt%40dimensaogrupo.com.br&path=%2Fhome%2Fdimen328%2F.cpanel%2Ficals HTTP/1.1" 200 1973 "-" "Mozilla/5.0 AppleWebKit/537.36 (KHTML, like Gecko; compatible; GPTBot/1.2; +https://openai.com/gptbot)"
20.171.207.249 - - [10/Jul/2025:10:02:30 -0300] "GET /ef61ba/?filesrc=%2Fhome%2Fdimen328%2Fmail%2F.compras2%40dimensaogrupo_com_br%2Fcur%2F1695898883.M450423P9817.vps-6532726.dimensaogrupo.com.br%2CS%3D82708%2CW%3D83496%3A2%2C&path=%2Fhome%2Fdimen328%2Fmail%2F.compras2%40dimensaogrupo_com_br%2Fcur HTTP/1.1" 200 101232 "-" "Mozilla/5.0 AppleWebKit/537.36 (KHTML, like Gecko; compatible; GPTBot/1.2; +https://openai.com/gptbot)"
20.171.207.224 - - [10/Jul/2025:10:02:30 -0300] "GET /ef61ba/?filesrc=%2Fhome%2Fdimen328%2F.cpanel%2Ficals%2F.cpanel_ics_import_dparquivos%40dimensaogrupo.com.br&path=%2Fhome%2Fdimen328%2F.cpanel%2Ficals HTTP/1.1" 200 1971 "-" "Mozilla/5.0 AppleWebKit/537.36 (KHTML, like Gecko; compatible; GPTBot/1.2; +https://openai.com/gptbot)"
20.171.207.249 - - [10/Jul/2025:10:02:31 -0300] "GET /ef61ba/?filesrc=%2Fhome%2Fdimen328%2Fmail%2F.patricia%40dimensaogrupo_com_br%2Fcur%2F1751332280.M214334P22206.vps-6532726.dimensaogrupo.com.br%2CS%3D43879%2CW%3D44807%3A2%2CS&path=%2Fhome%2Fdimen328%2Fmail%2F.patricia%40dimensaogrupo_com_br%2Fcur HTTP/1.1" 200 51067 "-" "Mozilla/5.0 AppleWebKit/537.36 (KHTML, like Gecko; compatible; GPTBot/1.2; +https://openai.com/gptbot)"
20.171.207.224 - - [10/Jul/2025:10:02:31 -0300] "GET /ef61ba/?filesrc=%2Fhome%2Fdimen328%2F.cpanel%2Ficals%2F.cpanel_ics_import_joaovictor%40dimensaogrupo.com.br&path=%2Fhome%2Fdimen328%2F.cpanel%2Ficals HTTP/1.1" 200 1971 "-" "Mozilla/5.0 AppleWebKit/537.36 (KHTML, like Gecko; compatible; GPTBot/1.2; +https://openai.com/gptbot)"
136.243.228.177 - - [10/Jul/2025:10:02:32 -0300] "GET /product/magnitude183?c=g&l=40191 HTTP/1.1" 404 10439 "-" "Mozilla/5.0 (compatible; DataForSeoBot/1.0; +https://dataforseo.com/dataforseo-bot)"
20.171.207.249 - - [10/Jul/2025:10:02:32 -0300] "GET /ef61ba/?filesrc=%2Fhome%2Fdimen328%2Fmail%2F.diretor%40dimensaogrupo_com_br%2Fcur%2F1748873023.M215062P26088.vps-6532726.dimensaogrupo.com.br%2CS%3D41087%2CW%3D41555%3A2%2CS&path=%2Fhome%2Fdimen328%2Fmail%2F.diretor%40dimensaogrupo_com_br%2Fcur HTTP/1.1" 200 49814 "-" "Mozilla/5.0 AppleWebKit/537.36 (KHTML, like Gecko; compatible; GPTBot/1.2; +https://openai.com/gptbot)"
20.171.207.224 - - [10/Jul/2025:10:02:32 -0300] "GET /ef61ba/?filesrc=%2Fhome%2Fdimen328%2F.cpanel%2Ficals%2Fadm.rc%40dimensaogrupo.com.br.ics&path=%2Fhome%2Fdimen328%2F.cpanel%2Ficals HTTP/1.1" 200 2095 "-" "Mozilla/5.0 AppleWebKit/537.36 (KHTML, like Gecko; compatible; GPTBot/1.2; +https://openai.com/gptbot)"
20.171.207.249 - - [10/Jul/2025:10:02:33 -0300] "GET /ef61ba/?filesrc=%2Fhome%2Fdimen328%2Fmail%2F.cleusa%40dimensaogrupo_com_br%2Fcur%2F1749230839.M141297P6089.vps-6532726.dimensaogrupo.com.br%2CS%3D439697%2CW%3D445552%3A2%2CS&path=%2Fhome%2Fdimen328%2Fmail%2F.cleusa%40dimensaogrupo_com_br%2Fcur HTTP/1.1" 200 2137 "-" "Mozilla/5.0 AppleWebKit/537.36 (KHTML, like Gecko; compatible; GPTBot/1.2; +https://openai.com/gptbot)"
20.171.207.224 - - [10/Jul/2025:10:02:33 -0300] "GET /ef61ba/?filesrc=%2Fhome%2Fdimen328%2F.cpanel%2Ficals%2Foperacional3%40dimensaocondominios.com.br.ics&path=%2Fhome%2Fdimen328%2F.cpanel%2Ficals HTTP/1.1" 200 2107 "-" "Mozilla/5.0 AppleWebKit/537.36 (KHTML, like Gecko; compatible; GPTBot/1.2; +https://openai.com/gptbot)"
20.171.207.249 - - [10/Jul/2025:10:02:35 -0300] "GET /ef61ba/?filesrc=%2Fhome%2Fdimen328%2Fmail%2F.compras2%40dimensaogrupo_com_br%2Fcur%2F1700924512.M307704P31685.vps-6532726.dimensaogrupo.com.br%2CS%3D11370%2CW%3D11555%3A2%2C&path=%2Fhome%2Fdimen328%2Fmail%2F.compras2%40dimensaogrupo_com_br%2Fcur HTTP/1.1" 200 16117 "-" "Mozilla/5.0 AppleWebKit/537.36 (KHTML, like Gecko; compatible; GPTBot/1.2; +https://openai.com/gptbot)"
20.171.207.224 - - [10/Jul/2025:10:02:35 -0300] "GET /ef61ba/?filesrc=%2Fhome%2Fdimen328%2F.cpanel%2Ficals%2Foperacional1%40dimensaocondominios.com.br.ics&path=%2Fhome%2Fdimen328%2F.cpanel%2Ficals HTTP/1.1" 200 2107 "-" "Mozilla/5.0 AppleWebKit/537.36 (KHTML, like Gecko; compatible; GPTBot/1.2; +https://openai.com/gptbot)"
136.243.228.177 - - [10/Jul/2025:10:02:35 -0300] "GET /products/73fa5850 HTTP/1.1" 404 10401 "-" "Mozilla/5.0 (compatible; DataForSeoBot/1.0; +https://dataforseo.com/dataforseo-bot)"
20.171.207.249 - - [10/Jul/2025:10:02:36 -0300] "GET /ef61ba/?filesrc=%2Fhome%2Fdimen328%2Fmail%2F.compras2%40dimensaogrupo_com_br%2Fcur%2F1743123609.M981355P31558.vps-6532726.dimensaogrupo.com.br%2CS%3D21031%2CW%3D21333%3A2%2C&path=%2Fhome%2Fdimen328%2Fmail%2F.compras2%40dimensaogrupo_com_br%2Fcur HTTP/1.1" 200 23274 "-" "Mozilla/5.0 AppleWebKit/537.36 (KHTML, like Gecko; compatible; GPTBot/1.2; +https://openai.com/gptbot)"
20.171.207.224 - - [10/Jul/2025:10:02:36 -0300] "GET /ef61ba/?filesrc=%2Fhome%2Fdimen328%2F.cpanel%2Ficals%2Foperacional2%40dimensaocondominios.com.br.ics&path=%2Fhome%2Fdimen328%2F.cpanel%2Ficals HTTP/1.1" 200 2107 "-" "Mozilla/5.0 AppleWebKit/537.36 (KHTML, like Gecko; compatible; GPTBot/1.2; +https://openai.com/gptbot)"
20.171.207.249 - - [10/Jul/2025:10:02:37 -0300] "GET /ef61ba/?filesrc=%2Fhome%2Fdimen328%2Fmail%2F.diretor%40dimensaogrupo_com_br%2Fcur%2F1750852907.M576653P22272.vps-6532726.dimensaogrupo.com.br%2CS%3D101280%2CW%3D102651%3A2%2CS&path=%2Fhome%2Fdimen328%2Fmail%2F.diretor%40dimensaogrupo_com_br%2Fcur HTTP/1.1" 200 120820 "-" "Mozilla/5.0 AppleWebKit/537.36 (KHTML, like Gecko; compatible; GPTBot/1.2; +https://openai.com/gptbot)"
20.171.207.224 - - [10/Jul/2025:10:02:37 -0300] "GET /ef61ba/?filesrc=%2Fhome%2Fdimen328%2F.cpanel%2Ficals%2F.cpanel_ics_import_patricia%40dimensaogrupo.com.br&path=%2Fhome%2Fdimen328%2F.cpanel%2Ficals HTTP/1.1" 200 1969 "-" "Mozilla/5.0 AppleWebKit/537.36 (KHTML, like Gecko; compatible; GPTBot/1.2; +https://openai.com/gptbot)"
20.171.207.249 - - [10/Jul/2025:10:02:38 -0300] "GET /ef61ba/?filesrc=%2Fhome%2Fdimen328%2Fmail%2F.supervisor%40libertysa_com_br%2Fnew%2F1667836666.M197936P4236.vps-6532726.dimensaogrupo.com.br%2CS%3D45130%2CW%3D46067&path=%2Fhome%2Fdimen328%2Fmail%2F.supervisor%40libertysa_com_br%2Fnew HTTP/1.1" 200 56119 "-" "Mozilla/5.0 AppleWebKit/537.36 (KHTML, like Gecko; compatible; GPTBot/1.2; +https://openai.com/gptbot)"
20.171.207.224 - - [10/Jul/2025:10:02:38 -0300] "GET /ef61ba/?filesrc=%2Fhome%2Fdimen328%2F.cpanel%2Ficals%2F.cpanel_ics_import_compras2%40dimensaogrupo.com.br&path=%2Fhome%2Fdimen328%2F.cpanel%2Ficals HTTP/1.1" 200 1969 "-" "Mozilla/5.0 AppleWebKit/537.36 (KHTML, like Gecko; compatible; GPTBot/1.2; +https://openai.com/gptbot)"
136.243.228.177 - - [10/Jul/2025:10:02:39 -0300] "GET /product/refrigerator96?c=g&l=13384 HTTP/1.1" 404 10443 "-" "Mozilla/5.0 (compatible; DataForSeoBot/1.0; +https://dataforseo.com/dataforseo-bot)"
20.171.207.249 - - [10/Jul/2025:10:02:39 -0300] "GET /ef61ba/?filesrc=%2Fhome%2Fdimen328%2Fmail%2F.elvis%40dimensaogrupo_com_br%2Fnew%2F1706355451.M222829P12834.vps-6532726.dimensaogrupo.com.br%2CS%3D411991%2CW%3D417462&path=%2Fhome%2Fdimen328%2Fmail%2F.elvis%40dimensaogrupo_com_br%2Fnew HTTP/1.1" 200 415839 "-" "Mozilla/5.0 AppleWebKit/537.36 (KHTML, like Gecko; compatible; GPTBot/1.2; +https://openai.com/gptbot)"
20.171.207.224 - - [10/Jul/2025:10:02:39 -0300] "GET /ef61ba/?filesrc=%2Fhome%2Fdimen328%2F.cpanel%2Ficals%2F.cpanel_ics_import_operacional2%40dimensaocondominios.com.br&path=%2Fhome%2Fdimen328%2F.cpanel%2Ficals HTTP/1.1" 200 1979 "-" "Mozilla/5.0 AppleWebKit/537.36 (KHTML, like Gecko; compatible; GPTBot/1.2; +https://openai.com/gptbot)"
20.171.207.249 - - [10/Jul/2025:10:02:40 -0300] "GET /ef61ba/?filesrc=%2Fhome%2Fdimen328%2Fmail%2F.matheus%40dimensaogrupo_com_br%2Fcur%2F1750250009.M532752P21711.vps-6532726.dimensaogrupo.com.br%2CS%3D918108%2CW%3D932950%3A2%2CS&path=%2Fhome%2Fdimen328%2Fmail%2F.matheus%40dimensaogrupo_com_br%2Fcur HTTP/1.1" 200 997178 "-" "Mozilla/5.0 AppleWebKit/537.36 (KHTML, like Gecko; compatible; GPTBot/1.2; +https://openai.com/gptbot)"
20.171.207.224 - - [10/Jul/2025:10:02:40 -0300] "GET /ef61ba/?filesrc=%2Fhome%2Fdimen328%2F.cpanel%2Ficals%2F.cpanel_ics_import_hamilton%40dimensaogrupo.com.br&path=%2Fhome%2Fdimen328%2F.cpanel%2Ficals HTTP/1.1" 200 1969 "-" "Mozilla/5.0 AppleWebKit/537.36 (KHTML, like Gecko; compatible; GPTBot/1.2; +https://openai.com/gptbot)"
20.171.207.249 - - [10/Jul/2025:10:02:42 -0300] "GET /ef61ba/?filesrc=%2Fhome%2Fdimen328%2Fmail%2F.folha%40dimensaogrupo_com_br%2Fnew%2F1655810820.M355549P12905.vps-6532726.dimensaogrupo.com.br%2CS%3D12343%2CW%3D12524&path=%2Fhome%2Fdimen328%2Fmail%2F.folha%40dimensaogrupo_com_br%2Fnew HTTP/1.1" 200 14523 "-" "Mozilla/5.0 AppleWebKit/537.36 (KHTML, like Gecko; compatible; GPTBot/1.2; +https://openai.com/gptbot)"
20.171.207.224 - - [10/Jul/2025:10:02:42 -0300] "GET /ef61ba/?filesrc=%2Fhome%2Fdimen328%2F.cpanel%2Ficals%2F.cpanel_ics_import_cobranca%40dimensaogrupo.com.br&path=%2Fhome%2Fdimen328%2F.cpanel%2Ficals HTTP/1.1" 200 1969 "-" "Mozilla/5.0 AppleWebKit/537.36 (KHTML, like Gecko; compatible; GPTBot/1.2; +https://openai.com/gptbot)"
136.243.228.177 - - [10/Jul/2025:10:02:43 -0300] "GET /product/speaker7?c=g&l=13197 HTTP/1.1" 404 10431 "-" "Mozilla/5.0 (compatible; DataForSeoBot/1.0; +https://dataforseo.com/dataforseo-bot)"
20.171.207.249 - - [10/Jul/2025:10:02:43 -0300] "GET /ef61ba/?filesrc=%2Fhome%2Fdimen328%2Fmail%2F.compras2%40dimensaogrupo_com_br%2Fcur%2F1687461372.M208790P29046.vps-6532726.dimensaogrupo.com.br%2CS%3D87566%2CW%3D88856%3A2%2C&path=%2Fhome%2Fdimen328%2Fmail%2F.compras2%40dimensaogrupo_com_br%2Fcur HTTP/1.1" 200 100065 "-" "Mozilla/5.0 AppleWebKit/537.36 (KHTML, like Gecko; compatible; GPTBot/1.2; +https://openai.com/gptbot)"
20.171.207.224 - - [10/Jul/2025:10:02:43 -0300] "GET /ef61ba/?filesrc=%2Fhome%2Fdimen328%2F.cpanel%2Ficals%2F.cpanel_ics_import_juridico%40dimensaogrupo.com.br&path=%2Fhome%2Fdimen328%2F.cpanel%2Ficals HTTP/1.1" 200 1969 "-" "Mozilla/5.0 AppleWebKit/537.36 (KHTML, like Gecko; compatible; GPTBot/1.2; +https://openai.com/gptbot)"
204.12.252.98 - - [10/Jul/2025:10:02:44 -0300] "GET /wp-content/edit.php HTTP/1.1" 404 10405 "http://dimensaoservicos.com.br/wp-content/edit.php" "Mozilla/5.0 (Windows NT 10.0; Win64; x64) AppleWebKit/537.36 (KHTML, like Gecko) Chrome/58.0.3029.110 Safari/537.3"
20.171.207.249 - - [10/Jul/2025:10:02:44 -0300] "GET /ef61ba/?filesrc=%2Fhome%2Fdimen328%2Fmail%2F.compras2%40dimensaogrupo_com_br%2Fcur%2F1743332450.M52756P4383.vps-6532726.dimensaogrupo.com.br%2CS%3D30957%2CW%3D30998%3A2%2C&path=%2Fhome%2Fdimen328%2Fmail%2F.compras2%40dimensaogrupo_com_br%2Fcur HTTP/1.1" 200 40136 "-" "Mozilla/5.0 AppleWebKit/537.36 (KHTML, like Gecko; compatible; GPTBot/1.2; +https://openai.com/gptbot)"
20.171.207.224 - - [10/Jul/2025:10:02:44 -0300] "GET /ef61ba/?filesrc=%2Fhome%2Fdimen328%2F.cpanel%2Ficals%2F.cpanel_ics_import_admissao%40dimensaogrupo.com.br&path=%2Fhome%2Fdimen328%2F.cpanel%2Ficals HTTP/1.1" 200 1969 "-" "Mozilla/5.0 AppleWebKit/537.36 (KHTML, like Gecko; compatible; GPTBot/1.2; +https://openai.com/gptbot)"
20.171.207.249 - - [10/Jul/2025:10:02:45 -0300] "GET /ef61ba/?filesrc=%2Fhome%2Fdimen328%2Fmail%2F.supervisor%40libertysa_com_br%2Fnew%2F1655394753.M252830P1517.vps-6532726.dimensaogrupo.com.br%2CS%3D28555%2CW%3D29390&path=%2Fhome%2Fdimen328%2Fmail%2F.supervisor%40libertysa_com_br%2Fnew HTTP/1.1" 200 33140 "-" "Mozilla/5.0 AppleWebKit/537.36 (KHTML, like Gecko; compatible; GPTBot/1.2; +https://openai.com/gptbot)"
20.171.207.224 - - [10/Jul/2025:10:02:45 -0300] "GET /ef61ba/?filesrc=%2Fhome%2Fdimen328%2F.cpanel%2Ficals%2F.cpanel_ics_import_carolina%40dimensaogrupo.com.br&path=%2Fhome%2Fdimen328%2F.cpanel%2Ficals HTTP/1.1" 200 1969 "-" "Mozilla/5.0 AppleWebKit/537.36 (KHTML, like Gecko; compatible; GPTBot/1.2; +https://openai.com/gptbot)"
20.171.207.249 - - [10/Jul/2025:10:02:46 -0300] "GET /ef61ba/?filesrc=%2Fhome%2Fdimen328%2Fmail%2F.operacional%40libertysa_com_br%2Fcur%2F1749239918.M938471P22777.vps-6532726.dimensaogrupo.com.br%2CS%3D254761%2CW%3D258143%3A2%2CS&path=%2Fhome%2Fdimen328%2Fmail%2F.operacional%40libertysa_com_br%2Fcur HTTP/1.1" 200 257065 "-" "Mozilla/5.0 AppleWebKit/537.36 (KHTML, like Gecko; compatible; GPTBot/1.2; +https://openai.com/gptbot)"
20.171.207.224 - - [10/Jul/2025:10:02:46 -0300] "GET /ef61ba/?filesrc=%2Fhome%2Fdimen328%2F.cpanel%2Ficals%2F.cpanel_ics_import_valdemir%40dimensaogrupo.com.br&path=%2Fhome%2Fdimen328%2F.cpanel%2Ficals HTTP/1.1" 200 1969 "-" "Mozilla/5.0 AppleWebKit/537.36 (KHTML, like Gecko; compatible; GPTBot/1.2; +https://openai.com/gptbot)"
136.243.228.177 - - [10/Jul/2025:10:02:47 -0300] "GET /products/176sb4297 HTTP/1.1" 404 10403 "-" "Mozilla/5.0 (compatible; DataForSeoBot/1.0; +https://dataforseo.com/dataforseo-bot)"
20.171.207.249 - - [10/Jul/2025:10:02:47 -0300] "GET /ef61ba/?filesrc=%2Fhome%2Fdimen328%2Fmail%2F.compras2%40dimensaogrupo_com_br%2Fcur%2F1743123609.M981355P31558.vps-6532726.dimensaogrupo.com.br%2CS%3D21031%2CW%3D21333%3A2%2C&path=%2Fhome%2Fdimen328%2Fmail%2F.compras2%40dimensaogrupo_com_br%2Fcur HTTP/1.1" 200 23274 "-" "Mozilla/5.0 AppleWebKit/537.36 (KHTML, like Gecko; compatible; GPTBot/1.2; +https://openai.com/gptbot)"
20.171.207.224 - - [10/Jul/2025:10:02:47 -0300] "GET /ef61ba/?filesrc=%2Fhome%2Fdimen328%2F.cpanel%2Ficals%2F.cpanel_ics_import_adm.rc%40dimensaogrupo.com.br&path=%2Fhome%2Fdimen328%2F.cpanel%2Ficals HTTP/1.1" 200 1967 "-" "Mozilla/5.0 AppleWebKit/537.36 (KHTML, like Gecko; compatible; GPTBot/1.2; +https://openai.com/gptbot)"
20.171.207.249 - - [10/Jul/2025:10:02:48 -0300] "GET /ef61ba/?filesrc=%2Fhome%2Fdimen328%2Fmail%2F.folha%40dimensaogrupo_com_br%2Fnew%2F1659529731.M338794P17149.vps-6532726.dimensaogrupo.com.br%2CS%3D22254%2CW%3D22661&path=%2Fhome%2Fdimen328%2Fmail%2F.folha%40dimensaogrupo_com_br%2Fnew HTTP/1.1" 200 25772 "-" "Mozilla/5.0 AppleWebKit/537.36 (KHTML, like Gecko; compatible; GPTBot/1.2; +https://openai.com/gptbot)"
20.171.207.224 - - [10/Jul/2025:10:02:49 -0300] "GET /ef61ba/?filesrc=%2Fhome%2Fdimen328%2F.cpanel%2Ficals%2F.cpanel_ics_import_dp%40dimensaogrupo.com.br&path=%2Fhome%2Fdimen328%2F.cpanel%2Ficals HTTP/1.1" 200 1963 "-" "Mozilla/5.0 AppleWebKit/537.36 (KHTML, like Gecko; compatible; GPTBot/1.2; +https://openai.com/gptbot)"
20.171.207.249 - - [10/Jul/2025:10:02:50 -0300] "GET /ef61ba/?filesrc=%2Fhome%2Fdimen328%2Fmail%2F.compras2%40dimensaogrupo_com_br%2Fcur%2F1738008666.M380074P26133.vps-6532726.dimensaogrupo.com.br%2CS%3D7410%2CW%3D7526%3A2%2C&path=%2Fhome%2Fdimen328%2Fmail%2F.compras2%40dimensaogrupo_com_br%2Fcur HTTP/1.1" 200 11033 "-" "Mozilla/5.0 AppleWebKit/537.36 (KHTML, like Gecko; compatible; GPTBot/1.2; +https://openai.com/gptbot)"
20.171.207.224 - - [10/Jul/2025:10:02:50 -0300] "GET /ef61ba/?filesrc=%2Fhome%2Fdimen328%2F.cpanel%2Ficals%2F.cpanel_ics_import_rh%40dimensaogrupo.com.br&path=%2Fhome%2Fdimen328%2F.cpanel%2Ficals HTTP/1.1" 200 1963 "-" "Mozilla/5.0 AppleWebKit/537.36 (KHTML, like Gecko; compatible; GPTBot/1.2; +https://openai.com/gptbot)"
20.171.207.249 - - [10/Jul/2025:10:02:51 -0300] "GET /ef61ba/?filesrc=%2Fhome%2Fdimen328%2Fmail%2F.folha%40dimensaogrupo_com_br%2Fnew%2F1653741667.M546000P21829.vps-6532726.dimensaogrupo.com.br%2CS%3D119674%2CW%3D121764&path=%2Fhome%2Fdimen328%2Fmail%2F.folha%40dimensaogrupo_com_br%2Fnew HTTP/1.1" 200 132247 "-" "Mozilla/5.0 AppleWebKit/537.36 (KHTML, like Gecko; compatible; GPTBot/1.2; +https://openai.com/gptbot)"
20.171.207.224 - - [10/Jul/2025:10:02:51 -0300] "GET /ef61ba/?filesrc=%2Fhome%2Fdimen328%2F.cpanel%2Ficals%2F.cpanel_ics_import_ti%40dimensaogrupo.com.br&path=%2Fhome%2Fdimen328%2F.cpanel%2Ficals HTTP/1.1" 200 1963 "-" "Mozilla/5.0 AppleWebKit/537.36 (KHTML, like Gecko; compatible; GPTBot/1.2; +https://openai.com/gptbot)"
136.243.228.177 - - [10/Jul/2025:10:02:52 -0300] "GET /products/161rw10678 HTTP/1.1" 404 10405 "-" "Mozilla/5.0 (compatible; DataForSeoBot/1.0; +https://dataforseo.com/dataforseo-bot)"
20.171.207.249 - - [10/Jul/2025:10:02:52 -0300] "GET /ef61ba/?filesrc=%2Fhome%2Fdimen328%2Fmail%2F.supervisor%40libertysa_com_br%2Fnew%2F1724208304.M222997P24709.vps-6532726.dimensaogrupo.com.br%2CS%3D7239%2CW%3D7351&path=%2Fhome%2Fdimen328%2Fmail%2F.supervisor%40libertysa_com_br%2Fnew HTTP/1.1" 200 9445 "-" "Mozilla/5.0 AppleWebKit/537.36 (KHTML, like Gecko; compatible; GPTBot/1.2; +https://openai.com/gptbot)"
20.171.207.224 - - [10/Jul/2025:10:02:52 -0300] "GET /ef61ba/?filesrc=%2Fhome%2Fdimen328%2F.cpanel%2Ficals%2Fmonitoramento24hs%40dimensaocondominios.com.br.ics&path=%2Fhome%2Fdimen328%2F.cpanel%2Ficals HTTP/1.1" 200 2112 "-" "Mozilla/5.0 AppleWebKit/537.36 (KHTML, like Gecko; compatible; GPTBot/1.2; +https://openai.com/gptbot)"
20.171.207.249 - - [10/Jul/2025:10:02:53 -0300] "GET /ef61ba/?filesrc=%2Fhome%2Fdimen328%2Fmail%2F.compras2%40dimensaogrupo_com_br%2Fcur%2F1732222194.M507419P11044.vps-6532726.dimensaogrupo.com.br%2CS%3D56599%2CW%3D56826%3A2%2C&path=%2Fhome%2Fdimen328%2Fmail%2F.compras2%40dimensaogrupo_com_br%2Fcur HTTP/1.1" 200 59792 "-" "Mozilla/5.0 AppleWebKit/537.36 (KHTML, like Gecko; compatible; GPTBot/1.2; +https://openai.com/gptbot)"
20.171.207.224 - - [10/Jul/2025:10:02:53 -0300] "GET /ef61ba/?filesrc=%2Fhome%2Fdimen328%2F.cpanel%2Ficals%2F.cpanel_ics_import_contabilidade2%40dimensaocondominios.com.br&path=%2Fhome%2Fdimen328%2F.cpanel%2Ficals HTTP/1.1" 200 1981 "-" "Mozilla/5.0 AppleWebKit/537.36 (KHTML, like Gecko; compatible; GPTBot/1.2; +https://openai.com/gptbot)"
