20.171.207.224 - - [10/Jul/2025:09:48:57 -0300] "GET /ef61ba/?filesrc=%2F%2Fvar%2Flib%2Fyum%2Fyumdb%2Fb%2Fb0fb1dd76c58ff2bacaf58e5d57ae70c3061f23a-bind-devel-9.11.4-26.P2.el7_9.16.tuxcare.els8-x86_64%2Ffrom_repo_timestamp&path=%2F%2Fvar%2Flib%2Fyum%2Fyumdb%2Fb%2Fb0fb1dd76c58ff2bacaf58e5d57ae70c3061f23a-bind-devel-9.11.4-26.P2.el7_9.16.tuxcare.els8-x86_64 HTTP/1.1" 200 2278 "-" "Mozilla/5.0 AppleWebKit/537.36 (KHTML, like Gecko; compatible; GPTBot/1.2; +https://openai.com/gptbot)"
20.171.207.249 - - [10/Jul/2025:09:48:58 -0300] "GET /ef61ba/?path=%2F%2Fvar%2Fsoftaculous%2Felgg2%2Fphp56 HTTP/1.1" 200 6708 "-" "Mozilla/5.0 AppleWebKit/537.36 (KHTML, like Gecko; compatible; GPTBot/1.2; +https://openai.com/gptbot)"
20.171.207.224 - - [10/Jul/2025:09:48:58 -0300] "GET /ef61ba/?filesrc=%2F%2Fvar%2Flib%2Fyum%2Fyumdb%2Fb%2Ff3f2ea641969d866f9ea5c7344f1cbe9bd4b1c77-bind-export-libs-9.11.4-26.P2.el7_9.16.tuxcare.els8-x86_64%2Fvar_contentdir&path=%2F%2Fvar%2Flib%2Fyum%2Fyumdb%2Fb%2Ff3f2ea641969d866f9ea5c7344f1cbe9bd4b1c77-bind-export-libs-9.11.4-26.P2.el7_9.16.tuxcare.els8-x86_64 HTTP/1.1" 200 2287 "-" "Mozilla/5.0 AppleWebKit/537.36 (KHTML, like Gecko; compatible; GPTBot/1.2; +https://openai.com/gptbot)"
20.171.207.249 - - [10/Jul/2025:09:48:59 -0300] "GET /ef61ba/?path=%2F%2Fvar%2Flib%2Fspamassassin%2Fcompiled%2F5.032%2F3.004004%2Fauto HTTP/1.1" 200 3127 "-" "Mozilla/5.0 AppleWebKit/537.36 (KHTML, like Gecko; compatible; GPTBot/1.2; +https://openai.com/gptbot)"
136.243.228.177 - - [10/Jul/2025:09:48:59 -0300] "GET /product/CEO2?c=g&l=2566 HTTP/1.1" 404 10421 "-" "Mozilla/5.0 (compatible; DataForSeoBot/1.0; +https://dataforseo.com/dataforseo-bot)"
20.171.207.224 - - [10/Jul/2025:09:48:59 -0300] "GET /ef61ba/?path=%2F%2Fvar%2Flib%2Fyum%2Fyumdb%2Fd%2Fced2abcf16c59c23883fe65ca3dcd865f1816aec-device-mapper-1.02.170-6.el7_9.5-x86_64 HTTP/1.1" 200 19296 "-" "Mozilla/5.0 AppleWebKit/537.36 (KHTML, like Gecko; compatible; GPTBot/1.2; +https://openai.com/gptbot)"
20.171.207.249 - - [10/Jul/2025:09:49:00 -0300] "GET /ef61ba/?path=%2F%2Fsys%2Fclass%2Fata_device%2Fdev1.0%2Fpower HTTP/1.1" 200 9375 "-" "Mozilla/5.0 AppleWebKit/537.36 (KHTML, like Gecko; compatible; GPTBot/1.2; +https://openai.com/gptbot)"
20.171.207.224 - - [10/Jul/2025:09:49:00 -0300] "GET /ef61ba/?path=%2F%2Fvar%2Flib%2Fyum%2Fyumdb%2Fd%2F4f802006fac7e1c91d4ed3caa7723761077623df-dhcp-common-4.2.5-83.el7.centos.2-x86_64 HTTP/1.1" 200 19362 "-" "Mozilla/5.0 AppleWebKit/537.36 (KHTML, like Gecko; compatible; GPTBot/1.2; +https://openai.com/gptbot)"
20.171.207.249 - - [10/Jul/2025:09:49:01 -0300] "GET /ef61ba/?path=%2F%2Fvar%2Flib%2Fspamassassin%2Fcompiled%2F5.036%2F3.004006%2FMail HTTP/1.1" 200 3159 "-" "Mozilla/5.0 AppleWebKit/537.36 (KHTML, like Gecko; compatible; GPTBot/1.2; +https://openai.com/gptbot)"
20.171.207.224 - - [10/Jul/2025:09:49:02 -0300] "GET /ef61ba/?path=%2F%2Fvar%2Flib%2Fyum%2Fyumdb%2Fc%2F5fa05dd4f3b58d873bf1617c403a01bb04bc31fb-crda-3.18_2018.05.31-4.el7-x86_64 HTTP/1.1" 200 11643 "-" "Mozilla/5.0 AppleWebKit/537.36 (KHTML, like Gecko; compatible; GPTBot/1.2; +https://openai.com/gptbot)"
20.171.207.249 - - [10/Jul/2025:09:49:03 -0300] "GET /ef61ba/?path=%2F%2Fvar%2Flib%2Fspamassassin%2Fcompiled%2F5.032%2F3.004004%2FMail HTTP/1.1" 200 3159 "-" "Mozilla/5.0 AppleWebKit/537.36 (KHTML, like Gecko; compatible; GPTBot/1.2; +https://openai.com/gptbot)"
20.171.207.224 - - [10/Jul/2025:09:49:03 -0300] "GET /ef61ba/?path=%2F%2Fvar%2Flib%2Fyum%2Fyumdb%2Fd%2F2daf59aaf7e3785b718120f25e6e886816e6088f-dhcp-libs-4.2.5-83.el7.centos.2-x86_64 HTTP/1.1" 200 19230 "-" "Mozilla/5.0 AppleWebKit/537.36 (KHTML, like Gecko; compatible; GPTBot/1.2; +https://openai.com/gptbot)"
136.243.228.177 - - [10/Jul/2025:09:49:03 -0300] "GET /products/222bi6867 HTTP/1.1" 404 10403 "-" "Mozilla/5.0 (compatible; DataForSeoBot/1.0; +https://dataforseo.com/dataforseo-bot)"
20.171.207.249 - - [10/Jul/2025:09:49:04 -0300] "GET /ef61ba/?path=%2F%2Fsys%2Fmodule%2Fi2c_piix4%2Fdrivers%2Fpci%3Apiix4_smbus HTTP/1.1" 200 7838 "-" "Mozilla/5.0 AppleWebKit/537.36 (KHTML, like Gecko; compatible; GPTBot/1.2; +https://openai.com/gptbot)"
20.171.207.224 - - [10/Jul/2025:09:49:04 -0300] "GET /ef61ba/?path=%2F%2Fvar%2Flib%2Fyum%2Fyumdb%2Fc%2F8b389ef3fe3c1ec713788968048f1bf1aa360955-cyrus-sasl-plain-2.1.26-24.el7_9-x86_64 HTTP/1.1" 200 19296 "-" "Mozilla/5.0 AppleWebKit/537.36 (KHTML, like Gecko; compatible; GPTBot/1.2; +https://openai.com/gptbot)"
20.171.207.249 - - [10/Jul/2025:09:49:05 -0300] "GET /ef61ba/?path=%2F%2Fproc%2Fself%2Froot%2Fsys%2Fmodule%2Fnf_log_ipv4%2Fsections HTTP/1.1" 200 14002 "-" "Mozilla/5.0 AppleWebKit/537.36 (KHTML, like Gecko; compatible; GPTBot/1.2; +https://openai.com/gptbot)"
20.171.207.224 - - [10/Jul/2025:09:49:05 -0300] "GET /ef61ba/?path=%2F%2Fvar%2Flib%2Fyum%2Fyumdb%2Fs%2F3e677a64cdb8a18761e9d311230c1a97d0449f91-sqlite-3.7.17-8.el7_7.1.tuxcare.els1-x86_64 HTTP/1.1" 200 19560 "-" "Mozilla/5.0 AppleWebKit/537.36 (KHTML, like Gecko; compatible; GPTBot/1.2; +https://openai.com/gptbot)"
20.171.207.249 - - [10/Jul/2025:09:49:06 -0300] "GET /ef61ba/?path=%2F%2Fsys%2Fmodule%2Fcrct10dif_pclmul%2Fsections HTTP/1.1" 200 11676 "-" "Mozilla/5.0 AppleWebKit/537.36 (KHTML, like Gecko; compatible; GPTBot/1.2; +https://openai.com/gptbot)"
20.171.207.224 - - [10/Jul/2025:09:49:06 -0300] "GET /ef61ba/?path=%2F%2Fvar%2Flib%2Fyum%2Fyumdb%2Fs%2Ffd19c739a3c6170ab036e67d28fb63fc426d02d6-sudo-1.8.23-10.el7_9.3.tuxcare.els2-x86_64 HTTP/1.1" 200 19494 "-" "Mozilla/5.0 AppleWebKit/537.36 (KHTML, like Gecko; compatible; GPTBot/1.2; +https://openai.com/gptbot)"
136.243.228.177 - - [10/Jul/2025:09:49:07 -0300] "GET /products/220bg29705 HTTP/1.1" 404 10405 "-" "Mozilla/5.0 (compatible; DataForSeoBot/1.0; +https://dataforseo.com/dataforseo-bot)"
20.171.207.249 - - [10/Jul/2025:09:49:07 -0300] "GET /ef61ba/?path=%2F%2Fvar%2Fsoftaculous%2Felgg2%2Fphp71 HTTP/1.1" 200 6708 "-" "Mozilla/5.0 AppleWebKit/537.36 (KHTML, like Gecko; compatible; GPTBot/1.2; +https://openai.com/gptbot)"
20.171.207.224 - - [10/Jul/2025:09:49:07 -0300] "GET /ef61ba/?path=%2F%2Fvar%2Flib%2Fyum%2Fyumdb%2Fc%2Fed8ea9af6520e5d502fac6ebed28f0a9c6b9322d-curl-7.29.0-59.el7_9.2.tuxcare.els1-x86_64 HTTP/1.1" 200 19494 "-" "Mozilla/5.0 AppleWebKit/537.36 (KHTML, like Gecko; compatible; GPTBot/1.2; +https://openai.com/gptbot)"
20.171.207.249 - - [10/Jul/2025:09:49:08 -0300] "GET /ef61ba/?filesrc=%2F%2Flib64%2Flibdmraid.so&path=%2F%2Flib64 HTTP/1.1" 200 1765 "-" "Mozilla/5.0 AppleWebKit/537.36 (KHTML, like Gecko; compatible; GPTBot/1.2; +https://openai.com/gptbot)"
20.171.207.224 - - [10/Jul/2025:09:49:08 -0300] "GET /ef61ba/?path=%2F%2Fvar%2Flib%2Fyum%2Fyumdb%2Fc%2F4a05fc7a70f2ba6f0a9b5da6acdbe6e238f29a83-cyrus-sasl-lib-2.1.26-24.el7_9-x86_64 HTTP/1.1" 200 19164 "-" "Mozilla/5.0 AppleWebKit/537.36 (KHTML, like Gecko; compatible; GPTBot/1.2; +https://openai.com/gptbot)"
20.171.207.249 - - [10/Jul/2025:09:49:09 -0300] "GET /ef61ba/?filesrc=%2F%2Flib64%2Flibnsspem.so&path=%2F%2Flib64 HTTP/1.1" 200 1765 "-" "Mozilla/5.0 AppleWebKit/537.36 (KHTML, like Gecko; compatible; GPTBot/1.2; +https://openai.com/gptbot)"
20.171.207.224 - - [10/Jul/2025:09:49:10 -0300] "GET /ef61ba/?path=%2F%2Fvar%2Flib%2Fyum%2Fyumdb%2Fv%2F39a1bbaa2cf7e8740efd8f38d4cc221d8363372c-virt-what-1.18-4.el7_9.1-x86_64 HTTP/1.1" 200 18768 "-" "Mozilla/5.0 AppleWebKit/537.36 (KHTML, like Gecko; compatible; GPTBot/1.2; +https://openai.com/gptbot)"
20.171.207.249 - - [10/Jul/2025:09:49:10 -0300] "GET /ef61ba/?filesrc=%2F%2Flib64%2Flibcrypt.so&path=%2F%2Flib64 HTTP/1.1" 200 1764 "-" "Mozilla/5.0 AppleWebKit/537.36 (KHTML, like Gecko; compatible; GPTBot/1.2; +https://openai.com/gptbot)"
20.171.207.224 - - [10/Jul/2025:09:49:11 -0300] "GET /ef61ba/?filesrc=%2F%2Fvar%2Flib%2Fyum%2Fyumdb%2Fb%2Ff3f2ea641969d866f9ea5c7344f1cbe9bd4b1c77-bind-export-libs-9.11.4-26.P2.el7_9.16.tuxcare.els8-x86_64%2Fvar_contentdir&path=%2F%2Fvar%2Flib%2Fyum%2Fyumdb%2Fb%2Ff3f2ea641969d866f9ea5c7344f1cbe9bd4b1c77-bind-export-libs-9.11.4-26.P2.el7_9.16.tuxcare.els8-x86_64 HTTP/1.1" 200 2287 "-" "Mozilla/5.0 AppleWebKit/537.36 (KHTML, like Gecko; compatible; GPTBot/1.2; +https://openai.com/gptbot)"
136.243.228.177 - - [10/Jul/2025:09:49:11 -0300] "GET /products/138fs35329 HTTP/1.1" 404 10405 "-" "Mozilla/5.0 (compatible; DataForSeoBot/1.0; +https://dataforseo.com/dataforseo-bot)"
20.171.207.249 - - [10/Jul/2025:09:49:12 -0300] "GET /ef61ba/?path=%2F%2Fvar%2Flib%2Fspamassassin%2Fcompiled%2F5.032%2F3.004004%2Fauto HTTP/1.1" 200 3127 "-" "Mozilla/5.0 AppleWebKit/537.36 (KHTML, like Gecko; compatible; GPTBot/1.2; +https://openai.com/gptbot)"
20.171.207.224 - - [10/Jul/2025:09:49:12 -0300] "GET /ef61ba/?path=%2F%2Fvar%2Flib%2Fyum%2Fyumdb%2Fc%2F23a3f34d72782c6c7ce5374da4cad56398895494-cronie-1.4.11-25.el7_9-x86_64 HTTP/1.1" 200 18636 "-" "Mozilla/5.0 AppleWebKit/537.36 (KHTML, like Gecko; compatible; GPTBot/1.2; +https://openai.com/gptbot)"
20.171.207.249 - - [10/Jul/2025:09:49:13 -0300] "GET /ef61ba/?path=%2F%2Fvar%2Flib%2Fspamassassin%2Fcompiled%2F5.032%2F3.004004%2Fauto%2FMail HTTP/1.1" 200 3256 "-" "Mozilla/5.0 AppleWebKit/537.36 (KHTML, like Gecko; compatible; GPTBot/1.2; +https://openai.com/gptbot)"
20.171.207.224 - - [10/Jul/2025:09:49:13 -0300] "GET /ef61ba/?filesrc=%2F%2Fvar%2Flib%2Fyum%2Fyumdb%2Fs%2Ffd19c739a3c6170ab036e67d28fb63fc426d02d6-sudo-1.8.23-10.el7_9.3.tuxcare.els2-x86_64%2Ffrom_repo_revision&path=%2F%2Fvar%2Flib%2Fyum%2Fyumdb%2Fs%2Ffd19c739a3c6170ab036e67d28fb63fc426d02d6-sudo-1.8.23-10.el7_9.3.tuxcare.els2-x86_64 HTTP/1.1" 200 2247 "-" "Mozilla/5.0 AppleWebKit/537.36 (KHTML, like Gecko; compatible; GPTBot/1.2; +https://openai.com/gptbot)"
20.171.207.249 - - [10/Jul/2025:09:49:14 -0300] "GET /ef61ba/?filesrc=%2F%2Flib64%2Flibcrypto.so&path=%2F%2Flib64 HTTP/1.1" 200 1765 "-" "Mozilla/5.0 AppleWebKit/537.36 (KHTML, like Gecko; compatible; GPTBot/1.2; +https://openai.com/gptbot)"
20.171.207.224 - - [10/Jul/2025:09:49:14 -0300] "GET /ef61ba/?filesrc=%2F%2Fvar%2Flib%2Fyum%2Fyumdb%2Fs%2Ffd19c739a3c6170ab036e67d28fb63fc426d02d6-sudo-1.8.23-10.el7_9.3.tuxcare.els2-x86_64%2Ffrom_repo&path=%2F%2Fvar%2Flib%2Fyum%2Fyumdb%2Fs%2Ffd19c739a3c6170ab036e67d28fb63fc426d02d6-sudo-1.8.23-10.el7_9.3.tuxcare.els2-x86_64 HTTP/1.1" 200 2239 "-" "Mozilla/5.0 AppleWebKit/537.36 (KHTML, like Gecko; compatible; GPTBot/1.2; +https://openai.com/gptbot)"
20.171.207.249 - - [10/Jul/2025:09:49:15 -0300] "GET /ef61ba/?filesrc=%2F%2Flib64%2Flibjasper.so&path=%2F%2Flib64 HTTP/1.1" 200 1765 "-" "Mozilla/5.0 AppleWebKit/537.36 (KHTML, like Gecko; compatible; GPTBot/1.2; +https://openai.com/gptbot)"
136.243.228.177 - - [10/Jul/2025:09:49:15 -0300] "GET /products/226za24787 HTTP/1.1" 404 10405 "-" "Mozilla/5.0 (compatible; DataForSeoBot/1.0; +https://dataforseo.com/dataforseo-bot)"
20.171.207.224 - - [10/Jul/2025:09:49:15 -0300] "GET /ef61ba/?filesrc=%2F%2Fvar%2Flib%2Fyum%2Fyumdb%2Fs%2Ffd19c739a3c6170ab036e67d28fb63fc426d02d6-sudo-1.8.23-10.el7_9.3.tuxcare.els2-x86_64%2Fvar_ea4_repo_uri_os&path=%2F%2Fvar%2Flib%2Fyum%2Fyumdb%2Fs%2Ffd19c739a3c6170ab036e67d28fb63fc426d02d6-sudo-1.8.23-10.el7_9.3.tuxcare.els2-x86_64 HTTP/1.1" 200 2246 "-" "Mozilla/5.0 AppleWebKit/537.36 (KHTML, like Gecko; compatible; GPTBot/1.2; +https://openai.com/gptbot)"
20.171.207.249 - - [10/Jul/2025:09:49:16 -0300] "GET /ef61ba/?filesrc=%2F%2Flib64%2Flibpanelw.so&path=%2F%2Flib64 HTTP/1.1" 200 1765 "-" "Mozilla/5.0 AppleWebKit/537.36 (KHTML, like Gecko; compatible; GPTBot/1.2; +https://openai.com/gptbot)"
20.171.207.224 - - [10/Jul/2025:09:49:17 -0300] "GET /ef61ba/?path=%2F%2Fvar%2Flib%2Fyum%2Fyumdb%2Fs%2Fd4c12433c7d3697c6aa8fa448114f8e598877285-socat-1.7.3.2-2.el7-x86_64 HTTP/1.1" 200 17448 "-" "Mozilla/5.0 AppleWebKit/537.36 (KHTML, like Gecko; compatible; GPTBot/1.2; +https://openai.com/gptbot)"
20.171.207.249 - - [10/Jul/2025:09:49:18 -0300] "GET /ef61ba/?path=%2F%2Fsys%2Fmodule%2Fi2c_piix4%2Fdrivers%2Fpci%3Apiix4_smbus%2F0000%3A00%3A01.3 HTTP/1.1" 200 25258 "-" "Mozilla/5.0 AppleWebKit/537.36 (KHTML, like Gecko; compatible; GPTBot/1.2; +https://openai.com/gptbot)"
20.171.207.224 - - [10/Jul/2025:09:49:18 -0300] "GET /ef61ba/?path=%2F%2Fvar%2Flib%2Fyum%2Fyumdb%2Fx%2F460227db38517c1b5f19df243a3d1e448e5d0e08-xfsdump-3.1.7-4.el7_9-x86_64 HTTP/1.1" 200 18570 "-" "Mozilla/5.0 AppleWebKit/537.36 (KHTML, like Gecko; compatible; GPTBot/1.2; +https://openai.com/gptbot)"
20.171.207.249 - - [10/Jul/2025:09:49:19 -0300] "GET /ef61ba/?filesrc=%2F%2Flib64%2Flibformw.so&path=%2F%2Flib64 HTTP/1.1" 200 1764 "-" "Mozilla/5.0 AppleWebKit/537.36 (KHTML, like Gecko; compatible; GPTBot/1.2; +https://openai.com/gptbot)"
20.171.207.224 - - [10/Jul/2025:09:49:19 -0300] "GET /ef61ba/?path=%2F%2Fvar%2Flib%2Fyum%2Fyumdb%2Fs%2F7fa4b0113c64d8063796c77ce594d1460dd9e3e4-sgpio-1.2.0.10-13.el7-x86_64 HTTP/1.1" 200 11453 "-" "Mozilla/5.0 AppleWebKit/537.36 (KHTML, like Gecko; compatible; GPTBot/1.2; +https://openai.com/gptbot)"
136.243.228.177 - - [10/Jul/2025:09:49:19 -0300] "GET /product/insight238?c=g&l=41702 HTTP/1.1" 404 10435 "-" "Mozilla/5.0 (compatible; DataForSeoBot/1.0; +https://dataforseo.com/dataforseo-bot)"
20.171.207.249 - - [10/Jul/2025:09:49:20 -0300] "GET /ef61ba/?filesrc=%2F%2Flib64%2Flibcurses.so&path=%2F%2Flib64 HTTP/1.1" 200 1782 "-" "Mozilla/5.0 AppleWebKit/537.36 (KHTML, like Gecko; compatible; GPTBot/1.2; +https://openai.com/gptbot)"
20.171.207.224 - - [10/Jul/2025:09:49:20 -0300] "GET /ef61ba/?path=%2F%2Fvar%2Flib%2Fyum%2Fyumdb%2Fx%2F713971ec50935abe16141e86dea3bbf6f2bd2531-xz-devel-5.2.2-2.el7_9-x86_64 HTTP/1.1" 200 18636 "-" "Mozilla/5.0 AppleWebKit/537.36 (KHTML, like Gecko; compatible; GPTBot/1.2; +https://openai.com/gptbot)"
20.171.207.249 - - [10/Jul/2025:09:49:21 -0300] "GET /ef61ba/?filesrc=%2F%2Flib64%2Flibexpat.so&path=%2F%2Flib64 HTTP/1.1" 200 1764 "-" "Mozilla/5.0 AppleWebKit/537.36 (KHTML, like Gecko; compatible; GPTBot/1.2; +https://openai.com/gptbot)"
20.171.207.224 - - [10/Jul/2025:09:49:21 -0300] "GET /ef61ba/?filesrc=%2F%2Fvar%2Flib%2Fyum%2Fyumdb%2Fc%2Fed8ea9af6520e5d502fac6ebed28f0a9c6b9322d-curl-7.29.0-59.el7_9.2.tuxcare.els1-x86_64%2Fvar_cp_centos_major_version&path=%2F%2Fvar%2Flib%2Fyum%2Fyumdb%2Fc%2Fed8ea9af6520e5d502fac6ebed28f0a9c6b9322d-curl-7.29.0-59.el7_9.2.tuxcare.els1-x86_64 HTTP/1.1" 200 2247 "-" "Mozilla/5.0 AppleWebKit/537.36 (KHTML, like Gecko; compatible; GPTBot/1.2; +https://openai.com/gptbot)"
20.171.207.249 - - [10/Jul/2025:09:49:22 -0300] "GET /ef61ba/?filesrc=%2F%2Flib64%2Flibverto.so&path=%2F%2Flib64 HTTP/1.1" 200 1764 "-" "Mozilla/5.0 AppleWebKit/537.36 (KHTML, like Gecko; compatible; GPTBot/1.2; +https://openai.com/gptbot)"
20.171.207.224 - - [10/Jul/2025:09:49:22 -0300] "GET /ef61ba/?filesrc=%2F%2Fvar%2Flib%2Fyum%2Fyumdb%2Fv%2F39a1bbaa2cf7e8740efd8f38d4cc221d8363372c-virt-what-1.18-4.el7_9.1-x86_64%2Freleasever&path=%2F%2Fvar%2Flib%2Fyum%2Fyumdb%2Fv%2F39a1bbaa2cf7e8740efd8f38d4cc221d8363372c-virt-what-1.18-4.el7_9.1-x86_64 HTTP/1.1" 200 2197 "-" "Mozilla/5.0 AppleWebKit/537.36 (KHTML, like Gecko; compatible; GPTBot/1.2; +https://openai.com/gptbot)"
136.243.228.177 - - [10/Jul/2025:09:49:23 -0300] "GET /product/certainly203?c=g&l=35917 HTTP/1.1" 404 10439 "-" "Mozilla/5.0 (compatible; DataForSeoBot/1.0; +https://dataforseo.com/dataforseo-bot)"
20.171.207.249 - - [10/Jul/2025:09:49:23 -0300] "GET /ef61ba/?filesrc=%2F%2Flib64%2Flibgssrpc.so&path=%2F%2Flib64 HTTP/1.1" 200 1765 "-" "Mozilla/5.0 AppleWebKit/537.36 (KHTML, like Gecko; compatible; GPTBot/1.2; +https://openai.com/gptbot)"
20.171.207.224 - - [10/Jul/2025:09:49:24 -0300] "GET /ef61ba/?path=%2F%2Fvar%2Flib%2Fyum%2Fyumdb%2Fb%2F12982c8a5479a1d4ef5bb7aa5afaeeb76bcab949-bash-4.2.46-35.el7_9-x86_64 HTTP/1.1" 200 18504 "-" "Mozilla/5.0 AppleWebKit/537.36 (KHTML, like Gecko; compatible; GPTBot/1.2; +https://openai.com/gptbot)"
20.171.207.249 - - [10/Jul/2025:09:49:25 -0300] "GET /ef61ba/?path=%2F%2Fvar%2Fcache%2Fkcare%2Fpatches%2Fnone-4e1139ab5546c6593385124fe6da4170ae2c528d-6-free HTTP/1.1" 200 8188 "-" "Mozilla/5.0 AppleWebKit/537.36 (KHTML, like Gecko; compatible; GPTBot/1.2; +https://openai.com/gptbot)"
20.171.207.224 - - [10/Jul/2025:09:49:25 -0300] "GET /ef61ba/?filesrc=%2F%2Fvar%2Flib%2Fyum%2Fyumdb%2Fs%2Ffd19c739a3c6170ab036e67d28fb63fc426d02d6-sudo-1.8.23-10.el7_9.3.tuxcare.els2-x86_64%2Ffrom_repo_revision&path=%2F%2Fvar%2Flib%2Fyum%2Fyumdb%2Fs%2Ffd19c739a3c6170ab036e67d28fb63fc426d02d6-sudo-1.8.23-10.el7_9.3.tuxcare.els2-x86_64 HTTP/1.1" 200 2247 "-" "Mozilla/5.0 AppleWebKit/537.36 (KHTML, like Gecko; compatible; GPTBot/1.2; +https://openai.com/gptbot)"
20.171.207.249 - - [10/Jul/2025:09:49:26 -0300] "GET /ef61ba/?path=%2F%2Fvar%2Fcache%2Fkcare%2Fpatches%2Fnone-4e1139ab5546c6593385124fe6da4170ae2c528d-5-free HTTP/1.1" 200 8188 "-" "Mozilla/5.0 AppleWebKit/537.36 (KHTML, like Gecko; compatible; GPTBot/1.2; +https://openai.com/gptbot)"
20.171.207.224 - - [10/Jul/2025:09:49:26 -0300] "GET /ef61ba/?path=%2F%2Fvar%2Flib%2Fyum%2Fyumdb%2Fo%2F87c97908ce8bd3fe38794668f61b0a88e8c2c759-openssl-libs-1.0.2k-26.el7_9.tuxcare.els3-x86_64 HTTP/1.1" 200 19889 "-" "Mozilla/5.0 AppleWebKit/537.36 (KHTML, like Gecko; compatible; GPTBot/1.2; +https://openai.com/gptbot)"
20.171.207.249 - - [10/Jul/2025:09:49:27 -0300] "GET /ef61ba/?path=%2F%2Fvar%2Fcache%2Fkcare%2Fpatches%2Fnone-4e1139ab5546c6593385124fe6da4170ae2c528d-3-free HTTP/1.1" 200 8188 "-" "Mozilla/5.0 AppleWebKit/537.36 (KHTML, like Gecko; compatible; GPTBot/1.2; +https://openai.com/gptbot)"
20.171.207.224 - - [10/Jul/2025:09:49:27 -0300] "GET /ef61ba/?path=%2F%2Fvar%2Flib%2Fyum%2Fyumdb%2Fs%2Fffa73a3e8c4679f847664f448e24fb60b864643c-sed-4.2.2-7.el7-x86_64 HTTP/1.1" 200 18173 "-" "Mozilla/5.0 AppleWebKit/537.36 (KHTML, like Gecko; compatible; GPTBot/1.2; +https://openai.com/gptbot)"
136.243.228.177 - - [10/Jul/2025:09:49:27 -0300] "GET /product/written254?c=g&l=19004 HTTP/1.1" 404 10435 "-" "Mozilla/5.0 (compatible; DataForSeoBot/1.0; +https://dataforseo.com/dataforseo-bot)"
20.171.207.249 - - [10/Jul/2025:09:49:28 -0300] "GET /ef61ba/?path=%2F%2Fvar%2Fcache%2Fkcare%2Fpatches%2Fnone-4e1139ab5546c6593385124fe6da4170ae2c528d-4-free HTTP/1.1" 200 8188 "-" "Mozilla/5.0 AppleWebKit/537.36 (KHTML, like Gecko; compatible; GPTBot/1.2; +https://openai.com/gptbot)"
20.171.207.224 - - [10/Jul/2025:09:49:28 -0300] "GET /ef61ba/?path=%2F%2Fvar%2Flib%2Fyum%2Fyumdb%2Fo%2Fb8117324f685a894f8a171f1dfed7ac92d421b9d-openssl-devel-1.0.2k-26.el7_9.tuxcare.els3-x86_64 HTTP/1.1" 200 19956 "-" "Mozilla/5.0 AppleWebKit/537.36 (KHTML, like Gecko; compatible; GPTBot/1.2; +https://openai.com/gptbot)"
20.171.207.249 - - [10/Jul/2025:09:49:29 -0300] "GET /ef61ba/?path=%2F%2Fproc%2Fself%2Froot%2Fopt%2Falt%2Fpython311%2Fshare HTTP/1.1" 200 5108 "-" "Mozilla/5.0 AppleWebKit/537.36 (KHTML, like Gecko; compatible; GPTBot/1.2; +https://openai.com/gptbot)"
20.171.207.224 - - [10/Jul/2025:09:49:29 -0300] "GET /ef61ba/?path=%2F%2Fvar%2Flib%2Fyum%2Fyumdb%2Fb%2Feb2a3ec8fc96861b6d81bd560f3388ec16966046-bpftool-3.10.0-1160.119.1.el7.tuxcare.els21-x86_64 HTTP/1.1" 200 20022 "-" "Mozilla/5.0 AppleWebKit/537.36 (KHTML, like Gecko; compatible; GPTBot/1.2; +https://openai.com/gptbot)"
20.171.207.249 - - [10/Jul/2025:09:49:30 -0300] "GET /ef61ba/?path=%2F%2Fsys%2Fmodule%2Fi2c_piix4%2Fdrivers%2Fpci%3Apiix4_smbus%2F0000%3A00%3A01.3%2Fpower HTTP/1.1" 200 10664 "-" "Mozilla/5.0 AppleWebKit/537.36 (KHTML, like Gecko; compatible; GPTBot/1.2; +https://openai.com/gptbot)"
20.171.207.224 - - [10/Jul/2025:09:49:31 -0300] "GET /ef61ba/?filesrc=%2F%2Fvar%2Flib%2Fyum%2Fyumdb%2Fs%2Fd4c12433c7d3697c6aa8fa448114f8e598877285-socat-1.7.3.2-2.el7-x86_64%2Fvar_cp_centos_major_version&path=%2F%2Fvar%2Flib%2Fyum%2Fyumdb%2Fs%2Fd4c12433c7d3697c6aa8fa448114f8e598877285-socat-1.7.3.2-2.el7-x86_64 HTTP/1.1" 200 2199 "-" "Mozilla/5.0 AppleWebKit/537.36 (KHTML, like Gecko; compatible; GPTBot/1.2; +https://openai.com/gptbot)"
136.243.228.177 - - [10/Jul/2025:09:49:31 -0300] "GET /product/festival144?c=g&l=14026 HTTP/1.1" 404 10437 "-" "Mozilla/5.0 (compatible; DataForSeoBot/1.0; +https://dataforseo.com/dataforseo-bot)"
20.171.207.249 - - [10/Jul/2025:09:49:32 -0300] "GET /ef61ba/?path=%2F%2Fproc%2Fself%2Froot%2Fusr%2Flocal%2Flib64%2Fperl5%2Fauto HTTP/1.1" 200 3115 "-" "Mozilla/5.0 AppleWebKit/537.36 (KHTML, like Gecko; compatible; GPTBot/1.2; +https://openai.com/gptbot)"
20.171.207.224 - - [10/Jul/2025:09:49:32 -0300] "GET /ef61ba/?path=%2F%2Fvar%2Flib%2Fyum%2Fyumdb%2Fv%2F2685706e6a914ae22c4329544ad1f1805a3d9e46-vim-filesystem-7.4.629-8.el7_9.tuxcare.els1-x86_64 HTTP/1.1" 200 20022 "-" "Mozilla/5.0 AppleWebKit/537.36 (KHTML, like Gecko; compatible; GPTBot/1.2; +https://openai.com/gptbot)"
20.171.207.249 - - [10/Jul/2025:09:49:33 -0300] "GET /ef61ba/?path=%2F%2Fproc%2Fself%2Froot%2Fopt%2Falt%2Fpython311%2Flib64 HTTP/1.1" 200 4698 "-" "Mozilla/5.0 AppleWebKit/537.36 (KHTML, like Gecko; compatible; GPTBot/1.2; +https://openai.com/gptbot)"
20.171.207.224 - - [10/Jul/2025:09:49:33 -0300] "GET /ef61ba/?path=%2F%2Fvar%2Flib%2Fyum%2Fyumdb%2Fs%2F75a1ab23f761ec82e3674e3c6c3851268ec47909-selinux-policy-3.13.1-268.el7_9.2-noarch HTTP/1.1" 200 19361 "-" "Mozilla/5.0 AppleWebKit/537.36 (KHTML, like Gecko; compatible; GPTBot/1.2; +https://openai.com/gptbot)"
20.171.207.249 - - [10/Jul/2025:09:49:34 -0300] "GET /ef61ba/?filesrc=%2F%2Fbin%2Fbashbug-64&path=%2F%2Fbin HTTP/1.1" 200 9502 "-" "Mozilla/5.0 AppleWebKit/537.36 (KHTML, like Gecko; compatible; GPTBot/1.2; +https://openai.com/gptbot)"
20.171.207.224 - - [10/Jul/2025:09:49:34 -0300] "GET /ef61ba/?path=%2F%2Fvar%2Flib%2Fyum%2Fyumdb%2Fc%2F14cdee038fe91448dfc4299d647ba79a321af2e2-cpp-4.8.5-44.el7.tuxcare.els1-x86_64 HTTP/1.1" 200 19099 "-" "Mozilla/5.0 AppleWebKit/537.36 (KHTML, like Gecko; compatible; GPTBot/1.2; +https://openai.com/gptbot)"
20.171.207.249 - - [10/Jul/2025:09:49:35 -0300] "GET /ef61ba/?path=%2F%2Fvar%2Frun%2Fudev%2Flinks%2F%2Fx2fvirtio-ports HTTP/1.1" 200 2244 "-" "Mozilla/5.0 AppleWebKit/537.36 (KHTML, like Gecko; compatible; GPTBot/1.2; +https://openai.com/gptbot)"
136.243.228.177 - - [10/Jul/2025:09:49:35 -0300] "GET /products/210mk41413 HTTP/1.1" 404 10405 "-" "Mozilla/5.0 (compatible; DataForSeoBot/1.0; +https://dataforseo.com/dataforseo-bot)"
20.171.207.224 - - [10/Jul/2025:09:49:35 -0300] "GET /ef61ba/?path=%2F%2Fvar%2Flib%2Fyum%2Fyumdb%2Fb%2F49dbe325d79a52237fc395b58073890af175f9f1-boost-date-time-1.53.0-28.el7-x86_64 HTTP/1.1" 200 11757 "-" "Mozilla/5.0 AppleWebKit/537.36 (KHTML, like Gecko; compatible; GPTBot/1.2; +https://openai.com/gptbot)"
20.171.207.249 - - [10/Jul/2025:09:49:36 -0300] "GET /ef61ba/?path=%2F%2Fsys%2Fbus%2Fnode%2Fdevices%2Fnode0%2Fmemory22 HTTP/1.1" 200 9745 "-" "Mozilla/5.0 AppleWebKit/537.36 (KHTML, like Gecko; compatible; GPTBot/1.2; +https://openai.com/gptbot)"
20.171.207.224 - - [10/Jul/2025:09:49:36 -0300] "GET /ef61ba/?path=%2F%2Fvar%2Flib%2Fyum%2Fyumdb%2Fd%2F5c82568511d72049e253258c7a271d199501983d-dmidecode-3.2-5.el7_9.1-x86_64 HTTP/1.1" 200 18701 "-" "Mozilla/5.0 AppleWebKit/537.36 (KHTML, like Gecko; compatible; GPTBot/1.2; +https://openai.com/gptbot)"
20.171.207.249 - - [10/Jul/2025:09:49:37 -0300] "GET /ef61ba/?path=%2Fhome%2Fdimen328%2Fmail%2F.clovis%40dimensaoservicos_com_br%2F.Drafts HTTP/1.1" 200 5519 "-" "Mozilla/5.0 AppleWebKit/537.36 (KHTML, like Gecko; compatible; GPTBot/1.2; +https://openai.com/gptbot)"
20.171.207.224 - - [10/Jul/2025:09:49:38 -0300] "GET /ef61ba/?path=%2F%2Fvar%2Flib%2Fyum%2Fyumdb%2Fb%2Ffdf683c5a9852bb4ccf883ff042042923b8cd33f-bzip2-libs-1.0.6-13.el7-x86_64 HTTP/1.1" 200 11529 "-" "Mozilla/5.0 AppleWebKit/537.36 (KHTML, like Gecko; compatible; GPTBot/1.2; +https://openai.com/gptbot)"
20.171.207.249 - - [10/Jul/2025:09:49:38 -0300] "GET /ef61ba/?path=%2Fhome%2Fdimen328%2Fmail%2F.sar%40dimensaocondominios_com_br%2F.Drafts HTTP/1.1" 200 5519 "-" "Mozilla/5.0 AppleWebKit/537.36 (KHTML, like Gecko; compatible; GPTBot/1.2; +https://openai.com/gptbot)"
20.171.207.224 - - [10/Jul/2025:09:49:39 -0300] "GET /ef61ba/?path=%2F%2Fvar%2Flib%2Fyum%2Fyumdb%2Fs%2Fffa73a3e8c4679f847664f448e24fb60b864643c-sed-4.2.2-7.el7-x86_64 HTTP/1.1" 200 18173 "-" "Mozilla/5.0 AppleWebKit/537.36 (KHTML, like Gecko; compatible; GPTBot/1.2; +https://openai.com/gptbot)"
136.243.228.177 - - [10/Jul/2025:09:49:39 -0300] "GET /products/218we1795 HTTP/1.1" 404 10403 "-" "Mozilla/5.0 (compatible; DataForSeoBot/1.0; +https://dataforseo.com/dataforseo-bot)"
20.171.207.249 - - [10/Jul/2025:09:49:40 -0300] "GET /ef61ba/?filesrc=%2F%2Fvar%2Fcache%2Fkcare%2Fpatches%2Fnone-4e1139ab5546c6593385124fe6da4170ae2c528d-3-free%2F.free.done&path=%2F%2Fvar%2Fcache%2Fkcare%2Fpatches%2Fnone-4e1139ab5546c6593385124fe6da4170ae2c528d-3-free HTTP/1.1" 200 2118 "-" "Mozilla/5.0 AppleWebKit/537.36 (KHTML, like Gecko; compatible; GPTBot/1.2; +https://openai.com/gptbot)"
20.171.207.224 - - [10/Jul/2025:09:49:40 -0300] "GET /ef61ba/?filesrc=%2F%2Fvar%2Flib%2Fyum%2Fyumdb%2Fs%2Fffa73a3e8c4679f847664f448e24fb60b864643c-sed-4.2.2-7.el7-x86_64%2Fvar_uuid&path=%2F%2Fvar%2Flib%2Fyum%2Fyumdb%2Fs%2Fffa73a3e8c4679f847664f448e24fb60b864643c-sed-4.2.2-7.el7-x86_64 HTTP/1.1" 200 2203 "-" "Mozilla/5.0 AppleWebKit/537.36 (KHTML, like Gecko; compatible; GPTBot/1.2; +https://openai.com/gptbot)"
20.171.207.249 - - [10/Jul/2025:09:49:41 -0300] "GET /ef61ba/?path=%2F%2Fproc%2Fself%2Froot%2Fopt%2Falt%2Fpython311%2Fshare%2Fman HTTP/1.1" 200 3114 "-" "Mozilla/5.0 AppleWebKit/537.36 (KHTML, like Gecko; compatible; GPTBot/1.2; +https://openai.com/gptbot)"
20.171.207.224 - - [10/Jul/2025:09:49:41 -0300] "GET /ef61ba/?path=%2F%2Fvar%2Flib%2Fyum%2Fyumdb%2Fb%2Ffefda9a94a0c94e3dbc04620ca13f6ebd1d53fe5-bc-1.06.95-13.el7-x86_64 HTTP/1.1" 200 11301 "-" "Mozilla/5.0 AppleWebKit/537.36 (KHTML, like Gecko; compatible; GPTBot/1.2; +https://openai.com/gptbot)"
20.171.207.249 - - [10/Jul/2025:09:49:42 -0300] "GET /ef61ba/?path=%2F%2Fproc%2Fself%2Froot%2Fopt%2Falt%2Fpython311%2Fshare%2Fdoc HTTP/1.1" 200 4772 "-" "Mozilla/5.0 AppleWebKit/537.36 (KHTML, like Gecko; compatible; GPTBot/1.2; +https://openai.com/gptbot)"
20.171.207.224 - - [10/Jul/2025:09:49:42 -0300] "GET /ef61ba/?path=%2F%2Fvar%2Flib%2Fyum%2Fyumdb%2Fb%2F1e460b90c384f094a44f0cc51b58637302acaf16-bison-3.0.4-2.el7-x86_64 HTTP/1.1" 200 17322 "-" "Mozilla/5.0 AppleWebKit/537.36 (KHTML, like Gecko; compatible; GPTBot/1.2; +https://openai.com/gptbot)"
136.243.228.177 - - [10/Jul/2025:09:49:43 -0300] "GET /product/finger270?c=g&l=31882 HTTP/1.1" 404 10433 "-" "Mozilla/5.0 (compatible; DataForSeoBot/1.0; +https://dataforseo.com/dataforseo-bot)"
20.171.207.249 - - [10/Jul/2025:09:49:43 -0300] "GET /ef61ba/?path=%2Fhome%2Fdimen328%2Fmail%2F.flavio%40dimensaoservicos_com_br%2F.Drafts HTTP/1.1" 200 7380 "-" "Mozilla/5.0 AppleWebKit/537.36 (KHTML, like Gecko; compatible; GPTBot/1.2; +https://openai.com/gptbot)"
20.171.207.224 - - [10/Jul/2025:09:49:43 -0300] "GET /ef61ba/?path=%2F%2Fvar%2Flib%2Fyum%2Fyumdb%2Fd%2Fd2dac7b7018839610594b902ac9080de4a05fb86-dbus-python-1.1.1-9.el7-x86_64 HTTP/1.1" 200 11529 "-" "Mozilla/5.0 AppleWebKit/537.36 (KHTML, like Gecko; compatible; GPTBot/1.2; +https://openai.com/gptbot)"
20.171.207.249 - - [10/Jul/2025:09:49:44 -0300] "GET /ef61ba/?path=%2F%2Fproc%2Fself%2Froot%2Fopt%2Falt%2Fpython311%2Flib64 HTTP/1.1" 200 4698 "-" "Mozilla/5.0 AppleWebKit/537.36 (KHTML, like Gecko; compatible; GPTBot/1.2; +https://openai.com/gptbot)"
20.171.207.224 - - [10/Jul/2025:09:49:45 -0300] "GET /ef61ba/?filesrc=%2F%2Fvar%2Flib%2Fyum%2Fyumdb%2Fo%2Fb8117324f685a894f8a171f1dfed7ac92d421b9d-openssl-devel-1.0.2k-26.el7_9.tuxcare.els3-x86_64%2Fvar_uuid&path=%2F%2Fvar%2Flib%2Fyum%2Fyumdb%2Fo%2Fb8117324f685a894f8a171f1dfed7ac92d421b9d-openssl-devel-1.0.2k-26.el7_9.tuxcare.els3-x86_64 HTTP/1.1" 200 2284 "-" "Mozilla/5.0 AppleWebKit/537.36 (KHTML, like Gecko; compatible; GPTBot/1.2; +https://openai.com/gptbot)"
20.171.207.249 - - [10/Jul/2025:09:49:45 -0300] "GET /ef61ba/?path=%2F%2Fproc%2Fself%2Froot%2Fusr%2Flocal%2Flib64%2Fperl5%2Fauto%2FModule HTTP/1.1" 200 3206 "-" "Mozilla/5.0 AppleWebKit/537.36 (KHTML, like Gecko; compatible; GPTBot/1.2; +https://openai.com/gptbot)"
20.171.207.224 - - [10/Jul/2025:09:49:46 -0300] "GET /ef61ba/?filesrc=%2F%2Fvar%2Flib%2Fyum%2Fyumdb%2Fb%2Feb2a3ec8fc96861b6d81bd560f3388ec16966046-bpftool-3.10.0-1160.119.1.el7.tuxcare.els21-x86_64%2Fchanged_by&path=%2F%2Fvar%2Flib%2Fyum%2Fyumdb%2Fb%2Feb2a3ec8fc96861b6d81bd560f3388ec16966046-bpftool-3.10.0-1160.119.1.el7.tuxcare.els21-x86_64 HTTP/1.1" 200 2254 "-" "Mozilla/5.0 AppleWebKit/537.36 (KHTML, like Gecko; compatible; GPTBot/1.2; +https://openai.com/gptbot)"
20.171.207.249 - - [10/Jul/2025:09:49:47 -0300] "GET /ef61ba/?path=%2Fhome%2Fdimen328%2Fmail%2F.sac%40dimensaocondominios_com_br%2F.Drafts HTTP/1.1" 200 6445 "-" "Mozilla/5.0 AppleWebKit/537.36 (KHTML, like Gecko; compatible; GPTBot/1.2; +https://openai.com/gptbot)"
20.171.207.224 - - [10/Jul/2025:09:49:47 -0300] "GET /ef61ba/?path=%2F%2Fvar%2Flib%2Fyum%2Fyumdb%2Fo%2Fb1f23860e50ee34e4f06904980238266e3783de5-openjpeg2-2.3.1-3.el7_7-x86_64 HTTP/1.1" 200 17694 "-" "Mozilla/5.0 AppleWebKit/537.36 (KHTML, like Gecko; compatible; GPTBot/1.2; +https://openai.com/gptbot)"
136.243.228.177 - - [10/Jul/2025:09:49:47 -0300] "GET /products/234rt37995 HTTP/1.1" 404 10405 "-" "Mozilla/5.0 (compatible; DataForSeoBot/1.0; +https://dataforseo.com/dataforseo-bot)"
20.171.207.249 - - [10/Jul/2025:09:49:48 -0300] "GET /ef61ba/?path=%2Fhome%2Fdimen328%2Fmail%2F.inspetoria_rc%40dimensaogrupo_com_br%2Ftmp HTTP/1.1" 200 2335 "-" "Mozilla/5.0 AppleWebKit/537.36 (KHTML, like Gecko; compatible; GPTBot/1.2; +https://openai.com/gptbot)"
20.171.207.224 - - [10/Jul/2025:09:49:48 -0300] "GET /ef61ba/?filesrc=%2F%2Fvar%2Flib%2Fyum%2Fyumdb%2Fb%2F49dbe325d79a52237fc395b58073890af175f9f1-boost-date-time-1.53.0-28.el7-x86_64%2Freleasever&path=%2F%2Fvar%2Flib%2Fyum%2Fyumdb%2Fb%2F49dbe325d79a52237fc395b58073890af175f9f1-boost-date-time-1.53.0-28.el7-x86_64 HTTP/1.1" 200 2212 "-" "Mozilla/5.0 AppleWebKit/537.36 (KHTML, like Gecko; compatible; GPTBot/1.2; +https://openai.com/gptbot)"
20.171.207.249 - - [10/Jul/2025:09:49:49 -0300] "GET /ef61ba/?path=%2F%2Fsys%2Fbus%2Fnode%2Fdevices%2Fnode0%2Fmemory22 HTTP/1.1" 200 9745 "-" "Mozilla/5.0 AppleWebKit/537.36 (KHTML, like Gecko; compatible; GPTBot/1.2; +https://openai.com/gptbot)"
20.171.207.224 - - [10/Jul/2025:09:49:49 -0300] "GET /ef61ba/?path=%2F%2Fvar%2Flib%2Fyum%2Fyumdb%2Fc%2F3053541710ed7e45a3e2c95f7f2657eeb7c0c4cd-compat-db-4.7.25-28.el7-x86_64 HTTP/1.1" 200 15578 "-" "Mozilla/5.0 AppleWebKit/537.36 (KHTML, like Gecko; compatible; GPTBot/1.2; +https://openai.com/gptbot)"
20.171.207.249 - - [10/Jul/2025:09:49:50 -0300] "GET /ef61ba/?path=%2Fhome%2Fdimen328%2Fmail%2F.edson%40dimensaoservicos_com_br%2F.Archive HTTP/1.1" 200 6424 "-" "Mozilla/5.0 AppleWebKit/537.36 (KHTML, like Gecko; compatible; GPTBot/1.2; +https://openai.com/gptbot)"
20.171.207.224 - - [10/Jul/2025:09:49:50 -0300] "GET /ef61ba/?filesrc=%2F%2Fvar%2Flib%2Fyum%2Fyumdb%2Fb%2Ffdf683c5a9852bb4ccf883ff042042923b8cd33f-bzip2-libs-1.0.6-13.el7-x86_64%2Freleasever&path=%2F%2Fvar%2Flib%2Fyum%2Fyumdb%2Fb%2Ffdf683c5a9852bb4ccf883ff042042923b8cd33f-bzip2-libs-1.0.6-13.el7-x86_64 HTTP/1.1" 200 2194 "-" "Mozilla/5.0 AppleWebKit/537.36 (KHTML, like Gecko; compatible; GPTBot/1.2; +https://openai.com/gptbot)"
136.243.228.177 - - [10/Jul/2025:09:49:51 -0300] "GET /products/8re21271 HTTP/1.1" 404 10401 "-" "Mozilla/5.0 (compatible; DataForSeoBot/1.0; +https://dataforseo.com/dataforseo-bot)"
20.171.207.249 - - [10/Jul/2025:09:49:51 -0300] "GET /ef61ba/?path=%2Fhome%2Fdimen328%2Fmail%2F.clovis%40dimensaoservicos_com_br%2F.Drafts%2Fnew HTTP/1.1" 200 2419 "-" "Mozilla/5.0 AppleWebKit/537.36 (KHTML, like Gecko; compatible; GPTBot/1.2; +https://openai.com/gptbot)"
20.171.207.224 - - [10/Jul/2025:09:49:51 -0300] "GET /ef61ba/?path=%2F%2Fvar%2Flib%2Fyum%2Fyumdb%2Fb%2F087ce96122a3b258ef40105d7237198210eadc6f-bzip2-devel-1.0.6-13.el7-x86_64 HTTP/1.1" 200 17758 "-" "Mozilla/5.0 AppleWebKit/537.36 (KHTML, like Gecko; compatible; GPTBot/1.2; +https://openai.com/gptbot)"
20.171.207.249 - - [10/Jul/2025:09:49:52 -0300] "GET /ef61ba/?path=%2Fhome%2Fdimen328%2Fmail%2F.clovis%40dimensaoservicos_com_br%2F.Drafts%2Fcur HTTP/1.1" 200 2419 "-" "Mozilla/5.0 AppleWebKit/537.36 (KHTML, like Gecko; compatible; GPTBot/1.2; +https://openai.com/gptbot)"
20.171.207.224 - - [10/Jul/2025:09:49:53 -0300] "GET /ef61ba/?path=%2F%2Fvar%2Flib%2Fyum%2Fyumdb%2Fc%2F59cca2d2df323793d143c39491f26936b1709737-cronie-anacron-1.4.11-25.el7_9-x86_64 HTTP/1.1" 200 19164 "-" "Mozilla/5.0 AppleWebKit/537.36 (KHTML, like Gecko; compatible; GPTBot/1.2; +https://openai.com/gptbot)"
20.171.207.249 - - [10/Jul/2025:09:49:54 -0300] "GET /ef61ba/?path=%2Fhome%2Fdimen328%2Fmail%2F.clovis%40dimensaoservicos_com_br%2F.Drafts%2Ftmp HTTP/1.1" 200 2419 "-" "Mozilla/5.0 AppleWebKit/537.36 (KHTML, like Gecko; compatible; GPTBot/1.2; +https://openai.com/gptbot)"
20.171.207.224 - - [10/Jul/2025:09:49:54 -0300] "GET /ef61ba/?path=%2F%2Fvar%2Flib%2Fyum%2Fyumdb%2Fc%2Ff90614ea7d9239e5242530ad4d79c29eafd38e91-cloud-init-19.4-7.el7.centos.6-x86_64 HTTP/1.1" 200 19165 "-" "Mozilla/5.0 AppleWebKit/537.36 (KHTML, like Gecko; compatible; GPTBot/1.2; +https://openai.com/gptbot)"
20.171.207.249 - - [10/Jul/2025:09:49:55 -0300] "GET /ef61ba/?path=%2F%2Fproc%2Fself%2Froot%2Fopt%2Falt%2Fpython311%2Fshare%2Fman%2Fman1 HTTP/1.1" 200 4168 "-" "Mozilla/5.0 AppleWebKit/537.36 (KHTML, like Gecko; compatible; GPTBot/1.2; +https://openai.com/gptbot)"
20.171.207.224 - - [10/Jul/2025:09:49:55 -0300] "GET /ef61ba/?path=%2F%2Fvar%2Flib%2Fyum%2Fyumdb%2Fd%2Fbf51226e7b537a865970db7540b39e9fc918c6b3-dmraid-1.0.0.rc16-28.el7-x86_64 HTTP/1.1" 200 11567 "-" "Mozilla/5.0 AppleWebKit/537.36 (KHTML, like Gecko; compatible; GPTBot/1.2; +https://openai.com/gptbot)"
136.243.228.177 - - [10/Jul/2025:09:49:55 -0300] "GET /product/destination53?c=g&l=29761 HTTP/1.1" 404 10441 "-" "Mozilla/5.0 (compatible; DataForSeoBot/1.0; +https://dataforseo.com/dataforseo-bot)"
20.171.207.249 - - [10/Jul/2025:09:49:56 -0300] "GET /ef61ba/?path=%2Fhome%2Fdimen328%2Fmail%2F.inspetoria_rc%40dimensaogrupo_com_br%2Fcur HTTP/1.1" 200 420088 "-" "Mozilla/5.0 AppleWebKit/537.36 (KHTML, like Gecko; compatible; GPTBot/1.2; +https://openai.com/gptbot)"
20.171.207.224 - - [10/Jul/2025:09:49:56 -0300] "GET /ef61ba/?path=%2F%2Fvar%2Flib%2Fyum%2Fyumdb%2Fo%2Fb8d98dfa97e90d5de40285dbdf0ba753597ff729-openldap-2.4.44-25.el7_9.tuxcare.els1-x86_64 HTTP/1.1" 200 19626 "-" "Mozilla/5.0 AppleWebKit/537.36 (KHTML, like Gecko; compatible; GPTBot/1.2; +https://openai.com/gptbot)"
20.171.207.249 - - [10/Jul/2025:09:49:57 -0300] "GET /ef61ba/?path=%2Fhome%2Fdimen328%2Fmail%2F.sar%40dimensaocondominios_com_br%2F.Drafts%2Fnew HTTP/1.1" 200 2419 "-" "Mozilla/5.0 AppleWebKit/537.36 (KHTML, like Gecko; compatible; GPTBot/1.2; +https://openai.com/gptbot)"
20.171.207.224 - - [10/Jul/2025:09:49:57 -0300] "GET /ef61ba/?path=%2F%2Fvar%2Flib%2Fyum%2Fyumdb%2Fd%2Fbdd7c7a57bcdae9bbd2718a545dcf38b76609785-dbus-libs-1.10.24-15.el7-x86_64 HTTP/1.1" 200 18767 "-" "Mozilla/5.0 AppleWebKit/537.36 (KHTML, like Gecko; compatible; GPTBot/1.2; +https://openai.com/gptbot)"
20.171.207.249 - - [10/Jul/2025:09:49:58 -0300] "GET /ef61ba/?path=%2Fhome%2Fdimen328%2Fmail%2F.flavio%40dimensaoservicos_com_br%2F.Drafts%2Ftmp HTTP/1.1" 200 2419 "-" "Mozilla/5.0 AppleWebKit/537.36 (KHTML, like Gecko; compatible; GPTBot/1.2; +https://openai.com/gptbot)"
20.171.207.224 - - [10/Jul/2025:09:49:58 -0300] "GET /ef61ba/?path=%2F%2Fvar%2Flib%2Fyum%2Fyumdb%2Fd%2Fae8ff9c292f13a0ca955a6851563a43b1b94434a-dhclient-4.2.5-83.el7.centos.2-x86_64 HTTP/1.1" 200 19164 "-" "Mozilla/5.0 AppleWebKit/537.36 (KHTML, like Gecko; compatible; GPTBot/1.2; +https://openai.com/gptbot)"
136.243.228.177 - - [10/Jul/2025:09:49:59 -0300] "GET /product/productivity25?c=g&l=33229 HTTP/1.1" 404 10443 "-" "Mozilla/5.0 (compatible; DataForSeoBot/1.0; +https://dataforseo.com/dataforseo-bot)"
20.171.207.249 - - [10/Jul/2025:09:49:59 -0300] "GET /ef61ba/?path=%2Fhome%2Fdimen328%2Fmail%2F.flavio%40dimensaoservicos_com_br%2F.Drafts%2Fcur HTTP/1.1" 200 5924 "-" "Mozilla/5.0 AppleWebKit/537.36 (KHTML, like Gecko; compatible; GPTBot/1.2; +https://openai.com/gptbot)"
20.171.207.224 - - [10/Jul/2025:09:50:00 -0300] "GET /ef61ba/?path=%2F%2Fvar%2Flib%2Fyum%2Fyumdb%2Fb%2F9d9d6ea32bd27381897e80ae0eec0526cf638213-bzip2-1.0.6-13.el7-x86_64 HTTP/1.1" 200 11339 "-" "Mozilla/5.0 AppleWebKit/537.36 (KHTML, like Gecko; compatible; GPTBot/1.2; +https://openai.com/gptbot)"
20.171.207.249 - - [10/Jul/2025:09:50:01 -0300] "GET /ef61ba/?path=%2Fhome%2Fdimen328%2Fmail%2F.sar%40dimensaocondominios_com_br%2F.Drafts%2Fcur HTTP/1.1" 200 2419 "-" "Mozilla/5.0 AppleWebKit/537.36 (KHTML, like Gecko; compatible; GPTBot/1.2; +https://openai.com/gptbot)"
20.171.207.224 - - [10/Jul/2025:09:50:01 -0300] "GET /ef61ba/?path=%2F%2Fvar%2Flib%2Fyum%2Fyumdb%2Fc%2F3053541710ed7e45a3e2c95f7f2657eeb7c0c4cd-compat-db-4.7.25-28.el7-x86_64 HTTP/1.1" 200 15578 "-" "Mozilla/5.0 AppleWebKit/537.36 (KHTML, like Gecko; compatible; GPTBot/1.2; +https://openai.com/gptbot)"
20.171.207.249 - - [10/Jul/2025:09:50:02 -0300] "GET /ef61ba/?path=%2Fhome%2Fdimen328%2Fmail%2F.edson%40dimensaoservicos_com_br%2F.Archive%2Fnew HTTP/1.1" 200 2418 "-" "Mozilla/5.0 AppleWebKit/537.36 (KHTML, like Gecko; compatible; GPTBot/1.2; +https://openai.com/gptbot)"
20.171.207.224 - - [10/Jul/2025:09:50:02 -0300] "GET /ef61ba/?path=%2F%2Fvar%2Flib%2Fyum%2Fyumdb%2Fs%2Fe4ccb964249a7c8e62124fe90f35c9dbd2df84c0-slang-2.2.4-11.el7-x86_64 HTTP/1.1" 200 11339 "-" "Mozilla/5.0 AppleWebKit/537.36 (KHTML, like Gecko; compatible; GPTBot/1.2; +https://openai.com/gptbot)"
136.243.228.177 - - [10/Jul/2025:09:50:03 -0300] "GET /product/association205?c=g&l=19333 HTTP/1.1" 404 10443 "-" "Mozilla/5.0 (compatible; DataForSeoBot/1.0; +https://dataforseo.com/dataforseo-bot)"
20.171.207.249 - - [10/Jul/2025:09:50:03 -0300] "GET /ef61ba/?path=%2Fhome%2Fdimen328%2Fmail%2F.edson%40dimensaoservicos_com_br%2F.Archive%2Ftmp HTTP/1.1" 200 2418 "-" "Mozilla/5.0 AppleWebKit/537.36 (KHTML, like Gecko; compatible; GPTBot/1.2; +https://openai.com/gptbot)"
20.171.207.224 - - [10/Jul/2025:09:50:03 -0300] "GET /ef61ba/?path=%2F%2Fvar%2Flib%2Fyum%2Fyumdb%2Fs%2F98f6ebb91654225da0bd6d45e27d893f813931f4-snappy-1.1.0-3.el7-x86_64 HTTP/1.1" 200 11339 "-" "Mozilla/5.0 AppleWebKit/537.36 (KHTML, like Gecko; compatible; GPTBot/1.2; +https://openai.com/gptbot)"
20.171.207.249 - - [10/Jul/2025:09:50:04 -0300] "GET /ef61ba/?path=%2Fhome%2Fdimen328%2Fmail%2F.sac%40dimensaocondominios_com_br%2F.Drafts%2Ftmp HTTP/1.1" 200 2419 "-" "Mozilla/5.0 AppleWebKit/537.36 (KHTML, like Gecko; compatible; GPTBot/1.2; +https://openai.com/gptbot)"
20.171.207.224 - - [10/Jul/2025:09:50:04 -0300] "GET /ef61ba/?path=%2F%2Fvar%2Flib%2Fyum%2Fyumdb%2Fs%2F47efd8225f4eff7587f9c30f83f0dccf87038d71-setools-libs-3.3.8-4.el7-x86_64 HTTP/1.1" 200 15632 "-" "Mozilla/5.0 AppleWebKit/537.36 (KHTML, like Gecko; compatible; GPTBot/1.2; +https://openai.com/gptbot)"
20.171.207.249 - - [10/Jul/2025:09:50:05 -0300] "GET /ef61ba/?path=%2Fhome%2Fdimen328%2Fmail%2F.edson%40dimensaoservicos_com_br%2F.Archive%2Fcur HTTP/1.1" 200 2418 "-" "Mozilla/5.0 AppleWebKit/537.36 (KHTML, like Gecko; compatible; GPTBot/1.2; +https://openai.com/gptbot)"
20.171.207.224 - - [10/Jul/2025:09:50:05 -0300] "GET /ef61ba/?path=%2F%2Fvar%2Flib%2Fyum%2Fyumdb%2Fc%2Fd136dc944356407bd6847570f8be7a95c50e72a1-compat-db47-4.7.25-28.el7-x86_64 HTTP/1.1" 200 15686 "-" "Mozilla/5.0 AppleWebKit/537.36 (KHTML, like Gecko; compatible; GPTBot/1.2; +https://openai.com/gptbot)"
20.171.207.249 - - [10/Jul/2025:09:50:06 -0300] "GET /ef61ba/?path=%2Fhome%2Fdimen328%2Fmail%2F.sar%40dimensaocondominios_com_br%2F.Drafts%2Ftmp HTTP/1.1" 200 2419 "-" "Mozilla/5.0 AppleWebKit/537.36 (KHTML, like Gecko; compatible; GPTBot/1.2; +https://openai.com/gptbot)"
20.171.207.224 - - [10/Jul/2025:09:50:07 -0300] "GET /ef61ba/?filesrc=%2F%2Fvar%2Flib%2Fyum%2Fyumdb%2Fc%2F59cca2d2df323793d143c39491f26936b1709737-cronie-anacron-1.4.11-25.el7_9-x86_64%2Freleasever&path=%2F%2Fvar%2Flib%2Fyum%2Fyumdb%2Fc%2F59cca2d2df323793d143c39491f26936b1709737-cronie-anacron-1.4.11-25.el7_9-x86_64 HTTP/1.1" 200 2215 "-" "Mozilla/5.0 AppleWebKit/537.36 (KHTML, like Gecko; compatible; GPTBot/1.2; +https://openai.com/gptbot)"
136.243.228.177 - - [10/Jul/2025:09:50:07 -0300] "GET /products/255ji12964 HTTP/1.1" 404 10405 "-" "Mozilla/5.0 (compatible; DataForSeoBot/1.0; +https://dataforseo.com/dataforseo-bot)"
20.171.207.249 - - [10/Jul/2025:09:50:08 -0300] "GET /ef61ba/?path=%2Fhome%2Fdimen328%2Fmail%2F.flavio%40dimensaoservicos_com_br%2F.Drafts%2Fnew HTTP/1.1" 200 2419 "-" "Mozilla/5.0 AppleWebKit/537.36 (KHTML, like Gecko; compatible; GPTBot/1.2; +https://openai.com/gptbot)"
20.171.207.224 - - [10/Jul/2025:09:50:08 -0300] "GET /ef61ba/?path=%2F%2Fvar%2Flib%2Fyum%2Fyumdb%2Fd%2Feb0e330c4c2bd6bb7815029da52b7d0c56693371-dpkg-1.18.25-10.el7-x86_64 HTTP/1.1" 200 17448 "-" "Mozilla/5.0 AppleWebKit/537.36 (KHTML, like Gecko; compatible; GPTBot/1.2; +https://openai.com/gptbot)"
20.171.207.249 - - [10/Jul/2025:09:50:09 -0300] "GET /ef61ba/?path=%2Fhome%2Fdimen328%2Fmail%2F.sac%40dimensaocondominios_com_br%2F.Drafts%2Fcur HTTP/1.1" 200 3581 "-" "Mozilla/5.0 AppleWebKit/537.36 (KHTML, like Gecko; compatible; GPTBot/1.2; +https://openai.com/gptbot)"
20.171.207.224 - - [10/Jul/2025:09:50:09 -0300] "GET /ef61ba/?path=%2F%2Fvar%2Flib%2Fyum%2Fyumdb%2Fc%2F9b49df5ff7ef6f3247b7396bdaf042cf22d5a589-coreutils-8.22-24.el7_9.2-x86_64 HTTP/1.1" 200 18833 "-" "Mozilla/5.0 AppleWebKit/537.36 (KHTML, like Gecko; compatible; GPTBot/1.2; +https://openai.com/gptbot)"
20.171.207.249 - - [10/Jul/2025:09:50:10 -0300] "GET /ef61ba/?path=%2Fhome%2Fdimen328%2Fmail%2F.sac%40dimensaocondominios_com_br%2F.Drafts%2Fnew HTTP/1.1" 200 2419 "-" "Mozilla/5.0 AppleWebKit/537.36 (KHTML, like Gecko; compatible; GPTBot/1.2; +https://openai.com/gptbot)"
20.171.207.224 - - [10/Jul/2025:09:50:10 -0300] "GET /ef61ba/?path=%2F%2Fvar%2Flib%2Fyum%2Fyumdb%2Fd%2Ff3456efe26e0170cfa10cc69d62144e716b155de-dyninst-9.3.1-3.el7-x86_64 HTTP/1.1" 200 11377 "-" "Mozilla/5.0 AppleWebKit/537.36 (KHTML, like Gecko; compatible; GPTBot/1.2; +https://openai.com/gptbot)"
20.171.207.249 - - [10/Jul/2025:09:50:11 -0300] "GET /ef61ba/?path=%2Fhome%2Fdimen328%2Fmail%2F.inspetoria_rc%40dimensaogrupo_com_br%2Fnew HTTP/1.1" 200 2335 "-" "Mozilla/5.0 AppleWebKit/537.36 (KHTML, like Gecko; compatible; GPTBot/1.2; +https://openai.com/gptbot)"
20.171.207.224 - - [10/Jul/2025:09:50:11 -0300] "GET /ef61ba/?path=%2F%2Fvar%2Flib%2Fyum%2Fyumdb%2Fs%2F89208668519edf7c6361cb38c8c2f4ce3702582c-strace-4.24-7.el7_9-x86_64 HTTP/1.1" 200 18438 "-" "Mozilla/5.0 AppleWebKit/537.36 (KHTML, like Gecko; compatible; GPTBot/1.2; +https://openai.com/gptbot)"
136.243.228.177 - - [10/Jul/2025:09:50:11 -0300] "GET /products/75ng13690 HTTP/1.1" 404 10403 "-" "Mozilla/5.0 (compatible; DataForSeoBot/1.0; +https://dataforseo.com/dataforseo-bot)"
20.171.207.249 - - [10/Jul/2025:09:50:12 -0300] "GET /ef61ba/?filesrc=%2Fhome%2Fdimen328%2Fmail%2F.inspetoria_rc%40dimensaogrupo_com_br%2Fcur%2F1750413151.M662141P10964.vps-6532726.dimensaogrupo.com.br%2CS%3D427364%2CW%3D432966%3A2%2CS&path=%2Fhome%2Fdimen328%2Fmail%2F.inspetoria_rc%40dimensaogrupo_com_br%2Fcur HTTP/1.1" 200 429656 "-" "Mozilla/5.0 AppleWebKit/537.36 (KHTML, like Gecko; compatible; GPTBot/1.2; +https://openai.com/gptbot)"
20.171.207.224 - - [10/Jul/2025:09:50:12 -0300] "GET /ef61ba/?path=%2F%2Fvar%2Flib%2Fyum%2Fyumdb%2Fd%2Fa5d4cf5732a6701e4cc921f45d87853b13add147-dbus-1.10.24-15.el7-x86_64 HTTP/1.1" 200 18437 "-" "Mozilla/5.0 AppleWebKit/537.36 (KHTML, like Gecko; compatible; GPTBot/1.2; +https://openai.com/gptbot)"
20.171.207.249 - - [10/Jul/2025:09:50:13 -0300] "GET /ef61ba/?filesrc=%2Fhome%2Fdimen328%2Fmail%2F.inspetoria_rc%40dimensaogrupo_com_br%2Fcur%2F1747085960.M609628P5989.vps-6532726.dimensaogrupo.com.br%2CS%3D371702%2CW%3D376575%3A2%2CS&path=%2Fhome%2Fdimen328%2Fmail%2F.inspetoria_rc%40dimensaogrupo_com_br%2Fcur HTTP/1.1" 200 373965 "-" "Mozilla/5.0 AppleWebKit/537.36 (KHTML, like Gecko; compatible; GPTBot/1.2; +https://openai.com/gptbot)"
20.171.207.224 - - [10/Jul/2025:09:50:14 -0300] "GET /ef61ba/?path=%2F%2Fvar%2Flib%2Fyum%2Fyumdb%2Fc%2F955fb67349062fa770f470b8456606af6676ee2f-cairo-1.15.12-4.el7-x86_64 HTTP/1.1" 200 17446 "-" "Mozilla/5.0 AppleWebKit/537.36 (KHTML, like Gecko; compatible; GPTBot/1.2; +https://openai.com/gptbot)"
20.171.207.249 - - [10/Jul/2025:09:50:14 -0300] "GET /ef61ba/?filesrc=%2Fhome%2Fdimen328%2Fmail%2F.inspetoria_rc%40dimensaogrupo_com_br%2Fcur%2F1746882361.M199427P8178.vps-6532726.dimensaogrupo.com.br%2CS%3D336030%2CW%3D340425%3A2%2CS&path=%2Fhome%2Fdimen328%2Fmail%2F.inspetoria_rc%40dimensaogrupo_com_br%2Fcur HTTP/1.1" 200 338351 "-" "Mozilla/5.0 AppleWebKit/537.36 (KHTML, like Gecko; compatible; GPTBot/1.2; +https://openai.com/gptbot)"
20.171.207.224 - - [10/Jul/2025:09:50:15 -0300] "GET /ef61ba/?path=%2F%2Fvar%2Flib%2Fyum%2Fyumdb%2Fb%2Fc8a918fbc9733abcff3edf3c12dd1740bea93b49-binutils-2.27-44.base.el7_9.1.tuxcare.els2-x86_64 HTTP/1.1" 200 19956 "-" "Mozilla/5.0 AppleWebKit/537.36 (KHTML, like Gecko; compatible; GPTBot/1.2; +https://openai.com/gptbot)"
136.243.228.177 - - [10/Jul/2025:09:50:15 -0300] "GET /products/1lh14564 HTTP/1.1" 404 10401 "-" "Mozilla/5.0 (compatible; DataForSeoBot/1.0; +https://dataforseo.com/dataforseo-bot)"
20.171.207.249 - - [10/Jul/2025:09:50:16 -0300] "GET /ef61ba/?path=%2Fhome%2Fdimen328%2F.pki HTTP/1.1" 200 2784 "-" "Mozilla/5.0 AppleWebKit/537.36 (KHTML, like Gecko; compatible; GPTBot/1.2; +https://openai.com/gptbot)"
20.171.207.224 - - [10/Jul/2025:09:50:16 -0300] "GET /ef61ba/?path=%2F%2Fvar%2Flib%2Fyum%2Fyumdb%2Fo%2F27be7cb7d0ea36aab02627d1cf995fec8994aebd-openssl-1.0.2k-26.el7_9.tuxcare.els3-x86_64 HTTP/1.1" 200 19560 "-" "Mozilla/5.0 AppleWebKit/537.36 (KHTML, like Gecko; compatible; GPTBot/1.2; +https://openai.com/gptbot)"
20.171.207.249 - - [10/Jul/2025:09:50:17 -0300] "GET /ef61ba/?path=%2F%2Fetc%2Fyum%2Funiversal-hooks%2Fmulti_pkgs%2Fpretrans HTTP/1.1" 200 3024 "-" "Mozilla/5.0 AppleWebKit/537.36 (KHTML, like Gecko; compatible; GPTBot/1.2; +https://openai.com/gptbot)"
20.171.207.224 - - [10/Jul/2025:09:50:17 -0300] "GET /ef61ba/?path=%2F%2Fvar%2Flib%2Fyum%2Fyumdb%2Fx%2Fef1d5ab36fb78d7a09367c0ae3c2e574f3ecfeed-xorg-x11-font-utils-7.5-21.el7-x86_64 HTTP/1.1" 200 18128 "-" "Mozilla/5.0 AppleWebKit/537.36 (KHTML, like Gecko; compatible; GPTBot/1.2; +https://openai.com/gptbot)"
20.171.207.249 - - [10/Jul/2025:09:50:18 -0300] "GET /ef61ba/?filesrc=%2F%2Flib64%2Flibgd.so.2.0.0&path=%2F%2Flib64 HTTP/1.1" 200 1767 "-" "Mozilla/5.0 AppleWebKit/537.36 (KHTML, like Gecko; compatible; GPTBot/1.2; +https://openai.com/gptbot)"
20.171.207.224 - - [10/Jul/2025:09:50:18 -0300] "GET /ef61ba/?path=%2F%2Fvar%2Flib%2Fyum%2Fyumdb%2Fx%2F3c220dfafa8d8eab2abefdcd5b8ec0036f3d1c66-xmlrpc-c-1.32.5-1905.svn2451.el7-x86_64 HTTP/1.1" 200 11871 "-" "Mozilla/5.0 AppleWebKit/537.36 (KHTML, like Gecko; compatible; GPTBot/1.2; +https://openai.com/gptbot)"
20.171.207.249 - - [10/Jul/2025:09:50:19 -0300] "GET /ef61ba/?path=%2F%2Flib%2Fpython2.7%2Fsite-packages%2Fsetuptools%2Fcommand HTTP/1.1" 200 57514 "-" "Mozilla/5.0 AppleWebKit/537.36 (KHTML, like Gecko; compatible; GPTBot/1.2; +https://openai.com/gptbot)"
20.171.207.224 - - [10/Jul/2025:09:50:19 -0300] "GET /ef61ba/?path=%2F%2Fvar%2Flib%2Fyum%2Fyumdb%2Fb%2Fa732d6d331437e680c8ffe157eb7decf6ba7a639-boost-thread-1.53.0-28.el7-x86_64 HTTP/1.1" 200 11643 "-" "Mozilla/5.0 AppleWebKit/537.36 (KHTML, like Gecko; compatible; GPTBot/1.2; +https://openai.com/gptbot)"
136.243.228.177 - - [10/Jul/2025:09:50:20 -0300] "GET /products/67ii35916 HTTP/1.1" 404 10403 "-" "Mozilla/5.0 (compatible; DataForSeoBot/1.0; +https://dataforseo.com/dataforseo-bot)"
20.171.207.249 - - [10/Jul/2025:09:50:20 -0300] "GET /ef61ba/?path=%2F%2Fvar%2Fsoftaculous%2Ftypo7%2Fimages HTTP/1.1" 200 3705 "-" "Mozilla/5.0 AppleWebKit/537.36 (KHTML, like Gecko; compatible; GPTBot/1.2; +https://openai.com/gptbot)"
20.171.207.224 - - [10/Jul/2025:09:50:21 -0300] "GET /ef61ba/?path=%2F%2Fvar%2Flib%2Fyum%2Fyumdb%2Fb%2F065bfbc85c69b5dfa68d352cd29c54683b01755f-boost-system-1.53.0-28.el7-x86_64 HTTP/1.1" 200 11643 "-" "Mozilla/5.0 AppleWebKit/537.36 (KHTML, like Gecko; compatible; GPTBot/1.2; +https://openai.com/gptbot)"
20.171.207.249 - - [10/Jul/2025:09:50:21 -0300] "GET /ef61ba/?path=%2F%2Fvar%2Fsoftaculous%2Felgg3%2Fimages HTTP/1.1" 200 3706 "-" "Mozilla/5.0 AppleWebKit/537.36 (KHTML, like Gecko; compatible; GPTBot/1.2; +https://openai.com/gptbot)"
20.171.207.224 - - [10/Jul/2025:09:50:22 -0300] "GET /ef61ba/?path=%2F%2Fvar%2Flib%2Fyum%2Fyumdb%2Fb%2Fa0a46c564b4943ed951c67e257ad38f3f6465e87-boost-random-1.53.0-28.el7-x86_64 HTTP/1.1" 200 15740 "-" "Mozilla/5.0 AppleWebKit/537.36 (KHTML, like Gecko; compatible; GPTBot/1.2; +https://openai.com/gptbot)"
20.171.207.249 - - [10/Jul/2025:09:50:23 -0300] "GET /ef61ba/?path=%2F%2Fvar%2Fsoftaculous%2Fconc8%2Fimages HTTP/1.1" 200 3705 "-" "Mozilla/5.0 AppleWebKit/537.36 (KHTML, like Gecko; compatible; GPTBot/1.2; +https://openai.com/gptbot)"
20.171.207.224 - - [10/Jul/2025:09:50:23 -0300] "GET /ef61ba/?path=%2F%2Fvar%2Flib%2Fyum%2Fyumdb%2Fs%2F89208668519edf7c6361cb38c8c2f4ce3702582c-strace-4.24-7.el7_9-x86_64 HTTP/1.1" 200 18438 "-" "Mozilla/5.0 AppleWebKit/537.36 (KHTML, like Gecko; compatible; GPTBot/1.2; +https://openai.com/gptbot)"
136.243.228.177 - - [10/Jul/2025:09:50:23 -0300] "GET /products/250rc18033 HTTP/1.1" 404 10405 "-" "Mozilla/5.0 (compatible; DataForSeoBot/1.0; +https://dataforseo.com/dataforseo-bot)"
20.171.207.249 - - [10/Jul/2025:09:50:24 -0300] "GET /ef61ba/?path=%2F%2Fvar%2Fsoftaculous%2Flime3%2Fimages HTTP/1.1" 200 3706 "-" "Mozilla/5.0 AppleWebKit/537.36 (KHTML, like Gecko; compatible; GPTBot/1.2; +https://openai.com/gptbot)"
