20.171.207.224 - - [10/Jul/2025:09:58:04 -0300] "GET /ef61ba/?filesrc=%2F%2Fusr%2Flib%2Fpython2.7%2Fsite-packages%2Fpasslib%2Fexc.pyo&path=%2F%2Fusr%2Flib%2Fpython2.7%2Fsite-packages%2Fpasslib HTTP/1.1" 200 2012 "-" "Mozilla/5.0 AppleWebKit/537.36 (KHTML, like Gecko; compatible; GPTBot/1.2; +https://openai.com/gptbot)"
20.171.207.249 - - [10/Jul/2025:09:58:05 -0300] "GET /ef61ba/?filesrc=%2Fhome%2Fdimen328%2Fmail%2F.financeiro%40libertysa_com_br%2Fnew%2F1738242766.M339994P13868.vps-6532726.dimensaogrupo.com.br%2CS%3D8932%2CW%3D9082&path=%2Fhome%2Fdimen328%2Fmail%2F.financeiro%40libertysa_com_br%2Fnew HTTP/1.1" 200 11160 "-" "Mozilla/5.0 AppleWebKit/537.36 (KHTML, like Gecko; compatible; GPTBot/1.2; +https://openai.com/gptbot)"
20.171.207.224 - - [10/Jul/2025:09:58:05 -0300] "GET /ef61ba/?path=%2F%2Fusr%2Flib%2Fpython2.7%2Fsite-packages%2Fjmespath HTTP/1.1" 200 21589 "-" "Mozilla/5.0 AppleWebKit/537.36 (KHTML, like Gecko; compatible; GPTBot/1.2; +https://openai.com/gptbot)"
20.171.207.249 - - [10/Jul/2025:09:58:06 -0300] "GET /ef61ba/?filesrc=%2Fhome%2Fdimen328%2Fmail%2F.folha%40dimensaogrupo_com_br%2Fnew%2F1654699249.M223360P23691.vps-6532726.dimensaogrupo.com.br%2CS%3D44333%2CW%3D44972&path=%2Fhome%2Fdimen328%2Fmail%2F.folha%40dimensaogrupo_com_br%2Fnew HTTP/1.1" 200 54886 "-" "Mozilla/5.0 AppleWebKit/537.36 (KHTML, like Gecko; compatible; GPTBot/1.2; +https://openai.com/gptbot)"
20.171.207.224 - - [10/Jul/2025:09:58:06 -0300] "GET /ef61ba/?path=%2F%2Fusr%2Flib%2Fpython2.7%2Fsite-packages%2Finiparse HTTP/1.1" 200 14280 "-" "Mozilla/5.0 AppleWebKit/537.36 (KHTML, like Gecko; compatible; GPTBot/1.2; +https://openai.com/gptbot)"
136.243.228.177 - - [10/Jul/2025:09:58:07 -0300] "GET /product/classify28?c=g&l=46512 HTTP/1.1" 404 10435 "-" "Mozilla/5.0 (compatible; DataForSeoBot/1.0; +https://dataforseo.com/dataforseo-bot)"
20.171.207.249 - - [10/Jul/2025:09:58:07 -0300] "GET /ef61ba/?filesrc=%2Fhome%2Fdimen328%2Fmail%2F.compras2%40dimensaogrupo_com_br%2Fcur%2F1711120317.M586220P6926.vps-6532726.dimensaogrupo.com.br%2CS%3D42287%2CW%3D42864%3A2%2C&path=%2Fhome%2Fdimen328%2Fmail%2F.compras2%40dimensaogrupo_com_br%2Fcur HTTP/1.1" 200 55839 "-" "Mozilla/5.0 AppleWebKit/537.36 (KHTML, like Gecko; compatible; GPTBot/1.2; +https://openai.com/gptbot)"
20.171.207.224 - - [10/Jul/2025:09:58:08 -0300] "GET /ef61ba/?path=%2F%2Fusr%2Flib%2Fpython2.7%2Fsite-packages%2Furllib3 HTTP/1.1" 200 28685 "-" "Mozilla/5.0 AppleWebKit/537.36 (KHTML, like Gecko; compatible; GPTBot/1.2; +https://openai.com/gptbot)"
20.171.207.249 - - [10/Jul/2025:09:58:08 -0300] "GET /ef61ba/?filesrc=%2Fhome%2Fdimen328%2Fmail%2F.folha%40dimensaogrupo_com_br%2Fnew%2F1643993222.M550168P22728.vps-6532726.dimensaogrupo.com.br%2CS%3D863065%2CW%3D874528&path=%2Fhome%2Fdimen328%2Fmail%2F.folha%40dimensaogrupo_com_br%2Fnew HTTP/1.1" 200 869097 "-" "Mozilla/5.0 AppleWebKit/537.36 (KHTML, like Gecko; compatible; GPTBot/1.2; +https://openai.com/gptbot)"
20.171.207.224 - - [10/Jul/2025:09:58:09 -0300] "GET /ef61ba/?path=%2F%2Fusr%2Flib%2Fpython2.7%2Fsite-packages%2Flsm HTTP/1.1" 200 26456 "-" "Mozilla/5.0 AppleWebKit/537.36 (KHTML, like Gecko; compatible; GPTBot/1.2; +https://openai.com/gptbot)"
20.171.207.249 - - [10/Jul/2025:09:58:10 -0300] "GET /ef61ba/?filesrc=%2Fhome%2Fdimen328%2Fmail%2F.adm%40dimensaoservicos_com_br%2Fnew%2F1746699763.M444787P3436.vps-6532726.dimensaogrupo.com.br%2CS%3D15669%2CW%3D15915&path=%2Fhome%2Fdimen328%2Fmail%2F.adm%40dimensaoservicos_com_br%2Fnew HTTP/1.1" 200 17846 "-" "Mozilla/5.0 AppleWebKit/537.36 (KHTML, like Gecko; compatible; GPTBot/1.2; +https://openai.com/gptbot)"
20.171.207.224 - - [10/Jul/2025:09:58:10 -0300] "GET /ef61ba/?filesrc=%2F%2Fusr%2Flib%2Fpython2.7%2Fsite-packages%2Fsos%2Farchive.pyo&path=%2F%2Fusr%2Flib%2Fpython2.7%2Fsite-packages%2Fsos HTTP/1.1" 200 2004 "-" "Mozilla/5.0 AppleWebKit/537.36 (KHTML, like Gecko; compatible; GPTBot/1.2; +https://openai.com/gptbot)"
136.243.228.177 - - [10/Jul/2025:09:58:11 -0300] "GET /products/187yn1628 HTTP/1.1" 404 10403 "-" "Mozilla/5.0 (compatible; DataForSeoBot/1.0; +https://dataforseo.com/dataforseo-bot)"
20.171.207.249 - - [10/Jul/2025:09:58:11 -0300] "GET /ef61ba/?filesrc=%2Fhome%2Fdimen328%2Fmail%2F.supervisor%40libertysa_com_br%2Fnew%2F1671054497.M314429P30008.vps-6532726.dimensaogrupo.com.br%2CS%3D18452%2CW%3D18742&path=%2Fhome%2Fdimen328%2Fmail%2F.supervisor%40libertysa_com_br%2Fnew HTTP/1.1" 200 21882 "-" "Mozilla/5.0 AppleWebKit/537.36 (KHTML, like Gecko; compatible; GPTBot/1.2; +https://openai.com/gptbot)"
20.171.207.224 - - [10/Jul/2025:09:58:11 -0300] "GET /ef61ba/?path=%2F%2Fvar%2Fsoftaculous%2Fbnt%2Fphp56 HTTP/1.1" 200 4427 "-" "Mozilla/5.0 AppleWebKit/537.36 (KHTML, like Gecko; compatible; GPTBot/1.2; +https://openai.com/gptbot)"
20.171.207.249 - - [10/Jul/2025:09:58:12 -0300] "GET /ef61ba/?filesrc=%2Fhome%2Fdimen328%2Fmail%2F.patricia%40dimensaogrupo_com_br%2Fcur%2F1751984650.M166607P31064.vps-6532726.dimensaogrupo.com.br%2CS%3D43685%2CW%3D44354%3A2%2CS&path=%2Fhome%2Fdimen328%2Fmail%2F.patricia%40dimensaogrupo_com_br%2Fcur HTTP/1.1" 200 51790 "-" "Mozilla/5.0 AppleWebKit/537.36 (KHTML, like Gecko; compatible; GPTBot/1.2; +https://openai.com/gptbot)"
20.171.207.224 - - [10/Jul/2025:09:58:12 -0300] "GET /ef61ba/?path=%2F%2Fvar%2Fsoftaculous%2Fsit%2Fphp56 HTTP/1.1" 200 4423 "-" "Mozilla/5.0 AppleWebKit/537.36 (KHTML, like Gecko; compatible; GPTBot/1.2; +https://openai.com/gptbot)"
20.171.207.249 - - [10/Jul/2025:09:58:13 -0300] "GET /ef61ba/?filesrc=%2Fhome%2Fdimen328%2Fmail%2F.compras2%40dimensaogrupo_com_br%2Fcur%2F1704888742.M688259P26469.vps-6532726.dimensaogrupo.com.br%2CS%3D2815%2CW%3D2867%3A2%2C&path=%2Fhome%2Fdimen328%2Fmail%2F.compras2%40dimensaogrupo_com_br%2Fcur HTTP/1.1" 200 5255 "-" "Mozilla/5.0 AppleWebKit/537.36 (KHTML, like Gecko; compatible; GPTBot/1.2; +https://openai.com/gptbot)"
20.171.207.224 - - [10/Jul/2025:09:58:13 -0300] "GET /ef61ba/?filesrc=%2F%2Fusr%2Flib%2Fpython2.7%2Fsite-packages%2Fsetuptools%2Fpackage_index.pyc&path=%2F%2Fusr%2Flib%2Fpython2.7%2Fsite-packages%2Fsetuptools HTTP/1.1" 200 2031 "-" "Mozilla/5.0 AppleWebKit/537.36 (KHTML, like Gecko; compatible; GPTBot/1.2; +https://openai.com/gptbot)"
20.171.207.249 - - [10/Jul/2025:09:58:14 -0300] "GET /ef61ba/?filesrc=%2Fhome%2Fdimen328%2Fmail%2F.matheus%40dimensaogrupo_com_br%2Fcur%2F1747818947.M588820P18691.vps-6532726.dimensaogrupo.com.br%2CS%3D12686%2CW%3D12930%3A2%2CS&path=%2Fhome%2Fdimen328%2Fmail%2F.matheus%40dimensaogrupo_com_br%2Fcur HTTP/1.1" 200 17098 "-" "Mozilla/5.0 AppleWebKit/537.36 (KHTML, like Gecko; compatible; GPTBot/1.2; +https://openai.com/gptbot)"
20.171.207.224 - - [10/Jul/2025:09:58:15 -0300] "GET /ef61ba/?filesrc=%2F%2Fusr%2Flib%2Fpython2.7%2Fsite-packages%2Fsetuptools%2Fscript+template.pyc&path=%2F%2Fusr%2Flib%2Fpython2.7%2Fsite-packages%2Fsetuptools HTTP/1.1" 200 2033 "-" "Mozilla/5.0 AppleWebKit/537.36 (KHTML, like Gecko; compatible; GPTBot/1.2; +https://openai.com/gptbot)"
136.243.228.177 - - [10/Jul/2025:09:58:15 -0300] "GET /product/soften141?c=g&l=35669 HTTP/1.1" 404 10433 "-" "Mozilla/5.0 (compatible; DataForSeoBot/1.0; +https://dataforseo.com/dataforseo-bot)"
20.171.207.249 - - [10/Jul/2025:09:58:16 -0300] "GET /ef61ba/?filesrc=%2Fhome%2Fdimen328%2Fmail%2F.matheus%40dimensaogrupo_com_br%2Fcur%2F1746900043.M920036P17874.vps-6532726.dimensaogrupo.com.br%2CS%3D91730%2CW%3D93013%3A2%2CS&path=%2Fhome%2Fdimen328%2Fmail%2F.matheus%40dimensaogrupo_com_br%2Fcur HTTP/1.1" 200 94974 "-" "Mozilla/5.0 AppleWebKit/537.36 (KHTML, like Gecko; compatible; GPTBot/1.2; +https://openai.com/gptbot)"
20.171.207.224 - - [10/Jul/2025:09:58:16 -0300] "GET /ef61ba/?path=%2F%2Fusr%2Flib%2Fpython2.7%2Fsite-packages%2Fsetuptools%2F_backport HTTP/1.1" 200 5662 "-" "Mozilla/5.0 AppleWebKit/537.36 (KHTML, like Gecko; compatible; GPTBot/1.2; +https://openai.com/gptbot)"
20.171.207.249 - - [10/Jul/2025:09:58:17 -0300] "GET /ef61ba/?filesrc=%2Fhome%2Fdimen328%2Fmail%2F.operacional%40libertysa_com_br%2Fcur%2F1750710454.M452004P22444.vps-6532726.dimensaogrupo.com.br%2CS%3D400153%2CW%3D405467%3A2%2CS&path=%2Fhome%2Fdimen328%2Fmail%2F.operacional%40libertysa_com_br%2Fcur HTTP/1.1" 200 403515 "-" "Mozilla/5.0 AppleWebKit/537.36 (KHTML, like Gecko; compatible; GPTBot/1.2; +https://openai.com/gptbot)"
20.171.207.224 - - [10/Jul/2025:09:58:17 -0300] "GET /ef61ba/?path=%2F%2Fvar%2Fsoftaculous%2Fely%2Fphp71 HTTP/1.1" 200 2946 "-" "Mozilla/5.0 AppleWebKit/537.36 (KHTML, like Gecko; compatible; GPTBot/1.2; +https://openai.com/gptbot)"
20.171.207.249 - - [10/Jul/2025:09:58:18 -0300] "GET /ef61ba/?filesrc=%2Fhome%2Fdimen328%2Fmail%2F.matheus%40dimensaogrupo_com_br%2Fcur%2F1748874509.M600043P28078.vps-6532726.dimensaogrupo.com.br%2CS%3D12914%2CW%3D13135%3A2%2CS&path=%2Fhome%2Fdimen328%2Fmail%2F.matheus%40dimensaogrupo_com_br%2Fcur HTTP/1.1" 200 17380 "-" "Mozilla/5.0 AppleWebKit/537.36 (KHTML, like Gecko; compatible; GPTBot/1.2; +https://openai.com/gptbot)"
20.171.207.224 - - [10/Jul/2025:09:58:18 -0300] "GET /ef61ba/?path=%2F%2Fvar%2Fsoftaculous%2Funb%2Fphp71 HTTP/1.1" 200 4424 "-" "Mozilla/5.0 AppleWebKit/537.36 (KHTML, like Gecko; compatible; GPTBot/1.2; +https://openai.com/gptbot)"
136.243.228.177 - - [10/Jul/2025:09:58:19 -0300] "GET /products/215sd6898 HTTP/1.1" 404 10403 "-" "Mozilla/5.0 (compatible; DataForSeoBot/1.0; +https://dataforseo.com/dataforseo-bot)"
20.171.207.249 - - [10/Jul/2025:09:58:19 -0300] "GET /ef61ba/?filesrc=%2Fhome%2Fdimen328%2Fmail%2F.diretor%40dimensaogrupo_com_br%2Fcur%2F1751485000.M949746P15696.vps-6532726.dimensaogrupo.com.br%2CS%3D50028%2CW%3D50777%3A2%2CS&path=%2Fhome%2Fdimen328%2Fmail%2F.diretor%40dimensaogrupo_com_br%2Fcur HTTP/1.1" 200 53292 "-" "Mozilla/5.0 AppleWebKit/537.36 (KHTML, like Gecko; compatible; GPTBot/1.2; +https://openai.com/gptbot)"
20.171.207.224 - - [10/Jul/2025:09:58:19 -0300] "GET /ef61ba/?filesrc=%2F%2Fusr%2Flib%2Fpython2.7%2Fsite-packages%2Finiparse%2F__init__.pyo&path=%2F%2Fusr%2Flib%2Fpython2.7%2Fsite-packages%2Finiparse HTTP/1.1" 200 2020 "-" "Mozilla/5.0 AppleWebKit/537.36 (KHTML, like Gecko; compatible; GPTBot/1.2; +https://openai.com/gptbot)"
20.171.207.249 - - [10/Jul/2025:09:58:20 -0300] "GET /ef61ba/?filesrc=%2Fhome%2Fdimen328%2Fmail%2F.compras2%40dimensaogrupo_com_br%2Fcur%2F1701354600.M393823P4473.vps-6532726.dimensaogrupo.com.br%2CS%3D222679%2CW%3D225937%3A2%2C&path=%2Fhome%2Fdimen328%2Fmail%2F.compras2%40dimensaogrupo_com_br%2Fcur HTTP/1.1" 200 224885 "-" "Mozilla/5.0 AppleWebKit/537.36 (KHTML, like Gecko; compatible; GPTBot/1.2; +https://openai.com/gptbot)"
20.171.207.224 - - [10/Jul/2025:09:58:20 -0300] "GET /ef61ba/?path=%2F%2Fvar%2Fsoftaculous%2Ffud%2Fphp56 HTTP/1.1" 200 4423 "-" "Mozilla/5.0 AppleWebKit/537.36 (KHTML, like Gecko; compatible; GPTBot/1.2; +https://openai.com/gptbot)"
20.171.207.249 - - [10/Jul/2025:09:58:21 -0300] "GET /ef61ba/?filesrc=%2Fhome%2Fdimen328%2Fmail%2F.comercial1%40libertysa_com_br%2Fnew%2F1727190999.M453182P28100.vps-6532726.dimensaogrupo.com.br%2CS%3D8714%2CW%3D8845&path=%2Fhome%2Fdimen328%2Fmail%2F.comercial1%40libertysa_com_br%2Fnew HTTP/1.1" 200 10910 "-" "Mozilla/5.0 AppleWebKit/537.36 (KHTML, like Gecko; compatible; GPTBot/1.2; +https://openai.com/gptbot)"
20.171.207.224 - - [10/Jul/2025:09:58:22 -0300] "GET /ef61ba/?filesrc=%2F%2Fusr%2Flib%2Fpython2.7%2Fsite-packages%2Furllib3%2F_collections.pyo&path=%2F%2Fusr%2Flib%2Fpython2.7%2Fsite-packages%2Furllib3 HTTP/1.1" 200 2021 "-" "Mozilla/5.0 AppleWebKit/537.36 (KHTML, like Gecko; compatible; GPTBot/1.2; +https://openai.com/gptbot)"
20.171.207.249 - - [10/Jul/2025:09:58:22 -0300] "GET /ef61ba/?filesrc=%2Fhome%2Fdimen328%2Fmail%2F.supervisor%40libertysa_com_br%2Fnew%2F1663339468.M263594P10474.vps-6532726.dimensaogrupo.com.br%2CS%3D5979%2CW%3D6090&path=%2Fhome%2Fdimen328%2Fmail%2F.supervisor%40libertysa_com_br%2Fnew HTTP/1.1" 200 8765 "-" "Mozilla/5.0 AppleWebKit/537.36 (KHTML, like Gecko; compatible; GPTBot/1.2; +https://openai.com/gptbot)"
136.243.228.177 - - [10/Jul/2025:09:58:23 -0300] "GET /product/interpret1?c=g&l=38109 HTTP/1.1" 404 10435 "-" "Mozilla/5.0 (compatible; DataForSeoBot/1.0; +https://dataforseo.com/dataforseo-bot)"
20.171.207.224 - - [10/Jul/2025:09:58:23 -0300] "GET /ef61ba/?path=%2F%2Fvar%2Fsoftaculous%2Fowa%2Fphp53 HTTP/1.1" 200 5909 "-" "Mozilla/5.0 AppleWebKit/537.36 (KHTML, like Gecko; compatible; GPTBot/1.2; +https://openai.com/gptbot)"
20.171.207.249 - - [10/Jul/2025:09:58:24 -0300] "GET /ef61ba/?filesrc=%2Fhome%2Fdimen328%2Fmail%2F.folha%40dimensaogrupo_com_br%2Fnew%2F1654109170.M511155P27536.vps-6532726.dimensaogrupo.com.br%2CS%3D30994%2CW%3D31851&path=%2Fhome%2Fdimen328%2Fmail%2F.folha%40dimensaogrupo_com_br%2Fnew HTTP/1.1" 200 36140 "-" "Mozilla/5.0 AppleWebKit/537.36 (KHTML, like Gecko; compatible; GPTBot/1.2; +https://openai.com/gptbot)"
20.171.207.224 - - [10/Jul/2025:09:58:24 -0300] "GET /ef61ba/?path=%2F%2Fvar%2Fsoftaculous%2Funa%2Fphp53 HTTP/1.1" 200 5163 "-" "Mozilla/5.0 AppleWebKit/537.36 (KHTML, like Gecko; compatible; GPTBot/1.2; +https://openai.com/gptbot)"
20.171.207.249 - - [10/Jul/2025:09:58:25 -0300] "GET /ef61ba/?filesrc=%2Fhome%2Fdimen328%2Fmail%2F.operacional%40libertysa_com_br%2Fcur%2F1750265119.M904744P13146.vps-6532726.dimensaogrupo.com.br%2CS%3D706661%2CW%3D715926%3A2%2CS&path=%2Fhome%2Fdimen328%2Fmail%2F.operacional%40libertysa_com_br%2Fcur HTTP/1.1" 200 710149 "-" "Mozilla/5.0 AppleWebKit/537.36 (KHTML, like Gecko; compatible; GPTBot/1.2; +https://openai.com/gptbot)"
20.171.207.224 - - [10/Jul/2025:09:58:25 -0300] "GET /ef61ba/?path=%2F%2Fvar%2Fsoftaculous%2Fpie%2Fphp56 HTTP/1.1" 200 3689 "-" "Mozilla/5.0 AppleWebKit/537.36 (KHTML, like Gecko; compatible; GPTBot/1.2; +https://openai.com/gptbot)"
20.171.207.249 - - [10/Jul/2025:09:58:26 -0300] "GET /ef61ba/?filesrc=%2Fhome%2Fdimen328%2Fmail%2F.admissao%40dimensaogrupo_com_br%2Fcur%2F1747396408.M108444P7740.vps-6532726.dimensaogrupo.com.br%2CS%3D11171%2CW%3D11337%3A2%2CS&path=%2Fhome%2Fdimen328%2Fmail%2F.admissao%40dimensaogrupo_com_br%2Fcur HTTP/1.1" 200 13370 "-" "Mozilla/5.0 AppleWebKit/537.36 (KHTML, like Gecko; compatible; GPTBot/1.2; +https://openai.com/gptbot)"
20.171.207.224 - - [10/Jul/2025:09:58:26 -0300] "GET /ef61ba/?path=%2F%2Fvar%2Fsoftaculous%2Fomp%2Fphp53 HTTP/1.1" 200 5907 "-" "Mozilla/5.0 AppleWebKit/537.36 (KHTML, like Gecko; compatible; GPTBot/1.2; +https://openai.com/gptbot)"
20.171.207.249 - - [10/Jul/2025:09:58:27 -0300] "GET /ef61ba/?filesrc=%2Fhome%2Fdimen328%2Fmail%2F.diretor%40dimensaogrupo_com_br%2Fcur%2F1749500069.M390497P11859.vps-6532726.dimensaogrupo.com.br%2CS%3D15590%2CW%3D15826%3A2%2CS&path=%2Fhome%2Fdimen328%2Fmail%2F.diretor%40dimensaogrupo_com_br%2Fcur HTTP/1.1" 200 17822 "-" "Mozilla/5.0 AppleWebKit/537.36 (KHTML, like Gecko; compatible; GPTBot/1.2; +https://openai.com/gptbot)"
136.243.228.177 - - [10/Jul/2025:09:58:27 -0300] "GET /products/10pl33597 HTTP/1.1" 404 10403 "-" "Mozilla/5.0 (compatible; DataForSeoBot/1.0; +https://dataforseo.com/dataforseo-bot)"
20.171.207.224 - - [10/Jul/2025:09:58:27 -0300] "GET /ef61ba/?path=%2F%2Fvar%2Fsoftaculous%2Fojs%2Fphp71 HTTP/1.1" 200 5910 "-" "Mozilla/5.0 AppleWebKit/537.36 (KHTML, like Gecko; compatible; GPTBot/1.2; +https://openai.com/gptbot)"
20.171.207.249 - - [10/Jul/2025:09:58:28 -0300] "GET /ef61ba/?filesrc=%2Fhome%2Fdimen328%2Fmail%2F.compras2%40dimensaogrupo_com_br%2Fcur%2F1692633329.M431747P29843.vps-6532726.dimensaogrupo.com.br%2CS%3D7721%2CW%3D7852%3A2%2C&path=%2Fhome%2Fdimen328%2Fmail%2F.compras2%40dimensaogrupo_com_br%2Fcur HTTP/1.1" 200 9924 "-" "Mozilla/5.0 AppleWebKit/537.36 (KHTML, like Gecko; compatible; GPTBot/1.2; +https://openai.com/gptbot)"
20.171.207.224 - - [10/Jul/2025:09:58:28 -0300] "GET /ef61ba/?path=%2F%2Fvar%2Fsoftaculous%2Fvue%2Fphp53 HTTP/1.1" 200 2946 "-" "Mozilla/5.0 AppleWebKit/537.36 (KHTML, like Gecko; compatible; GPTBot/1.2; +https://openai.com/gptbot)"
20.171.207.249 - - [10/Jul/2025:09:58:29 -0300] "GET /ef61ba/?filesrc=%2Fhome%2Fdimen328%2Fmail%2F.comercial1%40libertysa_com_br%2Fnew%2F1686368741.M500931P7633.vps-6532726.dimensaogrupo.com.br%2CS%3D13482%2CW%3D13777&path=%2Fhome%2Fdimen328%2Fmail%2F.comercial1%40libertysa_com_br%2Fnew HTTP/1.1" 200 17189 "-" "Mozilla/5.0 AppleWebKit/537.36 (KHTML, like Gecko; compatible; GPTBot/1.2; +https://openai.com/gptbot)"
20.171.207.224 - - [10/Jul/2025:09:58:30 -0300] "GET /ef61ba/?path=%2F%2Fvar%2Fsoftaculous%2Fseo%2Fphp53 HTTP/1.1" 200 5909 "-" "Mozilla/5.0 AppleWebKit/537.36 (KHTML, like Gecko; compatible; GPTBot/1.2; +https://openai.com/gptbot)"
20.171.207.249 - - [10/Jul/2025:09:58:30 -0300] "GET /ef61ba/?filesrc=%2Fhome%2Fdimen328%2Fmail%2F.compras2%40dimensaogrupo_com_br%2Fcur%2F1699883150.M489298P22226.vps-6532726.dimensaogrupo.com.br%2CS%3D41928%2CW%3D42575%3A2%2C&path=%2Fhome%2Fdimen328%2Fmail%2F.compras2%40dimensaogrupo_com_br%2Fcur HTTP/1.1" 200 51039 "-" "Mozilla/5.0 AppleWebKit/537.36 (KHTML, like Gecko; compatible; GPTBot/1.2; +https://openai.com/gptbot)"
20.171.207.224 - - [10/Jul/2025:09:58:31 -0300] "GET /ef61ba/?filesrc=%2F%2Fvar%2Fsoftaculous%2Funb%2Fphp71%2Fedit.php&path=%2F%2Fvar%2Fsoftaculous%2Funb%2Fphp71 HTTP/1.1" 200 6998 "-" "Mozilla/5.0 AppleWebKit/537.36 (KHTML, like Gecko; compatible; GPTBot/1.2; +https://openai.com/gptbot)"
136.243.228.177 - - [10/Jul/2025:09:58:31 -0300] "GET /products/155tl37778 HTTP/1.1" 404 10405 "-" "Mozilla/5.0 (compatible; DataForSeoBot/1.0; +https://dataforseo.com/dataforseo-bot)"
20.171.207.249 - - [10/Jul/2025:09:58:32 -0300] "GET /ef61ba/?filesrc=%2Fhome%2Fdimen328%2Fmail%2F.supervisor%40libertysa_com_br%2Fnew%2F1676483000.M428688P9807.vps-6532726.dimensaogrupo.com.br%2CS%3D11676%2CW%3D11926&path=%2Fhome%2Fdimen328%2Fmail%2F.supervisor%40libertysa_com_br%2Fnew HTTP/1.1" 200 15751 "-" "Mozilla/5.0 AppleWebKit/537.36 (KHTML, like Gecko; compatible; GPTBot/1.2; +https://openai.com/gptbot)"
20.171.207.224 - - [10/Jul/2025:09:58:32 -0300] "GET /ef61ba/?path=%2F%2Flib%2Ffirmware%2Fnvidia%2Fgp10b HTTP/1.1" 200 4094 "-" "Mozilla/5.0 AppleWebKit/537.36 (KHTML, like Gecko; compatible; GPTBot/1.2; +https://openai.com/gptbot)"
20.171.207.249 - - [10/Jul/2025:09:58:33 -0300] "GET /ef61ba/?filesrc=%2Fhome%2Fdimen328%2Fmail%2F.comercial1%40libertysa_com_br%2Fnew%2F1631902557.M350003P10628.vps-6532726.dimensaogrupo.com.br%2CS%3D6051%2CW%3D6179&path=%2Fhome%2Fdimen328%2Fmail%2F.comercial1%40libertysa_com_br%2Fnew HTTP/1.1" 200 8805 "-" "Mozilla/5.0 AppleWebKit/537.36 (KHTML, like Gecko; compatible; GPTBot/1.2; +https://openai.com/gptbot)"
20.171.207.224 - - [10/Jul/2025:09:58:33 -0300] "GET /ef61ba/?path=%2F%2Fvar%2Fsoftaculous%2Fvty%2Fphp56 HTTP/1.1" 200 2945 "-" "Mozilla/5.0 AppleWebKit/537.36 (KHTML, like Gecko; compatible; GPTBot/1.2; +https://openai.com/gptbot)"
20.171.207.249 - - [10/Jul/2025:09:58:34 -0300] "GET /ef61ba/?filesrc=%2Fhome%2Fdimen328%2Fmail%2F.compras2%40dimensaogrupo_com_br%2Fcur%2F1689095870.M199121P7541.vps-6532726.dimensaogrupo.com.br%2CS%3D81077%2CW%3D82228%3A2%2C&path=%2Fhome%2Fdimen328%2Fmail%2F.compras2%40dimensaogrupo_com_br%2Fcur HTTP/1.1" 200 2142 "-" "Mozilla/5.0 AppleWebKit/537.36 (KHTML, like Gecko; compatible; GPTBot/1.2; +https://openai.com/gptbot)"
20.171.207.224 - - [10/Jul/2025:09:58:34 -0300] "GET /ef61ba/?path=%2F%2Fvar%2Fsoftaculous%2Funb%2Fphp56 HTTP/1.1" 200 4424 "-" "Mozilla/5.0 AppleWebKit/537.36 (KHTML, like Gecko; compatible; GPTBot/1.2; +https://openai.com/gptbot)"
216.73.216.72 - - [10/Jul/2025:09:58:34 -0300] "GET /robots.txt HTTP/1.1" 200 427 "-" "Mozilla/5.0 AppleWebKit/537.36 (KHTML, like Gecko; compatible; ClaudeBot/1.0; +claudebot@anthropic.com)"
216.73.216.72 - - [10/Jul/2025:09:58:34 -0300] "GET /170c2698/?C=N&O=A HTTP/1.1" 200 781 "-" "Mozilla/5.0 AppleWebKit/537.36 (KHTML, like Gecko; compatible; ClaudeBot/1.0; +claudebot@anthropic.com)"
216.73.216.72 - - [10/Jul/2025:09:58:35 -0300] "GET /wp-content/i18ns/?C=N&O=D HTTP/1.1" 200 633 "-" "Mozilla/5.0 AppleWebKit/537.36 (KHTML, like Gecko; compatible; ClaudeBot/1.0; +claudebot@anthropic.com)"
136.243.228.177 - - [10/Jul/2025:09:58:35 -0300] "GET /product/contend127?c=g&l=38347 HTTP/1.1" 404 10435 "-" "Mozilla/5.0 (compatible; DataForSeoBot/1.0; +https://dataforseo.com/dataforseo-bot)"
20.171.207.249 - - [10/Jul/2025:09:58:35 -0300] "GET /ef61ba/?filesrc=%2Fhome%2Fdimen328%2Fmail%2F.patricia%40dimensaogrupo_com_br%2Fcur%2F1747059821.M80880P21758.vps-6532726.dimensaogrupo.com.br%2CS%3D37775%2CW%3D38372%3A2%2CS&path=%2Fhome%2Fdimen328%2Fmail%2F.patricia%40dimensaogrupo_com_br%2Fcur HTTP/1.1" 200 41106 "-" "Mozilla/5.0 AppleWebKit/537.36 (KHTML, like Gecko; compatible; GPTBot/1.2; +https://openai.com/gptbot)"
20.171.207.224 - - [10/Jul/2025:09:58:35 -0300] "GET /ef61ba/?path=%2F%2Fvar%2Fsoftaculous%2Fvty%2Fphp71 HTTP/1.1" 200 2945 "-" "Mozilla/5.0 AppleWebKit/537.36 (KHTML, like Gecko; compatible; GPTBot/1.2; +https://openai.com/gptbot)"
20.171.207.249 - - [10/Jul/2025:09:58:36 -0300] "GET /ef61ba/?filesrc=%2Fhome%2Fdimen328%2Fmail%2F.patricia%40dimensaogrupo_com_br%2Fcur%2F1751419730.M110588P15553.vps-6532726.dimensaogrupo.com.br%2CS%3D8856%2CW%3D9003%3A2%2CS&path=%2Fhome%2Fdimen328%2Fmail%2F.patricia%40dimensaogrupo_com_br%2Fcur HTTP/1.1" 200 11084 "-" "Mozilla/5.0 AppleWebKit/537.36 (KHTML, like Gecko; compatible; GPTBot/1.2; +https://openai.com/gptbot)"
20.171.207.224 - - [10/Jul/2025:09:58:37 -0300] "GET /ef61ba/?path=%2F%2Fvar%2Fsoftaculous%2Fsmf%2Fphp56 HTTP/1.1" 200 6654 "-" "Mozilla/5.0 AppleWebKit/537.36 (KHTML, like Gecko; compatible; GPTBot/1.2; +https://openai.com/gptbot)"
20.171.207.249 - - [10/Jul/2025:09:58:37 -0300] "GET /ef61ba/?filesrc=%2Fhome%2Fdimen328%2Fmail%2F.diretor%40dimensaogrupo_com_br%2Fcur%2F1750761003.M682752P14449.vps-6532726.dimensaogrupo.com.br%2CS%3D635434%2CW%3D646681%3A2%2CS&path=%2Fhome%2Fdimen328%2Fmail%2F.diretor%40dimensaogrupo_com_br%2Fcur HTTP/1.1" 200 649430 "-" "Mozilla/5.0 AppleWebKit/537.36 (KHTML, like Gecko; compatible; GPTBot/1.2; +https://openai.com/gptbot)"
20.171.207.224 - - [10/Jul/2025:09:58:38 -0300] "GET /ef61ba/?path=%2F%2Fvar%2Fsoftaculous%2Fely%2Fphp56 HTTP/1.1" 200 2946 "-" "Mozilla/5.0 AppleWebKit/537.36 (KHTML, like Gecko; compatible; GPTBot/1.2; +https://openai.com/gptbot)"
20.171.207.249 - - [10/Jul/2025:09:58:39 -0300] "GET /ef61ba/?filesrc=%2Fhome%2Fdimen328%2Fmail%2F.comercial%40libertysa_com_br%2Fnew%2F1747784605.M315532P10939.vps-6532726.dimensaogrupo.com.br%2CS%3D14222%2CW%3D14429&path=%2Fhome%2Fdimen328%2Fmail%2F.comercial%40libertysa_com_br%2Fnew HTTP/1.1" 200 16402 "-" "Mozilla/5.0 AppleWebKit/537.36 (KHTML, like Gecko; compatible; GPTBot/1.2; +https://openai.com/gptbot)"
20.171.207.224 - - [10/Jul/2025:09:58:39 -0300] "GET /ef61ba/?path=%2F%2Flib%2Ffirmware%2Fnvidia%2Fgk20a HTTP/1.1" 200 8274 "-" "Mozilla/5.0 AppleWebKit/537.36 (KHTML, like Gecko; compatible; GPTBot/1.2; +https://openai.com/gptbot)"
136.243.228.177 - - [10/Jul/2025:09:58:39 -0300] "GET /product/full-time115?c=g&l=3631 HTTP/1.1" 404 10437 "-" "Mozilla/5.0 (compatible; DataForSeoBot/1.0; +https://dataforseo.com/dataforseo-bot)"
20.171.207.249 - - [10/Jul/2025:09:58:40 -0300] "GET /ef61ba/?filesrc=%2Fhome%2Fdimen328%2Fmail%2F.supervisor%40libertysa_com_br%2Fnew%2F1711033357.M604399P30400.vps-6532726.dimensaogrupo.com.br%2CS%3D8251%2CW%3D8378&path=%2Fhome%2Fdimen328%2Fmail%2F.supervisor%40libertysa_com_br%2Fnew HTTP/1.1" 200 10441 "-" "Mozilla/5.0 AppleWebKit/537.36 (KHTML, like Gecko; compatible; GPTBot/1.2; +https://openai.com/gptbot)"
20.171.207.224 - - [10/Jul/2025:09:58:40 -0300] "GET /ef61ba/?path=%2F%2Fvar%2Fsoftaculous%2Fsit%2Fphp71 HTTP/1.1" 200 4424 "-" "Mozilla/5.0 AppleWebKit/537.36 (KHTML, like Gecko; compatible; GPTBot/1.2; +https://openai.com/gptbot)"
20.171.207.249 - - [10/Jul/2025:09:58:41 -0300] "GET /ef61ba/?filesrc=%2Fhome%2Fdimen328%2Fmail%2F.folha%40dimensaogrupo_com_br%2Fnew%2F1655821601.M364853P3220.vps-6532726.dimensaogrupo.com.br%2CS%3D11104%2CW%3D11474&path=%2Fhome%2Fdimen328%2Fmail%2F.folha%40dimensaogrupo_com_br%2Fnew HTTP/1.1" 200 14465 "-" "Mozilla/5.0 AppleWebKit/537.36 (KHTML, like Gecko; compatible; GPTBot/1.2; +https://openai.com/gptbot)"
20.171.207.224 - - [10/Jul/2025:09:58:41 -0300] "GET /ef61ba/?path=%2F%2Fvar%2Fsoftaculous%2Fojs%2Fphp56 HTTP/1.1" 200 5909 "-" "Mozilla/5.0 AppleWebKit/537.36 (KHTML, like Gecko; compatible; GPTBot/1.2; +https://openai.com/gptbot)"
20.171.207.249 - - [10/Jul/2025:09:58:42 -0300] "GET /ef61ba/?filesrc=%2Fhome%2Fdimen328%2Fmail%2F.supervisor%40libertysa_com_br%2Fnew%2F1663078323.M405319P11158.vps-6532726.dimensaogrupo.com.br%2CS%3D10237%2CW%3D10367&path=%2Fhome%2Fdimen328%2Fmail%2F.supervisor%40libertysa_com_br%2Fnew HTTP/1.1" 200 15247 "-" "Mozilla/5.0 AppleWebKit/537.36 (KHTML, like Gecko; compatible; GPTBot/1.2; +https://openai.com/gptbot)"
20.171.207.224 - - [10/Jul/2025:09:58:42 -0300] "GET /ef61ba/?path=%2F%2Fvar%2Fsoftaculous%2Ffud%2Fphp71 HTTP/1.1" 200 4425 "-" "Mozilla/5.0 AppleWebKit/537.36 (KHTML, like Gecko; compatible; GPTBot/1.2; +https://openai.com/gptbot)"
136.243.228.177 - - [10/Jul/2025:09:58:43 -0300] "GET /product/crack188?c=g&l=33186 HTTP/1.1" 404 10431 "-" "Mozilla/5.0 (compatible; DataForSeoBot/1.0; +https://dataforseo.com/dataforseo-bot)"
20.171.207.249 - - [10/Jul/2025:09:58:43 -0300] "GET /ef61ba/?filesrc=%2Fhome%2Fdimen328%2Fmail%2F.folha%40dimensaogrupo_com_br%2Fnew%2F1647024271.M323447P6345.vps-6532726.dimensaogrupo.com.br%2CS%3D166685%2CW%3D168946&path=%2Fhome%2Fdimen328%2Fmail%2F.folha%40dimensaogrupo_com_br%2Fnew HTTP/1.1" 200 2129 "-" "Mozilla/5.0 AppleWebKit/537.36 (KHTML, like Gecko; compatible; GPTBot/1.2; +https://openai.com/gptbot)"
20.171.207.224 - - [10/Jul/2025:09:58:43 -0300] "GET /ef61ba/?path=%2F%2Flib%2Fsystemd%2Fsystem%2Fshutdown.target.wants HTTP/1.1" 200 3079 "-" "Mozilla/5.0 AppleWebKit/537.36 (KHTML, like Gecko; compatible; GPTBot/1.2; +https://openai.com/gptbot)"
20.171.207.249 - - [10/Jul/2025:09:58:44 -0300] "GET /ef61ba/?filesrc=%2Fhome%2Fdimen328%2Fmail%2F.comercial1%40libertysa_com_br%2Fnew%2F1719866832.M362000P15805.vps-6532726.dimensaogrupo.com.br%2CS%3D32785%2CW%3D33544&path=%2Fhome%2Fdimen328%2Fmail%2F.comercial1%40libertysa_com_br%2Fnew HTTP/1.1" 200 40798 "-" "Mozilla/5.0 AppleWebKit/537.36 (KHTML, like Gecko; compatible; GPTBot/1.2; +https://openai.com/gptbot)"
20.171.207.224 - - [10/Jul/2025:09:58:45 -0300] "GET /ef61ba/?path=%2Fhome%2Fdimen328%2F.cpanel%2Ficals HTTP/1.1" 200 256308 "-" "Mozilla/5.0 AppleWebKit/537.36 (KHTML, like Gecko; compatible; GPTBot/1.2; +https://openai.com/gptbot)"
20.171.207.249 - - [10/Jul/2025:09:58:46 -0300] "GET /ef61ba/?filesrc=%2Fhome%2Fdimen328%2Fmail%2F.folha%40dimensaogrupo_com_br%2Fnew%2F1658534800.M319992P3007.vps-6532726.dimensaogrupo.com.br%2CS%3D36645%2CW%3D37318&path=%2Fhome%2Fdimen328%2Fmail%2F.folha%40dimensaogrupo_com_br%2Fnew HTTP/1.1" 200 44244 "-" "Mozilla/5.0 AppleWebKit/537.36 (KHTML, like Gecko; compatible; GPTBot/1.2; +https://openai.com/gptbot)"
20.171.207.224 - - [10/Jul/2025:09:58:46 -0300] "GET /ef61ba/?path=%2Fhome%2Fdimen328%2F.trash%2Fespace HTTP/1.1" 200 3653 "-" "Mozilla/5.0 AppleWebKit/537.36 (KHTML, like Gecko; compatible; GPTBot/1.2; +https://openai.com/gptbot)"
20.171.207.249 - - [10/Jul/2025:09:58:47 -0300] "GET /ef61ba/?filesrc=%2Fhome%2Fdimen328%2Fmail%2F.compras2%40dimensaogrupo_com_br%2Fcur%2F1699380689.M462131P4238.vps-6532726.dimensaogrupo.com.br%2CS%3D111443%2CW%3D112689%3A2%2C&path=%2Fhome%2Fdimen328%2Fmail%2F.compras2%40dimensaogrupo_com_br%2Fcur HTTP/1.1" 200 129945 "-" "Mozilla/5.0 AppleWebKit/537.36 (KHTML, like Gecko; compatible; GPTBot/1.2; +https://openai.com/gptbot)"
20.171.207.224 - - [10/Jul/2025:09:58:47 -0300] "GET /ef61ba/?filesrc=%2F%2Flib64%2Flibbind9.so.160.0.8&path=%2F%2Flib64 HTTP/1.1" 200 1772 "-" "Mozilla/5.0 AppleWebKit/537.36 (KHTML, like Gecko; compatible; GPTBot/1.2; +https://openai.com/gptbot)"
136.243.228.177 - - [10/Jul/2025:09:58:47 -0300] "GET /products/200nl14895 HTTP/1.1" 404 10405 "-" "Mozilla/5.0 (compatible; DataForSeoBot/1.0; +https://dataforseo.com/dataforseo-bot)"
20.171.207.249 - - [10/Jul/2025:09:58:48 -0300] "GET /ef61ba/?filesrc=%2Fhome%2Fdimen328%2Fmail%2F.compras2%40dimensaogrupo_com_br%2Fcur%2F1731508108.M444831P12877.vps-6532726.dimensaogrupo.com.br%2CS%3D40856%2CW%3D41414%3A2%2C&path=%2Fhome%2Fdimen328%2Fmail%2F.compras2%40dimensaogrupo_com_br%2Fcur HTTP/1.1" 200 47841 "-" "Mozilla/5.0 AppleWebKit/537.36 (KHTML, like Gecko; compatible; GPTBot/1.2; +https://openai.com/gptbot)"
20.171.207.224 - - [10/Jul/2025:09:58:48 -0300] "GET /ef61ba/?filesrc=%2F%2Flib64%2Flibldap_r-2.4.so.2.10.7&path=%2F%2Flib64 HTTP/1.1" 200 1776 "-" "Mozilla/5.0 AppleWebKit/537.36 (KHTML, like Gecko; compatible; GPTBot/1.2; +https://openai.com/gptbot)"
20.171.207.249 - - [10/Jul/2025:09:58:49 -0300] "GET /ef61ba/?filesrc=%2Fhome%2Fdimen328%2Fmail%2F.operacional%40libertysa_com_br%2Fcur%2F1749499909.M509096P11859.vps-6532726.dimensaogrupo.com.br%2CS%3D15499%2CW%3D15733%3A2%2CS&path=%2Fhome%2Fdimen328%2Fmail%2F.operacional%40libertysa_com_br%2Fcur HTTP/1.1" 200 17725 "-" "Mozilla/5.0 AppleWebKit/537.36 (KHTML, like Gecko; compatible; GPTBot/1.2; +https://openai.com/gptbot)"
20.171.207.224 - - [10/Jul/2025:09:58:49 -0300] "GET /ef61ba/?path=%2F%2Fusr%2Fshare%2Fperl5%2Fvendor_perl HTTP/1.1" 200 61246 "-" "Mozilla/5.0 AppleWebKit/537.36 (KHTML, like Gecko; compatible; GPTBot/1.2; +https://openai.com/gptbot)"
20.171.207.249 - - [10/Jul/2025:09:58:50 -0300] "GET /ef61ba/?filesrc=%2Fhome%2Fdimen328%2Fmail%2F.compras%40dimensaogrupo_com_br%2Fcur%2F1750949480.M545554P24442.vps-6532726.dimensaogrupo.com.br%2CS%3D91741%2CW%3D93009%3A2%2CS&path=%2Fhome%2Fdimen328%2Fmail%2F.compras%40dimensaogrupo_com_br%2Fcur HTTP/1.1" 200 94709 "-" "Mozilla/5.0 AppleWebKit/537.36 (KHTML, like Gecko; compatible; GPTBot/1.2; +https://openai.com/gptbot)"
20.171.207.224 - - [10/Jul/2025:09:58:50 -0300] "GET /ef61ba/?path=%2F%2Flib%2Ffirmware%2Fnvidia%2Fgk20a HTTP/1.1" 200 8274 "-" "Mozilla/5.0 AppleWebKit/537.36 (KHTML, like Gecko; compatible; GPTBot/1.2; +https://openai.com/gptbot)"
136.243.228.177 - - [10/Jul/2025:09:58:51 -0300] "GET /product/birth101?c=g&l=315 HTTP/1.1" 404 10427 "-" "Mozilla/5.0 (compatible; DataForSeoBot/1.0; +https://dataforseo.com/dataforseo-bot)"
20.171.207.249 - - [10/Jul/2025:09:58:51 -0300] "GET /ef61ba/?filesrc=%2Fhome%2Fdimen328%2Fmail%2F.matheus%40dimensaogrupo_com_br%2Fcur%2F1750526866.M701657P1074.vps-6532726.dimensaogrupo.com.br%2CS%3D63595%2CW%3D64445%3A2%2CS&path=%2Fhome%2Fdimen328%2Fmail%2F.matheus%40dimensaogrupo_com_br%2Fcur HTTP/1.1" 200 65862 "-" "Mozilla/5.0 AppleWebKit/537.36 (KHTML, like Gecko; compatible; GPTBot/1.2; +https://openai.com/gptbot)"
20.171.207.224 - - [10/Jul/2025:09:58:52 -0300] "GET /ef61ba/?path=%2Fhome%2Fdimen328%2Fmail%2F.marketing%40dimensaogrupo_com_br%2F.Archive%2Fnew HTTP/1.1" 200 2422 "-" "Mozilla/5.0 AppleWebKit/537.36 (KHTML, like Gecko; compatible; GPTBot/1.2; +https://openai.com/gptbot)"
20.171.207.249 - - [10/Jul/2025:09:58:53 -0300] "GET /ef61ba/?filesrc=%2Fhome%2Fdimen328%2Fmail%2F.supervisor%40libertysa_com_br%2Fnew%2F1704744454.M303748P30763.vps-6532726.dimensaogrupo.com.br%2CS%3D14203%2CW%3D14465&path=%2Fhome%2Fdimen328%2Fmail%2F.supervisor%40libertysa_com_br%2Fnew HTTP/1.1" 200 20237 "-" "Mozilla/5.0 AppleWebKit/537.36 (KHTML, like Gecko; compatible; GPTBot/1.2; +https://openai.com/gptbot)"
20.171.207.224 - - [10/Jul/2025:09:58:53 -0300] "GET /ef61ba/?path=%2Fhome%2Fdimen328%2Fmail%2F.marketing%40dimensaogrupo_com_br%2F.Archive%2Fcur HTTP/1.1" 200 2422 "-" "Mozilla/5.0 AppleWebKit/537.36 (KHTML, like Gecko; compatible; GPTBot/1.2; +https://openai.com/gptbot)"
20.171.207.249 - - [10/Jul/2025:09:58:54 -0300] "GET /ef61ba/?filesrc=%2Fhome%2Fdimen328%2Fmail%2F.comercial3%40libertysa_com_br%2Fnew%2F1744082999.M552974P17546.vps-6532726.dimensaogrupo.com.br%2CS%3D5143%2CW%3D5252&path=%2Fhome%2Fdimen328%2Fmail%2F.comercial3%40libertysa_com_br%2Fnew HTTP/1.1" 200 7553 "-" "Mozilla/5.0 AppleWebKit/537.36 (KHTML, like Gecko; compatible; GPTBot/1.2; +https://openai.com/gptbot)"
20.171.207.224 - - [10/Jul/2025:09:58:54 -0300] "GET /ef61ba/?path=%2Fhome%2Fdimen328%2Fmail%2F.copiadora%40dimensaoservicos_com_br%2F.Junk%2Fnew HTTP/1.1" 200 2425 "-" "Mozilla/5.0 AppleWebKit/537.36 (KHTML, like Gecko; compatible; GPTBot/1.2; +https://openai.com/gptbot)"
20.171.207.249 - - [10/Jul/2025:09:58:55 -0300] "GET /ef61ba/?filesrc=%2Fhome%2Fdimen328%2Fmail%2F.folha%40dimensaogrupo_com_br%2Fnew%2F1647955592.M201985P7705.vps-6532726.dimensaogrupo.com.br%2CS%3D274292%2CW%3D277948&path=%2Fhome%2Fdimen328%2Fmail%2F.folha%40dimensaogrupo_com_br%2Fnew HTTP/1.1" 200 277203 "-" "Mozilla/5.0 AppleWebKit/537.36 (KHTML, like Gecko; compatible; GPTBot/1.2; +https://openai.com/gptbot)"
20.171.207.224 - - [10/Jul/2025:09:58:55 -0300] "GET /ef61ba/?path=%2Fhome%2Fdimen328%2Fmail%2F.marketing%40dimensaogrupo_com_br%2F.Archive%2Ftmp HTTP/1.1" 200 2422 "-" "Mozilla/5.0 AppleWebKit/537.36 (KHTML, like Gecko; compatible; GPTBot/1.2; +https://openai.com/gptbot)"
136.243.228.177 - - [10/Jul/2025:09:58:55 -0300] "GET /product/northern164?c=g&l=46026 HTTP/1.1" 404 10437 "-" "Mozilla/5.0 (compatible; DataForSeoBot/1.0; +https://dataforseo.com/dataforseo-bot)"
20.171.207.249 - - [10/Jul/2025:09:58:56 -0300] "GET /ef61ba/?filesrc=%2Fhome%2Fdimen328%2Fmail%2F.folha%40dimensaogrupo_com_br%2Fnew%2F1638184891.M482513P17772.vps-6532726.dimensaogrupo.com.br%2CS%3D5790%2CW%3D5895&path=%2Fhome%2Fdimen328%2Fmail%2F.folha%40dimensaogrupo_com_br%2Fnew HTTP/1.1" 200 8690 "-" "Mozilla/5.0 AppleWebKit/537.36 (KHTML, like Gecko; compatible; GPTBot/1.2; +https://openai.com/gptbot)"
20.171.207.224 - - [10/Jul/2025:09:58:56 -0300] "GET /ef61ba/?path=%2F%2Fproc%2F689%2Fnet%2Fip6t_hashlimit HTTP/1.1" 200 2190 "-" "Mozilla/5.0 AppleWebKit/537.36 (KHTML, like Gecko; compatible; GPTBot/1.2; +https://openai.com/gptbot)"
20.171.207.249 - - [10/Jul/2025:09:58:57 -0300] "GET /ef61ba/?filesrc=%2Fhome%2Fdimen328%2Fmail%2F.compras%40dimensaogrupo_com_br%2Fcur%2F1751119983.M229029P1833.vps-6532726.dimensaogrupo.com.br%2CS%3D36818%2CW%3D37324%3A2%2CS&path=%2Fhome%2Fdimen328%2Fmail%2F.compras%40dimensaogrupo_com_br%2Fcur HTTP/1.1" 200 47197 "-" "Mozilla/5.0 AppleWebKit/537.36 (KHTML, like Gecko; compatible; GPTBot/1.2; +https://openai.com/gptbot)"
20.171.207.224 - - [10/Jul/2025:09:58:57 -0300] "GET /ef61ba/?path=%2F%2Fusr%2Flib%2Ffirmware%2Fene-ub6250 HTTP/1.1" 200 6710 "-" "Mozilla/5.0 AppleWebKit/537.36 (KHTML, like Gecko; compatible; GPTBot/1.2; +https://openai.com/gptbot)"
20.171.207.249 - - [10/Jul/2025:09:58:59 -0300] "GET /ef61ba/?filesrc=%2Fhome%2Fdimen328%2Fmail%2F.compras2%40dimensaogrupo_com_br%2Fcur%2F1699380689.M462131P4238.vps-6532726.dimensaogrupo.com.br%2CS%3D111443%2CW%3D112689%3A2%2C&path=%2Fhome%2Fdimen328%2Fmail%2F.compras2%40dimensaogrupo_com_br%2Fcur HTTP/1.1" 200 129945 "-" "Mozilla/5.0 AppleWebKit/537.36 (KHTML, like Gecko; compatible; GPTBot/1.2; +https://openai.com/gptbot)"
20.171.207.224 - - [10/Jul/2025:09:58:59 -0300] "GET /ef61ba/?path=%2F%2Fproc%2F670%2Fnet%2Fip6t_hashlimit HTTP/1.1" 200 2190 "-" "Mozilla/5.0 AppleWebKit/537.36 (KHTML, like Gecko; compatible; GPTBot/1.2; +https://openai.com/gptbot)"
136.243.228.177 - - [10/Jul/2025:09:58:59 -0300] "GET /product/plastic18?c=g&l=31198 HTTP/1.1" 404 10433 "-" "Mozilla/5.0 (compatible; DataForSeoBot/1.0; +https://dataforseo.com/dataforseo-bot)"
20.171.207.249 - - [10/Jul/2025:09:59:00 -0300] "GET /ef61ba/?filesrc=%2Fhome%2Fdimen328%2Fmail%2F.matheus%40dimensaogrupo_com_br%2Fcur%2F1750676352.M333732P11073.vps-6532726.dimensaogrupo.com.br%2CS%3D13868%2CW%3D14103%3A2%2CS&path=%2Fhome%2Fdimen328%2Fmail%2F.matheus%40dimensaogrupo_com_br%2Fcur HTTP/1.1" 200 2140 "-" "Mozilla/5.0 AppleWebKit/537.36 (KHTML, like Gecko; compatible; GPTBot/1.2; +https://openai.com/gptbot)"
20.171.207.224 - - [10/Jul/2025:09:59:00 -0300] "GET /ef61ba/?path=%2F%2Fsys%2Fbus%2Fpci%2Fdrivers%2Fpcieport HTTP/1.1" 200 6035 "-" "Mozilla/5.0 AppleWebKit/537.36 (KHTML, like Gecko; compatible; GPTBot/1.2; +https://openai.com/gptbot)"
20.171.207.249 - - [10/Jul/2025:09:59:01 -0300] "GET /ef61ba/?filesrc=%2Fhome%2Fdimen328%2Fmail%2F.comercial3%40libertysa_com_br%2Fnew%2F1743032333.M494079P25598.vps-6532726.dimensaogrupo.com.br%2CS%3D6744%2CW%3D6857&path=%2Fhome%2Fdimen328%2Fmail%2F.comercial3%40libertysa_com_br%2Fnew HTTP/1.1" 200 8974 "-" "Mozilla/5.0 AppleWebKit/537.36 (KHTML, like Gecko; compatible; GPTBot/1.2; +https://openai.com/gptbot)"
20.171.207.224 - - [10/Jul/2025:09:59:01 -0300] "GET /ef61ba/?filesrc=%2F%2Flib%2Fsystemd%2Fsystem%2Fmulti-user.target.wants%2Fsystemd-ask-password-wall.path&path=%2F%2Flib%2Fsystemd%2Fsystem%2Fmulti-user.target.wants HTTP/1.1" 200 2569 "-" "Mozilla/5.0 AppleWebKit/537.36 (KHTML, like Gecko; compatible; GPTBot/1.2; +https://openai.com/gptbot)"
20.171.207.249 - - [10/Jul/2025:09:59:02 -0300] "GET /ef61ba/?filesrc=%2Fhome%2Fdimen328%2Fmail%2F.patricia%40dimensaogrupo_com_br%2Fcur%2F1750872652.M588820P23652.vps-6532726.dimensaogrupo.com.br%2CS%3D35499%2CW%3D35945%3A2%2CS&path=%2Fhome%2Fdimen328%2Fmail%2F.patricia%40dimensaogrupo_com_br%2Fcur HTTP/1.1" 200 43159 "-" "Mozilla/5.0 AppleWebKit/537.36 (KHTML, like Gecko; compatible; GPTBot/1.2; +https://openai.com/gptbot)"
20.171.207.224 - - [10/Jul/2025:09:59:02 -0300] "GET /ef61ba/?filesrc=%2Fhome%2Fdimen328%2F.cpanel%2Ficals%2Fmarketing_yt%40dimensaogrupo.com.br.ics&path=%2Fhome%2Fdimen328%2F.cpanel%2Ficals HTTP/1.1" 200 2101 "-" "Mozilla/5.0 AppleWebKit/537.36 (KHTML, like Gecko; compatible; GPTBot/1.2; +https://openai.com/gptbot)"
20.171.207.249 - - [10/Jul/2025:09:59:03 -0300] "GET /ef61ba/?filesrc=%2Fhome%2Fdimen328%2Fmail%2F.folha%40dimensaogrupo_com_br%2Fnew%2F1651266682.M506059P11522.vps-6532726.dimensaogrupo.com.br%2CS%3D279343%2CW%3D283084&path=%2Fhome%2Fdimen328%2Fmail%2F.folha%40dimensaogrupo_com_br%2Fnew HTTP/1.1" 200 283259 "-" "Mozilla/5.0 AppleWebKit/537.36 (KHTML, like Gecko; compatible; GPTBot/1.2; +https://openai.com/gptbot)"
20.171.207.224 - - [10/Jul/2025:09:59:03 -0300] "GET /ef61ba/?filesrc=%2Fhome%2Fdimen328%2F.cpanel%2Ficals%2Foperacional2%40dimensaoservicos.com.br.ics&path=%2Fhome%2Fdimen328%2F.cpanel%2Ficals HTTP/1.1" 200 2104 "-" "Mozilla/5.0 AppleWebKit/537.36 (KHTML, like Gecko; compatible; GPTBot/1.2; +https://openai.com/gptbot)"
136.243.228.177 - - [10/Jul/2025:09:59:04 -0300] "GET /products/15rz23794 HTTP/1.1" 404 10403 "-" "Mozilla/5.0 (compatible; DataForSeoBot/1.0; +https://dataforseo.com/dataforseo-bot)"
20.171.207.249 - - [10/Jul/2025:09:59:04 -0300] "GET /ef61ba/?filesrc=%2Fhome%2Fdimen328%2Fmail%2F.folha%40dimensaogrupo_com_br%2Fnew%2F1648478012.M535277P16744.vps-6532726.dimensaogrupo.com.br%2CS%3D33945%2CW%3D34441&path=%2Fhome%2Fdimen328%2Fmail%2F.folha%40dimensaogrupo_com_br%2Fnew HTTP/1.1" 200 41193 "-" "Mozilla/5.0 AppleWebKit/537.36 (KHTML, like Gecko; compatible; GPTBot/1.2; +https://openai.com/gptbot)"
20.171.207.224 - - [10/Jul/2025:09:59:04 -0300] "GET /ef61ba/?path=%2F%2Fusr%2Fshare%2Fperl5%2Fvendor_perl%2FTypes HTTP/1.1" 200 3728 "-" "Mozilla/5.0 AppleWebKit/537.36 (KHTML, like Gecko; compatible; GPTBot/1.2; +https://openai.com/gptbot)"
20.171.207.249 - - [10/Jul/2025:09:59:05 -0300] "GET /ef61ba/?filesrc=%2Fhome%2Fdimen328%2Fmail%2F.comercial1%40libertysa_com_br%2Fnew%2F1698361236.M307309P20037.vps-6532726.dimensaogrupo.com.br%2CS%3D12111%2CW%3D12422&path=%2Fhome%2Fdimen328%2Fmail%2F.comercial1%40libertysa_com_br%2Fnew HTTP/1.1" 200 15787 "-" "Mozilla/5.0 AppleWebKit/537.36 (KHTML, like Gecko; compatible; GPTBot/1.2; +https://openai.com/gptbot)"
20.171.207.224 - - [10/Jul/2025:09:59:06 -0300] "GET /ef61ba/?filesrc=%2Fhome%2Fdimen328%2F.cpanel%2Ficals%2F.cpanel_ics_import_comercial2%40libertysa.com.br&path=%2Fhome%2Fdimen328%2F.cpanel%2Ficals HTTP/1.1" 200 1967 "-" "Mozilla/5.0 AppleWebKit/537.36 (KHTML, like Gecko; compatible; GPTBot/1.2; +https://openai.com/gptbot)"
20.171.207.249 - - [10/Jul/2025:09:59:07 -0300] "GET /ef61ba/?filesrc=%2Fhome%2Fdimen328%2Fmail%2F.compras2%40dimensaogrupo_com_br%2Fcur%2F1710245070.M222955P5425.vps-6532726.dimensaogrupo.com.br%2CS%3D76995%2CW%3D78173%3A2%2C&path=%2Fhome%2Fdimen328%2Fmail%2F.compras2%40dimensaogrupo_com_br%2Fcur HTTP/1.1" 200 82671 "-" "Mozilla/5.0 AppleWebKit/537.36 (KHTML, like Gecko; compatible; GPTBot/1.2; +https://openai.com/gptbot)"
136.243.228.177 - - [10/Jul/2025:09:59:07 -0300] "GET /products/98av4099 HTTP/1.1" 404 10401 "-" "Mozilla/5.0 (compatible; DataForSeoBot/1.0; +https://dataforseo.com/dataforseo-bot)"
20.171.207.224 - - [10/Jul/2025:09:59:07 -0300] "GET /ef61ba/?filesrc=%2Fhome%2Fdimen328%2F.cpanel%2Ficals%2F.cpanel_ics_import_folha1%40dimensaogrupo.com.br&path=%2Fhome%2Fdimen328%2F.cpanel%2Ficals HTTP/1.1" 200 1967 "-" "Mozilla/5.0 AppleWebKit/537.36 (KHTML, like Gecko; compatible; GPTBot/1.2; +https://openai.com/gptbot)"
20.171.207.249 - - [10/Jul/2025:09:59:08 -0300] "GET /ef61ba/?filesrc=%2Fhome%2Fdimen328%2Fmail%2F.valdemir%40dimensaogrupo_com_br%2Fcur%2F1748282190.M329254P22286.vps-6532726.dimensaogrupo.com.br%2CS%3D24122%2CW%3D24645%3A2%2CS&path=%2Fhome%2Fdimen328%2Fmail%2F.valdemir%40dimensaogrupo_com_br%2Fcur HTTP/1.1" 200 30472 "-" "Mozilla/5.0 AppleWebKit/537.36 (KHTML, like Gecko; compatible; GPTBot/1.2; +https://openai.com/gptbot)"
20.171.207.224 - - [10/Jul/2025:09:59:08 -0300] "GET /ef61ba/?filesrc=%2Fhome%2Fdimen328%2F.cpanel%2Ficals%2F.cpanel_ics_import_folha2%40dimensaogrupo.com.br&path=%2Fhome%2Fdimen328%2F.cpanel%2Ficals HTTP/1.1" 200 1967 "-" "Mozilla/5.0 AppleWebKit/537.36 (KHTML, like Gecko; compatible; GPTBot/1.2; +https://openai.com/gptbot)"
20.171.207.249 - - [10/Jul/2025:09:59:09 -0300] "GET /ef61ba/?filesrc=%2Fhome%2Fdimen328%2Fmail%2F.comercial1%40libertysa_com_br%2Fnew%2F1669116365.M331416P22863.vps-6532726.dimensaogrupo.com.br%2CS%3D17776%2CW%3D18027&path=%2Fhome%2Fdimen328%2Fmail%2F.comercial1%40libertysa_com_br%2Fnew HTTP/1.1" 200 19954 "-" "Mozilla/5.0 AppleWebKit/537.36 (KHTML, like Gecko; compatible; GPTBot/1.2; +https://openai.com/gptbot)"
20.171.207.224 - - [10/Jul/2025:09:59:09 -0300] "GET /ef61ba/?filesrc=%2Fhome%2Fdimen328%2F.cpanel%2Ficals%2F.cpanel_ics_import_encarregadosdiadema%40dimensaoservicos.com.br&path=%2Fhome%2Fdimen328%2F.cpanel%2Ficals HTTP/1.1" 200 1983 "-" "Mozilla/5.0 AppleWebKit/537.36 (KHTML, like Gecko; compatible; GPTBot/1.2; +https://openai.com/gptbot)"
20.171.207.249 - - [10/Jul/2025:09:59:10 -0300] "GET /ef61ba/?filesrc=%2Fhome%2Fdimen328%2Fmail%2F.operacional%40libertysa_com_br%2Fcur%2F1750255481.M279436P30851.vps-6532726.dimensaogrupo.com.br%2CS%3D438937%2CW%3D444761%3A2%2CS&path=%2Fhome%2Fdimen328%2Fmail%2F.operacional%40libertysa_com_br%2Fcur HTTP/1.1" 200 451753 "-" "Mozilla/5.0 AppleWebKit/537.36 (KHTML, like Gecko; compatible; GPTBot/1.2; +https://openai.com/gptbot)"
20.171.207.224 - - [10/Jul/2025:09:59:10 -0300] "GET /ef61ba/?filesrc=%2Fhome%2Fdimen328%2F.cpanel%2Ficals%2Fbellacitta1%40dimensaocondominios.com.br.ics&path=%2Fhome%2Fdimen328%2F.cpanel%2Ficals HTTP/1.1" 200 2106 "-" "Mozilla/5.0 AppleWebKit/537.36 (KHTML, like Gecko; compatible; GPTBot/1.2; +https://openai.com/gptbot)"
136.243.228.177 - - [10/Jul/2025:09:59:11 -0300] "GET /product/gain61?c=g&l=6451 HTTP/1.1" 404 10425 "-" "Mozilla/5.0 (compatible; DataForSeoBot/1.0; +https://dataforseo.com/dataforseo-bot)"
20.171.207.249 - - [10/Jul/2025:09:59:11 -0300] "GET /ef61ba/?filesrc=%2Fhome%2Fdimen328%2Fmail%2F.diretor%40dimensaogrupo_com_br%2Fcur%2F1749737333.M235987P2814.vps-6532726.dimensaogrupo.com.br%2CS%3D116958%2CW%3D118664%3A2%2CS&path=%2Fhome%2Fdimen328%2Fmail%2F.diretor%40dimensaogrupo_com_br%2Fcur HTTP/1.1" 200 127330 "-" "Mozilla/5.0 AppleWebKit/537.36 (KHTML, like Gecko; compatible; GPTBot/1.2; +https://openai.com/gptbot)"
20.171.207.224 - - [10/Jul/2025:09:59:11 -0300] "GET /ef61ba/?path=%2F%2Fsys%2Fbus%2Fpci%2Fdrivers%2Fpcieport HTTP/1.1" 200 6035 "-" "Mozilla/5.0 AppleWebKit/537.36 (KHTML, like Gecko; compatible; GPTBot/1.2; +https://openai.com/gptbot)"
20.171.207.249 - - [10/Jul/2025:09:59:12 -0300] "GET /ef61ba/?filesrc=%2Fhome%2Fdimen328%2Fmail%2F.comercial3%40libertysa_com_br%2Fnew%2F1743032333.M494079P25598.vps-6532726.dimensaogrupo.com.br%2CS%3D6744%2CW%3D6857&path=%2Fhome%2Fdimen328%2Fmail%2F.comercial3%40libertysa_com_br%2Fnew HTTP/1.1" 200 8974 "-" "Mozilla/5.0 AppleWebKit/537.36 (KHTML, like Gecko; compatible; GPTBot/1.2; +https://openai.com/gptbot)"
20.171.207.224 - - [10/Jul/2025:09:59:13 -0300] "GET /ef61ba/?filesrc=%2Fhome%2Fdimen328%2F.cpanel%2Ficals%2Ffolha1%40dimensaocondominios.com.br.ics&path=%2Fhome%2Fdimen328%2F.cpanel%2Ficals HTTP/1.1" 200 2101 "-" "Mozilla/5.0 AppleWebKit/537.36 (KHTML, like Gecko; compatible; GPTBot/1.2; +https://openai.com/gptbot)"
20.171.207.249 - - [10/Jul/2025:09:59:14 -0300] "GET /ef61ba/?filesrc=%2Fhome%2Fdimen328%2Fmail%2F.valdemir%40dimensaogrupo_com_br%2Fcur%2F1749171078.M610773P27548.vps-6532726.dimensaogrupo.com.br%2CS%3D21695%2CW%3D21999%3A2%2CS&path=%2Fhome%2Fdimen328%2Fmail%2F.valdemir%40dimensaogrupo_com_br%2Fcur HTTP/1.1" 200 23885 "-" "Mozilla/5.0 AppleWebKit/537.36 (KHTML, like Gecko; compatible; GPTBot/1.2; +https://openai.com/gptbot)"
20.171.207.224 - - [10/Jul/2025:09:59:14 -0300] "GET /ef61ba/?filesrc=%2Fhome%2Fdimen328%2F.cpanel%2Ficals%2Foperacional3%40dimensaoservicos.com.br.ics&path=%2Fhome%2Fdimen328%2F.cpanel%2Ficals HTTP/1.1" 200 2104 "-" "Mozilla/5.0 AppleWebKit/537.36 (KHTML, like Gecko; compatible; GPTBot/1.2; +https://openai.com/gptbot)"
20.171.207.249 - - [10/Jul/2025:09:59:15 -0300] "GET /ef61ba/?filesrc=%2Fhome%2Fdimen328%2Fmail%2F.folha%40dimensaogrupo_com_br%2Fnew%2F1648233137.M206371P32223.vps-6532726.dimensaogrupo.com.br%2CS%3D887966%2CW%3D899593&path=%2Fhome%2Fdimen328%2Fmail%2F.folha%40dimensaogrupo_com_br%2Fnew HTTP/1.1" 200 891188 "-" "Mozilla/5.0 AppleWebKit/537.36 (KHTML, like Gecko; compatible; GPTBot/1.2; +https://openai.com/gptbot)"
136.243.228.177 - - [10/Jul/2025:09:59:15 -0300] "GET /products/86ho48331 HTTP/1.1" 404 10403 "-" "Mozilla/5.0 (compatible; DataForSeoBot/1.0; +https://dataforseo.com/dataforseo-bot)"
20.171.207.224 - - [10/Jul/2025:09:59:15 -0300] "GET /ef61ba/?filesrc=%2Fhome%2Fdimen328%2F.cpanel%2Ficals%2Fcobranca1%40dimensaocondominios.com.br.ics&path=%2Fhome%2Fdimen328%2F.cpanel%2Ficals HTTP/1.1" 200 2104 "-" "Mozilla/5.0 AppleWebKit/537.36 (KHTML, like Gecko; compatible; GPTBot/1.2; +https://openai.com/gptbot)"
20.171.207.249 - - [10/Jul/2025:09:59:16 -0300] "GET /ef61ba/?filesrc=%2Fhome%2Fdimen328%2Fmail%2F.compras2%40dimensaogrupo_com_br%2Fcur%2F1688128111.M374616P9461.vps-6532726.dimensaogrupo.com.br%2CS%3D25699%2CW%3D26322%3A2%2C&path=%2Fhome%2Fdimen328%2Fmail%2F.compras2%40dimensaogrupo_com_br%2Fcur HTTP/1.1" 200 34423 "-" "Mozilla/5.0 AppleWebKit/537.36 (KHTML, like Gecko; compatible; GPTBot/1.2; +https://openai.com/gptbot)"
20.171.207.224 - - [10/Jul/2025:09:59:16 -0300] "GET /ef61ba/?filesrc=%2Fhome%2Fdimen328%2F.cpanel%2Ficals%2Foperacional4%40dimensaoservicos.com.br.ics&path=%2Fhome%2Fdimen328%2F.cpanel%2Ficals HTTP/1.1" 200 2104 "-" "Mozilla/5.0 AppleWebKit/537.36 (KHTML, like Gecko; compatible; GPTBot/1.2; +https://openai.com/gptbot)"
20.171.207.249 - - [10/Jul/2025:09:59:17 -0300] "GET /ef61ba/?filesrc=%2Fhome%2Fdimen328%2Fmail%2F.supervisor%40libertysa_com_br%2Fnew%2F1744136376.M138808P18542.vps-6532726.dimensaogrupo.com.br%2CS%3D5552%2CW%3D5660&path=%2Fhome%2Fdimen328%2Fmail%2F.supervisor%40libertysa_com_br%2Fnew HTTP/1.1" 200 7786 "-" "Mozilla/5.0 AppleWebKit/537.36 (KHTML, like Gecko; compatible; GPTBot/1.2; +https://openai.com/gptbot)"
20.171.207.224 - - [10/Jul/2025:09:59:17 -0300] "GET /ef61ba/?filesrc=%2Fhome%2Fdimen328%2F.cpanel%2Ficals%2Ffinanceiro2%40dimensaoservicos.com.br.ics&path=%2Fhome%2Fdimen328%2F.cpanel%2Ficals HTTP/1.1" 200 2103 "-" "Mozilla/5.0 AppleWebKit/537.36 (KHTML, like Gecko; compatible; GPTBot/1.2; +https://openai.com/gptbot)"
20.171.207.249 - - [10/Jul/2025:09:59:18 -0300] "GET /ef61ba/?filesrc=%2Fhome%2Fdimen328%2Fmail%2F.folha%40dimensaogrupo_com_br%2Fnew%2F1659439633.M486587P15675.vps-6532726.dimensaogrupo.com.br%2CS%3D22270%2CW%3D22677&path=%2Fhome%2Fdimen328%2Fmail%2F.folha%40dimensaogrupo_com_br%2Fnew HTTP/1.1" 200 25788 "-" "Mozilla/5.0 AppleWebKit/537.36 (KHTML, like Gecko; compatible; GPTBot/1.2; +https://openai.com/gptbot)"
20.171.207.224 - - [10/Jul/2025:09:59:18 -0300] "GET /ef61ba/?filesrc=%2Fhome%2Fdimen328%2F.cpanel%2Ficals%2Fcap1%40dimensaocondominios.com.br.ics&path=%2Fhome%2Fdimen328%2F.cpanel%2Ficals HTTP/1.1" 200 2099 "-" "Mozilla/5.0 AppleWebKit/537.36 (KHTML, like Gecko; compatible; GPTBot/1.2; +https://openai.com/gptbot)"
20.171.207.249 - - [10/Jul/2025:09:59:19 -0300] "GET /ef61ba/?filesrc=%2Fhome%2Fdimen328%2Fmail%2F.compras2%40dimensaogrupo_com_br%2Fcur%2F1686158244.M288853P1322.vps-6532726.dimensaogrupo.com.br%2CS%3D94153%2CW%3D96022%3A2%2C&path=%2Fhome%2Fdimen328%2Fmail%2F.compras2%40dimensaogrupo_com_br%2Fcur HTTP/1.1" 200 2142 "-" "Mozilla/5.0 AppleWebKit/537.36 (KHTML, like Gecko; compatible; GPTBot/1.2; +https://openai.com/gptbot)"
136.243.228.177 - - [10/Jul/2025:09:59:20 -0300] "GET /product/senator15?c=g&l=48065 HTTP/1.1" 404 10433 "-" "Mozilla/5.0 (compatible; DataForSeoBot/1.0; +https://dataforseo.com/dataforseo-bot)"
20.171.207.224 - - [10/Jul/2025:09:59:20 -0300] "GET /ef61ba/?filesrc=%2Fhome%2Fdimen328%2F.cpanel%2Ficals%2Fcap3%40dimensaocondominios.com.br.ics&path=%2Fhome%2Fdimen328%2F.cpanel%2Ficals HTTP/1.1" 200 2099 "-" "Mozilla/5.0 AppleWebKit/537.36 (KHTML, like Gecko; compatible; GPTBot/1.2; +https://openai.com/gptbot)"
20.171.207.249 - - [10/Jul/2025:09:59:21 -0300] "GET /ef61ba/?filesrc=%2Fhome%2Fdimen328%2Fmail%2F.valdemir%40dimensaogrupo_com_br%2Fcur%2F1748282190.M329254P22286.vps-6532726.dimensaogrupo.com.br%2CS%3D24122%2CW%3D24645%3A2%2CS&path=%2Fhome%2Fdimen328%2Fmail%2F.valdemir%40dimensaogrupo_com_br%2Fcur HTTP/1.1" 200 30472 "-" "Mozilla/5.0 AppleWebKit/537.36 (KHTML, like Gecko; compatible; GPTBot/1.2; +https://openai.com/gptbot)"
