20.171.207.249 - - [10/Jul/2025:09:46:00 -0300] "GET /ef61ba/?path=%2F%2Flib%2Fmodules%2F3.10.0-1160.119.1.el7.tuxcare.els19.x86_64%2Fkernel%2Fdrivers%2Fcrypto%2Fqat%2Fqat_c3xxxvf HTTP/1.1" 200 3781 "-" "Mozilla/5.0 AppleWebKit/537.36 (KHTML, like Gecko; compatible; GPTBot/1.2; +https://openai.com/gptbot)"
20.171.207.224 - - [10/Jul/2025:09:46:00 -0300] "GET /ef61ba/?path=%2F%2Fvar%2Flib%2Fyum%2Fyumdb%2Fg%2F66f9fee9b05a55ca0db3a547658d951fa0223af6-gd-progs-2.0.35-27.el7_9-x86_64 HTTP/1.1" 200 18768 "-" "Mozilla/5.0 AppleWebKit/537.36 (KHTML, like Gecko; compatible; GPTBot/1.2; +https://openai.com/gptbot)"
20.171.207.249 - - [10/Jul/2025:09:46:01 -0300] "GET /ef61ba/?path=%2F%2Fusr%2Flib%2Fmodules%2F3.10.0-1160.119.1.el7.tuxcare.els19.x86_64%2Fkernel%2Fdrivers%2Fcrypto%2Fqat%2Fqat_c3xxxvf HTTP/1.1" 200 3859 "-" "Mozilla/5.0 AppleWebKit/537.36 (KHTML, like Gecko; compatible; GPTBot/1.2; +https://openai.com/gptbot)"
20.171.207.224 - - [10/Jul/2025:09:46:02 -0300] "GET /ef61ba/?path=%2F%2Fvar%2Flib%2Fyum%2Fyumdb%2Fe%2F78711627c4ab8c095bd5d301a505538bf5447a00-els-define-1-1.0.4.el7-x86_64 HTTP/1.1" 200 17633 "-" "Mozilla/5.0 AppleWebKit/537.36 (KHTML, like Gecko; compatible; GPTBot/1.2; +https://openai.com/gptbot)"
20.171.207.249 - - [10/Jul/2025:09:46:02 -0300] "GET /ef61ba/?path=%2F%2Fusr%2Flib%2Fmodules%2F3.10.0-1160.119.1.el7.tuxcare.els17.x86_64%2Fkernel%2Fdrivers%2Fcrypto%2Fqat%2Fqat_c3xxxvf HTTP/1.1" 200 3859 "-" "Mozilla/5.0 AppleWebKit/537.36 (KHTML, like Gecko; compatible; GPTBot/1.2; +https://openai.com/gptbot)"
20.171.207.224 - - [10/Jul/2025:09:46:03 -0300] "GET /ef61ba/?path=%2F%2Fvar%2Flib%2Fyum%2Fyumdb%2Fg%2F74ce37b99c82953976110edd1ecf5c83b9be3e92-gpm-libs-1.20.7-6.el7-x86_64 HTTP/1.1" 200 11453 "-" "Mozilla/5.0 AppleWebKit/537.36 (KHTML, like Gecko; compatible; GPTBot/1.2; +https://openai.com/gptbot)"
136.243.228.177 - - [10/Jul/2025:09:46:03 -0300] "GET /product/regulatory54?c=g&l=38018 HTTP/1.1" 404 10439 "-" "Mozilla/5.0 (compatible; DataForSeoBot/1.0; +https://dataforseo.com/dataforseo-bot)"
20.171.207.249 - - [10/Jul/2025:09:46:03 -0300] "GET /ef61ba/?path=%2F%2Flib%2Fmodules%2F3.10.0-1160.119.1.el7.tuxcare.els20.x86_64%2Fkernel%2Fdrivers%2Fcrypto%2Fqat%2Fqat_c3xxx HTTP/1.1" 200 3761 "-" "Mozilla/5.0 AppleWebKit/537.36 (KHTML, like Gecko; compatible; GPTBot/1.2; +https://openai.com/gptbot)"
20.171.207.224 - - [10/Jul/2025:09:46:04 -0300] "GET /ef61ba/?path=%2F%2Fvar%2Flib%2Fyum%2Fyumdb%2Fg%2F2150681c0d97e2ebcd9c0fb26284b32f1c6146c5-gettext-libs-0.19.8.1-3.el7-x86_64 HTTP/1.1" 200 11681 "-" "Mozilla/5.0 AppleWebKit/537.36 (KHTML, like Gecko; compatible; GPTBot/1.2; +https://openai.com/gptbot)"
20.171.207.249 - - [10/Jul/2025:09:46:04 -0300] "GET /ef61ba/?path=%2F%2Flib%2Fmodules%2F3.10.0-1160.119.1.el7.tuxcare.els21.x86_64%2Fkernel%2Fdrivers%2Fcrypto%2Fqat%2Fqat_c3xxx HTTP/1.1" 200 3761 "-" "Mozilla/5.0 AppleWebKit/537.36 (KHTML, like Gecko; compatible; GPTBot/1.2; +https://openai.com/gptbot)"
20.171.207.224 - - [10/Jul/2025:09:46:05 -0300] "GET /ef61ba/?path=%2F%2Fvar%2Flib%2Fyum%2Fyumdb%2Fe%2F86cbe7350afd18502ff32bc03b0c9484833f4441-ea-php71-php-mbstring-7.1.33-18.19.28.cpanel-x86_64 HTTP/1.1" 200 20088 "-" "Mozilla/5.0 AppleWebKit/537.36 (KHTML, like Gecko; compatible; GPTBot/1.2; +https://openai.com/gptbot)"
20.171.207.249 - - [10/Jul/2025:09:46:06 -0300] "GET /ef61ba/?path=%2F%2Fusr%2Fshare%2Fdoc%2Fcpanel-php81-xml-serializer-0.21.0%2Fexamples HTTP/1.1" 200 28262 "-" "Mozilla/5.0 AppleWebKit/537.36 (KHTML, like Gecko; compatible; GPTBot/1.2; +https://openai.com/gptbot)"
20.171.207.224 - - [10/Jul/2025:09:46:06 -0300] "GET /ef61ba/?path=%2F%2Fvar%2Flib%2Fyum%2Fyumdb%2Fe%2F2a5c4563d8ff0222a1493d618a1049cbcdfd4cd2-ea-php73-php-mbstring-7.3.33-13.17.21.cpanel-x86_64 HTTP/1.1" 200 20088 "-" "Mozilla/5.0 AppleWebKit/537.36 (KHTML, like Gecko; compatible; GPTBot/1.2; +https://openai.com/gptbot)"
136.243.228.177 - - [10/Jul/2025:09:46:07 -0300] "GET /products/212bl2131 HTTP/1.1" 404 10403 "-" "Mozilla/5.0 (compatible; DataForSeoBot/1.0; +https://dataforseo.com/dataforseo-bot)"
20.171.207.249 - - [10/Jul/2025:09:46:07 -0300] "GET /ef61ba/?path=%2F%2Fproc%2Fself%2Froot%2Flib%2Fdebug%2F.dwz HTTP/1.1" 200 3174 "-" "Mozilla/5.0 AppleWebKit/537.36 (KHTML, like Gecko; compatible; GPTBot/1.2; +https://openai.com/gptbot)"
20.171.207.224 - - [10/Jul/2025:09:46:07 -0300] "GET /ef61ba/?path=%2F%2Fvar%2Flib%2Fyum%2Fyumdb%2Fm%2Fc3188f15fbabeb17f1458bc2427fc169c89c41bd-mesa-libEGL-18.3.4-12.el7_9-x86_64 HTTP/1.1" 200 18965 "-" "Mozilla/5.0 AppleWebKit/537.36 (KHTML, like Gecko; compatible; GPTBot/1.2; +https://openai.com/gptbot)"
20.171.207.249 - - [10/Jul/2025:09:46:08 -0300] "GET /ef61ba/?filesrc=%2F%2Flib64%2Flibcap-ng.so.0&path=%2F%2Flib64 HTTP/1.1" 200 1767 "-" "Mozilla/5.0 AppleWebKit/537.36 (KHTML, like Gecko; compatible; GPTBot/1.2; +https://openai.com/gptbot)"
20.171.207.224 - - [10/Jul/2025:09:46:08 -0300] "GET /ef61ba/?path=%2F%2Fvar%2Flib%2Fyum%2Fyumdb%2Fg%2F5f0df5f9341db0d98170478e2d8168742da4caea-grub2-pc-modules-2.02-0.87.0.2.el7.centos.14.tuxcare.els6-noarch HTTP/1.1" 200 20946 "-" "Mozilla/5.0 AppleWebKit/537.36 (KHTML, like Gecko; compatible; GPTBot/1.2; +https://openai.com/gptbot)"
20.171.207.249 - - [10/Jul/2025:09:46:09 -0300] "GET /product/information1?c=g&l=8565 HTTP/1.1" 404 10437 "-" "Mozilla/5.0 AppleWebKit/537.36 (KHTML, like Gecko; compatible; GPTBot/1.2; +https://openai.com/gptbot)"
20.171.207.224 - - [10/Jul/2025:09:46:10 -0300] "GET /ef61ba/?path=%2F%2Fvar%2Flib%2Fyum%2Fyumdb%2Fe%2Fdd63e0ead4e2540cbd2912d89b8761bded8ab4e4-ea-apache24-mod_unique_id-2.4.63-2.6.2.cpanel-x86_64 HTTP/1.1" 200 20155 "-" "Mozilla/5.0 AppleWebKit/537.36 (KHTML, like Gecko; compatible; GPTBot/1.2; +https://openai.com/gptbot)"
20.171.207.249 - - [10/Jul/2025:09:46:10 -0300] "GET /product/demographic5?c=g&l=6357 HTTP/1.1" 404 10437 "-" "Mozilla/5.0 AppleWebKit/537.36 (KHTML, like Gecko; compatible; GPTBot/1.2; +https://openai.com/gptbot)"
20.171.207.224 - - [10/Jul/2025:09:46:11 -0300] "GET /ef61ba/?path=%2F%2Fvar%2Flib%2Fyum%2Fyumdb%2Fe%2F6f1ddb1f6ec9c50b55d1a637aa8a86de1ef25d22-ea-ruby24-rubygem-openssl-2.0.9-22.26.6.cpanel-x86_64 HTTP/1.1" 200 20221 "-" "Mozilla/5.0 AppleWebKit/537.36 (KHTML, like Gecko; compatible; GPTBot/1.2; +https://openai.com/gptbot)"
136.243.228.177 - - [10/Jul/2025:09:46:11 -0300] "GET /product/Mrs256?c=g&l=42240 HTTP/1.1" 404 10427 "-" "Mozilla/5.0 (compatible; DataForSeoBot/1.0; +https://dataforseo.com/dataforseo-bot)"
20.171.207.249 - - [10/Jul/2025:09:46:12 -0300] "GET /ef61ba/?path=%2F%2Flib%2Fmodules%2F3.10.0-1160.119.1.el7.tuxcare.els19.x86_64%2Fkernel%2Fdrivers%2Fcrypto%2Fqat%2Fqat_c3xxxvf HTTP/1.1" 200 3781 "-" "Mozilla/5.0 AppleWebKit/537.36 (KHTML, like Gecko; compatible; GPTBot/1.2; +https://openai.com/gptbot)"
20.171.207.224 - - [10/Jul/2025:09:46:12 -0300] "GET /ef61ba/?path=%2F%2Fvar%2Flib%2Fyum%2Fyumdb%2Fm%2F3166efab300f8c6eb4b814ec1081f8db2f6b7866-m4-1.4.16-10.el7-x86_64 HTTP/1.1" 200 17261 "-" "Mozilla/5.0 AppleWebKit/537.36 (KHTML, like Gecko; compatible; GPTBot/1.2; +https://openai.com/gptbot)"
20.171.207.249 - - [10/Jul/2025:09:46:13 -0300] "GET /ef61ba/?path=%2F%2Fvar%2Fsoftaculous%2Fsmf20%2Fphp53 HTTP/1.1" 200 5955 "-" "Mozilla/5.0 AppleWebKit/537.36 (KHTML, like Gecko; compatible; GPTBot/1.2; +https://openai.com/gptbot)"
20.171.207.224 - - [10/Jul/2025:09:46:13 -0300] "GET /ef61ba/?path=%2F%2Fvar%2Flib%2Fyum%2Fyumdb%2Fe%2F37e78d63d722d3d322fd9267bf546d3a18d654ef-ea-php73-7.3.33-2.7.1.cpanel-x86_64 HTTP/1.1" 200 19033 "-" "Mozilla/5.0 AppleWebKit/537.36 (KHTML, like Gecko; compatible; GPTBot/1.2; +https://openai.com/gptbot)"
20.171.207.249 - - [10/Jul/2025:09:46:14 -0300] "GET /ef61ba/?path=%2F%2Fsys%2Fbus%2Facpi%2Fdevices%2FPNP0B00%3A00%2Fphysical_node%2Fdriver HTTP/1.1" 200 5686 "-" "Mozilla/5.0 AppleWebKit/537.36 (KHTML, like Gecko; compatible; GPTBot/1.2; +https://openai.com/gptbot)"
20.171.207.224 - - [10/Jul/2025:09:46:14 -0300] "GET /ef61ba/?path=%2F%2Fvar%2Flib%2Fyum%2Fyumdb%2Fe%2Febcb336ba6f4d58a766faf196b2b1cc8bf3a721f-ea-php71-7.1.33-6.6.4.cpanel-x86_64 HTTP/1.1" 200 19033 "-" "Mozilla/5.0 AppleWebKit/537.36 (KHTML, like Gecko; compatible; GPTBot/1.2; +https://openai.com/gptbot)"
20.171.207.249 - - [10/Jul/2025:09:46:15 -0300] "GET /ef61ba/?path=%2F%2Fsys%2Fbus%2Facpi%2Fdevices%2FPNP0501%3A01%2Fphysical_node%2Fdriver HTTP/1.1" 200 6409 "-" "Mozilla/5.0 AppleWebKit/537.36 (KHTML, like Gecko; compatible; GPTBot/1.2; +https://openai.com/gptbot)"
20.171.207.224 - - [10/Jul/2025:09:46:15 -0300] "GET /ef61ba/?path=%2F%2Fvar%2Flib%2Fyum%2Fyumdb%2Fe%2Fdae5d2713310ef173373bf1ff3f12f14aadf0e71-ea-apache24-2.4.63-2.6.2.cpanel-x86_64 HTTP/1.1" 200 19231 "-" "Mozilla/5.0 AppleWebKit/537.36 (KHTML, like Gecko; compatible; GPTBot/1.2; +https://openai.com/gptbot)"
136.243.228.177 - - [10/Jul/2025:09:46:16 -0300] "GET /products/276ge37459 HTTP/1.1" 404 10405 "-" "Mozilla/5.0 (compatible; DataForSeoBot/1.0; +https://dataforseo.com/dataforseo-bot)"
20.171.207.249 - - [10/Jul/2025:09:46:16 -0300] "GET /ef61ba/?path=%2F%2Fopt%2Fimunify360%2Fvenv%2Flib%2Fpython3.11%2Fsite-packages%2Fbabel HTTP/1.1" 200 16557 "-" "Mozilla/5.0 AppleWebKit/537.36 (KHTML, like Gecko; compatible; GPTBot/1.2; +https://openai.com/gptbot)"
20.171.207.224 - - [10/Jul/2025:09:46:16 -0300] "GET /ef61ba/?path=%2F%2Fvar%2Flib%2Fyum%2Fyumdb%2Fe%2Ffa3242bf246560a7df9d7e93fbf5b75f72ffdeaa-ea-apache24-mod_mpm_event-2.4.63-2.6.2.cpanel-x86_64 HTTP/1.1" 200 20155 "-" "Mozilla/5.0 AppleWebKit/537.36 (KHTML, like Gecko; compatible; GPTBot/1.2; +https://openai.com/gptbot)"
20.171.207.249 - - [10/Jul/2025:09:46:18 -0300] "GET /ef61ba/?path=%2F%2Fsys%2Fbus%2Facpi%2Fdevices%2FPNP0501%3A00%2Fphysical_node%2Fdriver HTTP/1.1" 200 6409 "-" "Mozilla/5.0 AppleWebKit/537.36 (KHTML, like Gecko; compatible; GPTBot/1.2; +https://openai.com/gptbot)"
20.171.207.224 - - [10/Jul/2025:09:46:18 -0300] "GET /ef61ba/?path=%2F%2Fvar%2Flib%2Fyum%2Fyumdb%2Fg%2F56ade85695c0f6ee9252470c2790da8dcedc36c2-glibc-devel-2.17-326.el7_9.3.tuxcare.els1-x86_64 HTTP/1.1" 200 19890 "-" "Mozilla/5.0 AppleWebKit/537.36 (KHTML, like Gecko; compatible; GPTBot/1.2; +https://openai.com/gptbot)"
20.171.207.249 - - [10/Jul/2025:09:46:19 -0300] "GET /ef61ba/?path=%2F%2Fsys%2Fbus%2Facpi%2Fdevices%2FPNP0303%3A00%2Fphysical_node%2Fdriver HTTP/1.1" 200 5686 "-" "Mozilla/5.0 AppleWebKit/537.36 (KHTML, like Gecko; compatible; GPTBot/1.2; +https://openai.com/gptbot)"
20.171.207.224 - - [10/Jul/2025:09:46:19 -0300] "GET /ef61ba/?filesrc=%2F%2Fvar%2Flib%2Fyum%2Fyumdb%2Fe%2F86cbe7350afd18502ff32bc03b0c9484833f4441-ea-php71-php-mbstring-7.1.33-18.19.28.cpanel-x86_64%2Fchanged_by&path=%2F%2Fvar%2Flib%2Fyum%2Fyumdb%2Fe%2F86cbe7350afd18502ff32bc03b0c9484833f4441-ea-php71-php-mbstring-7.1.33-18.19.28.cpanel-x86_64 HTTP/1.1" 200 2257 "-" "Mozilla/5.0 AppleWebKit/537.36 (KHTML, like Gecko; compatible; GPTBot/1.2; +https://openai.com/gptbot)"
136.243.228.177 - - [10/Jul/2025:09:46:20 -0300] "GET /products/172jh7143 HTTP/1.1" 404 10403 "-" "Mozilla/5.0 (compatible; DataForSeoBot/1.0; +https://dataforseo.com/dataforseo-bot)"
20.171.207.249 - - [10/Jul/2025:09:46:20 -0300] "GET /ef61ba/?path=%2F%2Fsys%2Fbus%2Facpi%2Fdevices%2FACPI0010%3A00%2Fphysical_node%2Fpower HTTP/1.1" 200 10204 "-" "Mozilla/5.0 AppleWebKit/537.36 (KHTML, like Gecko; compatible; GPTBot/1.2; +https://openai.com/gptbot)"
20.171.207.224 - - [10/Jul/2025:09:46:20 -0300] "GET /ef61ba/?path=%2F%2Fvar%2Flib%2Fyum%2Fyumdb%2Fe%2Ffd13972bbdd8596f990fbb40a2e4d9eedd74966b-eig-wpinstall-1.0.0-95-noarch HTTP/1.1" 200 17626 "-" "Mozilla/5.0 AppleWebKit/537.36 (KHTML, like Gecko; compatible; GPTBot/1.2; +https://openai.com/gptbot)"
20.171.207.249 - - [10/Jul/2025:09:46:21 -0300] "GET /ef61ba/?path=%2F%2Fopt%2Fimunify360%2Fvenv%2Flib%2Fpython3.11%2Fsite-packages%2Fclick HTTP/1.1" 200 17866 "-" "Mozilla/5.0 AppleWebKit/537.36 (KHTML, like Gecko; compatible; GPTBot/1.2; +https://openai.com/gptbot)"
20.171.207.224 - - [10/Jul/2025:09:46:21 -0300] "GET /ef61ba/?path=%2F%2Fvar%2Flib%2Fyum%2Fyumdb%2Fg%2F957ce67867268cf565d3cd958f2a235eadb8053d-glibc-static-2.17-326.el7_9.3.tuxcare.els1-x86_64 HTTP/1.1" 200 19957 "-" "Mozilla/5.0 AppleWebKit/537.36 (KHTML, like Gecko; compatible; GPTBot/1.2; +https://openai.com/gptbot)"
20.171.207.249 - - [10/Jul/2025:09:46:22 -0300] "GET /ef61ba/?path=%2F%2Fopt%2Fimunify360%2Fvenv%2Flib%2Fpython3.11%2Fsite-packages%2Fattrs HTTP/1.1" 200 10091 "-" "Mozilla/5.0 AppleWebKit/537.36 (KHTML, like Gecko; compatible; GPTBot/1.2; +https://openai.com/gptbot)"
20.171.207.224 - - [10/Jul/2025:09:46:22 -0300] "GET /ef61ba/?path=%2F%2Fvar%2Flib%2Fyum%2Fyumdb%2Fm%2F98abeae2a1c1f429d2415441162d0af078a6f7dd-microcode_ctl-2.1-73.22.el7_9.tuxcare.els1-x86_64 HTTP/1.1" 200 19956 "-" "Mozilla/5.0 AppleWebKit/537.36 (KHTML, like Gecko; compatible; GPTBot/1.2; +https://openai.com/gptbot)"
20.171.207.249 - - [10/Jul/2025:09:46:23 -0300] "GET /ef61ba/?path=%2F%2Fsys%2Fbus%2Facpi%2Fdevices%2FPNP0F13%3A00%2Fphysical_node%2Fdriver HTTP/1.1" 200 5686 "-" "Mozilla/5.0 AppleWebKit/537.36 (KHTML, like Gecko; compatible; GPTBot/1.2; +https://openai.com/gptbot)"
20.171.207.224 - - [10/Jul/2025:09:46:23 -0300] "GET /ef61ba/?path=%2F%2Fvar%2Flib%2Fyum%2Fyumdb%2Fg%2Fccf8ad476617fd889ca89a9b28d330e250b895e0-glibc-headers-2.17-326.el7_9.3.tuxcare.els1-x86_64 HTTP/1.1" 200 20023 "-" "Mozilla/5.0 AppleWebKit/537.36 (KHTML, like Gecko; compatible; GPTBot/1.2; +https://openai.com/gptbot)"
136.243.228.177 - - [10/Jul/2025:09:46:24 -0300] "GET /products/88ny6027 HTTP/1.1" 404 10401 "-" "Mozilla/5.0 (compatible; DataForSeoBot/1.0; +https://dataforseo.com/dataforseo-bot)"
20.171.207.249 - - [10/Jul/2025:09:46:24 -0300] "GET /ef61ba/?path=%2F%2Flib%2Fdracut%2Fmodules.d%2F98systemd HTTP/1.1" 200 35598 "-" "Mozilla/5.0 AppleWebKit/537.36 (KHTML, like Gecko; compatible; GPTBot/1.2; +https://openai.com/gptbot)"
20.171.207.224 - - [10/Jul/2025:09:46:25 -0300] "GET /ef61ba/?path=%2F%2Fvar%2Flib%2Fyum%2Fyumdb%2Fe%2F72754f33f346dc072836a6ab13146aba10c5d997-ea-ruby24-rubygem-rdoc-5.0.1-22.26.6.cpanel-noarch HTTP/1.1" 200 20022 "-" "Mozilla/5.0 AppleWebKit/537.36 (KHTML, like Gecko; compatible; GPTBot/1.2; +https://openai.com/gptbot)"
20.171.207.249 - - [10/Jul/2025:09:46:26 -0300] "GET /ef61ba/?path=%2F%2Fsys%2Fmodule%2Fcrc_t10dif%2Fholders HTTP/1.1" 200 2862 "-" "Mozilla/5.0 AppleWebKit/537.36 (KHTML, like Gecko; compatible; GPTBot/1.2; +https://openai.com/gptbot)"
20.171.207.224 - - [10/Jul/2025:09:46:26 -0300] "GET /ef61ba/?path=%2F%2Fvar%2Flib%2Fyum%2Fyumdb%2Fe%2F9a42ffd1df3842e0081678c885d02d4791b038d0-ea-ruby24-rubygems-2.6.14.4-22.26.6.cpanel-noarch HTTP/1.1" 200 19957 "-" "Mozilla/5.0 AppleWebKit/537.36 (KHTML, like Gecko; compatible; GPTBot/1.2; +https://openai.com/gptbot)"
136.243.228.177 - - [10/Jul/2025:09:46:27 -0300] "GET /product/lack115?c=g&l=13251 HTTP/1.1" 404 10429 "-" "Mozilla/5.0 (compatible; DataForSeoBot/1.0; +https://dataforseo.com/dataforseo-bot)"
20.171.207.249 - - [10/Jul/2025:09:46:27 -0300] "GET /ef61ba/?path=%2F%2Fsys%2Fbus%2Facpi%2Fdevices%2FPNP0501%3A01%2Fphysical_node%2Fdriver HTTP/1.1" 200 6409 "-" "Mozilla/5.0 AppleWebKit/537.36 (KHTML, like Gecko; compatible; GPTBot/1.2; +https://openai.com/gptbot)"
20.171.207.224 - - [10/Jul/2025:09:46:27 -0300] "GET /ef61ba/?path=%2F%2Fvar%2Flib%2Fyum%2Fyumdb%2Fe%2Fdae5d2713310ef173373bf1ff3f12f14aadf0e71-ea-apache24-2.4.63-2.6.2.cpanel-x86_64 HTTP/1.1" 200 19231 "-" "Mozilla/5.0 AppleWebKit/537.36 (KHTML, like Gecko; compatible; GPTBot/1.2; +https://openai.com/gptbot)"
20.171.207.249 - - [10/Jul/2025:09:46:28 -0300] "GET /ef61ba/?path=%2F%2Fsys%2Fbus%2Facpi%2Fdevices%2FPNP0501%3A01%2Fphysical_node%2Fdriver%2F00%3A04 HTTP/1.1" 200 9659 "-" "Mozilla/5.0 AppleWebKit/537.36 (KHTML, like Gecko; compatible; GPTBot/1.2; +https://openai.com/gptbot)"
20.171.207.224 - - [10/Jul/2025:09:46:28 -0300] "GET /ef61ba/?path=%2F%2Fvar%2Flib%2Fyum%2Fyumdb%2Fg%2F1a403feca75d857c4778cd8cc1cd76298d875394-glibc-common-2.17-326.el7_9.3.tuxcare.els1-x86_64 HTTP/1.1" 200 19956 "-" "Mozilla/5.0 AppleWebKit/537.36 (KHTML, like Gecko; compatible; GPTBot/1.2; +https://openai.com/gptbot)"
20.171.207.249 - - [10/Jul/2025:09:46:29 -0300] "GET /ef61ba/?path=%2F%2Fsys%2Fbus%2Facpi%2Fdevices%2FPNP0501%3A01%2Fphysical_node%2Fdriver%2F00%3A05 HTTP/1.1" 200 9659 "-" "Mozilla/5.0 AppleWebKit/537.36 (KHTML, like Gecko; compatible; GPTBot/1.2; +https://openai.com/gptbot)"
20.171.207.224 - - [10/Jul/2025:09:46:29 -0300] "GET /ef61ba/?path=%2F%2Fvar%2Flib%2Fyum%2Fyumdb%2Fe%2F93bf88d3adbbfed2da69c929a89d789e333c838e-ea-php72-php-sockets-7.2.34-10.12.28.cpanel-x86_64 HTTP/1.1" 200 20023 "-" "Mozilla/5.0 AppleWebKit/537.36 (KHTML, like Gecko; compatible; GPTBot/1.2; +https://openai.com/gptbot)"
20.171.207.249 - - [10/Jul/2025:09:46:30 -0300] "GET /ef61ba/?path=%2F%2Fopt%2Fimunify360%2Fvenv%2Flib%2Fpython3.11%2Fsite-packages%2Fbabel%2F__pycache__ HTTP/1.1" 200 13058 "-" "Mozilla/5.0 AppleWebKit/537.36 (KHTML, like Gecko; compatible; GPTBot/1.2; +https://openai.com/gptbot)"
20.171.207.224 - - [10/Jul/2025:09:46:30 -0300] "GET /ef61ba/?path=%2F%2Fvar%2Flib%2Fyum%2Fyumdb%2Fe%2F38166fea9777be1c094487470993faf3ad3be5ac-ea-php73-php-mysqlnd-7.3.33-13.17.21.cpanel-x86_64 HTTP/1.1" 200 20023 "-" "Mozilla/5.0 AppleWebKit/537.36 (KHTML, like Gecko; compatible; GPTBot/1.2; +https://openai.com/gptbot)"
136.243.228.177 - - [10/Jul/2025:09:46:31 -0300] "GET /product/fraction256?c=g&l=1776 HTTP/1.1" 404 10435 "-" "Mozilla/5.0 (compatible; DataForSeoBot/1.0; +https://dataforseo.com/dataforseo-bot)"
20.171.207.249 - - [10/Jul/2025:09:46:31 -0300] "GET /ef61ba/?path=%2F%2Fsys%2Fbus%2Facpi%2Fdevices%2FPNP0303%3A00%2Fphysical_node%2Fdriver HTTP/1.1" 200 5686 "-" "Mozilla/5.0 AppleWebKit/537.36 (KHTML, like Gecko; compatible; GPTBot/1.2; +https://openai.com/gptbot)"
20.171.207.224 - - [10/Jul/2025:09:46:32 -0300] "GET /ef61ba/?path=%2F%2Fvar%2Flib%2Fyum%2Fyumdb%2Fe%2Fb203f67f24de2ac0c30ddb3928dae8213488841e-ea-php70-php-pspell-7.0.33-27.28.28.cpanel-x86_64 HTTP/1.1" 200 19957 "-" "Mozilla/5.0 AppleWebKit/537.36 (KHTML, like Gecko; compatible; GPTBot/1.2; +https://openai.com/gptbot)"
20.171.207.249 - - [10/Jul/2025:09:46:33 -0300] "GET /ef61ba/?path=%2F%2Fsys%2Fbus%2Facpi%2Fdevices%2FPNP0501%3A00%2Fphysical_node%2Fdriver%2F00%3A05 HTTP/1.1" 200 9659 "-" "Mozilla/5.0 AppleWebKit/537.36 (KHTML, like Gecko; compatible; GPTBot/1.2; +https://openai.com/gptbot)"
20.171.207.224 - - [10/Jul/2025:09:46:33 -0300] "GET /ef61ba/?path=%2F%2Fvar%2Flib%2Fyum%2Fyumdb%2Fe%2F7c669321f95b39f33139928201b4111ee601b3fa-ea-php73-php-enchant-7.3.33-13.17.21.cpanel-x86_64 HTTP/1.1" 200 20023 "-" "Mozilla/5.0 AppleWebKit/537.36 (KHTML, like Gecko; compatible; GPTBot/1.2; +https://openai.com/gptbot)"
20.171.207.249 - - [10/Jul/2025:09:46:34 -0300] "GET /ef61ba/?path=%2F%2Fsys%2Fbus%2Facpi%2Fdevices%2FPNP0303%3A00%2Fphysical_node%2Fdriver%2F00%3A01 HTTP/1.1" 200 8926 "-" "Mozilla/5.0 AppleWebKit/537.36 (KHTML, like Gecko; compatible; GPTBot/1.2; +https://openai.com/gptbot)"
20.171.207.224 - - [10/Jul/2025:09:46:34 -0300] "GET /ef61ba/?path=%2F%2Fvar%2Flib%2Fyum%2Fyumdb%2Fe%2F19aa6eee7b2ddb5ef584fd25f4e7e3ab9ce8990b-ea-php72-php-opcache-7.2.34-10.12.28.cpanel-x86_64 HTTP/1.1" 200 20023 "-" "Mozilla/5.0 AppleWebKit/537.36 (KHTML, like Gecko; compatible; GPTBot/1.2; +https://openai.com/gptbot)"
20.171.207.249 - - [10/Jul/2025:09:46:35 -0300] "GET /ef61ba/?path=%2F%2Fsys%2Fbus%2Facpi%2Fdevices%2FPNP0501%3A00%2Fphysical_node%2Fdriver%2F00%3A04 HTTP/1.1" 200 9659 "-" "Mozilla/5.0 AppleWebKit/537.36 (KHTML, like Gecko; compatible; GPTBot/1.2; +https://openai.com/gptbot)"
136.243.228.177 - - [10/Jul/2025:09:46:35 -0300] "GET /product/entitle65?c=g&l=49527 HTTP/1.1" 404 10433 "-" "Mozilla/5.0 (compatible; DataForSeoBot/1.0; +https://dataforseo.com/dataforseo-bot)"
20.171.207.224 - - [10/Jul/2025:09:46:35 -0300] "GET /ef61ba/?path=%2F%2Fvar%2Flib%2Fyum%2Fyumdb%2Fe%2Ffb0d8d365258a2737c9879f79ddb77b4111493a0-ea-php56-php-mysqlnd-5.6.40-23.25.28.cpanel-x86_64 HTTP/1.1" 200 20023 "-" "Mozilla/5.0 AppleWebKit/537.36 (KHTML, like Gecko; compatible; GPTBot/1.2; +https://openai.com/gptbot)"
20.171.207.249 - - [10/Jul/2025:09:46:36 -0300] "GET /ef61ba/?path=%2F%2Fopt%2Fimunify360%2Fvenv%2Flib%2Fpython3.11%2Fsite-packages%2Fclick%2F__pycache__ HTTP/1.1" 200 17966 "-" "Mozilla/5.0 AppleWebKit/537.36 (KHTML, like Gecko; compatible; GPTBot/1.2; +https://openai.com/gptbot)"
20.171.207.224 - - [10/Jul/2025:09:46:36 -0300] "GET /ef61ba/?path=%2F%2Fvar%2Flib%2Fyum%2Fyumdb%2Fe%2F36985754c3cc67775625d564f68efb5983400827-ea-php56-php-gd-5.6.40-23.25.28.cpanel-x86_64 HTTP/1.1" 200 19693 "-" "Mozilla/5.0 AppleWebKit/537.36 (KHTML, like Gecko; compatible; GPTBot/1.2; +https://openai.com/gptbot)"
20.171.207.249 - - [10/Jul/2025:09:46:37 -0300] "GET /ef61ba/?path=%2F%2Fsys%2Fbus%2Facpi%2Fdevices%2FPNP0F13%3A00%2Fphysical_node%2Fdriver%2F00%3A02 HTTP/1.1" 200 8926 "-" "Mozilla/5.0 AppleWebKit/537.36 (KHTML, like Gecko; compatible; GPTBot/1.2; +https://openai.com/gptbot)"
20.171.207.224 - - [10/Jul/2025:09:46:37 -0300] "GET /ef61ba/?path=%2F%2Fvar%2Flib%2Fyum%2Fyumdb%2Fe%2Fc3b9a412bb48cb3bafe3181cdf6c1111fe903aa4-ea-php74-php-gd-7.4.33-13.18.20.cpanel-x86_64 HTTP/1.1" 200 19693 "-" "Mozilla/5.0 AppleWebKit/537.36 (KHTML, like Gecko; compatible; GPTBot/1.2; +https://openai.com/gptbot)"
20.171.207.249 - - [10/Jul/2025:09:46:38 -0300] "GET /ef61ba/?path=%2F%2Fopt%2Fimunify360%2Fvenv%2Flib%2Fpython3.11%2Fsite-packages%2Fattrs%2F__pycache__ HTTP/1.1" 200 8325 "-" "Mozilla/5.0 AppleWebKit/537.36 (KHTML, like Gecko; compatible; GPTBot/1.2; +https://openai.com/gptbot)"
20.171.207.224 - - [10/Jul/2025:09:46:39 -0300] "GET /ef61ba/?filesrc=%2F%2Fvar%2Flib%2Fyum%2Fyumdb%2Fe%2F72754f33f346dc072836a6ab13146aba10c5d997-ea-ruby24-rubygem-rdoc-5.0.1-22.26.6.cpanel-noarch%2Fvar_infra&path=%2F%2Fvar%2Flib%2Fyum%2Fyumdb%2Fe%2F72754f33f346dc072836a6ab13146aba10c5d997-ea-ruby24-rubygem-rdoc-5.0.1-22.26.6.cpanel-noarch HTTP/1.1" 200 2257 "-" "Mozilla/5.0 AppleWebKit/537.36 (KHTML, like Gecko; compatible; GPTBot/1.2; +https://openai.com/gptbot)"
136.243.228.177 - - [10/Jul/2025:09:46:39 -0300] "GET /products/18ql10073 HTTP/1.1" 404 10403 "-" "Mozilla/5.0 (compatible; DataForSeoBot/1.0; +https://dataforseo.com/dataforseo-bot)"
20.171.207.249 - - [10/Jul/2025:09:46:40 -0300] "GET /ef61ba/?path=%2F%2Fsys%2Fmodule%2Fcrc_t10dif%2Fholders%2Fsd_mod HTTP/1.1" 200 10536 "-" "Mozilla/5.0 AppleWebKit/537.36 (KHTML, like Gecko; compatible; GPTBot/1.2; +https://openai.com/gptbot)"
20.171.207.224 - - [10/Jul/2025:09:46:40 -0300] "GET /ef61ba/?path=%2F%2Fvar%2Flib%2Fyum%2Fyumdb%2Fe%2Fd5444963884a6b4d7c23d9137495222d8f7d1e2c-ea-php74-php-ftp-7.4.33-13.18.20.cpanel-x86_64 HTTP/1.1" 200 19759 "-" "Mozilla/5.0 AppleWebKit/537.36 (KHTML, like Gecko; compatible; GPTBot/1.2; +https://openai.com/gptbot)"
20.171.207.249 - - [10/Jul/2025:09:46:41 -0300] "GET /ef61ba/?path=%2F%2Fsys%2Fbus%2Facpi%2Fdevices%2FPNP0501%3A01%2Fphysical_node%2Fdriver%2F00%3A04%2Ftty HTTP/1.1" 200 3332 "-" "Mozilla/5.0 AppleWebKit/537.36 (KHTML, like Gecko; compatible; GPTBot/1.2; +https://openai.com/gptbot)"
20.171.207.224 - - [10/Jul/2025:09:46:41 -0300] "GET /ef61ba/?path=%2F%2Fvar%2Flib%2Fyum%2Fyumdb%2Fe%2F3338d791c6c6d00fa4d230c45490c08d69d79a16-ea-php74-php-dba-7.4.33-13.18.20.cpanel-x86_64 HTTP/1.1" 200 19759 "-" "Mozilla/5.0 AppleWebKit/537.36 (KHTML, like Gecko; compatible; GPTBot/1.2; +https://openai.com/gptbot)"
20.171.207.249 - - [10/Jul/2025:09:46:42 -0300] "GET /ef61ba/?path=%2F%2Fsys%2Fbus%2Facpi%2Fdevices%2FPNP0501%3A01%2Fphysical_node%2Fdriver%2F00%3A05%2Ftty HTTP/1.1" 200 3332 "-" "Mozilla/5.0 AppleWebKit/537.36 (KHTML, like Gecko; compatible; GPTBot/1.2; +https://openai.com/gptbot)"
20.171.207.224 - - [10/Jul/2025:09:46:42 -0300] "GET /ef61ba/?path=%2F%2Fvar%2Flib%2Fyum%2Fyumdb%2Fe%2F13d0e000b49a9e34841b735467b94222515dec52-ea-php71-php-bz2-7.1.33-18.19.28.cpanel-x86_64 HTTP/1.1" 200 19759 "-" "Mozilla/5.0 AppleWebKit/537.36 (KHTML, like Gecko; compatible; GPTBot/1.2; +https://openai.com/gptbot)"
66.249.75.134 - - [10/Jul/2025:09:46:43 -0300] "GET /products/230uj4499 HTTP/1.1" 404 10403 "-" "Mozilla/5.0 (Linux; Android 6.0.1; Nexus 5X Build/MMB29P) AppleWebKit/537.36 (KHTML, like Gecko) Chrome/137.0.7151.103 Mobile Safari/537.36 (compatible; Googlebot/2.1; +http://www.google.com/bot.html)"
20.171.207.249 - - [10/Jul/2025:09:46:43 -0300] "GET /ef61ba/?path=%2F%2Fproc%2Fself%2Froot%2Fsys%2Fdevices%2Fkprobe HTTP/1.1" 200 6650 "-" "Mozilla/5.0 AppleWebKit/537.36 (KHTML, like Gecko; compatible; GPTBot/1.2; +https://openai.com/gptbot)"
20.171.207.224 - - [10/Jul/2025:09:46:43 -0300] "GET /ef61ba/?path=%2F%2Fvar%2Flib%2Fyum%2Fyumdb%2Fe%2Fea9993c59cab785558939946b73c4fd02ddb1256-ea-php70-php-devel-7.0.33-27.28.28.cpanel-x86_64 HTTP/1.1" 200 19891 "-" "Mozilla/5.0 AppleWebKit/537.36 (KHTML, like Gecko; compatible; GPTBot/1.2; +https://openai.com/gptbot)"
136.243.228.177 - - [10/Jul/2025:09:46:43 -0300] "GET /products/24kv117 HTTP/1.1" 404 10399 "-" "Mozilla/5.0 (compatible; DataForSeoBot/1.0; +https://dataforseo.com/dataforseo-bot)"
20.171.207.249 - - [10/Jul/2025:09:46:44 -0300] "GET /ef61ba/?path=%2F%2Fproc%2Fself%2Froot%2Fsys%2Fmodule%2Facpiphp HTTP/1.1" 200 3760 "-" "Mozilla/5.0 AppleWebKit/537.36 (KHTML, like Gecko; compatible; GPTBot/1.2; +https://openai.com/gptbot)"
20.171.207.224 - - [10/Jul/2025:09:46:44 -0300] "GET /ef61ba/?path=%2F%2Fvar%2Flib%2Fyum%2Fyumdb%2Fe%2F7fbf62f86b66ba24c3deeef4040e8b39307e6c37-ea-php56-php-intl-5.6.40-23.25.28.cpanel-x86_64 HTTP/1.1" 200 19825 "-" "Mozilla/5.0 AppleWebKit/537.36 (KHTML, like Gecko; compatible; GPTBot/1.2; +https://openai.com/gptbot)"
20.171.207.249 - - [10/Jul/2025:09:46:45 -0300] "GET /ef61ba/?path=%2F%2Fsys%2Fbus%2Facpi%2Fdevices%2FPNP0501%3A00%2Fphysical_node%2Fdriver%2F00%3A05%2Ftty HTTP/1.1" 200 3332 "-" "Mozilla/5.0 AppleWebKit/537.36 (KHTML, like Gecko; compatible; GPTBot/1.2; +https://openai.com/gptbot)"
20.171.207.224 - - [10/Jul/2025:09:46:46 -0300] "GET /ef61ba/?path=%2F%2Fvar%2Flib%2Fyum%2Fyumdb%2Fe%2F46d766df750d986ba0384ee1dddc50fe9e0dffba-ea-php73-php-posix-7.3.33-13.17.21.cpanel-x86_64 HTTP/1.1" 200 19891 "-" "Mozilla/5.0 AppleWebKit/537.36 (KHTML, like Gecko; compatible; GPTBot/1.2; +https://openai.com/gptbot)"
20.171.207.249 - - [10/Jul/2025:09:46:47 -0300] "GET /ef61ba/?filesrc=%2F%2Fbin%2Flibpng15-config&path=%2F%2Fbin HTTP/1.1" 200 4345 "-" "Mozilla/5.0 AppleWebKit/537.36 (KHTML, like Gecko; compatible; GPTBot/1.2; +https://openai.com/gptbot)"
136.243.228.177 - - [10/Jul/2025:09:46:47 -0300] "GET /products/271en49520 HTTP/1.1" 404 10405 "-" "Mozilla/5.0 (compatible; DataForSeoBot/1.0; +https://dataforseo.com/dataforseo-bot)"
20.171.207.224 - - [10/Jul/2025:09:46:47 -0300] "GET /ef61ba/?path=%2F%2Fvar%2Flib%2Fyum%2Fyumdb%2Fe%2F576a02f0273d9c2aab3333b518f6154e2f299031-ea-php72-php-tidy-7.2.34-10.12.28.cpanel-x86_64 HTTP/1.1" 200 19825 "-" "Mozilla/5.0 AppleWebKit/537.36 (KHTML, like Gecko; compatible; GPTBot/1.2; +https://openai.com/gptbot)"
20.171.207.249 - - [10/Jul/2025:09:46:48 -0300] "GET /ef61ba/?filesrc=%2F%2Fopt%2Fimunify360%2Fvenv%2Flib%2Fpython3.11%2Fsite-packages%2Fclick%2F__pycache__%2Fcore.cpython-311.pyc&path=%2F%2Fopt%2Fimunify360%2Fvenv%2Flib%2Fpython3.11%2Fsite-packages%2Fclick%2F__pycache__ HTTP/1.1" 200 2312 "-" "Mozilla/5.0 AppleWebKit/537.36 (KHTML, like Gecko; compatible; GPTBot/1.2; +https://openai.com/gptbot)"
20.171.207.224 - - [10/Jul/2025:09:46:48 -0300] "GET /ef61ba/?path=%2F%2Fvar%2Flib%2Fyum%2Fyumdb%2Fe%2Fbbbfcbf12638a6542332472e17c201794e4380d1-ea-php56-php-pgsql-5.6.40-23.25.28.cpanel-x86_64 HTTP/1.1" 200 19891 "-" "Mozilla/5.0 AppleWebKit/537.36 (KHTML, like Gecko; compatible; GPTBot/1.2; +https://openai.com/gptbot)"
20.171.207.249 - - [10/Jul/2025:09:46:49 -0300] "GET /ef61ba/?path=%2F%2Fsys%2Fbus%2Facpi%2Fdevices%2FPNP0501%3A00%2Fphysical_node%2Fdriver%2F00%3A04%2Ftty HTTP/1.1" 200 3332 "-" "Mozilla/5.0 AppleWebKit/537.36 (KHTML, like Gecko; compatible; GPTBot/1.2; +https://openai.com/gptbot)"
20.171.207.224 - - [10/Jul/2025:09:46:49 -0300] "GET /ef61ba/?path=%2F%2Fvar%2Flib%2Fyum%2Fyumdb%2Fe%2Fb6591a1a5ac4715e57b548741ae234698556660b-ea-php74-php-gmp-7.4.33-13.18.20.cpanel-x86_64 HTTP/1.1" 200 19759 "-" "Mozilla/5.0 AppleWebKit/537.36 (KHTML, like Gecko; compatible; GPTBot/1.2; +https://openai.com/gptbot)"
20.171.207.249 - - [10/Jul/2025:09:46:50 -0300] "GET /ef61ba/?filesrc=%2F%2Fsbin%2Febtables-save&path=%2F%2Fsbin HTTP/1.1" 200 2836 "-" "Mozilla/5.0 AppleWebKit/537.36 (KHTML, like Gecko; compatible; GPTBot/1.2; +https://openai.com/gptbot)"
20.171.207.224 - - [10/Jul/2025:09:46:50 -0300] "GET /ef61ba/?path=%2F%2Fvar%2Flib%2Fyum%2Fyumdb%2Fe%2F6a685ddd5d14a389fe6d8fd6d5b4c9a853be1df2-ea-php73-php-curl-7.3.33-13.17.21.cpanel-x86_64 HTTP/1.1" 200 19825 "-" "Mozilla/5.0 AppleWebKit/537.36 (KHTML, like Gecko; compatible; GPTBot/1.2; +https://openai.com/gptbot)"
136.243.228.177 - - [10/Jul/2025:09:46:51 -0300] "GET /product/minimum154?c=g&l=19034 HTTP/1.1" 404 10435 "-" "Mozilla/5.0 (compatible; DataForSeoBot/1.0; +https://dataforseo.com/dataforseo-bot)"
20.171.207.249 - - [10/Jul/2025:09:46:51 -0300] "GET /ef61ba/?path=%2F%2Fsys%2Fmodule%2Fcrc_t10dif%2Fholders%2Fsd_mod%2Fsections HTTP/1.1" 200 16346 "-" "Mozilla/5.0 AppleWebKit/537.36 (KHTML, like Gecko; compatible; GPTBot/1.2; +https://openai.com/gptbot)"
20.171.207.224 - - [10/Jul/2025:09:46:51 -0300] "GET /ef61ba/?path=%2F%2Fvar%2Flib%2Fyum%2Fyumdb%2Fe%2F9ad25fd4ee77d1e1eb688e58003b2f52b99922ae-ea-php70-php-posix-7.0.33-27.28.28.cpanel-x86_64 HTTP/1.1" 200 19891 "-" "Mozilla/5.0 AppleWebKit/537.36 (KHTML, like Gecko; compatible; GPTBot/1.2; +https://openai.com/gptbot)"
20.171.207.249 - - [10/Jul/2025:09:46:52 -0300] "GET /ef61ba/?filesrc=%2F%2Fsbin%2Finstallkernel&path=%2F%2Fsbin HTTP/1.1" 200 4672 "-" "Mozilla/5.0 AppleWebKit/537.36 (KHTML, like Gecko; compatible; GPTBot/1.2; +https://openai.com/gptbot)"
20.171.207.224 - - [10/Jul/2025:09:46:53 -0300] "GET /ef61ba/?path=%2F%2Fvar%2Flib%2Fyum%2Fyumdb%2Fe%2F401333ef17edc1ec8bfa6e6fd29ac54dcc85aa96-ea-php71-php-intl-7.1.33-18.19.28.cpanel-x86_64 HTTP/1.1" 200 19825 "-" "Mozilla/5.0 AppleWebKit/537.36 (KHTML, like Gecko; compatible; GPTBot/1.2; +https://openai.com/gptbot)"
20.171.207.249 - - [10/Jul/2025:09:46:54 -0300] "GET /ef61ba/?filesrc=%2F%2Fsbin%2Fhtcacheclean&path=%2F%2Fsbin HTTP/1.1" 200 1762 "-" "Mozilla/5.0 AppleWebKit/537.36 (KHTML, like Gecko; compatible; GPTBot/1.2; +https://openai.com/gptbot)"
20.171.207.224 - - [10/Jul/2025:09:46:54 -0300] "GET /ef61ba/?path=%2F%2Fvar%2Flib%2Fyum%2Fyumdb%2Fe%2Fdc6ee0a30f5c5280e222d3b4a509fc625da055e5-ea-php73-php-ftp-7.3.33-13.17.21.cpanel-x86_64 HTTP/1.1" 200 19759 "-" "Mozilla/5.0 AppleWebKit/537.36 (KHTML, like Gecko; compatible; GPTBot/1.2; +https://openai.com/gptbot)"
20.171.207.249 - - [10/Jul/2025:09:46:55 -0300] "GET /ef61ba/?filesrc=%2F%2Fsbin%2Ffilefrag&path=%2F%2Fsbin HTTP/1.1" 200 1758 "-" "Mozilla/5.0 AppleWebKit/537.36 (KHTML, like Gecko; compatible; GPTBot/1.2; +https://openai.com/gptbot)"
20.171.207.224 - - [10/Jul/2025:09:46:55 -0300] "GET /ef61ba/?path=%2F%2Fvar%2Flib%2Fyum%2Fyumdb%2Fe%2F27a6f42c6806e0cba7fd00074014e11dd3a0fb8a-ea-php70-php-pdo-7.0.33-27.28.28.cpanel-x86_64 HTTP/1.1" 200 19759 "-" "Mozilla/5.0 AppleWebKit/537.36 (KHTML, like Gecko; compatible; GPTBot/1.2; +https://openai.com/gptbot)"
136.243.228.177 - - [10/Jul/2025:09:46:55 -0300] "GET /products/229fc49780 HTTP/1.1" 404 10405 "-" "Mozilla/5.0 (compatible; DataForSeoBot/1.0; +https://dataforseo.com/dataforseo-bot)"
20.171.207.249 - - [10/Jul/2025:09:46:56 -0300] "GET /ef61ba/?path=%2F%2Fproc%2Fself%2Froot%2Fsys%2Fmodule%2Facpiphp HTTP/1.1" 200 3760 "-" "Mozilla/5.0 AppleWebKit/537.36 (KHTML, like Gecko; compatible; GPTBot/1.2; +https://openai.com/gptbot)"
20.171.207.224 - - [10/Jul/2025:09:46:56 -0300] "GET /ef61ba/?path=%2F%2Fvar%2Flib%2Fyum%2Fyumdb%2Fe%2Fbc4b8c83a209f26f1541047e47b095e60c511333-ea-php72-php-ftp-7.2.34-10.12.28.cpanel-x86_64 HTTP/1.1" 200 19759 "-" "Mozilla/5.0 AppleWebKit/537.36 (KHTML, like Gecko; compatible; GPTBot/1.2; +https://openai.com/gptbot)"
20.171.207.249 - - [10/Jul/2025:09:46:57 -0300] "GET /ef61ba/?filesrc=%2F%2Fsbin%2Ftracepath&path=%2F%2Fsbin HTTP/1.1" 200 1759 "-" "Mozilla/5.0 AppleWebKit/537.36 (KHTML, like Gecko; compatible; GPTBot/1.2; +https://openai.com/gptbot)"
20.171.207.224 - - [10/Jul/2025:09:46:57 -0300] "GET /ef61ba/?path=%2F%2Fvar%2Flib%2Fyum%2Fyumdb%2Fe%2F175946998e83c24aaa6e42d62442c4741ffe6a8a-ea-php73-php-fpm-7.3.33-13.17.21.cpanel-x86_64 HTTP/1.1" 200 19759 "-" "Mozilla/5.0 AppleWebKit/537.36 (KHTML, like Gecko; compatible; GPTBot/1.2; +https://openai.com/gptbot)"
20.171.207.249 - - [10/Jul/2025:09:46:58 -0300] "GET /ef61ba/?filesrc=%2F%2Fsbin%2Fsetenforce&path=%2F%2Fsbin HTTP/1.1" 200 1760 "-" "Mozilla/5.0 AppleWebKit/537.36 (KHTML, like Gecko; compatible; GPTBot/1.2; +https://openai.com/gptbot)"
20.171.207.224 - - [10/Jul/2025:09:46:58 -0300] "GET /ef61ba/?path=%2F%2Fvar%2Flib%2Fyum%2Fyumdb%2Fe%2F576a02f0273d9c2aab3333b518f6154e2f299031-ea-php72-php-tidy-7.2.34-10.12.28.cpanel-x86_64 HTTP/1.1" 200 19825 "-" "Mozilla/5.0 AppleWebKit/537.36 (KHTML, like Gecko; compatible; GPTBot/1.2; +https://openai.com/gptbot)"
136.243.228.177 - - [10/Jul/2025:09:46:59 -0300] "GET /products/1xj11286 HTTP/1.1" 404 10401 "-" "Mozilla/5.0 (compatible; DataForSeoBot/1.0; +https://dataforseo.com/dataforseo-bot)"
20.171.207.249 - - [10/Jul/2025:09:46:59 -0300] "GET /ef61ba/?path=%2F%2Fusr%2Fshare%2Fdoc%2Fbzip2-devel-1.0.6 HTTP/1.1" 200 3741 "-" "Mozilla/5.0 AppleWebKit/537.36 (KHTML, like Gecko; compatible; GPTBot/1.2; +https://openai.com/gptbot)"
20.171.207.224 - - [10/Jul/2025:09:47:00 -0300] "GET /ef61ba/?path=%2F%2Fvar%2Flib%2Fyum%2Fyumdb%2Fe%2Fc2279d8bd4a2e5a853d6827de2dd0ae3beef87f2-ea-php74-pear-1.10.16-4.7.10.cpanel-noarch HTTP/1.1" 200 19495 "-" "Mozilla/5.0 AppleWebKit/537.36 (KHTML, like Gecko; compatible; GPTBot/1.2; +https://openai.com/gptbot)"
20.171.207.249 - - [10/Jul/2025:09:47:00 -0300] "GET /ef61ba/?path=%2F%2Fusr%2Fshare%2Fdoc%2Fperl-Socket6-0.23 HTTP/1.1" 200 3714 "-" "Mozilla/5.0 AppleWebKit/537.36 (KHTML, like Gecko; compatible; GPTBot/1.2; +https://openai.com/gptbot)"
20.171.207.224 - - [10/Jul/2025:09:47:01 -0300] "GET /ef61ba/?path=%2F%2Fvar%2Flib%2Fyum%2Fyumdb%2Fg%2Fa6ada95787cae488db41a639ea4643c5b227fb04-gmp-6.0.0-15.el7.tuxcare.els1-x86_64 HTTP/1.1" 200 19098 "-" "Mozilla/5.0 AppleWebKit/537.36 (KHTML, like Gecko; compatible; GPTBot/1.2; +https://openai.com/gptbot)"
20.171.207.249 - - [10/Jul/2025:09:47:01 -0300] "GET /ef61ba/?path=%2F%2Fusr%2Fshare%2Fdoc%2Fbind-9.11.4%2Fsample HTTP/1.1" 200 3559 "-" "Mozilla/5.0 AppleWebKit/537.36 (KHTML, like Gecko; compatible; GPTBot/1.2; +https://openai.com/gptbot)"
20.171.207.224 - - [10/Jul/2025:09:47:02 -0300] "GET /ef61ba/?path=%2F%2Fvar%2Flib%2Fyum%2Fyumdb%2Fg%2Fc422fc2a954ff18caf57685cbebb7ad52979e816-glibc-2.17-326.el7_9.3.tuxcare.els1-x86_64 HTTP/1.1" 200 19494 "-" "Mozilla/5.0 AppleWebKit/537.36 (KHTML, like Gecko; compatible; GPTBot/1.2; +https://openai.com/gptbot)"
20.171.207.249 - - [10/Jul/2025:09:47:03 -0300] "GET /ef61ba/?path=%2F%2Fusr%2Fshare%2Flicenses%2Fdpkg-1.18.25 HTTP/1.1" 200 2967 "-" "Mozilla/5.0 AppleWebKit/537.36 (KHTML, like Gecko; compatible; GPTBot/1.2; +https://openai.com/gptbot)"
136.243.228.177 - - [10/Jul/2025:09:47:03 -0300] "GET /products/178nw30545 HTTP/1.1" 404 10405 "-" "Mozilla/5.0 (compatible; DataForSeoBot/1.0; +https://dataforseo.com/dataforseo-bot)"
20.171.207.224 - - [10/Jul/2025:09:47:03 -0300] "GET /ef61ba/?path=%2F%2Fvar%2Flib%2Fyum%2Fyumdb%2Fe%2F6a685ddd5d14a389fe6d8fd6d5b4c9a853be1df2-ea-php73-php-curl-7.3.33-13.17.21.cpanel-x86_64 HTTP/1.1" 200 19825 "-" "Mozilla/5.0 AppleWebKit/537.36 (KHTML, like Gecko; compatible; GPTBot/1.2; +https://openai.com/gptbot)"
20.171.207.249 - - [10/Jul/2025:09:47:04 -0300] "GET /ef61ba/?path=%2F%2Fusr%2Fshare%2Fdoc%2Fkexec-tools-2.0.15 HTTP/1.1" 200 7765 "-" "Mozilla/5.0 AppleWebKit/537.36 (KHTML, like Gecko; compatible; GPTBot/1.2; +https://openai.com/gptbot)"
20.171.207.224 - - [10/Jul/2025:09:47:04 -0300] "GET /ef61ba/?path=%2F%2Fvar%2Flib%2Fyum%2Fyumdb%2Fg%2F803db0e10b6a9718acf50451d30c30f024314281-gcc-4.8.5-44.el7.tuxcare.els1-x86_64 HTTP/1.1" 200 19099 "-" "Mozilla/5.0 AppleWebKit/537.36 (KHTML, like Gecko; compatible; GPTBot/1.2; +https://openai.com/gptbot)"
20.171.207.249 - - [10/Jul/2025:09:47:05 -0300] "GET /ef61ba/?path=%2F%2Fusr%2Fshare%2Fdoc%2Fjasper-libs-1.900.1 HTTP/1.1" 200 5246 "-" "Mozilla/5.0 AppleWebKit/537.36 (KHTML, like Gecko; compatible; GPTBot/1.2; +https://openai.com/gptbot)"
20.171.207.224 - - [10/Jul/2025:09:47:05 -0300] "GET /ef61ba/?path=%2F%2Fvar%2Flib%2Fyum%2Fyumdb%2Fi%2Fdc446f7f40dc42efa89865a1671981902d2f29c7-initscripts-9.49.53-1.el7_9.1-x86_64 HTTP/1.1" 200 19097 "-" "Mozilla/5.0 AppleWebKit/537.36 (KHTML, like Gecko; compatible; GPTBot/1.2; +https://openai.com/gptbot)"
20.171.207.249 - - [10/Jul/2025:09:47:06 -0300] "GET /ef61ba/?path=%2F%2Fusr%2Fshare%2Fdoc%2Flibnl3-cli-3.2.28 HTTP/1.1" 200 2955 "-" "Mozilla/5.0 AppleWebKit/537.36 (KHTML, like Gecko; compatible; GPTBot/1.2; +https://openai.com/gptbot)"
20.171.207.224 - - [10/Jul/2025:09:47:06 -0300] "GET /ef61ba/?filesrc=%2F%2Fvar%2Flib%2Fyum%2Fyumdb%2Fe%2F401333ef17edc1ec8bfa6e6fd29ac54dcc85aa96-ea-php71-php-intl-7.1.33-18.19.28.cpanel-x86_64%2Freason&path=%2F%2Fvar%2Flib%2Fyum%2Fyumdb%2Fe%2F401333ef17edc1ec8bfa6e6fd29ac54dcc85aa96-ea-php71-php-intl-7.1.33-18.19.28.cpanel-x86_64 HTTP/1.1" 200 2244 "-" "Mozilla/5.0 AppleWebKit/537.36 (KHTML, like Gecko; compatible; GPTBot/1.2; +https://openai.com/gptbot)"
136.243.228.177 - - [10/Jul/2025:09:47:07 -0300] "GET /product/managing125?c=g&l=37101 HTTP/1.1" 404 10437 "-" "Mozilla/5.0 (compatible; DataForSeoBot/1.0; +https://dataforseo.com/dataforseo-bot)"
20.171.207.249 - - [10/Jul/2025:09:47:07 -0300] "GET /ef61ba/?path=%2F%2Fusr%2Fshare%2Fdoc%2Ffontconfig-2.13.0 HTTP/1.1" 200 6073 "-" "Mozilla/5.0 AppleWebKit/537.36 (KHTML, like Gecko; compatible; GPTBot/1.2; +https://openai.com/gptbot)"
20.171.207.224 - - [10/Jul/2025:09:47:08 -0300] "GET /ef61ba/?path=%2F%2Fvar%2Flib%2Fyum%2Fyumdb%2Fm%2F541dbb344ff84c6a098cfe49b75a3b3c54b751fb-mesa-libglapi-18.3.4-12.el7_9-x86_64 HTTP/1.1" 200 19097 "-" "Mozilla/5.0 AppleWebKit/537.36 (KHTML, like Gecko; compatible; GPTBot/1.2; +https://openai.com/gptbot)"
20.171.207.249 - - [10/Jul/2025:09:47:09 -0300] "GET /ef61ba/?path=%2Fhome%2Fdimen328%2F.cpanel%2Fcaches%2Fconfig HTTP/1.1" 200 9854 "-" "Mozilla/5.0 AppleWebKit/537.36 (KHTML, like Gecko; compatible; GPTBot/1.2; +https://openai.com/gptbot)"
20.171.207.224 - - [10/Jul/2025:09:47:09 -0300] "GET /ef61ba/?filesrc=%2F%2Fvar%2Flib%2Fyum%2Fyumdb%2Fe%2Fdc6ee0a30f5c5280e222d3b4a509fc625da055e5-ea-php73-php-ftp-7.3.33-13.17.21.cpanel-x86_64%2Fvar_uuid&path=%2F%2Fvar%2Flib%2Fyum%2Fyumdb%2Fe%2Fdc6ee0a30f5c5280e222d3b4a509fc625da055e5-ea-php73-php-ftp-7.3.33-13.17.21.cpanel-x86_64 HTTP/1.1" 200 2275 "-" "Mozilla/5.0 AppleWebKit/537.36 (KHTML, like Gecko; compatible; GPTBot/1.2; +https://openai.com/gptbot)"
20.171.207.249 - - [10/Jul/2025:09:47:10 -0300] "GET /ef61ba/?path=%2F%2Flib%2Fpython2.7%2Fsite-packages%2Fcloudinit%2Fcmd%2Fdevel HTTP/1.1" 200 14876 "-" "Mozilla/5.0 AppleWebKit/537.36 (KHTML, like Gecko; compatible; GPTBot/1.2; +https://openai.com/gptbot)"
20.171.207.224 - - [10/Jul/2025:09:47:10 -0300] "GET /ef61ba/?path=%2F%2Fvar%2Flib%2Fyum%2Fyumdb%2Fm%2F0a0b533d6f9f3801d2a3f27c78074c74eb1a920f-mdadm-4.1-9.el7_9-x86_64 HTTP/1.1" 200 18306 "-" "Mozilla/5.0 AppleWebKit/537.36 (KHTML, like Gecko; compatible; GPTBot/1.2; +https://openai.com/gptbot)"
20.171.207.249 - - [10/Jul/2025:09:47:11 -0300] "GET /ef61ba/?path=%2F%2Fsys%2Fbus%2Facpi%2Fdevices%2FACPI0010%3A00%2FLNXCPU%3A00 HTTP/1.1" 200 9931 "-" "Mozilla/5.0 AppleWebKit/537.36 (KHTML, like Gecko; compatible; GPTBot/1.2; +https://openai.com/gptbot)"
136.243.228.177 - - [10/Jul/2025:09:47:11 -0300] "GET /product/steak114?c=g&l=6046 HTTP/1.1" 404 10429 "-" "Mozilla/5.0 (compatible; DataForSeoBot/1.0; +https://dataforseo.com/dataforseo-bot)"
20.171.207.224 - - [10/Jul/2025:09:47:11 -0300] "GET /ef61ba/?filesrc=%2F%2Fvar%2Flib%2Fyum%2Fyumdb%2Fe%2F175946998e83c24aaa6e42d62442c4741ffe6a8a-ea-php73-php-fpm-7.3.33-13.17.21.cpanel-x86_64%2Fvar_contentdir&path=%2F%2Fvar%2Flib%2Fyum%2Fyumdb%2Fe%2F175946998e83c24aaa6e42d62442c4741ffe6a8a-ea-php73-php-fpm-7.3.33-13.17.21.cpanel-x86_64 HTTP/1.1" 200 2251 "-" "Mozilla/5.0 AppleWebKit/537.36 (KHTML, like Gecko; compatible; GPTBot/1.2; +https://openai.com/gptbot)"
20.171.207.249 - - [10/Jul/2025:09:47:12 -0300] "GET /ef61ba/?path=%2F%2Flib%2Fmodules%2F3.10.0-1160.119.1.el7.tuxcare.els21.x86_64%2Fkernel%2Fdrivers%2Fnet%2Fcan%2Fsja1000 HTTP/1.1" 200 8743 "-" "Mozilla/5.0 AppleWebKit/537.36 (KHTML, like Gecko; compatible; GPTBot/1.2; +https://openai.com/gptbot)"
20.171.207.224 - - [10/Jul/2025:09:47:12 -0300] "GET /ef61ba/?path=%2F%2Fvar%2Flib%2Fyum%2Fyumdb%2Fg%2F0866e40e79804575d9237610e3544c18bf35f3c8-gzip-1.5-11.el7_9-x86_64 HTTP/1.1" 200 18306 "-" "Mozilla/5.0 AppleWebKit/537.36 (KHTML, like Gecko; compatible; GPTBot/1.2; +https://openai.com/gptbot)"
20.171.207.249 - - [10/Jul/2025:09:47:13 -0300] "GET /ef61ba/?path=%2F%2Flib%2Fmodules%2F3.10.0-1160.119.1.el7.tuxcare.els20.x86_64%2Fkernel%2Fdrivers%2Fmedia%2Fusb%2Ftm6000 HTTP/1.1" 200 5750 "-" "Mozilla/5.0 AppleWebKit/537.36 (KHTML, like Gecko; compatible; GPTBot/1.2; +https://openai.com/gptbot)"
20.171.207.224 - - [10/Jul/2025:09:47:13 -0300] "GET /ef61ba/?path=%2F%2Fvar%2Flib%2Fyum%2Fyumdb%2Fg%2F931334b77562fbc3b027d97b778242ffb40ba1a5-gssproxy-0.7.0-30.el7_9-x86_64 HTTP/1.1" 200 17696 "-" "Mozilla/5.0 AppleWebKit/537.36 (KHTML, like Gecko; compatible; GPTBot/1.2; +https://openai.com/gptbot)"
20.171.207.249 - - [10/Jul/2025:09:47:14 -0300] "GET /ef61ba/?path=%2F%2Fusr%2Fshare%2Fdoc%2Fbind-9.11.4%2Fsample%2Fetc HTTP/1.1" 200 3922 "-" "Mozilla/5.0 AppleWebKit/537.36 (KHTML, like Gecko; compatible; GPTBot/1.2; +https://openai.com/gptbot)"
20.171.207.224 - - [10/Jul/2025:09:47:15 -0300] "GET /ef61ba/?path=%2F%2Fvar%2Flib%2Fyum%2Fyumdb%2Fg%2Feb374516d73b1ab650b0a6d52e636687932ff61d-groff-base-1.22.2-8.el7-x86_64 HTTP/1.1" 200 11529 "-" "Mozilla/5.0 AppleWebKit/537.36 (KHTML, like Gecko; compatible; GPTBot/1.2; +https://openai.com/gptbot)"
136.243.228.177 - - [10/Jul/2025:09:47:15 -0300] "GET /products/63bf4170 HTTP/1.1" 404 10401 "-" "Mozilla/5.0 (compatible; DataForSeoBot/1.0; +https://dataforseo.com/dataforseo-bot)"
20.171.207.249 - - [10/Jul/2025:09:47:16 -0300] "GET /ef61ba/?path=%2F%2Fusr%2Fshare%2Fdoc%2Fbind-9.11.4%2Fsample%2Fvar HTTP/1.1" 200 2987 "-" "Mozilla/5.0 AppleWebKit/537.36 (KHTML, like Gecko; compatible; GPTBot/1.2; +https://openai.com/gptbot)"
20.171.207.224 - - [10/Jul/2025:09:47:16 -0300] "GET /ef61ba/?path=%2F%2Fvar%2Flib%2Fyum%2Fyumdb%2Fg%2Ffb64f6bfbbfc67336037194b466f1a5d92df58bb-gpgme-1.3.2-5.el7-x86_64 HTTP/1.1" 200 11301 "-" "Mozilla/5.0 AppleWebKit/537.36 (KHTML, like Gecko; compatible; GPTBot/1.2; +https://openai.com/gptbot)"
20.171.207.249 - - [10/Jul/2025:09:47:17 -0300] "GET /ef61ba/?path=%2F%2Fproc%2Fself%2Froot%2Fopt%2Falt%2Ffreetds11%2Fusr%2Flib64%2Flib64 HTTP/1.1" 200 6615 "-" "Mozilla/5.0 AppleWebKit/537.36 (KHTML, like Gecko; compatible; GPTBot/1.2; +https://openai.com/gptbot)"
20.171.207.224 - - [10/Jul/2025:09:47:17 -0300] "GET /ef61ba/?path=%2F%2Fvar%2Flib%2Fyum%2Fyumdb%2Fe%2Ffadeadb73d3f9cba8d07236e557b450b6f402cc3-ea-oniguruma-devel-6.9.10-1.1.1.cpanel-x86_64 HTTP/1.1" 200 18618 "-" "Mozilla/5.0 AppleWebKit/537.36 (KHTML, like Gecko; compatible; GPTBot/1.2; +https://openai.com/gptbot)"
20.171.207.249 - - [10/Jul/2025:09:47:18 -0300] "GET /ef61ba/?path=%2F%2Fusr%2Fshare%2Fdoc%2FunixODBC-2.3.1%2Fdoc HTTP/1.1" 200 7348 "-" "Mozilla/5.0 AppleWebKit/537.36 (KHTML, like Gecko; compatible; GPTBot/1.2; +https://openai.com/gptbot)"
20.171.207.224 - - [10/Jul/2025:09:47:18 -0300] "GET /ef61ba/?path=%2F%2Fvar%2Flib%2Fyum%2Fyumdb%2Fe%2F2c9fbbf502ccadb9661ee2efe68ebf3815fc6948-ea-apache24-mod_cgid-2.4.63-2.6.2.cpanel-x86_64 HTTP/1.1" 200 19825 "-" "Mozilla/5.0 AppleWebKit/537.36 (KHTML, like Gecko; compatible; GPTBot/1.2; +https://openai.com/gptbot)"
20.171.207.249 - - [10/Jul/2025:09:47:19 -0300] "GET /ef61ba/?filesrc=%2F%2Fusr%2Fshare%2Fdoc%2Ffontconfig-2.13.0%2Ffontconfig-user.txt&path=%2F%2Fusr%2Fshare%2Fdoc%2Ffontconfig-2.13.0 HTTP/1.1" 200 38465 "-" "Mozilla/5.0 AppleWebKit/537.36 (KHTML, like Gecko; compatible; GPTBot/1.2; +https://openai.com/gptbot)"
136.243.228.177 - - [10/Jul/2025:09:47:19 -0300] "GET /product/know205?c=g&l=12291 HTTP/1.1" 404 10429 "-" "Mozilla/5.0 (compatible; DataForSeoBot/1.0; +https://dataforseo.com/dataforseo-bot)"
20.171.207.224 - - [10/Jul/2025:09:47:19 -0300] "GET /ef61ba/?path=%2F%2Fvar%2Flib%2Fyum%2Fyumdb%2Fe%2F60ab6d7bd296c015b8771f50c9eca5aaffb7c818-ea-ruby24-ruby-doc-2.4.10-22.26.6.cpanel-noarch HTTP/1.1" 200 19825 "-" "Mozilla/5.0 AppleWebKit/537.36 (KHTML, like Gecko; compatible; GPTBot/1.2; +https://openai.com/gptbot)"
20.171.207.249 - - [10/Jul/2025:09:47:20 -0300] "GET /ef61ba/?filesrc=%2F%2Fusr%2Fshare%2Fdoc%2Ffontconfig-2.13.0%2Ffontconfig-user.html&path=%2F%2Fusr%2Fshare%2Fdoc%2Ffontconfig-2.13.0 HTTP/1.1" 200 54393 "-" "Mozilla/5.0 AppleWebKit/537.36 (KHTML, like Gecko; compatible; GPTBot/1.2; +https://openai.com/gptbot)"
20.171.207.224 - - [10/Jul/2025:09:47:20 -0300] "GET /ef61ba/?path=%2F%2Fvar%2Flib%2Fyum%2Fyumdb%2Fh%2Ff7e9b7ee6b6c3167916cef102ce4b59ed190b370-hesiod-3.2.1-3.el7-x86_64 HTTP/1.1" 200 15308 "-" "Mozilla/5.0 AppleWebKit/537.36 (KHTML, like Gecko; compatible; GPTBot/1.2; +https://openai.com/gptbot)"
20.171.207.249 - - [10/Jul/2025:09:47:22 -0300] "GET /ef61ba/?path=%2F%2Fusr%2Fshare%2Fdoc%2Fpython-pycurl-7.19.0%2Fdoc HTTP/1.1" 200 6365 "-" "Mozilla/5.0 AppleWebKit/537.36 (KHTML, like Gecko; compatible; GPTBot/1.2; +https://openai.com/gptbot)"
20.171.207.224 - - [10/Jul/2025:09:47:22 -0300] "GET /ef61ba/?path=%2F%2Fvar%2Flib%2Fyum%2Fyumdb%2Fg%2F58c1f749cea432c43c83063786c620e5fb12da15-giflib-4.1.6-9.el7-x86_64 HTTP/1.1" 200 17384 "-" "Mozilla/5.0 AppleWebKit/537.36 (KHTML, like Gecko; compatible; GPTBot/1.2; +https://openai.com/gptbot)"
20.171.207.249 - - [10/Jul/2025:09:47:23 -0300] "GET /ef61ba/?filesrc=%2F%2Fsys%2Fbus%2Facpi%2Fdevices%2FACPI0010%3A00%2FLNXCPU%3A00%2Fmodalias&path=%2F%2Fsys%2Fbus%2Facpi%2Fdevices%2FACPI0010%3A00%2FLNXCPU%3A00 HTTP/1.1" 200 2074 "-" "Mozilla/5.0 AppleWebKit/537.36 (KHTML, like Gecko; compatible; GPTBot/1.2; +https://openai.com/gptbot)"
20.171.207.224 - - [10/Jul/2025:09:47:23 -0300] "GET /ef61ba/?path=%2F%2Fvar%2Flib%2Fyum%2Fyumdb%2Fg%2F8e8f3d9aa4f32179dd6cd7f82ec737d23572c4f3-gdisk-0.8.10-3.el7-x86_64 HTTP/1.1" 200 15308 "-" "Mozilla/5.0 AppleWebKit/537.36 (KHTML, like Gecko; compatible; GPTBot/1.2; +https://openai.com/gptbot)"
136.243.228.177 - - [10/Jul/2025:09:47:23 -0300] "GET /products/274xj37777 HTTP/1.1" 404 10405 "-" "Mozilla/5.0 (compatible; DataForSeoBot/1.0; +https://dataforseo.com/dataforseo-bot)"
20.171.207.249 - - [10/Jul/2025:09:47:24 -0300] "GET /ef61ba/?path=%2F%2Fvar%2Fsoftaculous%2Fless%2Fphp56 HTTP/1.1" 200 2953 "-" "Mozilla/5.0 AppleWebKit/537.36 (KHTML, like Gecko; compatible; GPTBot/1.2; +https://openai.com/gptbot)"
20.171.207.224 - - [10/Jul/2025:09:47:24 -0300] "GET /ef61ba/?path=%2F%2Fvar%2Flib%2Fyum%2Fyumdb%2Fg%2F199d8759fc830d676956eaedecf5c767d7409f3f-graphite2-1.3.10-1.el7_3-x86_64 HTTP/1.1" 200 17756 "-" "Mozilla/5.0 AppleWebKit/537.36 (KHTML, like Gecko; compatible; GPTBot/1.2; +https://openai.com/gptbot)"
20.171.207.249 - - [10/Jul/2025:09:47:25 -0300] "GET /ef61ba/?path=%2F%2Fvar%2Fsoftaculous%2Fpeel%2Fphp56 HTTP/1.1" 200 5180 "-" "Mozilla/5.0 AppleWebKit/537.36 (KHTML, like Gecko; compatible; GPTBot/1.2; +https://openai.com/gptbot)"
20.171.207.224 - - [10/Jul/2025:09:47:25 -0300] "GET /ef61ba/?path=%2F%2Fvar%2Flib%2Fyum%2Fyumdb%2Fe%2Ff031320ab1ea20a0e72e49caff6c0475314cb24d-ea-apache24-mod_bwlimited-1.4-48.58.9.cpanel-x86_64 HTTP/1.1" 200 20088 "-" "Mozilla/5.0 AppleWebKit/537.36 (KHTML, like Gecko; compatible; GPTBot/1.2; +https://openai.com/gptbot)"
20.171.207.249 - - [10/Jul/2025:09:47:26 -0300] "GET /ef61ba/?path=%2F%2Fvar%2Fsoftaculous%2Fless%2Fphp71 HTTP/1.1" 200 2953 "-" "Mozilla/5.0 AppleWebKit/537.36 (KHTML, like Gecko; compatible; GPTBot/1.2; +https://openai.com/gptbot)"
20.171.207.224 - - [10/Jul/2025:09:47:26 -0300] "GET /ef61ba/?path=%2F%2Fvar%2Flib%2Fyum%2Fyumdb%2Fe%2F04ac6c84dc1ffc4e7f2e5aa0aa60d18e0686becc-ea-ruby24-rubygem-did_you_mean-1.1.0-22.26.6.cpanel-x86_64 HTTP/1.1" 200 20551 "-" "Mozilla/5.0 AppleWebKit/537.36 (KHTML, like Gecko; compatible; GPTBot/1.2; +https://openai.com/gptbot)"
20.171.207.249 - - [10/Jul/2025:09:47:27 -0300] "GET /ef61ba/?path=%2F%2Fvar%2Fsoftaculous%2Fpeel%2Fphp71 HTTP/1.1" 200 5182 "-" "Mozilla/5.0 AppleWebKit/537.36 (KHTML, like Gecko; compatible; GPTBot/1.2; +https://openai.com/gptbot)"
136.243.228.177 - - [10/Jul/2025:09:47:27 -0300] "GET /product/wheat38?c=g&l=20008 HTTP/1.1" 404 10429 "-" "Mozilla/5.0 (compatible; DataForSeoBot/1.0; +https://dataforseo.com/dataforseo-bot)"
20.171.207.224 - - [10/Jul/2025:09:47:27 -0300] "GET /ef61ba/?path=%2F%2Fvar%2Flib%2Fyum%2Fyumdb%2Fe%2Fb7ac4cd5ad2fc29d3f58e2952c7cbffd302b4e9c-ea-apache24-mod_heartbeat-2.4.63-2.6.2.cpanel-x86_64 HTTP/1.1" 200 20155 "-" "Mozilla/5.0 AppleWebKit/537.36 (KHTML, like Gecko; compatible; GPTBot/1.2; +https://openai.com/gptbot)"
20.171.207.249 - - [10/Jul/2025:09:47:28 -0300] "GET /ef61ba/?path=%2F%2Fproc%2Fself%2Froot%2Fopt%2Falt%2Ffreetds11%2Fusr%2Flib64%2Flib64 HTTP/1.1" 200 6615 "-" "Mozilla/5.0 AppleWebKit/537.36 (KHTML, like Gecko; compatible; GPTBot/1.2; +https://openai.com/gptbot)"
20.171.207.224 - - [10/Jul/2025:09:47:29 -0300] "GET /ef61ba/?path=%2F%2Fvar%2Flib%2Fyum%2Fyumdb%2Fe%2Fd87a8e18f6ab62fc02496dee35e1a8eaee3fd2e4-enchant-1.6.0-8.el7-x86_64 HTTP/1.1" 200 17448 "-" "Mozilla/5.0 AppleWebKit/537.36 (KHTML, like Gecko; compatible; GPTBot/1.2; +https://openai.com/gptbot)"
