201.48.138.81 - - [10/Jul/2025:14:59:37 -0300] "GET /cpsess6017905609/3rdparty/roundcube/?_task=mail&_caps=pdf%3D1%2Cflash%3D0%2Ctiff%3D0%2Cwebp%3D1%2Cpgpmime%3D0&_uid=29405&_mbox=INBOX&_framed=1&_action=preview HTTP/2.0" 200 8234 "https://webmail.dimensaogrupo.com.br/cpsess6017905609/3rdparty/roundcube/?_task=mail&_mbox=INBOX" "Mozilla/5.0 (Windows NT 10.0; Win64; x64) AppleWebKit/537.36 (KHTML, like Gecko) Chrome/138.0.0.0 Safari/537.36"
201.48.138.81 - - [10/Jul/2025:14:59:37 -0300] "GET /cpsess6017905609/3rdparty/roundcube/?_task=addressbook&_action=photo&_email=noreply%40omie.com.br&_error=1&_bgcolor=transparent HTTP/2.0" 204 - "https://webmail.dimensaogrupo.com.br/cpsess6017905609/3rdparty/roundcube/?_task=mail&_caps=pdf%3D1%2Cflash%3D0%2Ctiff%3D0%2Cwebp%3D1%2Cpgpmime%3D0&_uid=29405&_mbox=INBOX&_framed=1&_action=preview" "Mozilla/5.0 (Windows NT 10.0; Win64; x64) AppleWebKit/537.36 (KHTML, like Gecko) Chrome/138.0.0.0 Safari/537.36"
201.48.138.81 - - [10/Jul/2025:14:59:53 -0300] "GET /cpsess6017905609/3rdparty/roundcube/?_task=mail&_caps=pdf%3D1%2Cflash%3D0%2Ctiff%3D0%2Cwebp%3D1%2Cpgpmime%3D0&_uid=29406&_mbox=INBOX&_framed=1&_action=preview HTTP/2.0" 308 263 "https://webmail.dimensaogrupo.com.br/cpsess6017905609/3rdparty/roundcube/?_task=mail&_mbox=INBOX" "Mozilla/5.0 (Windows NT 10.0; Win64; x64) AppleWebKit/537.36 (KHTML, like Gecko) Chrome/138.0.0.0 Safari/537.36"
201.48.138.81 - - [10/Jul/2025:14:59:53 -0300] "GET /cpsess6017905609/3rdparty/roundcube/?_task=mail&_caps=pdf%3d1%2cflash%3d0%2ctiff%3d0%2cwebp%3d1%2cpgpmime%3d0&_uid=29406&_mbox=INBOX&_framed=1&_action=preview HTTP/2.0" 200 8233 "https://webmail.dimensaogrupo.com.br/cpsess6017905609/3rdparty/roundcube/?_task=mail&_mbox=INBOX" "Mozilla/5.0 (Windows NT 10.0; Win64; x64) AppleWebKit/537.36 (KHTML, like Gecko) Chrome/138.0.0.0 Safari/537.36"
201.48.138.81 - - [10/Jul/2025:14:59:54 -0300] "GET /cpsess6017905609/3rdparty/roundcube/?_task=addressbook&_action=photo&_email=noreply%40omie.com.br&_error=1&_bgcolor=transparent HTTP/2.0" 204 - "https://webmail.dimensaogrupo.com.br/cpsess6017905609/3rdparty/roundcube/?_task=mail&_caps=pdf%3d1%2cflash%3d0%2ctiff%3d0%2cwebp%3d1%2cpgpmime%3d0&_uid=29406&_mbox=INBOX&_framed=1&_action=preview" "Mozilla/5.0 (Windows NT 10.0; Win64; x64) AppleWebKit/537.36 (KHTML, like Gecko) Chrome/138.0.0.0 Safari/537.36"
201.48.138.81 - - [10/Jul/2025:14:59:57 -0300] "GET /cpsess6017905609/3rdparty/roundcube/?_task=logout&_token=18M3mPcpM8A83widZmLIBTOLf2XJgPb0 HTTP/2.0" 302 6118 "https://webmail.dimensaogrupo.com.br/cpsess6017905609/3rdparty/roundcube/?_task=mail&_mbox=INBOX" "Mozilla/5.0 (Windows NT 10.0; Win64; x64) AppleWebKit/537.36 (KHTML, like Gecko) Chrome/138.0.0.0 Safari/537.36"
201.48.138.81 - - [10/Jul/2025:14:59:58 -0300] "GET /webmaillogout.cgi HTTP/2.0" 308 102 "https://webmail.dimensaogrupo.com.br/cpsess6017905609/3rdparty/roundcube/?_task=mail&_mbox=INBOX" "Mozilla/5.0 (Windows NT 10.0; Win64; x64) AppleWebKit/537.36 (KHTML, like Gecko) Chrome/138.0.0.0 Safari/537.36"
201.48.138.81 - - [10/Jul/2025:14:59:58 -0300] "GET /webmaillogout.cgi HTTP/2.0" 200 12232 "https://webmail.dimensaogrupo.com.br/cpsess6017905609/3rdparty/roundcube/?_task=mail&_mbox=INBOX" "Mozilla/5.0 (Windows NT 10.0; Win64; x64) AppleWebKit/537.36 (KHTML, like Gecko) Chrome/138.0.0.0 Safari/537.36"
200.219.243.150 - - [10/Jul/2025:15:00:11 -0300] "POST /cpsess6991796993/3rdparty/roundcube/?_task=mail&_action=refresh HTTP/2.0" 308 152 "https://webmail.dimensaogrupo.com.br/cpsess6991796993/3rdparty/roundcube/?_task=mail&_mbox=INBOX" "Mozilla/5.0 (Windows NT 10.0; Win64; x64) AppleWebKit/537.36 (KHTML, like Gecko) Chrome/129.0.0.0 Safari/537.36"
200.219.243.150 - - [10/Jul/2025:15:00:11 -0300] "POST /cpsess6991796993/3rdparty/roundcube/?_task=mail&_action=refresh HTTP/2.0" 200 137 "https://webmail.dimensaogrupo.com.br/cpsess6991796993/3rdparty/roundcube/?_task=mail&_mbox=INBOX" "Mozilla/5.0 (Windows NT 10.0; Win64; x64) AppleWebKit/537.36 (KHTML, like Gecko) Chrome/129.0.0.0 Safari/537.36"
201.48.138.81 - - [10/Jul/2025:15:00:25 -0300] "POST /login/?login_only=1 HTTP/2.0" 308 104 "https://webmail.dimensaogrupo.com.br/webmaillogout.cgi" "Mozilla/5.0 (Windows NT 10.0; Win64; x64) AppleWebKit/537.36 (KHTML, like Gecko) Chrome/138.0.0.0 Safari/537.36"
201.48.138.81 - - [10/Jul/2025:15:00:25 -0300] "POST /login/?login_only=1 HTTP/2.0" 401 38 "https://webmail.dimensaogrupo.com.br/webmaillogout.cgi" "Mozilla/5.0 (Windows NT 10.0; Win64; x64) AppleWebKit/537.36 (KHTML, like Gecko) Chrome/138.0.0.0 Safari/537.36"
201.48.138.81 - - [10/Jul/2025:15:00:54 -0300] "POST /login/?login_only=1 HTTP/2.0" 200 154 "https://webmail.dimensaogrupo.com.br/webmaillogout.cgi" "Mozilla/5.0 (Windows NT 10.0; Win64; x64) AppleWebKit/537.36 (KHTML, like Gecko) Chrome/138.0.0.0 Safari/537.36"
201.48.138.81 - - [10/Jul/2025:15:00:54 -0300] "GET /cpsess6178359603/webmail/jupiter/index.html?login=1&post_login=23519167271145 HTTP/2.0" 200 19357 "https://webmail.dimensaogrupo.com.br/webmaillogout.cgi" "Mozilla/5.0 (Windows NT 10.0; Win64; x64) AppleWebKit/537.36 (KHTML, like Gecko) Chrome/138.0.0.0 Safari/537.36"
201.48.138.81 - - [10/Jul/2025:15:00:55 -0300] "GET /cpsess6178359603/webmail/jupiter/assets/application_icons/user_manager.svg HTTP/2.0" 200 1505 "https://webmail.dimensaogrupo.com.br/" "Mozilla/5.0 (Windows NT 10.0; Win64; x64) AppleWebKit/537.36 (KHTML, like Gecko) Chrome/138.0.0.0 Safari/537.36"
201.48.138.81 - - [10/Jul/2025:15:00:56 -0300] "POST /cpsess6178359603/execute/Email/list_pops_with_disk HTTP/2.0" 200 283 "https://webmail.dimensaogrupo.com.br/" "Mozilla/5.0 (Windows NT 10.0; Win64; x64) AppleWebKit/537.36 (KHTML, like Gecko) Chrome/138.0.0.0 Safari/537.36"
201.48.138.81 - - [10/Jul/2025:15:01:06 -0300] "GET /cpsess6178359603/webmail/jupiter/index.html?mailclient=none HTTP/2.0" 200 19168 "https://webmail.dimensaogrupo.com.br/" "Mozilla/5.0 (Windows NT 10.0; Win64; x64) AppleWebKit/537.36 (KHTML, like Gecko) Chrome/138.0.0.0 Safari/537.36"
201.48.138.81 - - [10/Jul/2025:15:01:07 -0300] "POST /cpsess6178359603/execute/Email/list_pops_with_disk HTTP/2.0" 200 289 "https://webmail.dimensaogrupo.com.br/" "Mozilla/5.0 (Windows NT 10.0; Win64; x64) AppleWebKit/537.36 (KHTML, like Gecko) Chrome/138.0.0.0 Safari/537.36"
201.48.138.81 - - [10/Jul/2025:15:01:08 -0300] "GET /cpsess6178359603/webmail/jupiter/index.html?mailclient=none HTTP/2.0" 200 19152 "https://webmail.dimensaogrupo.com.br/" "Mozilla/5.0 (Windows NT 10.0; Win64; x64) AppleWebKit/537.36 (KHTML, like Gecko) Chrome/138.0.0.0 Safari/537.36"
201.48.138.81 - - [10/Jul/2025:15:01:09 -0300] "POST /cpsess6178359603/execute/Email/list_pops_with_disk HTTP/2.0" 200 287 "https://webmail.dimensaogrupo.com.br/" "Mozilla/5.0 (Windows NT 10.0; Win64; x64) AppleWebKit/537.36 (KHTML, like Gecko) Chrome/138.0.0.0 Safari/537.36"
200.219.243.150 - - [10/Jul/2025:15:01:11 -0300] "POST /cpsess6991796993/3rdparty/roundcube/?_task=mail&_action=refresh HTTP/2.0" 308 152 "https://webmail.dimensaogrupo.com.br/cpsess6991796993/3rdparty/roundcube/?_task=mail&_mbox=INBOX" "Mozilla/5.0 (Windows NT 10.0; Win64; x64) AppleWebKit/537.36 (KHTML, like Gecko) Chrome/129.0.0.0 Safari/537.36"
200.219.243.150 - - [10/Jul/2025:15:01:11 -0300] "POST /cpsess6991796993/3rdparty/roundcube/?_task=mail&_action=refresh HTTP/2.0" 200 137 "https://webmail.dimensaogrupo.com.br/cpsess6991796993/3rdparty/roundcube/?_task=mail&_mbox=INBOX" "Mozilla/5.0 (Windows NT 10.0; Win64; x64) AppleWebKit/537.36 (KHTML, like Gecko) Chrome/129.0.0.0 Safari/537.36"
201.48.138.81 - - [10/Jul/2025:15:01:13 -0300] "GET /cpsess6178359603/webmail/jupiter/mail/spam/ HTTP/2.0" 308 128 "https://webmail.dimensaogrupo.com.br/" "Mozilla/5.0 (Windows NT 10.0; Win64; x64) AppleWebKit/537.36 (KHTML, like Gecko) Chrome/138.0.0.0 Safari/537.36"
201.48.138.81 - - [10/Jul/2025:15:01:14 -0300] "GET /cpsess6178359603/webmail/jupiter/mail/spam/ HTTP/2.0" 200 18337 "https://webmail.dimensaogrupo.com.br/" "Mozilla/5.0 (Windows NT 10.0; Win64; x64) AppleWebKit/537.36 (KHTML, like Gecko) Chrome/138.0.0.0 Safari/537.36"
201.48.138.81 - - [10/Jul/2025:15:01:14 -0300] "GET /cPanel_magic_revision_0/webmail/jupiter/mail/spam/index.min.css HTTP/2.0" 308 124 "https://webmail.dimensaogrupo.com.br/" "Mozilla/5.0 (Windows NT 10.0; Win64; x64) AppleWebKit/537.36 (KHTML, like Gecko) Chrome/138.0.0.0 Safari/537.36"
201.48.138.81 - - [10/Jul/2025:15:01:15 -0300] "GET /webmail/jupiter/mail/spam/index.min.css HTTP/2.0" 401 4370 "https://webmail.dimensaogrupo.com.br/" "Mozilla/5.0 (Windows NT 10.0; Win64; x64) AppleWebKit/537.36 (KHTML, like Gecko) Chrome/138.0.0.0 Safari/537.36"
201.48.138.81 - - [10/Jul/2025:15:01:15 -0300] "POST /cpsess6178359603/execute/Email/list_pops_with_disk HTTP/2.0" 200 289 "https://webmail.dimensaogrupo.com.br/" "Mozilla/5.0 (Windows NT 10.0; Win64; x64) AppleWebKit/537.36 (KHTML, like Gecko) Chrome/138.0.0.0 Safari/537.36"
201.48.138.81 - - [10/Jul/2025:15:01:15 -0300] "GET /cPanel_magic_revision_1750426524/webmail/jupiter/mail/spam/index.dist.min.js?locale_optional=1&locale=pt_br&locale_revision=1751031429 HTTP/2.0" 200 177 "https://webmail.dimensaogrupo.com.br/" "Mozilla/5.0 (Windows NT 10.0; Win64; x64) AppleWebKit/537.36 (KHTML, like Gecko) Chrome/138.0.0.0 Safari/537.36"
201.48.138.81 - - [10/Jul/2025:15:01:15 -0300] "GET /cPanel_magic_revision_1750426524/webmail/jupiter/mail/spam/index.cmb.min.js?locale_optional=1&locale=pt_br&locale_revision=1751031429 HTTP/2.0" 200 1096 "https://webmail.dimensaogrupo.com.br/" "Mozilla/5.0 (Windows NT 10.0; Win64; x64) AppleWebKit/537.36 (KHTML, like Gecko) Chrome/138.0.0.0 Safari/537.36"
201.48.138.81 - - [10/Jul/2025:15:01:15 -0300] "GET /cPanel_magic_revision_1750426524/webmail/jupiter/_assets/master.cmb.min.js?locale_optional=1&locale=pt_br&locale_revision=1751031429 HTTP/2.0" 200 361 "https://webmail.dimensaogrupo.com.br/" "Mozilla/5.0 (Windows NT 10.0; Win64; x64) AppleWebKit/537.36 (KHTML, like Gecko) Chrome/138.0.0.0 Safari/537.36"
201.48.138.81 - - [10/Jul/2025:15:01:16 -0300] "POST /cpsess6178359603/execute/Personalization/get HTTP/2.0" 200 162 "https://webmail.dimensaogrupo.com.br/" "Mozilla/5.0 (Windows NT 10.0; Win64; x64) AppleWebKit/537.36 (KHTML, like Gecko) Chrome/138.0.0.0 Safari/537.36"
201.48.138.81 - - [10/Jul/2025:15:01:18 -0300] "GET /cpsess6178359603/webmail/jupiter/index.html?mailclient=none HTTP/2.0" 200 19418 "https://webmail.dimensaogrupo.com.br/" "Mozilla/5.0 (Windows NT 10.0; Win64; x64) AppleWebKit/537.36 (KHTML, like Gecko) Chrome/138.0.0.0 Safari/537.36"
201.48.138.81 - - [10/Jul/2025:15:01:19 -0300] "POST /cpsess6178359603/execute/Email/list_pops_with_disk HTTP/2.0" 200 289 "https://webmail.dimensaogrupo.com.br/" "Mozilla/5.0 (Windows NT 10.0; Win64; x64) AppleWebKit/537.36 (KHTML, like Gecko) Chrome/138.0.0.0 Safari/537.36"
201.48.138.81 - - [10/Jul/2025:15:01:58 -0300] "GET /cpsess6178359603/webmail/jupiter/mail/change_password.html HTTP/2.0" 200 19106 "https://webmail.dimensaogrupo.com.br/" "Mozilla/5.0 (Windows NT 10.0; Win64; x64) AppleWebKit/537.36 (KHTML, like Gecko) Chrome/138.0.0.0 Safari/537.36"
201.48.138.81 - - [10/Jul/2025:15:01:59 -0300] "GET /cPanel_magic_revision_1656538133/webmail/jupiter/libraries/handlebars/handlebars.min.js HTTP/2.0" 200 12207 "https://webmail.dimensaogrupo.com.br/" "Mozilla/5.0 (Windows NT 10.0; Win64; x64) AppleWebKit/537.36 (KHTML, like Gecko) Chrome/138.0.0.0 Safari/537.36"
201.48.138.81 - - [10/Jul/2025:15:01:59 -0300] "POST /cpsess6178359603/execute/Email/list_pops_with_disk HTTP/2.0" 200 286 "https://webmail.dimensaogrupo.com.br/" "Mozilla/5.0 (Windows NT 10.0; Win64; x64) AppleWebKit/537.36 (KHTML, like Gecko) Chrome/138.0.0.0 Safari/537.36"
201.48.138.81 - - [10/Jul/2025:15:01:59 -0300] "GET /cPanel_magic_revision_1750426524/webmail/jupiter/mail/change_password.dist.min.js?locale_optional=1&locale=pt_br&locale_revision=1751031429 HTTP/2.0" 200 161 "https://webmail.dimensaogrupo.com.br/" "Mozilla/5.0 (Windows NT 10.0; Win64; x64) AppleWebKit/537.36 (KHTML, like Gecko) Chrome/138.0.0.0 Safari/537.36"
201.48.138.81 - - [10/Jul/2025:15:02:00 -0300] "GET /cPanel_magic_revision_1750426524/webmail/jupiter/mail/change_password.cmb.min.js?locale_optional=1&locale=pt_br&locale_revision=1751031429 HTTP/2.0" 200 1420 "https://webmail.dimensaogrupo.com.br/" "Mozilla/5.0 (Windows NT 10.0; Win64; x64) AppleWebKit/537.36 (KHTML, like Gecko) Chrome/138.0.0.0 Safari/537.36"
201.48.138.81 - - [10/Jul/2025:15:02:00 -0300] "GET /cPanel_magic_revision_1750426524/webmail/jupiter/_assets/master.min.js?locale_optional=1&locale=pt_br&locale_revision=1751031429 HTTP/2.0" 200 345 "https://webmail.dimensaogrupo.com.br/" "Mozilla/5.0 (Windows NT 10.0; Win64; x64) AppleWebKit/537.36 (KHTML, like Gecko) Chrome/138.0.0.0 Safari/537.36"
201.48.138.81 - - [10/Jul/2025:15:02:00 -0300] "POST /cpsess6178359603/execute/Personalization/get HTTP/2.0" 200 162 "https://webmail.dimensaogrupo.com.br/" "Mozilla/5.0 (Windows NT 10.0; Win64; x64) AppleWebKit/537.36 (KHTML, like Gecko) Chrome/138.0.0.0 Safari/537.36"
201.48.138.81 - - [10/Jul/2025:15:02:03 -0300] "GET /cPanel_magic_revision_0/cjt/images/icons/error.png HTTP/2.0" 200 733 "https://webmail.dimensaogrupo.com.br/" "Mozilla/5.0 (Windows NT 10.0; Win64; x64) AppleWebKit/537.36 (KHTML, like Gecko) Chrome/138.0.0.0 Safari/537.36"
201.48.138.81 - - [10/Jul/2025:15:02:03 -0300] "GET /cpsess6178359603/webmail/jupiter/mail/manage_disk_usage/ HTTP/2.0" 200 19440 "https://webmail.dimensaogrupo.com.br/" "Mozilla/5.0 (Windows NT 10.0; Win64; x64) AppleWebKit/537.36 (KHTML, like Gecko) Chrome/138.0.0.0 Safari/537.36"
201.48.138.81 - - [10/Jul/2025:15:02:03 -0300] "POST /cpsess6178359603/backend/passwordstrength.cgi HTTP/2.0" 200 21 "https://webmail.dimensaogrupo.com.br/" "Mozilla/5.0 (Windows NT 10.0; Win64; x64) AppleWebKit/537.36 (KHTML, like Gecko) Chrome/138.0.0.0 Safari/537.36"
201.48.138.81 - - [10/Jul/2025:15:02:04 -0300] "POST /cpsess6178359603/execute/Email/list_pops_with_disk HTTP/2.0" 200 289 "https://webmail.dimensaogrupo.com.br/" "Mozilla/5.0 (Windows NT 10.0; Win64; x64) AppleWebKit/537.36 (KHTML, like Gecko) Chrome/138.0.0.0 Safari/537.36"
201.48.138.81 - - [10/Jul/2025:15:02:04 -0300] "POST /cpsess6178359603/execute/Personalization/get HTTP/2.0" 200 162 "https://webmail.dimensaogrupo.com.br/" "Mozilla/5.0 (Windows NT 10.0; Win64; x64) AppleWebKit/537.36 (KHTML, like Gecko) Chrome/138.0.0.0 Safari/537.36"
201.48.138.81 - - [10/Jul/2025:15:02:06 -0300] "GET /cpsess6178359603/webmail/jupiter/index.html?mailclient=none HTTP/2.0" 200 19109 "https://webmail.dimensaogrupo.com.br/" "Mozilla/5.0 (Windows NT 10.0; Win64; x64) AppleWebKit/537.36 (KHTML, like Gecko) Chrome/138.0.0.0 Safari/537.36"
201.48.138.81 - - [10/Jul/2025:15:02:07 -0300] "POST /cpsess6178359603/execute/Email/list_pops_with_disk HTTP/2.0" 200 290 "https://webmail.dimensaogrupo.com.br/" "Mozilla/5.0 (Windows NT 10.0; Win64; x64) AppleWebKit/537.36 (KHTML, like Gecko) Chrome/138.0.0.0 Safari/537.36"
200.219.243.150 - - [10/Jul/2025:15:02:11 -0300] "POST /cpsess6991796993/3rdparty/roundcube/?_task=mail&_action=refresh HTTP/2.0" 200 137 "https://webmail.dimensaogrupo.com.br/cpsess6991796993/3rdparty/roundcube/?_task=mail&_mbox=INBOX" "Mozilla/5.0 (Windows NT 10.0; Win64; x64) AppleWebKit/537.36 (KHTML, like Gecko) Chrome/129.0.0.0 Safari/537.36"
200.219.243.150 - - [10/Jul/2025:15:03:11 -0300] "POST /cpsess6991796993/3rdparty/roundcube/?_task=mail&_action=refresh HTTP/2.0" 200 137 "https://webmail.dimensaogrupo.com.br/cpsess6991796993/3rdparty/roundcube/?_task=mail&_mbox=INBOX" "Mozilla/5.0 (Windows NT 10.0; Win64; x64) AppleWebKit/537.36 (KHTML, like Gecko) Chrome/129.0.0.0 Safari/537.36"
200.219.243.150 - - [10/Jul/2025:15:04:11 -0300] "POST /cpsess6991796993/3rdparty/roundcube/?_task=mail&_action=refresh HTTP/2.0" 200 137 "https://webmail.dimensaogrupo.com.br/cpsess6991796993/3rdparty/roundcube/?_task=mail&_mbox=INBOX" "Mozilla/5.0 (Windows NT 10.0; Win64; x64) AppleWebKit/537.36 (KHTML, like Gecko) Chrome/129.0.0.0 Safari/537.36"
201.48.138.81 - - [10/Jul/2025:15:04:44 -0300] "GET /cpsess6178359603/3rdparty/roundcube/index.php HTTP/2.0" 302 - "https://webmail.dimensaogrupo.com.br/" "Mozilla/5.0 (Windows NT 10.0; Win64; x64) AppleWebKit/537.36 (KHTML, like Gecko) Chrome/138.0.0.0 Safari/537.36"
201.48.138.81 - - [10/Jul/2025:15:04:45 -0300] "GET /cpsess6178359603/3rdparty/roundcube/?_task=mail&_token=4kjyxwFEOtrG8KNIbHr28qdoKnxsJaNR HTTP/2.0" 200 11409 "https://webmail.dimensaogrupo.com.br/" "Mozilla/5.0 (Windows NT 10.0; Win64; x64) AppleWebKit/537.36 (KHTML, like Gecko) Chrome/138.0.0.0 Safari/537.36"
201.48.138.81 - - [10/Jul/2025:15:04:46 -0300] "GET /cpsess6178359603/3rdparty/roundcube/skins/elastic/deps/bootstrap.min.css?s=1748763916 HTTP/2.0" 200 25867 "https://webmail.dimensaogrupo.com.br/cpsess6178359603/3rdparty/roundcube/?_task=mail&_token=4kjyxwFEOtrG8KNIbHr28qdoKnxsJaNR" "Mozilla/5.0 (Windows NT 10.0; Win64; x64) AppleWebKit/537.36 (KHTML, like Gecko) Chrome/138.0.0.0 Safari/537.36"
201.48.138.81 - - [10/Jul/2025:15:04:46 -0300] "GET /cpsess6178359603/3rdparty/roundcube/skins/elastic/styles/styles.min.css?s=1748880883 HTTP/2.0" 200 24006 "https://webmail.dimensaogrupo.com.br/cpsess6178359603/3rdparty/roundcube/?_task=mail&_token=4kjyxwFEOtrG8KNIbHr28qdoKnxsJaNR" "Mozilla/5.0 (Windows NT 10.0; Win64; x64) AppleWebKit/537.36 (KHTML, like Gecko) Chrome/138.0.0.0 Safari/537.36"
201.48.138.81 - - [10/Jul/2025:15:04:46 -0300] "GET /cpsess6178359603/3rdparty/roundcube/plugins/return_to_webmail/skins/elastic/return_to_webmail.css?s=1748881325 HTTP/2.0" 200 863 "https://webmail.dimensaogrupo.com.br/cpsess6178359603/3rdparty/roundcube/?_task=mail&_token=4kjyxwFEOtrG8KNIbHr28qdoKnxsJaNR" "Mozilla/5.0 (Windows NT 10.0; Win64; x64) AppleWebKit/537.36 (KHTML, like Gecko) Chrome/138.0.0.0 Safari/537.36"
201.48.138.81 - - [10/Jul/2025:15:04:46 -0300] "GET /cpsess6178359603/3rdparty/roundcube/plugins/carddav/skins/elastic/carddav.css?s=1748881325 HTTP/2.0" 200 77 "https://webmail.dimensaogrupo.com.br/cpsess6178359603/3rdparty/roundcube/?_task=mail&_token=4kjyxwFEOtrG8KNIbHr28qdoKnxsJaNR" "Mozilla/5.0 (Windows NT 10.0; Win64; x64) AppleWebKit/537.36 (KHTML, like Gecko) Chrome/138.0.0.0 Safari/537.36"
201.48.138.81 - - [10/Jul/2025:15:04:46 -0300] "GET /cpsess6178359603/3rdparty/roundcube/plugins/jqueryui/themes/elastic/jquery-ui.min.css?s=1748763912 HTTP/2.0" 200 7701 "https://webmail.dimensaogrupo.com.br/cpsess6178359603/3rdparty/roundcube/?_task=mail&_token=4kjyxwFEOtrG8KNIbHr28qdoKnxsJaNR" "Mozilla/5.0 (Windows NT 10.0; Win64; x64) AppleWebKit/537.36 (KHTML, like Gecko) Chrome/138.0.0.0 Safari/537.36"
201.48.138.81 - - [10/Jul/2025:15:04:46 -0300] "GET /cpsess6178359603/3rdparty/roundcube/program/js/jquery.min.js?s=1748763914 HTTP/2.0" 200 32867 "https://webmail.dimensaogrupo.com.br/cpsess6178359603/3rdparty/roundcube/?_task=mail&_token=4kjyxwFEOtrG8KNIbHr28qdoKnxsJaNR" "Mozilla/5.0 (Windows NT 10.0; Win64; x64) AppleWebKit/537.36 (KHTML, like Gecko) Chrome/138.0.0.0 Safari/537.36"
201.48.138.81 - - [10/Jul/2025:15:04:46 -0300] "GET /cpsess6178359603/3rdparty/roundcube/plugins/calendar/skins/elastic/calendar.css?s=1748881326 HTTP/2.0" 200 15435 "https://webmail.dimensaogrupo.com.br/cpsess6178359603/3rdparty/roundcube/?_task=mail&_token=4kjyxwFEOtrG8KNIbHr28qdoKnxsJaNR" "Mozilla/5.0 (Windows NT 10.0; Win64; x64) AppleWebKit/537.36 (KHTML, like Gecko) Chrome/138.0.0.0 Safari/537.36"
201.48.138.81 - - [10/Jul/2025:15:04:46 -0300] "GET /cpsess6178359603/3rdparty/roundcube/program/js/common.min.js?s=1748763912 HTTP/2.0" 200 4959 "https://webmail.dimensaogrupo.com.br/cpsess6178359603/3rdparty/roundcube/?_task=mail&_token=4kjyxwFEOtrG8KNIbHr28qdoKnxsJaNR" "Mozilla/5.0 (Windows NT 10.0; Win64; x64) AppleWebKit/537.36 (KHTML, like Gecko) Chrome/138.0.0.0 Safari/537.36"
201.48.138.81 - - [10/Jul/2025:15:04:46 -0300] "GET /cpsess6178359603/3rdparty/roundcube/program/js/app.min.js?s=1748880883 HTTP/2.0" 200 50593 "https://webmail.dimensaogrupo.com.br/cpsess6178359603/3rdparty/roundcube/?_task=mail&_token=4kjyxwFEOtrG8KNIbHr28qdoKnxsJaNR" "Mozilla/5.0 (Windows NT 10.0; Win64; x64) AppleWebKit/537.36 (KHTML, like Gecko) Chrome/138.0.0.0 Safari/537.36"
201.48.138.81 - - [10/Jul/2025:15:04:46 -0300] "GET /cpsess6178359603/3rdparty/roundcube/program/js/treelist.min.js?s=1748763912 HTTP/2.0" 200 5390 "https://webmail.dimensaogrupo.com.br/cpsess6178359603/3rdparty/roundcube/?_task=mail&_token=4kjyxwFEOtrG8KNIbHr28qdoKnxsJaNR" "Mozilla/5.0 (Windows NT 10.0; Win64; x64) AppleWebKit/537.36 (KHTML, like Gecko) Chrome/138.0.0.0 Safari/537.36"
201.48.138.81 - - [10/Jul/2025:15:04:46 -0300] "GET /cpsess6178359603/3rdparty/roundcube/program/js/list.min.js?s=1748763912 HTTP/2.0" 200 8316 "https://webmail.dimensaogrupo.com.br/cpsess6178359603/3rdparty/roundcube/?_task=mail&_token=4kjyxwFEOtrG8KNIbHr28qdoKnxsJaNR" "Mozilla/5.0 (Windows NT 10.0; Win64; x64) AppleWebKit/537.36 (KHTML, like Gecko) Chrome/138.0.0.0 Safari/537.36"
201.48.138.81 - - [10/Jul/2025:15:04:46 -0300] "GET /cpsess6178359603/3rdparty/roundcube/plugins/archive/archive.min.js?s=1748763912 HTTP/2.0" 200 743 "https://webmail.dimensaogrupo.com.br/cpsess6178359603/3rdparty/roundcube/?_task=mail&_token=4kjyxwFEOtrG8KNIbHr28qdoKnxsJaNR" "Mozilla/5.0 (Windows NT 10.0; Win64; x64) AppleWebKit/537.36 (KHTML, like Gecko) Chrome/138.0.0.0 Safari/537.36"
201.48.138.81 - - [10/Jul/2025:15:04:46 -0300] "GET /cpsess6178359603/3rdparty/roundcube/plugins/return_to_webmail/return_to_webmail.js?s=1748881325 HTTP/2.0" 200 773 "https://webmail.dimensaogrupo.com.br/cpsess6178359603/3rdparty/roundcube/?_task=mail&_token=4kjyxwFEOtrG8KNIbHr28qdoKnxsJaNR" "Mozilla/5.0 (Windows NT 10.0; Win64; x64) AppleWebKit/537.36 (KHTML, like Gecko) Chrome/138.0.0.0 Safari/537.36"
201.48.138.81 - - [10/Jul/2025:15:04:46 -0300] "GET /cpsess6178359603/3rdparty/roundcube/plugins/markasjunk/markasjunk.min.js?s=1748763912 HTTP/2.0" 200 1144 "https://webmail.dimensaogrupo.com.br/cpsess6178359603/3rdparty/roundcube/?_task=mail&_token=4kjyxwFEOtrG8KNIbHr28qdoKnxsJaNR" "Mozilla/5.0 (Windows NT 10.0; Win64; x64) AppleWebKit/537.36 (KHTML, like Gecko) Chrome/138.0.0.0 Safari/537.36"
201.48.138.81 - - [10/Jul/2025:15:04:46 -0300] "GET /cpsess6178359603/3rdparty/roundcube/plugins/jqueryui/js/jquery-ui.min.js?s=1748763912 HTTP/2.0" 200 74366 "https://webmail.dimensaogrupo.com.br/cpsess6178359603/3rdparty/roundcube/?_task=mail&_token=4kjyxwFEOtrG8KNIbHr28qdoKnxsJaNR" "Mozilla/5.0 (Windows NT 10.0; Win64; x64) AppleWebKit/537.36 (KHTML, like Gecko) Chrome/138.0.0.0 Safari/537.36"
201.48.138.81 - - [10/Jul/2025:15:04:46 -0300] "GET /cpsess6178359603/3rdparty/roundcube/plugins/jqueryui/js/i18n/datepicker-pt-BR.js?s=1748763912 HTTP/2.0" 200 660 "https://webmail.dimensaogrupo.com.br/cpsess6178359603/3rdparty/roundcube/?_task=mail&_token=4kjyxwFEOtrG8KNIbHr28qdoKnxsJaNR" "Mozilla/5.0 (Windows NT 10.0; Win64; x64) AppleWebKit/537.36 (KHTML, like Gecko) Chrome/138.0.0.0 Safari/537.36"
201.48.138.81 - - [10/Jul/2025:15:04:46 -0300] "GET /cpsess6178359603/3rdparty/roundcube/plugins/calendar/calendar_base.js?s=1748881326 HTTP/2.0" 200 1766 "https://webmail.dimensaogrupo.com.br/cpsess6178359603/3rdparty/roundcube/?_task=mail&_token=4kjyxwFEOtrG8KNIbHr28qdoKnxsJaNR" "Mozilla/5.0 (Windows NT 10.0; Win64; x64) AppleWebKit/537.36 (KHTML, like Gecko) Chrome/138.0.0.0 Safari/537.36"
201.48.138.81 - - [10/Jul/2025:15:04:46 -0300] "GET /cpsess6178359603/3rdparty/roundcube/plugins/libcalendaring/libcalendaring.js?s=1748881326 HTTP/2.0" 200 15634 "https://webmail.dimensaogrupo.com.br/cpsess6178359603/3rdparty/roundcube/?_task=mail&_token=4kjyxwFEOtrG8KNIbHr28qdoKnxsJaNR" "Mozilla/5.0 (Windows NT 10.0; Win64; x64) AppleWebKit/537.36 (KHTML, like Gecko) Chrome/138.0.0.0 Safari/537.36"
201.48.138.81 - - [10/Jul/2025:15:04:46 -0300] "GET /cpsess6178359603/3rdparty/roundcube/skins/elastic/images/logo.svg?s=1748763912 HTTP/2.0" 200 397 "https://webmail.dimensaogrupo.com.br/cpsess6178359603/3rdparty/roundcube/?_task=mail&_token=4kjyxwFEOtrG8KNIbHr28qdoKnxsJaNR" "Mozilla/5.0 (Windows NT 10.0; Win64; x64) AppleWebKit/537.36 (KHTML, like Gecko) Chrome/138.0.0.0 Safari/537.36"
201.48.138.81 - - [10/Jul/2025:15:04:46 -0300] "GET /cpsess6178359603/3rdparty/roundcube/skins/elastic/deps/bootstrap.bundle.min.js?s=1748763916 HTTP/2.0" 200 23054 "https://webmail.dimensaogrupo.com.br/cpsess6178359603/3rdparty/roundcube/?_task=mail&_token=4kjyxwFEOtrG8KNIbHr28qdoKnxsJaNR" "Mozilla/5.0 (Windows NT 10.0; Win64; x64) AppleWebKit/537.36 (KHTML, like Gecko) Chrome/138.0.0.0 Safari/537.36"
201.48.138.81 - - [10/Jul/2025:15:04:47 -0300] "GET /cpsess6178359603/3rdparty/roundcube/skins/elastic/ui.min.js?s=1748763912 HTTP/2.0" 200 20576 "https://webmail.dimensaogrupo.com.br/cpsess6178359603/3rdparty/roundcube/?_task=mail&_token=4kjyxwFEOtrG8KNIbHr28qdoKnxsJaNR" "Mozilla/5.0 (Windows NT 10.0; Win64; x64) AppleWebKit/537.36 (KHTML, like Gecko) Chrome/138.0.0.0 Safari/537.36"
201.48.138.81 - - [10/Jul/2025:15:04:47 -0300] "GET /cpsess6178359603/3rdparty/roundcube/skins/elastic/watermark.html HTTP/2.0" 200 494 "https://webmail.dimensaogrupo.com.br/cpsess6178359603/3rdparty/roundcube/?_task=mail&_token=4kjyxwFEOtrG8KNIbHr28qdoKnxsJaNR" "Mozilla/5.0 (Windows NT 10.0; Win64; x64) AppleWebKit/537.36 (KHTML, like Gecko) Chrome/138.0.0.0 Safari/537.36"
201.48.138.81 - - [10/Jul/2025:15:04:47 -0300] "GET /cpsess6178359603/3rdparty/roundcube/skins/elastic/images/logo.svg HTTP/2.0" 200 397 "https://webmail.dimensaogrupo.com.br/cpsess6178359603/3rdparty/roundcube/skins/elastic/watermark.html" "Mozilla/5.0 (Windows NT 10.0; Win64; x64) AppleWebKit/537.36 (KHTML, like Gecko) Chrome/138.0.0.0 Safari/537.36"
201.48.138.81 - - [10/Jul/2025:15:04:47 -0300] "GET /cpsess6178359603/3rdparty/roundcube/?_task=mail&_action=list&_refresh=1&_layout=widescreen&_mbox=INBOX&_page=&_remote=1&_unlock=loading1752170656682&_=1752170656153 HTTP/2.0" 200 3215 "https://webmail.dimensaogrupo.com.br/cpsess6178359603/3rdparty/roundcube/?_task=mail&_token=4kjyxwFEOtrG8KNIbHr28qdoKnxsJaNR" "Mozilla/5.0 (Windows NT 10.0; Win64; x64) AppleWebKit/537.36 (KHTML, like Gecko) Chrome/138.0.0.0 Safari/537.36"
201.48.138.81 - - [10/Jul/2025:15:04:47 -0300] "GET /cpsess6178359603/3rdparty/roundcube/?_task=mail&_action=getunread&_page=1&_remote=1&_unlock=0&_=1752170656154 HTTP/2.0" 200 348 "https://webmail.dimensaogrupo.com.br/cpsess6178359603/3rdparty/roundcube/?_task=mail&_mbox=INBOX" "Mozilla/5.0 (Windows NT 10.0; Win64; x64) AppleWebKit/537.36 (KHTML, like Gecko) Chrome/138.0.0.0 Safari/537.36"
201.48.138.81 - - [10/Jul/2025:15:04:47 -0300] "GET /cpsess6178359603/3rdparty/roundcube/program/resources/blank.tiff HTTP/2.0" 200 270 "https://webmail.dimensaogrupo.com.br/cpsess6178359603/3rdparty/roundcube/?_task=mail&_mbox=INBOX" "Mozilla/5.0 (Windows NT 10.0; Win64; x64) AppleWebKit/537.36 (KHTML, like Gecko) Chrome/138.0.0.0 Safari/537.36"
201.48.138.81 - - [10/Jul/2025:15:04:47 -0300] "GET /cpsess6178359603/3rdparty/roundcube/program/resources/blank.webp HTTP/2.0" 200 86 "https://webmail.dimensaogrupo.com.br/cpsess6178359603/3rdparty/roundcube/?_task=mail&_mbox=INBOX" "Mozilla/5.0 (Windows NT 10.0; Win64; x64) AppleWebKit/537.36 (KHTML, like Gecko) Chrome/138.0.0.0 Safari/537.36"
201.48.138.81 - - [10/Jul/2025:15:04:47 -0300] "GET /cpsess6178359603/3rdparty/roundcube/skins/elastic/images/favicon.ico?s=1748763912 HTTP/2.0" 200 1871 "https://webmail.dimensaogrupo.com.br/cpsess6178359603/3rdparty/roundcube/?_task=mail&_mbox=INBOX" "Mozilla/5.0 (Windows NT 10.0; Win64; x64) AppleWebKit/537.36 (KHTML, like Gecko) Chrome/138.0.0.0 Safari/537.36"
201.48.138.81 - - [10/Jul/2025:15:04:57 -0300] "GET /cpsess6178359603/3rdparty/roundcube/?_task=mail&_action=list&_refresh=1&_layout=widescreen&_mbox=INBOX.spam&_page=1&_remote=1&_unlock=loading1752170666182&_=1752170656155 HTTP/2.0" 200 4212 "https://webmail.dimensaogrupo.com.br/cpsess6178359603/3rdparty/roundcube/?_task=mail&_mbox=INBOX" "Mozilla/5.0 (Windows NT 10.0; Win64; x64) AppleWebKit/537.36 (KHTML, like Gecko) Chrome/138.0.0.0 Safari/537.36"
201.48.138.81 - - [10/Jul/2025:15:04:59 -0300] "GET /cpsess6178359603/3rdparty/roundcube/?_task=mail&_caps=pdf%3D1%2Cflash%3D0%2Ctiff%3D0%2Cwebp%3D1%2Cpgpmime%3D0&_uid=479&_mbox=INBOX.spam&_framed=1&_action=preview HTTP/2.0" 200 5613 "https://webmail.dimensaogrupo.com.br/cpsess6178359603/3rdparty/roundcube/?_task=mail&_mbox=INBOX.spam" "Mozilla/5.0 (Windows NT 10.0; Win64; x64) AppleWebKit/537.36 (KHTML, like Gecko) Chrome/138.0.0.0 Safari/537.36"
201.48.138.81 - - [10/Jul/2025:15:04:59 -0300] "GET /cpsess6178359603/3rdparty/roundcube/?_task=addressbook&_action=photo&_email=michelon.dimensao%40michelonadvocacia.com.br&_error=1&_bgcolor=transparent HTTP/2.0" 204 - "https://webmail.dimensaogrupo.com.br/cpsess6178359603/3rdparty/roundcube/?_task=mail&_caps=pdf%3D1%2Cflash%3D0%2Ctiff%3D0%2Cwebp%3D1%2Cpgpmime%3D0&_uid=479&_mbox=INBOX.spam&_framed=1&_action=preview" "Mozilla/5.0 (Windows NT 10.0; Win64; x64) AppleWebKit/537.36 (KHTML, like Gecko) Chrome/138.0.0.0 Safari/537.36"
201.48.138.81 - - [10/Jul/2025:15:05:00 -0300] "GET /cpsess6178359603/3rdparty/roundcube/skins/elastic/images/contactpic.svg HTTP/2.0" 200 367 "https://webmail.dimensaogrupo.com.br/cpsess6178359603/3rdparty/roundcube/?_task=mail&_caps=pdf%3D1%2Cflash%3D0%2Ctiff%3D0%2Cwebp%3D1%2Cpgpmime%3D0&_uid=479&_mbox=INBOX.spam&_framed=1&_action=preview" "Mozilla/5.0 (Windows NT 10.0; Win64; x64) AppleWebKit/537.36 (KHTML, like Gecko) Chrome/138.0.0.0 Safari/537.36"
200.219.243.150 - - [10/Jul/2025:15:05:11 -0300] "POST /cpsess6991796993/3rdparty/roundcube/?_task=mail&_action=refresh HTTP/2.0" 200 137 "https://webmail.dimensaogrupo.com.br/cpsess6991796993/3rdparty/roundcube/?_task=mail&_mbox=INBOX" "Mozilla/5.0 (Windows NT 10.0; Win64; x64) AppleWebKit/537.36 (KHTML, like Gecko) Chrome/129.0.0.0 Safari/537.36"
201.48.138.81 - - [10/Jul/2025:15:05:28 -0300] "GET /cpsess6178359603/3rdparty/roundcube/?_task=mail&_caps=pdf%3D1%2Cflash%3D0%2Ctiff%3D0%2Cwebp%3D1%2Cpgpmime%3D0&_uid=480&_mbox=INBOX.spam&_framed=1&_action=preview HTTP/2.0" 200 5407 "https://webmail.dimensaogrupo.com.br/cpsess6178359603/3rdparty/roundcube/?_task=mail&_mbox=INBOX.spam" "Mozilla/5.0 (Windows NT 10.0; Win64; x64) AppleWebKit/537.36 (KHTML, like Gecko) Chrome/138.0.0.0 Safari/537.36"
201.48.138.81 - - [10/Jul/2025:15:05:29 -0300] "GET /cpsess6178359603/3rdparty/roundcube/?_task=addressbook&_action=photo&_email=adriana785%40tcls353.bristlepath.pics&_error=1&_bgcolor=transparent HTTP/2.0" 204 - "https://webmail.dimensaogrupo.com.br/cpsess6178359603/3rdparty/roundcube/?_task=mail&_caps=pdf%3D1%2Cflash%3D0%2Ctiff%3D0%2Cwebp%3D1%2Cpgpmime%3D0&_uid=480&_mbox=INBOX.spam&_framed=1&_action=preview" "Mozilla/5.0 (Windows NT 10.0; Win64; x64) AppleWebKit/537.36 (KHTML, like Gecko) Chrome/138.0.0.0 Safari/537.36"
201.48.138.81 - - [10/Jul/2025:15:05:35 -0300] "GET /cpsess6178359603/3rdparty/roundcube/?_task=mail&_caps=pdf%3D1%2Cflash%3D0%2Ctiff%3D0%2Cwebp%3D1%2Cpgpmime%3D0&_uid=479&_mbox=INBOX.spam&_framed=1&_action=preview HTTP/2.0" 200 5638 "https://webmail.dimensaogrupo.com.br/cpsess6178359603/3rdparty/roundcube/?_task=mail&_mbox=INBOX.spam" "Mozilla/5.0 (Windows NT 10.0; Win64; x64) AppleWebKit/537.36 (KHTML, like Gecko) Chrome/138.0.0.0 Safari/537.36"
201.48.138.81 - - [10/Jul/2025:15:05:36 -0300] "GET /cpsess6178359603/3rdparty/roundcube/?_task=addressbook&_action=photo&_email=michelon.dimensao%40michelonadvocacia.com.br&_error=1&_bgcolor=transparent HTTP/2.0" 204 - "https://webmail.dimensaogrupo.com.br/cpsess6178359603/3rdparty/roundcube/?_task=mail&_caps=pdf%3D1%2Cflash%3D0%2Ctiff%3D0%2Cwebp%3D1%2Cpgpmime%3D0&_uid=479&_mbox=INBOX.spam&_framed=1&_action=preview" "Mozilla/5.0 (Windows NT 10.0; Win64; x64) AppleWebKit/537.36 (KHTML, like Gecko) Chrome/138.0.0.0 Safari/537.36"
201.48.138.81 - - [10/Jul/2025:15:05:47 -0300] "POST /cpsess6178359603/3rdparty/roundcube/?_task=mail&_action=refresh HTTP/2.0" 200 174 "https://webmail.dimensaogrupo.com.br/cpsess6178359603/3rdparty/roundcube/?_task=mail&_mbox=INBOX.spam" "Mozilla/5.0 (Windows NT 10.0; Win64; x64) AppleWebKit/537.36 (KHTML, like Gecko) Chrome/138.0.0.0 Safari/537.36"
200.219.243.150 - - [10/Jul/2025:15:06:11 -0300] "POST /cpsess6991796993/3rdparty/roundcube/?_task=mail&_action=refresh HTTP/2.0" 308 152 "https://webmail.dimensaogrupo.com.br/cpsess6991796993/3rdparty/roundcube/?_task=mail&_mbox=INBOX" "Mozilla/5.0 (Windows NT 10.0; Win64; x64) AppleWebKit/537.36 (KHTML, like Gecko) Chrome/129.0.0.0 Safari/537.36"
200.219.243.150 - - [10/Jul/2025:15:06:11 -0300] "POST /cpsess6991796993/3rdparty/roundcube/?_task=mail&_action=refresh HTTP/2.0" 200 137 "https://webmail.dimensaogrupo.com.br/cpsess6991796993/3rdparty/roundcube/?_task=mail&_mbox=INBOX" "Mozilla/5.0 (Windows NT 10.0; Win64; x64) AppleWebKit/537.36 (KHTML, like Gecko) Chrome/129.0.0.0 Safari/537.36"
201.48.138.81 - - [10/Jul/2025:15:06:48 -0300] "POST /cpsess6178359603/3rdparty/roundcube/?_task=mail&_action=refresh HTTP/2.0" 200 135 "https://webmail.dimensaogrupo.com.br/cpsess6178359603/3rdparty/roundcube/?_task=mail&_mbox=INBOX.spam" "Mozilla/5.0 (Windows NT 10.0; Win64; x64) AppleWebKit/537.36 (KHTML, like Gecko) Chrome/138.0.0.0 Safari/537.36"
200.219.243.150 - - [10/Jul/2025:15:07:11 -0300] "POST /cpsess6991796993/3rdparty/roundcube/?_task=mail&_action=refresh HTTP/2.0" 200 137 "https://webmail.dimensaogrupo.com.br/cpsess6991796993/3rdparty/roundcube/?_task=mail&_mbox=INBOX" "Mozilla/5.0 (Windows NT 10.0; Win64; x64) AppleWebKit/537.36 (KHTML, like Gecko) Chrome/129.0.0.0 Safari/537.36"
201.48.138.81 - - [10/Jul/2025:15:07:33 -0300] "GET /cpsess6178359603/3rdparty/roundcube/?_task=mail&_forward_uid=479&_mbox=INBOX.spam&_action=compose HTTP/2.0" 302 - "https://webmail.dimensaogrupo.com.br/cpsess6178359603/3rdparty/roundcube/?_task=mail&_mbox=INBOX.spam" "Mozilla/5.0 (Windows NT 10.0; Win64; x64) AppleWebKit/537.36 (KHTML, like Gecko) Chrome/138.0.0.0 Safari/537.36"
201.48.138.81 - - [10/Jul/2025:15:07:34 -0300] "GET /cpsess6178359603/3rdparty/roundcube/?_task=mail&_action=compose&_id=37710775068700165d186d HTTP/2.0" 200 10292 "https://webmail.dimensaogrupo.com.br/cpsess6178359603/3rdparty/roundcube/?_task=mail&_mbox=INBOX.spam" "Mozilla/5.0 (Windows NT 10.0; Win64; x64) AppleWebKit/537.36 (KHTML, like Gecko) Chrome/138.0.0.0 Safari/537.36"
201.48.138.81 - - [10/Jul/2025:15:07:34 -0300] "GET /cpsess6178359603/3rdparty/roundcube/program/js/publickey.min.js?s=1748763917 HTTP/2.0" 200 2079 "https://webmail.dimensaogrupo.com.br/cpsess6178359603/3rdparty/roundcube/?_task=mail&_action=compose&_id=37710775068700165d186d" "Mozilla/5.0 (Windows NT 10.0; Win64; x64) AppleWebKit/537.36 (KHTML, like Gecko) Chrome/138.0.0.0 Safari/537.36"
201.48.138.81 - - [10/Jul/2025:15:07:34 -0300] "GET /cpsess6178359603/3rdparty/roundcube/program/js/tinymce/tinymce.min.js?s=1700005210 HTTP/2.0" 200 140462 "https://webmail.dimensaogrupo.com.br/cpsess6178359603/3rdparty/roundcube/?_task=mail&_action=compose&_id=37710775068700165d186d" "Mozilla/5.0 (Windows NT 10.0; Win64; x64) AppleWebKit/537.36 (KHTML, like Gecko) Chrome/138.0.0.0 Safari/537.36"
201.48.138.81 - - [10/Jul/2025:15:07:34 -0300] "GET /cpsess6178359603/3rdparty/roundcube/program/js/editor.min.js?s=1748880883 HTTP/2.0" 200 5582 "https://webmail.dimensaogrupo.com.br/cpsess6178359603/3rdparty/roundcube/?_task=mail&_action=compose&_id=37710775068700165d186d" "Mozilla/5.0 (Windows NT 10.0; Win64; x64) AppleWebKit/537.36 (KHTML, like Gecko) Chrome/138.0.0.0 Safari/537.36"
201.48.138.81 - - [10/Jul/2025:15:07:37 -0300] "POST /cpsess6178359603/3rdparty/roundcube/?_task=mail&_action=autocomplete HTTP/2.0" 200 189 "https://webmail.dimensaogrupo.com.br/cpsess6178359603/3rdparty/roundcube/?_task=mail&_action=compose&_id=37710775068700165d186d" "Mozilla/5.0 (Windows NT 10.0; Win64; x64) AppleWebKit/537.36 (KHTML, like Gecko) Chrome/138.0.0.0 Safari/537.36"
201.48.138.81 - - [10/Jul/2025:15:07:42 -0300] "POST /cpsess6178359603/3rdparty/roundcube/?_task=mail&_unlock=loading1752170831878&_framed=1 HTTP/2.0" 308 179 "https://webmail.dimensaogrupo.com.br/cpsess6178359603/3rdparty/roundcube/?_task=mail&_action=compose&_id=37710775068700165d186d" "Mozilla/5.0 (Windows NT 10.0; Win64; x64) AppleWebKit/537.36 (KHTML, like Gecko) Chrome/138.0.0.0 Safari/537.36"
201.48.138.81 - - [10/Jul/2025:15:07:43 -0300] "POST /cpsess6178359603/3rdparty/roundcube/?_task=mail&_unlock=loading1752170831878&_framed=1 HTTP/2.0" 200 350 "https://webmail.dimensaogrupo.com.br/cpsess6178359603/3rdparty/roundcube/?_task=mail&_action=compose&_id=37710775068700165d186d" "Mozilla/5.0 (Windows NT 10.0; Win64; x64) AppleWebKit/537.36 (KHTML, like Gecko) Chrome/138.0.0.0 Safari/537.36"
201.48.138.81 - - [10/Jul/2025:15:07:44 -0300] "GET /cpsess6178359603/3rdparty/roundcube/?_task=mail&_refresh=1&_mbox=INBOX.spam HTTP/2.0" 200 11457 "https://webmail.dimensaogrupo.com.br/cpsess6178359603/3rdparty/roundcube/?_task=mail&_action=compose&_id=37710775068700165d186d" "Mozilla/5.0 (Windows NT 10.0; Win64; x64) AppleWebKit/537.36 (KHTML, like Gecko) Chrome/138.0.0.0 Safari/537.36"
201.48.138.81 - - [10/Jul/2025:15:07:45 -0300] "GET /cpsess6178359603/3rdparty/roundcube/skins/elastic/watermark.html HTTP/2.0" 200 494 "https://webmail.dimensaogrupo.com.br/cpsess6178359603/3rdparty/roundcube/?_task=mail&_refresh=1&_mbox=INBOX.spam" "Mozilla/5.0 (Windows NT 10.0; Win64; x64) AppleWebKit/537.36 (KHTML, like Gecko) Chrome/138.0.0.0 Safari/537.36"
201.48.138.81 - - [10/Jul/2025:15:07:45 -0300] "GET /cpsess6178359603/3rdparty/roundcube/?_task=mail&_action=list&_refresh=1&_layout=widescreen&_mbox=INBOX.spam&_page=&_remote=1&_unlock=loading1752170834512&_=1752170834229 HTTP/2.0" 200 3779 "https://webmail.dimensaogrupo.com.br/cpsess6178359603/3rdparty/roundcube/?_task=mail&_refresh=1&_mbox=INBOX.spam" "Mozilla/5.0 (Windows NT 10.0; Win64; x64) AppleWebKit/537.36 (KHTML, like Gecko) Chrome/138.0.0.0 Safari/537.36"
201.48.138.81 - - [10/Jul/2025:15:07:45 -0300] "GET /cpsess6178359603/3rdparty/roundcube/?_task=mail&_action=getunread&_page=1&_remote=1&_unlock=0&_=1752170834230 HTTP/2.0" 200 151 "https://webmail.dimensaogrupo.com.br/cpsess6178359603/3rdparty/roundcube/?_task=mail&_mbox=INBOX.spam" "Mozilla/5.0 (Windows NT 10.0; Win64; x64) AppleWebKit/537.36 (KHTML, like Gecko) Chrome/138.0.0.0 Safari/537.36"
200.219.243.150 - - [10/Jul/2025:15:08:11 -0300] "POST /cpsess6991796993/3rdparty/roundcube/?_task=mail&_action=refresh HTTP/2.0" 308 152 "https://webmail.dimensaogrupo.com.br/cpsess6991796993/3rdparty/roundcube/?_task=mail&_mbox=INBOX" "Mozilla/5.0 (Windows NT 10.0; Win64; x64) AppleWebKit/537.36 (KHTML, like Gecko) Chrome/129.0.0.0 Safari/537.36"
200.219.243.150 - - [10/Jul/2025:15:08:11 -0300] "POST /cpsess6991796993/3rdparty/roundcube/?_task=mail&_action=refresh HTTP/2.0" 200 137 "https://webmail.dimensaogrupo.com.br/cpsess6991796993/3rdparty/roundcube/?_task=mail&_mbox=INBOX" "Mozilla/5.0 (Windows NT 10.0; Win64; x64) AppleWebKit/537.36 (KHTML, like Gecko) Chrome/129.0.0.0 Safari/537.36"
201.48.138.81 - - [10/Jul/2025:15:08:46 -0300] "POST /cpsess6178359603/3rdparty/roundcube/?_task=mail&_action=refresh HTTP/2.0" 200 135 "https://webmail.dimensaogrupo.com.br/cpsess6178359603/3rdparty/roundcube/?_task=mail&_mbox=INBOX.spam" "Mozilla/5.0 (Windows NT 10.0; Win64; x64) AppleWebKit/537.36 (KHTML, like Gecko) Chrome/138.0.0.0 Safari/537.36"
200.219.243.150 - - [10/Jul/2025:15:09:11 -0300] "POST /cpsess6991796993/3rdparty/roundcube/?_task=mail&_action=refresh HTTP/2.0" 200 137 "https://webmail.dimensaogrupo.com.br/cpsess6991796993/3rdparty/roundcube/?_task=mail&_mbox=INBOX" "Mozilla/5.0 (Windows NT 10.0; Win64; x64) AppleWebKit/537.36 (KHTML, like Gecko) Chrome/129.0.0.0 Safari/537.36"
201.48.138.81 - - [10/Jul/2025:15:09:19 -0300] "GET /cpsess6178359603/3rdparty/roundcube/?_task=mail&_caps=pdf%3D1%2Cflash%3D0%2Ctiff%3D0%2Cwebp%3D1%2Cpgpmime%3D0&_uid=472&_mbox=INBOX.spam&_framed=1&_action=preview HTTP/2.0" 200 5954 "https://webmail.dimensaogrupo.com.br/cpsess6178359603/3rdparty/roundcube/?_task=mail&_mbox=INBOX.spam" "Mozilla/5.0 (Windows NT 10.0; Win64; x64) AppleWebKit/537.36 (KHTML, like Gecko) Chrome/138.0.0.0 Safari/537.36"
201.48.138.81 - - [10/Jul/2025:15:09:19 -0300] "GET /cpsess6178359603/3rdparty/roundcube/?_task=addressbook&_action=photo&_email=jisely%40terra.com.br&_error=1&_bgcolor=transparent HTTP/2.0" 204 - "https://webmail.dimensaogrupo.com.br/cpsess6178359603/3rdparty/roundcube/?_task=mail&_caps=pdf%3D1%2Cflash%3D0%2Ctiff%3D0%2Cwebp%3D1%2Cpgpmime%3D0&_uid=472&_mbox=INBOX.spam&_framed=1&_action=preview" "Mozilla/5.0 (Windows NT 10.0; Win64; x64) AppleWebKit/537.36 (KHTML, like Gecko) Chrome/138.0.0.0 Safari/537.36"
201.48.138.81 - - [10/Jul/2025:15:09:22 -0300] "GET /cpsess6178359603/3rdparty/roundcube/?_task=mail&_caps=pdf%3D1%2Cflash%3D0%2Ctiff%3D0%2Cwebp%3D1%2Cpgpmime%3D0&_uid=471&_mbox=INBOX.spam&_framed=1&_action=preview HTTP/2.0" 200 5932 "https://webmail.dimensaogrupo.com.br/cpsess6178359603/3rdparty/roundcube/?_task=mail&_mbox=INBOX.spam" "Mozilla/5.0 (Windows NT 10.0; Win64; x64) AppleWebKit/537.36 (KHTML, like Gecko) Chrome/138.0.0.0 Safari/537.36"
201.48.138.81 - - [10/Jul/2025:15:09:22 -0300] "GET /cpsess6178359603/3rdparty/roundcube/?_task=addressbook&_action=photo&_email=michelon.dimensao%40michelonadvocacia.com.br&_error=1&_bgcolor=transparent HTTP/2.0" 204 - "https://webmail.dimensaogrupo.com.br/cpsess6178359603/3rdparty/roundcube/?_task=mail&_caps=pdf%3D1%2Cflash%3D0%2Ctiff%3D0%2Cwebp%3D1%2Cpgpmime%3D0&_uid=471&_mbox=INBOX.spam&_framed=1&_action=preview" "Mozilla/5.0 (Windows NT 10.0; Win64; x64) AppleWebKit/537.36 (KHTML, like Gecko) Chrome/138.0.0.0 Safari/537.36"
201.48.138.81 - - [10/Jul/2025:15:09:23 -0300] "GET /cpsess6178359603/3rdparty/roundcube/?_task=mail&_caps=pdf%3D1%2Cflash%3D0%2Ctiff%3D0%2Cwebp%3D1%2Cpgpmime%3D0&_uid=472&_mbox=INBOX.spam&_framed=1&_action=preview HTTP/2.0" 200 5954 "https://webmail.dimensaogrupo.com.br/cpsess6178359603/3rdparty/roundcube/?_task=mail&_mbox=INBOX.spam" "Mozilla/5.0 (Windows NT 10.0; Win64; x64) AppleWebKit/537.36 (KHTML, like Gecko) Chrome/138.0.0.0 Safari/537.36"
201.48.138.81 - - [10/Jul/2025:15:09:24 -0300] "GET /cpsess6178359603/3rdparty/roundcube/?_task=addressbook&_action=photo&_email=jisely%40terra.com.br&_error=1&_bgcolor=transparent HTTP/2.0" 204 - "https://webmail.dimensaogrupo.com.br/cpsess6178359603/3rdparty/roundcube/?_task=mail&_caps=pdf%3D1%2Cflash%3D0%2Ctiff%3D0%2Cwebp%3D1%2Cpgpmime%3D0&_uid=472&_mbox=INBOX.spam&_framed=1&_action=preview" "Mozilla/5.0 (Windows NT 10.0; Win64; x64) AppleWebKit/537.36 (KHTML, like Gecko) Chrome/138.0.0.0 Safari/537.36"
201.48.138.81 - - [10/Jul/2025:15:09:46 -0300] "POST /cpsess6178359603/3rdparty/roundcube/?_task=mail&_action=refresh HTTP/2.0" 308 152 "https://webmail.dimensaogrupo.com.br/cpsess6178359603/3rdparty/roundcube/?_task=mail&_mbox=INBOX.spam" "Mozilla/5.0 (Windows NT 10.0; Win64; x64) AppleWebKit/537.36 (KHTML, like Gecko) Chrome/138.0.0.0 Safari/537.36"
201.48.138.81 - - [10/Jul/2025:15:09:46 -0300] "POST /cpsess6178359603/3rdparty/roundcube/?_task=mail&_action=refresh HTTP/2.0" 200 135 "https://webmail.dimensaogrupo.com.br/cpsess6178359603/3rdparty/roundcube/?_task=mail&_mbox=INBOX.spam" "Mozilla/5.0 (Windows NT 10.0; Win64; x64) AppleWebKit/537.36 (KHTML, like Gecko) Chrome/138.0.0.0 Safari/537.36"
200.219.243.150 - - [10/Jul/2025:15:10:11 -0300] "POST /cpsess6991796993/3rdparty/roundcube/?_task=mail&_action=refresh HTTP/2.0" 200 137 "https://webmail.dimensaogrupo.com.br/cpsess6991796993/3rdparty/roundcube/?_task=mail&_mbox=INBOX" "Mozilla/5.0 (Windows NT 10.0; Win64; x64) AppleWebKit/537.36 (KHTML, like Gecko) Chrome/129.0.0.0 Safari/537.36"
201.48.138.81 - - [10/Jul/2025:15:10:46 -0300] "POST /cpsess6178359603/3rdparty/roundcube/?_task=mail&_action=refresh HTTP/2.0" 200 135 "https://webmail.dimensaogrupo.com.br/cpsess6178359603/3rdparty/roundcube/?_task=mail&_mbox=INBOX.spam" "Mozilla/5.0 (Windows NT 10.0; Win64; x64) AppleWebKit/537.36 (KHTML, like Gecko) Chrome/138.0.0.0 Safari/537.36"
200.219.243.150 - - [10/Jul/2025:15:11:11 -0300] "POST /cpsess6991796993/3rdparty/roundcube/?_task=mail&_action=refresh HTTP/2.0" 200 137 "https://webmail.dimensaogrupo.com.br/cpsess6991796993/3rdparty/roundcube/?_task=mail&_mbox=INBOX" "Mozilla/5.0 (Windows NT 10.0; Win64; x64) AppleWebKit/537.36 (KHTML, like Gecko) Chrome/129.0.0.0 Safari/537.36"
201.48.138.81 - - [10/Jul/2025:15:11:46 -0300] "POST /cpsess6178359603/3rdparty/roundcube/?_task=mail&_action=refresh HTTP/2.0" 200 135 "https://webmail.dimensaogrupo.com.br/cpsess6178359603/3rdparty/roundcube/?_task=mail&_mbox=INBOX.spam" "Mozilla/5.0 (Windows NT 10.0; Win64; x64) AppleWebKit/537.36 (KHTML, like Gecko) Chrome/138.0.0.0 Safari/537.36"
200.219.243.150 - - [10/Jul/2025:15:12:11 -0300] "POST /cpsess6991796993/3rdparty/roundcube/?_task=mail&_action=refresh HTTP/2.0" 200 137 "https://webmail.dimensaogrupo.com.br/cpsess6991796993/3rdparty/roundcube/?_task=mail&_mbox=INBOX" "Mozilla/5.0 (Windows NT 10.0; Win64; x64) AppleWebKit/537.36 (KHTML, like Gecko) Chrome/129.0.0.0 Safari/537.36"
201.48.138.81 - - [10/Jul/2025:15:12:46 -0300] "POST /cpsess6178359603/3rdparty/roundcube/?_task=mail&_action=refresh HTTP/2.0" 200 135 "https://webmail.dimensaogrupo.com.br/cpsess6178359603/3rdparty/roundcube/?_task=mail&_mbox=INBOX.spam" "Mozilla/5.0 (Windows NT 10.0; Win64; x64) AppleWebKit/537.36 (KHTML, like Gecko) Chrome/138.0.0.0 Safari/537.36"
200.219.243.150 - - [10/Jul/2025:15:13:11 -0300] "POST /cpsess6991796993/3rdparty/roundcube/?_task=mail&_action=refresh HTTP/2.0" 200 137 "https://webmail.dimensaogrupo.com.br/cpsess6991796993/3rdparty/roundcube/?_task=mail&_mbox=INBOX" "Mozilla/5.0 (Windows NT 10.0; Win64; x64) AppleWebKit/537.36 (KHTML, like Gecko) Chrome/129.0.0.0 Safari/537.36"
201.48.138.81 - - [10/Jul/2025:15:13:46 -0300] "POST /cpsess6178359603/3rdparty/roundcube/?_task=mail&_action=refresh HTTP/2.0" 200 135 "https://webmail.dimensaogrupo.com.br/cpsess6178359603/3rdparty/roundcube/?_task=mail&_mbox=INBOX.spam" "Mozilla/5.0 (Windows NT 10.0; Win64; x64) AppleWebKit/537.36 (KHTML, like Gecko) Chrome/138.0.0.0 Safari/537.36"
200.219.243.150 - - [10/Jul/2025:15:14:11 -0300] "POST /cpsess6991796993/3rdparty/roundcube/?_task=mail&_action=refresh HTTP/2.0" 308 152 "https://webmail.dimensaogrupo.com.br/cpsess6991796993/3rdparty/roundcube/?_task=mail&_mbox=INBOX" "Mozilla/5.0 (Windows NT 10.0; Win64; x64) AppleWebKit/537.36 (KHTML, like Gecko) Chrome/129.0.0.0 Safari/537.36"
200.219.243.150 - - [10/Jul/2025:15:14:11 -0300] "POST /cpsess6991796993/3rdparty/roundcube/?_task=mail&_action=refresh HTTP/2.0" 200 137 "https://webmail.dimensaogrupo.com.br/cpsess6991796993/3rdparty/roundcube/?_task=mail&_mbox=INBOX" "Mozilla/5.0 (Windows NT 10.0; Win64; x64) AppleWebKit/537.36 (KHTML, like Gecko) Chrome/129.0.0.0 Safari/537.36"
201.48.138.81 - - [10/Jul/2025:15:14:47 -0300] "POST /cpsess6178359603/3rdparty/roundcube/?_task=mail&_action=refresh HTTP/2.0" 308 152 "https://webmail.dimensaogrupo.com.br/cpsess6178359603/3rdparty/roundcube/?_task=mail&_mbox=INBOX.spam" "Mozilla/5.0 (Windows NT 10.0; Win64; x64) AppleWebKit/537.36 (KHTML, like Gecko) Chrome/138.0.0.0 Safari/537.36"
201.48.138.81 - - [10/Jul/2025:15:14:47 -0300] "POST /cpsess6178359603/3rdparty/roundcube/?_task=mail&_action=refresh HTTP/2.0" 200 135 "https://webmail.dimensaogrupo.com.br/cpsess6178359603/3rdparty/roundcube/?_task=mail&_mbox=INBOX.spam" "Mozilla/5.0 (Windows NT 10.0; Win64; x64) AppleWebKit/537.36 (KHTML, like Gecko) Chrome/138.0.0.0 Safari/537.36"
200.219.243.150 - - [10/Jul/2025:15:15:11 -0300] "POST /cpsess6991796993/3rdparty/roundcube/?_task=mail&_action=refresh HTTP/2.0" 200 137 "https://webmail.dimensaogrupo.com.br/cpsess6991796993/3rdparty/roundcube/?_task=mail&_mbox=INBOX" "Mozilla/5.0 (Windows NT 10.0; Win64; x64) AppleWebKit/537.36 (KHTML, like Gecko) Chrome/129.0.0.0 Safari/537.36"
201.48.138.81 - - [10/Jul/2025:15:15:48 -0300] "POST /cpsess6178359603/3rdparty/roundcube/?_task=mail&_action=refresh HTTP/2.0" 200 135 "https://webmail.dimensaogrupo.com.br/cpsess6178359603/3rdparty/roundcube/?_task=mail&_mbox=INBOX.spam" "Mozilla/5.0 (Windows NT 10.0; Win64; x64) AppleWebKit/537.36 (KHTML, like Gecko) Chrome/138.0.0.0 Safari/537.36"
200.219.243.150 - - [10/Jul/2025:15:16:11 -0300] "POST /cpsess6991796993/3rdparty/roundcube/?_task=mail&_action=refresh HTTP/2.0" 200 137 "https://webmail.dimensaogrupo.com.br/cpsess6991796993/3rdparty/roundcube/?_task=mail&_mbox=INBOX" "Mozilla/5.0 (Windows NT 10.0; Win64; x64) AppleWebKit/537.36 (KHTML, like Gecko) Chrome/129.0.0.0 Safari/537.36"
201.48.138.81 - - [10/Jul/2025:15:16:45 -0300] "POST /cpsess6178359603/3rdparty/roundcube/?_task=mail&_action=refresh HTTP/2.0" 308 152 "https://webmail.dimensaogrupo.com.br/cpsess6178359603/3rdparty/roundcube/?_task=mail&_mbox=INBOX.spam" "Mozilla/5.0 (Windows NT 10.0; Win64; x64) AppleWebKit/537.36 (KHTML, like Gecko) Chrome/138.0.0.0 Safari/537.36"
201.48.138.81 - - [10/Jul/2025:15:16:45 -0300] "POST /cpsess6178359603/3rdparty/roundcube/?_task=mail&_action=refresh HTTP/2.0" 200 135 "https://webmail.dimensaogrupo.com.br/cpsess6178359603/3rdparty/roundcube/?_task=mail&_mbox=INBOX.spam" "Mozilla/5.0 (Windows NT 10.0; Win64; x64) AppleWebKit/537.36 (KHTML, like Gecko) Chrome/138.0.0.0 Safari/537.36"
200.219.243.150 - - [10/Jul/2025:15:17:11 -0300] "POST /cpsess6991796993/3rdparty/roundcube/?_task=mail&_action=refresh HTTP/2.0" 200 137 "https://webmail.dimensaogrupo.com.br/cpsess6991796993/3rdparty/roundcube/?_task=mail&_mbox=INBOX" "Mozilla/5.0 (Windows NT 10.0; Win64; x64) AppleWebKit/537.36 (KHTML, like Gecko) Chrome/129.0.0.0 Safari/537.36"
