201.48.138.81 - - [10/Jul/2025:09:54:42 -0300] "POST /cpsess6017905609/3rdparty/roundcube/?_task=mail&_action=refresh HTTP/2.0" 200 135 "https://webmail.dimensaogrupo.com.br/cpsess6017905609/3rdparty/roundcube/?_task=mail&_mbox=INBOX.spam" "Mozilla/5.0 (Windows NT 10.0; Win64; x64) AppleWebKit/537.36 (KHTML, like Gecko) Chrome/138.0.0.0 Safari/537.36"
200.219.243.150 - - [10/Jul/2025:09:55:17 -0300] "POST /cpsess6991796993/3rdparty/roundcube/?_task=mail&_action=refresh HTTP/2.0" 200 137 "https://webmail.dimensaogrupo.com.br/cpsess6991796993/3rdparty/roundcube/?_task=mail&_mbox=INBOX" "Mozilla/5.0 (Windows NT 10.0; Win64; x64) AppleWebKit/537.36 (KHTML, like Gecko) Chrome/129.0.0.0 Safari/537.36"
201.48.138.81 - - [10/Jul/2025:09:55:42 -0300] "POST /cpsess6017905609/3rdparty/roundcube/?_task=mail&_action=refresh HTTP/2.0" 200 135 "https://webmail.dimensaogrupo.com.br/cpsess6017905609/3rdparty/roundcube/?_task=mail&_mbox=INBOX.spam" "Mozilla/5.0 (Windows NT 10.0; Win64; x64) AppleWebKit/537.36 (KHTML, like Gecko) Chrome/138.0.0.0 Safari/537.36"
200.219.243.150 - - [10/Jul/2025:09:56:15 -0300] "POST /cpsess6991796993/3rdparty/roundcube/?_task=mail&_action=refresh HTTP/2.0" 308 152 "https://webmail.dimensaogrupo.com.br/cpsess6991796993/3rdparty/roundcube/?_task=mail&_mbox=INBOX" "Mozilla/5.0 (Windows NT 10.0; Win64; x64) AppleWebKit/537.36 (KHTML, like Gecko) Chrome/129.0.0.0 Safari/537.36"
200.219.243.150 - - [10/Jul/2025:09:56:15 -0300] "POST /cpsess6991796993/3rdparty/roundcube/?_task=mail&_action=refresh HTTP/2.0" 200 137 "https://webmail.dimensaogrupo.com.br/cpsess6991796993/3rdparty/roundcube/?_task=mail&_mbox=INBOX" "Mozilla/5.0 (Windows NT 10.0; Win64; x64) AppleWebKit/537.36 (KHTML, like Gecko) Chrome/129.0.0.0 Safari/537.36"
201.48.138.81 - - [10/Jul/2025:09:57:11 -0300] "POST /cpsess6017905609/3rdparty/roundcube/?_task=mail&_action=refresh HTTP/2.0" 308 152 "https://webmail.dimensaogrupo.com.br/cpsess6017905609/3rdparty/roundcube/?_task=mail&_mbox=INBOX.spam" "Mozilla/5.0 (Windows NT 10.0; Win64; x64) AppleWebKit/537.36 (KHTML, like Gecko) Chrome/138.0.0.0 Safari/537.36"
201.48.138.81 - - [10/Jul/2025:09:57:11 -0300] "POST /cpsess6017905609/3rdparty/roundcube/?_task=mail&_action=refresh HTTP/2.0" 200 135 "https://webmail.dimensaogrupo.com.br/cpsess6017905609/3rdparty/roundcube/?_task=mail&_mbox=INBOX.spam" "Mozilla/5.0 (Windows NT 10.0; Win64; x64) AppleWebKit/537.36 (KHTML, like Gecko) Chrome/138.0.0.0 Safari/537.36"
200.219.243.150 - - [10/Jul/2025:09:57:16 -0300] "POST /cpsess6991796993/3rdparty/roundcube/?_task=mail&_action=refresh HTTP/2.0" 200 137 "https://webmail.dimensaogrupo.com.br/cpsess6991796993/3rdparty/roundcube/?_task=mail&_mbox=INBOX" "Mozilla/5.0 (Windows NT 10.0; Win64; x64) AppleWebKit/537.36 (KHTML, like Gecko) Chrome/129.0.0.0 Safari/537.36"
201.48.138.81 - - [10/Jul/2025:09:58:11 -0300] "POST /cpsess6017905609/3rdparty/roundcube/?_task=mail&_action=refresh HTTP/2.0" 200 135 "https://webmail.dimensaogrupo.com.br/cpsess6017905609/3rdparty/roundcube/?_task=mail&_mbox=INBOX.spam" "Mozilla/5.0 (Windows NT 10.0; Win64; x64) AppleWebKit/537.36 (KHTML, like Gecko) Chrome/138.0.0.0 Safari/537.36"
200.219.243.150 - - [10/Jul/2025:09:58:16 -0300] "POST /cpsess6991796993/3rdparty/roundcube/?_task=mail&_action=refresh HTTP/2.0" 200 137 "https://webmail.dimensaogrupo.com.br/cpsess6991796993/3rdparty/roundcube/?_task=mail&_mbox=INBOX" "Mozilla/5.0 (Windows NT 10.0; Win64; x64) AppleWebKit/537.36 (KHTML, like Gecko) Chrome/129.0.0.0 Safari/537.36"
201.48.138.81 - - [10/Jul/2025:09:59:11 -0300] "POST /cpsess6017905609/3rdparty/roundcube/?_task=mail&_action=refresh HTTP/2.0" 200 135 "https://webmail.dimensaogrupo.com.br/cpsess6017905609/3rdparty/roundcube/?_task=mail&_mbox=INBOX.spam" "Mozilla/5.0 (Windows NT 10.0; Win64; x64) AppleWebKit/537.36 (KHTML, like Gecko) Chrome/138.0.0.0 Safari/537.36"
200.219.243.150 - - [10/Jul/2025:09:59:19 -0300] "POST /cpsess6991796993/3rdparty/roundcube/?_task=mail&_action=refresh HTTP/2.0" 308 152 "https://webmail.dimensaogrupo.com.br/cpsess6991796993/3rdparty/roundcube/?_task=mail&_mbox=INBOX" "Mozilla/5.0 (Windows NT 10.0; Win64; x64) AppleWebKit/537.36 (KHTML, like Gecko) Chrome/129.0.0.0 Safari/537.36"
200.219.243.150 - - [10/Jul/2025:09:59:19 -0300] "POST /cpsess6991796993/3rdparty/roundcube/?_task=mail&_action=refresh HTTP/2.0" 200 137 "https://webmail.dimensaogrupo.com.br/cpsess6991796993/3rdparty/roundcube/?_task=mail&_mbox=INBOX" "Mozilla/5.0 (Windows NT 10.0; Win64; x64) AppleWebKit/537.36 (KHTML, like Gecko) Chrome/129.0.0.0 Safari/537.36"
201.48.138.81 - - [10/Jul/2025:09:59:42 -0300] "POST /cpsess6017905609/3rdparty/roundcube/?_task=mail&_action=refresh HTTP/2.0" 308 152 "https://webmail.dimensaogrupo.com.br/cpsess6017905609/3rdparty/roundcube/?_task=mail&_mbox=INBOX.spam" "Mozilla/5.0 (Windows NT 10.0; Win64; x64) AppleWebKit/537.36 (KHTML, like Gecko) Chrome/138.0.0.0 Safari/537.36"
201.48.138.81 - - [10/Jul/2025:09:59:42 -0300] "POST /cpsess6017905609/3rdparty/roundcube/?_task=mail&_action=refresh HTTP/2.0" 200 135 "https://webmail.dimensaogrupo.com.br/cpsess6017905609/3rdparty/roundcube/?_task=mail&_mbox=INBOX.spam" "Mozilla/5.0 (Windows NT 10.0; Win64; x64) AppleWebKit/537.36 (KHTML, like Gecko) Chrome/138.0.0.0 Safari/537.36"
200.219.243.150 - - [10/Jul/2025:10:00:20 -0300] "POST /cpsess6991796993/3rdparty/roundcube/?_task=mail&_action=refresh HTTP/2.0" 200 137 "https://webmail.dimensaogrupo.com.br/cpsess6991796993/3rdparty/roundcube/?_task=mail&_mbox=INBOX" "Mozilla/5.0 (Windows NT 10.0; Win64; x64) AppleWebKit/537.36 (KHTML, like Gecko) Chrome/129.0.0.0 Safari/537.36"
201.48.138.81 - - [10/Jul/2025:10:01:11 -0300] "POST /cpsess6017905609/3rdparty/roundcube/?_task=mail&_action=refresh HTTP/2.0" 200 135 "https://webmail.dimensaogrupo.com.br/cpsess6017905609/3rdparty/roundcube/?_task=mail&_mbox=INBOX.spam" "Mozilla/5.0 (Windows NT 10.0; Win64; x64) AppleWebKit/537.36 (KHTML, like Gecko) Chrome/138.0.0.0 Safari/537.36"
200.219.243.150 - - [10/Jul/2025:10:01:16 -0300] "POST /cpsess6991796993/3rdparty/roundcube/?_task=mail&_action=refresh HTTP/2.0" 200 137 "https://webmail.dimensaogrupo.com.br/cpsess6991796993/3rdparty/roundcube/?_task=mail&_mbox=INBOX" "Mozilla/5.0 (Windows NT 10.0; Win64; x64) AppleWebKit/537.36 (KHTML, like Gecko) Chrome/129.0.0.0 Safari/537.36"
201.48.138.81 - - [10/Jul/2025:10:02:11 -0300] "POST /cpsess6017905609/3rdparty/roundcube/?_task=mail&_action=refresh HTTP/2.0" 200 135 "https://webmail.dimensaogrupo.com.br/cpsess6017905609/3rdparty/roundcube/?_task=mail&_mbox=INBOX.spam" "Mozilla/5.0 (Windows NT 10.0; Win64; x64) AppleWebKit/537.36 (KHTML, like Gecko) Chrome/138.0.0.0 Safari/537.36"
200.219.243.150 - - [10/Jul/2025:10:02:17 -0300] "POST /cpsess6991796993/3rdparty/roundcube/?_task=mail&_action=refresh HTTP/2.0" 200 137 "https://webmail.dimensaogrupo.com.br/cpsess6991796993/3rdparty/roundcube/?_task=mail&_mbox=INBOX" "Mozilla/5.0 (Windows NT 10.0; Win64; x64) AppleWebKit/537.36 (KHTML, like Gecko) Chrome/129.0.0.0 Safari/537.36"
201.48.138.81 - - [10/Jul/2025:10:03:11 -0300] "POST /cpsess6017905609/3rdparty/roundcube/?_task=mail&_action=refresh HTTP/2.0" 200 135 "https://webmail.dimensaogrupo.com.br/cpsess6017905609/3rdparty/roundcube/?_task=mail&_mbox=INBOX.spam" "Mozilla/5.0 (Windows NT 10.0; Win64; x64) AppleWebKit/537.36 (KHTML, like Gecko) Chrome/138.0.0.0 Safari/537.36"
201.48.138.81 - - [10/Jul/2025:10:04:11 -0300] "POST /cpsess6017905609/3rdparty/roundcube/?_task=mail&_action=refresh HTTP/2.0" 200 135 "https://webmail.dimensaogrupo.com.br/cpsess6017905609/3rdparty/roundcube/?_task=mail&_mbox=INBOX.spam" "Mozilla/5.0 (Windows NT 10.0; Win64; x64) AppleWebKit/537.36 (KHTML, like Gecko) Chrome/138.0.0.0 Safari/537.36"
200.219.243.150 - - [10/Jul/2025:10:04:11 -0300] "POST /cpsess6991796993/3rdparty/roundcube/?_task=mail&_action=refresh HTTP/2.0" 308 152 "https://webmail.dimensaogrupo.com.br/cpsess6991796993/3rdparty/roundcube/?_task=mail&_mbox=INBOX" "Mozilla/5.0 (Windows NT 10.0; Win64; x64) AppleWebKit/537.36 (KHTML, like Gecko) Chrome/129.0.0.0 Safari/537.36"
200.219.243.150 - - [10/Jul/2025:10:04:11 -0300] "POST /cpsess6991796993/3rdparty/roundcube/?_task=mail&_action=refresh HTTP/2.0" 200 137 "https://webmail.dimensaogrupo.com.br/cpsess6991796993/3rdparty/roundcube/?_task=mail&_mbox=INBOX" "Mozilla/5.0 (Windows NT 10.0; Win64; x64) AppleWebKit/537.36 (KHTML, like Gecko) Chrome/129.0.0.0 Safari/537.36"
200.219.243.150 - - [10/Jul/2025:10:04:42 -0300] "POST /cpsess6991796993/3rdparty/roundcube/?_task=mail&_action=refresh HTTP/2.0" 200 137 "https://webmail.dimensaogrupo.com.br/cpsess6991796993/3rdparty/roundcube/?_task=mail&_mbox=INBOX" "Mozilla/5.0 (Windows NT 10.0; Win64; x64) AppleWebKit/537.36 (KHTML, like Gecko) Chrome/129.0.0.0 Safari/537.36"
201.48.138.81 - - [10/Jul/2025:10:05:11 -0300] "POST /cpsess6017905609/3rdparty/roundcube/?_task=mail&_action=refresh HTTP/2.0" 308 152 "https://webmail.dimensaogrupo.com.br/cpsess6017905609/3rdparty/roundcube/?_task=mail&_mbox=INBOX.spam" "Mozilla/5.0 (Windows NT 10.0; Win64; x64) AppleWebKit/537.36 (KHTML, like Gecko) Chrome/138.0.0.0 Safari/537.36"
201.48.138.81 - - [10/Jul/2025:10:05:11 -0300] "POST /cpsess6017905609/3rdparty/roundcube/?_task=mail&_action=refresh HTTP/2.0" 200 135 "https://webmail.dimensaogrupo.com.br/cpsess6017905609/3rdparty/roundcube/?_task=mail&_mbox=INBOX.spam" "Mozilla/5.0 (Windows NT 10.0; Win64; x64) AppleWebKit/537.36 (KHTML, like Gecko) Chrome/138.0.0.0 Safari/537.36"
200.219.243.150 - - [10/Jul/2025:10:05:15 -0300] "POST /cpsess6991796993/3rdparty/roundcube/?_task=mail&_action=refresh HTTP/2.0" 200 137 "https://webmail.dimensaogrupo.com.br/cpsess6991796993/3rdparty/roundcube/?_task=mail&_mbox=INBOX" "Mozilla/5.0 (Windows NT 10.0; Win64; x64) AppleWebKit/537.36 (KHTML, like Gecko) Chrome/129.0.0.0 Safari/537.36"
201.48.138.81 - - [10/Jul/2025:10:06:11 -0300] "POST /cpsess6017905609/3rdparty/roundcube/?_task=mail&_action=refresh HTTP/2.0" 308 152 "https://webmail.dimensaogrupo.com.br/cpsess6017905609/3rdparty/roundcube/?_task=mail&_mbox=INBOX.spam" "Mozilla/5.0 (Windows NT 10.0; Win64; x64) AppleWebKit/537.36 (KHTML, like Gecko) Chrome/138.0.0.0 Safari/537.36"
201.48.138.81 - - [10/Jul/2025:10:06:11 -0300] "POST /cpsess6017905609/3rdparty/roundcube/?_task=mail&_action=refresh HTTP/2.0" 200 135 "https://webmail.dimensaogrupo.com.br/cpsess6017905609/3rdparty/roundcube/?_task=mail&_mbox=INBOX.spam" "Mozilla/5.0 (Windows NT 10.0; Win64; x64) AppleWebKit/537.36 (KHTML, like Gecko) Chrome/138.0.0.0 Safari/537.36"
200.219.243.150 - - [10/Jul/2025:10:06:16 -0300] "POST /cpsess6991796993/3rdparty/roundcube/?_task=mail&_action=refresh HTTP/2.0" 200 137 "https://webmail.dimensaogrupo.com.br/cpsess6991796993/3rdparty/roundcube/?_task=mail&_mbox=INBOX" "Mozilla/5.0 (Windows NT 10.0; Win64; x64) AppleWebKit/537.36 (KHTML, like Gecko) Chrome/129.0.0.0 Safari/537.36"
201.48.138.81 - - [10/Jul/2025:10:07:11 -0300] "POST /cpsess6017905609/3rdparty/roundcube/?_task=mail&_action=refresh HTTP/2.0" 200 135 "https://webmail.dimensaogrupo.com.br/cpsess6017905609/3rdparty/roundcube/?_task=mail&_mbox=INBOX.spam" "Mozilla/5.0 (Windows NT 10.0; Win64; x64) AppleWebKit/537.36 (KHTML, like Gecko) Chrome/138.0.0.0 Safari/537.36"
200.219.243.150 - - [10/Jul/2025:10:07:17 -0300] "POST /cpsess6991796993/3rdparty/roundcube/?_task=mail&_action=refresh HTTP/2.0" 200 137 "https://webmail.dimensaogrupo.com.br/cpsess6991796993/3rdparty/roundcube/?_task=mail&_mbox=INBOX" "Mozilla/5.0 (Windows NT 10.0; Win64; x64) AppleWebKit/537.36 (KHTML, like Gecko) Chrome/129.0.0.0 Safari/537.36"
201.48.138.81 - - [10/Jul/2025:10:08:11 -0300] "POST /cpsess6017905609/3rdparty/roundcube/?_task=mail&_action=refresh HTTP/2.0" 200 135 "https://webmail.dimensaogrupo.com.br/cpsess6017905609/3rdparty/roundcube/?_task=mail&_mbox=INBOX.spam" "Mozilla/5.0 (Windows NT 10.0; Win64; x64) AppleWebKit/537.36 (KHTML, like Gecko) Chrome/138.0.0.0 Safari/537.36"
201.48.138.81 - - [10/Jul/2025:10:09:11 -0300] "POST /cpsess6017905609/3rdparty/roundcube/?_task=mail&_action=refresh HTTP/2.0" 200 135 "https://webmail.dimensaogrupo.com.br/cpsess6017905609/3rdparty/roundcube/?_task=mail&_mbox=INBOX.spam" "Mozilla/5.0 (Windows NT 10.0; Win64; x64) AppleWebKit/537.36 (KHTML, like Gecko) Chrome/138.0.0.0 Safari/537.36"
200.219.243.150 - - [10/Jul/2025:10:09:11 -0300] "POST /cpsess6991796993/3rdparty/roundcube/?_task=mail&_action=refresh HTTP/2.0" 308 152 "https://webmail.dimensaogrupo.com.br/cpsess6991796993/3rdparty/roundcube/?_task=mail&_mbox=INBOX" "Mozilla/5.0 (Windows NT 10.0; Win64; x64) AppleWebKit/537.36 (KHTML, like Gecko) Chrome/129.0.0.0 Safari/537.36"
200.219.243.150 - - [10/Jul/2025:10:09:11 -0300] "POST /cpsess6991796993/3rdparty/roundcube/?_task=mail&_action=refresh HTTP/2.0" 200 137 "https://webmail.dimensaogrupo.com.br/cpsess6991796993/3rdparty/roundcube/?_task=mail&_mbox=INBOX" "Mozilla/5.0 (Windows NT 10.0; Win64; x64) AppleWebKit/537.36 (KHTML, like Gecko) Chrome/129.0.0.0 Safari/537.36"
201.48.138.81 - - [10/Jul/2025:10:10:11 -0300] "POST /cpsess6017905609/3rdparty/roundcube/?_task=mail&_action=refresh HTTP/2.0" 200 135 "https://webmail.dimensaogrupo.com.br/cpsess6017905609/3rdparty/roundcube/?_task=mail&_mbox=INBOX.spam" "Mozilla/5.0 (Windows NT 10.0; Win64; x64) AppleWebKit/537.36 (KHTML, like Gecko) Chrome/138.0.0.0 Safari/537.36"
200.219.243.150 - - [10/Jul/2025:10:10:11 -0300] "POST /cpsess6991796993/3rdparty/roundcube/?_task=mail&_action=refresh HTTP/2.0" 200 137 "https://webmail.dimensaogrupo.com.br/cpsess6991796993/3rdparty/roundcube/?_task=mail&_mbox=INBOX" "Mozilla/5.0 (Windows NT 10.0; Win64; x64) AppleWebKit/537.36 (KHTML, like Gecko) Chrome/129.0.0.0 Safari/537.36"
201.48.138.81 - - [10/Jul/2025:10:11:11 -0300] "POST /cpsess6017905609/3rdparty/roundcube/?_task=mail&_action=refresh HTTP/2.0" 200 135 "https://webmail.dimensaogrupo.com.br/cpsess6017905609/3rdparty/roundcube/?_task=mail&_mbox=INBOX.spam" "Mozilla/5.0 (Windows NT 10.0; Win64; x64) AppleWebKit/537.36 (KHTML, like Gecko) Chrome/138.0.0.0 Safari/537.36"
200.219.243.150 - - [10/Jul/2025:10:11:11 -0300] "POST /cpsess6991796993/3rdparty/roundcube/?_task=mail&_action=refresh HTTP/2.0" 308 152 "https://webmail.dimensaogrupo.com.br/cpsess6991796993/3rdparty/roundcube/?_task=mail&_mbox=INBOX" "Mozilla/5.0 (Windows NT 10.0; Win64; x64) AppleWebKit/537.36 (KHTML, like Gecko) Chrome/129.0.0.0 Safari/537.36"
200.219.243.150 - - [10/Jul/2025:10:11:11 -0300] "POST /cpsess6991796993/3rdparty/roundcube/?_task=mail&_action=refresh HTTP/2.0" 200 137 "https://webmail.dimensaogrupo.com.br/cpsess6991796993/3rdparty/roundcube/?_task=mail&_mbox=INBOX" "Mozilla/5.0 (Windows NT 10.0; Win64; x64) AppleWebKit/537.36 (KHTML, like Gecko) Chrome/129.0.0.0 Safari/537.36"
200.219.243.150 - - [10/Jul/2025:10:12:11 -0300] "POST /cpsess6991796993/3rdparty/roundcube/?_task=mail&_action=refresh HTTP/2.0" 200 137 "https://webmail.dimensaogrupo.com.br/cpsess6991796993/3rdparty/roundcube/?_task=mail&_mbox=INBOX" "Mozilla/5.0 (Windows NT 10.0; Win64; x64) AppleWebKit/537.36 (KHTML, like Gecko) Chrome/129.0.0.0 Safari/537.36"
200.219.243.150 - - [10/Jul/2025:10:13:11 -0300] "POST /cpsess6991796993/3rdparty/roundcube/?_task=mail&_action=refresh HTTP/2.0" 200 137 "https://webmail.dimensaogrupo.com.br/cpsess6991796993/3rdparty/roundcube/?_task=mail&_mbox=INBOX" "Mozilla/5.0 (Windows NT 10.0; Win64; x64) AppleWebKit/537.36 (KHTML, like Gecko) Chrome/129.0.0.0 Safari/537.36"
200.219.243.150 - - [10/Jul/2025:10:14:11 -0300] "POST /cpsess6991796993/3rdparty/roundcube/?_task=mail&_action=refresh HTTP/2.0" 200 137 "https://webmail.dimensaogrupo.com.br/cpsess6991796993/3rdparty/roundcube/?_task=mail&_mbox=INBOX" "Mozilla/5.0 (Windows NT 10.0; Win64; x64) AppleWebKit/537.36 (KHTML, like Gecko) Chrome/129.0.0.0 Safari/537.36"
200.219.243.150 - - [10/Jul/2025:10:15:11 -0300] "POST /cpsess6991796993/3rdparty/roundcube/?_task=mail&_action=refresh HTTP/2.0" 200 137 "https://webmail.dimensaogrupo.com.br/cpsess6991796993/3rdparty/roundcube/?_task=mail&_mbox=INBOX" "Mozilla/5.0 (Windows NT 10.0; Win64; x64) AppleWebKit/537.36 (KHTML, like Gecko) Chrome/129.0.0.0 Safari/537.36"
200.219.243.150 - - [10/Jul/2025:10:16:11 -0300] "POST /cpsess6991796993/3rdparty/roundcube/?_task=mail&_action=refresh HTTP/2.0" 200 137 "https://webmail.dimensaogrupo.com.br/cpsess6991796993/3rdparty/roundcube/?_task=mail&_mbox=INBOX" "Mozilla/5.0 (Windows NT 10.0; Win64; x64) AppleWebKit/537.36 (KHTML, like Gecko) Chrome/129.0.0.0 Safari/537.36"
200.219.243.150 - - [10/Jul/2025:10:17:11 -0300] "POST /cpsess6991796993/3rdparty/roundcube/?_task=mail&_action=refresh HTTP/2.0" 200 137 "https://webmail.dimensaogrupo.com.br/cpsess6991796993/3rdparty/roundcube/?_task=mail&_mbox=INBOX" "Mozilla/5.0 (Windows NT 10.0; Win64; x64) AppleWebKit/537.36 (KHTML, like Gecko) Chrome/129.0.0.0 Safari/537.36"
200.219.243.150 - - [10/Jul/2025:10:18:11 -0300] "POST /cpsess6991796993/3rdparty/roundcube/?_task=mail&_action=refresh HTTP/2.0" 200 137 "https://webmail.dimensaogrupo.com.br/cpsess6991796993/3rdparty/roundcube/?_task=mail&_mbox=INBOX" "Mozilla/5.0 (Windows NT 10.0; Win64; x64) AppleWebKit/537.36 (KHTML, like Gecko) Chrome/129.0.0.0 Safari/537.36"
200.219.243.150 - - [10/Jul/2025:10:19:11 -0300] "POST /cpsess6991796993/3rdparty/roundcube/?_task=mail&_action=refresh HTTP/2.0" 200 137 "https://webmail.dimensaogrupo.com.br/cpsess6991796993/3rdparty/roundcube/?_task=mail&_mbox=INBOX" "Mozilla/5.0 (Windows NT 10.0; Win64; x64) AppleWebKit/537.36 (KHTML, like Gecko) Chrome/129.0.0.0 Safari/537.36"
200.219.243.150 - - [10/Jul/2025:10:20:11 -0300] "POST /cpsess6991796993/3rdparty/roundcube/?_task=mail&_action=refresh HTTP/2.0" 200 137 "https://webmail.dimensaogrupo.com.br/cpsess6991796993/3rdparty/roundcube/?_task=mail&_mbox=INBOX" "Mozilla/5.0 (Windows NT 10.0; Win64; x64) AppleWebKit/537.36 (KHTML, like Gecko) Chrome/129.0.0.0 Safari/537.36"
200.219.243.150 - - [10/Jul/2025:10:21:11 -0300] "POST /cpsess6991796993/3rdparty/roundcube/?_task=mail&_action=refresh HTTP/2.0" 200 137 "https://webmail.dimensaogrupo.com.br/cpsess6991796993/3rdparty/roundcube/?_task=mail&_mbox=INBOX" "Mozilla/5.0 (Windows NT 10.0; Win64; x64) AppleWebKit/537.36 (KHTML, like Gecko) Chrome/129.0.0.0 Safari/537.36"
200.219.243.150 - - [10/Jul/2025:10:22:11 -0300] "POST /cpsess6991796993/3rdparty/roundcube/?_task=mail&_action=refresh HTTP/2.0" 200 137 "https://webmail.dimensaogrupo.com.br/cpsess6991796993/3rdparty/roundcube/?_task=mail&_mbox=INBOX" "Mozilla/5.0 (Windows NT 10.0; Win64; x64) AppleWebKit/537.36 (KHTML, like Gecko) Chrome/129.0.0.0 Safari/537.36"
200.219.243.150 - - [10/Jul/2025:10:23:11 -0300] "POST /cpsess6991796993/3rdparty/roundcube/?_task=mail&_action=refresh HTTP/2.0" 200 137 "https://webmail.dimensaogrupo.com.br/cpsess6991796993/3rdparty/roundcube/?_task=mail&_mbox=INBOX" "Mozilla/5.0 (Windows NT 10.0; Win64; x64) AppleWebKit/537.36 (KHTML, like Gecko) Chrome/129.0.0.0 Safari/537.36"
200.219.243.150 - - [10/Jul/2025:10:24:11 -0300] "POST /cpsess6991796993/3rdparty/roundcube/?_task=mail&_action=refresh HTTP/2.0" 200 137 "https://webmail.dimensaogrupo.com.br/cpsess6991796993/3rdparty/roundcube/?_task=mail&_mbox=INBOX" "Mozilla/5.0 (Windows NT 10.0; Win64; x64) AppleWebKit/537.36 (KHTML, like Gecko) Chrome/129.0.0.0 Safari/537.36"
200.219.243.150 - - [10/Jul/2025:10:25:11 -0300] "POST /cpsess6991796993/3rdparty/roundcube/?_task=mail&_action=refresh HTTP/2.0" 200 137 "https://webmail.dimensaogrupo.com.br/cpsess6991796993/3rdparty/roundcube/?_task=mail&_mbox=INBOX" "Mozilla/5.0 (Windows NT 10.0; Win64; x64) AppleWebKit/537.36 (KHTML, like Gecko) Chrome/129.0.0.0 Safari/537.36"
200.219.243.150 - - [10/Jul/2025:10:26:11 -0300] "POST /cpsess6991796993/3rdparty/roundcube/?_task=mail&_action=refresh HTTP/2.0" 200 137 "https://webmail.dimensaogrupo.com.br/cpsess6991796993/3rdparty/roundcube/?_task=mail&_mbox=INBOX" "Mozilla/5.0 (Windows NT 10.0; Win64; x64) AppleWebKit/537.36 (KHTML, like Gecko) Chrome/129.0.0.0 Safari/537.36"
200.219.243.150 - - [10/Jul/2025:10:27:11 -0300] "POST /cpsess6991796993/3rdparty/roundcube/?_task=mail&_action=refresh HTTP/2.0" 200 137 "https://webmail.dimensaogrupo.com.br/cpsess6991796993/3rdparty/roundcube/?_task=mail&_mbox=INBOX" "Mozilla/5.0 (Windows NT 10.0; Win64; x64) AppleWebKit/537.36 (KHTML, like Gecko) Chrome/129.0.0.0 Safari/537.36"
200.219.243.150 - - [10/Jul/2025:10:28:11 -0300] "POST /cpsess6991796993/3rdparty/roundcube/?_task=mail&_action=refresh HTTP/2.0" 200 137 "https://webmail.dimensaogrupo.com.br/cpsess6991796993/3rdparty/roundcube/?_task=mail&_mbox=INBOX" "Mozilla/5.0 (Windows NT 10.0; Win64; x64) AppleWebKit/537.36 (KHTML, like Gecko) Chrome/129.0.0.0 Safari/537.36"
200.219.243.150 - - [10/Jul/2025:10:29:11 -0300] "POST /cpsess6991796993/3rdparty/roundcube/?_task=mail&_action=refresh HTTP/2.0" 200 137 "https://webmail.dimensaogrupo.com.br/cpsess6991796993/3rdparty/roundcube/?_task=mail&_mbox=INBOX" "Mozilla/5.0 (Windows NT 10.0; Win64; x64) AppleWebKit/537.36 (KHTML, like Gecko) Chrome/129.0.0.0 Safari/537.36"
200.219.243.150 - - [10/Jul/2025:10:30:11 -0300] "POST /cpsess6991796993/3rdparty/roundcube/?_task=mail&_action=refresh HTTP/2.0" 200 137 "https://webmail.dimensaogrupo.com.br/cpsess6991796993/3rdparty/roundcube/?_task=mail&_mbox=INBOX" "Mozilla/5.0 (Windows NT 10.0; Win64; x64) AppleWebKit/537.36 (KHTML, like Gecko) Chrome/129.0.0.0 Safari/537.36"
200.219.243.150 - - [10/Jul/2025:10:31:11 -0300] "POST /cpsess6991796993/3rdparty/roundcube/?_task=mail&_action=refresh HTTP/2.0" 200 137 "https://webmail.dimensaogrupo.com.br/cpsess6991796993/3rdparty/roundcube/?_task=mail&_mbox=INBOX" "Mozilla/5.0 (Windows NT 10.0; Win64; x64) AppleWebKit/537.36 (KHTML, like Gecko) Chrome/129.0.0.0 Safari/537.36"
200.219.243.150 - - [10/Jul/2025:10:32:11 -0300] "POST /cpsess6991796993/3rdparty/roundcube/?_task=mail&_action=refresh HTTP/2.0" 200 137 "https://webmail.dimensaogrupo.com.br/cpsess6991796993/3rdparty/roundcube/?_task=mail&_mbox=INBOX" "Mozilla/5.0 (Windows NT 10.0; Win64; x64) AppleWebKit/537.36 (KHTML, like Gecko) Chrome/129.0.0.0 Safari/537.36"
200.219.243.150 - - [10/Jul/2025:10:33:11 -0300] "POST /cpsess6991796993/3rdparty/roundcube/?_task=mail&_action=refresh HTTP/2.0" 200 137 "https://webmail.dimensaogrupo.com.br/cpsess6991796993/3rdparty/roundcube/?_task=mail&_mbox=INBOX" "Mozilla/5.0 (Windows NT 10.0; Win64; x64) AppleWebKit/537.36 (KHTML, like Gecko) Chrome/129.0.0.0 Safari/537.36"
200.219.243.150 - - [10/Jul/2025:10:34:11 -0300] "POST /cpsess6991796993/3rdparty/roundcube/?_task=mail&_action=refresh HTTP/2.0" 200 137 "https://webmail.dimensaogrupo.com.br/cpsess6991796993/3rdparty/roundcube/?_task=mail&_mbox=INBOX" "Mozilla/5.0 (Windows NT 10.0; Win64; x64) AppleWebKit/537.36 (KHTML, like Gecko) Chrome/129.0.0.0 Safari/537.36"
200.219.243.150 - - [10/Jul/2025:10:35:11 -0300] "POST /cpsess6991796993/3rdparty/roundcube/?_task=mail&_action=refresh HTTP/2.0" 200 137 "https://webmail.dimensaogrupo.com.br/cpsess6991796993/3rdparty/roundcube/?_task=mail&_mbox=INBOX" "Mozilla/5.0 (Windows NT 10.0; Win64; x64) AppleWebKit/537.36 (KHTML, like Gecko) Chrome/129.0.0.0 Safari/537.36"
200.219.243.150 - - [10/Jul/2025:10:36:11 -0300] "POST /cpsess6991796993/3rdparty/roundcube/?_task=mail&_action=refresh HTTP/2.0" 200 137 "https://webmail.dimensaogrupo.com.br/cpsess6991796993/3rdparty/roundcube/?_task=mail&_mbox=INBOX" "Mozilla/5.0 (Windows NT 10.0; Win64; x64) AppleWebKit/537.36 (KHTML, like Gecko) Chrome/129.0.0.0 Safari/537.36"
200.219.243.150 - - [10/Jul/2025:10:37:11 -0300] "POST /cpsess6991796993/3rdparty/roundcube/?_task=mail&_action=refresh HTTP/2.0" 200 137 "https://webmail.dimensaogrupo.com.br/cpsess6991796993/3rdparty/roundcube/?_task=mail&_mbox=INBOX" "Mozilla/5.0 (Windows NT 10.0; Win64; x64) AppleWebKit/537.36 (KHTML, like Gecko) Chrome/129.0.0.0 Safari/537.36"
200.219.243.150 - - [10/Jul/2025:10:38:11 -0300] "POST /cpsess6991796993/3rdparty/roundcube/?_task=mail&_action=refresh HTTP/2.0" 200 137 "https://webmail.dimensaogrupo.com.br/cpsess6991796993/3rdparty/roundcube/?_task=mail&_mbox=INBOX" "Mozilla/5.0 (Windows NT 10.0; Win64; x64) AppleWebKit/537.36 (KHTML, like Gecko) Chrome/129.0.0.0 Safari/537.36"
200.219.243.150 - - [10/Jul/2025:10:39:11 -0300] "POST /cpsess6991796993/3rdparty/roundcube/?_task=mail&_action=refresh HTTP/2.0" 200 137 "https://webmail.dimensaogrupo.com.br/cpsess6991796993/3rdparty/roundcube/?_task=mail&_mbox=INBOX" "Mozilla/5.0 (Windows NT 10.0; Win64; x64) AppleWebKit/537.36 (KHTML, like Gecko) Chrome/129.0.0.0 Safari/537.36"
200.219.243.150 - - [10/Jul/2025:10:40:11 -0300] "POST /cpsess6991796993/3rdparty/roundcube/?_task=mail&_action=refresh HTTP/2.0" 200 137 "https://webmail.dimensaogrupo.com.br/cpsess6991796993/3rdparty/roundcube/?_task=mail&_mbox=INBOX" "Mozilla/5.0 (Windows NT 10.0; Win64; x64) AppleWebKit/537.36 (KHTML, like Gecko) Chrome/129.0.0.0 Safari/537.36"
200.219.243.150 - - [10/Jul/2025:10:41:11 -0300] "POST /cpsess6991796993/3rdparty/roundcube/?_task=mail&_action=refresh HTTP/2.0" 200 137 "https://webmail.dimensaogrupo.com.br/cpsess6991796993/3rdparty/roundcube/?_task=mail&_mbox=INBOX" "Mozilla/5.0 (Windows NT 10.0; Win64; x64) AppleWebKit/537.36 (KHTML, like Gecko) Chrome/129.0.0.0 Safari/537.36"
200.219.243.150 - - [10/Jul/2025:10:42:11 -0300] "POST /cpsess6991796993/3rdparty/roundcube/?_task=mail&_action=refresh HTTP/2.0" 200 137 "https://webmail.dimensaogrupo.com.br/cpsess6991796993/3rdparty/roundcube/?_task=mail&_mbox=INBOX" "Mozilla/5.0 (Windows NT 10.0; Win64; x64) AppleWebKit/537.36 (KHTML, like Gecko) Chrome/129.0.0.0 Safari/537.36"
200.219.243.150 - - [10/Jul/2025:10:43:11 -0300] "POST /cpsess6991796993/3rdparty/roundcube/?_task=mail&_action=refresh HTTP/2.0" 200 137 "https://webmail.dimensaogrupo.com.br/cpsess6991796993/3rdparty/roundcube/?_task=mail&_mbox=INBOX" "Mozilla/5.0 (Windows NT 10.0; Win64; x64) AppleWebKit/537.36 (KHTML, like Gecko) Chrome/129.0.0.0 Safari/537.36"
200.219.243.150 - - [10/Jul/2025:10:44:11 -0300] "POST /cpsess6991796993/3rdparty/roundcube/?_task=mail&_action=refresh HTTP/2.0" 200 137 "https://webmail.dimensaogrupo.com.br/cpsess6991796993/3rdparty/roundcube/?_task=mail&_mbox=INBOX" "Mozilla/5.0 (Windows NT 10.0; Win64; x64) AppleWebKit/537.36 (KHTML, like Gecko) Chrome/129.0.0.0 Safari/537.36"
200.219.243.150 - - [10/Jul/2025:10:45:11 -0300] "POST /cpsess6991796993/3rdparty/roundcube/?_task=mail&_action=refresh HTTP/2.0" 200 137 "https://webmail.dimensaogrupo.com.br/cpsess6991796993/3rdparty/roundcube/?_task=mail&_mbox=INBOX" "Mozilla/5.0 (Windows NT 10.0; Win64; x64) AppleWebKit/537.36 (KHTML, like Gecko) Chrome/129.0.0.0 Safari/537.36"
200.219.243.150 - - [10/Jul/2025:10:46:11 -0300] "POST /cpsess6991796993/3rdparty/roundcube/?_task=mail&_action=refresh HTTP/2.0" 200 137 "https://webmail.dimensaogrupo.com.br/cpsess6991796993/3rdparty/roundcube/?_task=mail&_mbox=INBOX" "Mozilla/5.0 (Windows NT 10.0; Win64; x64) AppleWebKit/537.36 (KHTML, like Gecko) Chrome/129.0.0.0 Safari/537.36"
200.219.243.150 - - [10/Jul/2025:10:47:11 -0300] "POST /cpsess6991796993/3rdparty/roundcube/?_task=mail&_action=refresh HTTP/2.0" 200 137 "https://webmail.dimensaogrupo.com.br/cpsess6991796993/3rdparty/roundcube/?_task=mail&_mbox=INBOX" "Mozilla/5.0 (Windows NT 10.0; Win64; x64) AppleWebKit/537.36 (KHTML, like Gecko) Chrome/129.0.0.0 Safari/537.36"
200.219.243.150 - - [10/Jul/2025:10:48:11 -0300] "POST /cpsess6991796993/3rdparty/roundcube/?_task=mail&_action=refresh HTTP/2.0" 200 137 "https://webmail.dimensaogrupo.com.br/cpsess6991796993/3rdparty/roundcube/?_task=mail&_mbox=INBOX" "Mozilla/5.0 (Windows NT 10.0; Win64; x64) AppleWebKit/537.36 (KHTML, like Gecko) Chrome/129.0.0.0 Safari/537.36"
200.219.243.150 - - [10/Jul/2025:10:49:11 -0300] "POST /cpsess6991796993/3rdparty/roundcube/?_task=mail&_action=refresh HTTP/2.0" 200 137 "https://webmail.dimensaogrupo.com.br/cpsess6991796993/3rdparty/roundcube/?_task=mail&_mbox=INBOX" "Mozilla/5.0 (Windows NT 10.0; Win64; x64) AppleWebKit/537.36 (KHTML, like Gecko) Chrome/129.0.0.0 Safari/537.36"
200.219.243.150 - - [10/Jul/2025:10:50:11 -0300] "POST /cpsess6991796993/3rdparty/roundcube/?_task=mail&_action=refresh HTTP/2.0" 200 137 "https://webmail.dimensaogrupo.com.br/cpsess6991796993/3rdparty/roundcube/?_task=mail&_mbox=INBOX" "Mozilla/5.0 (Windows NT 10.0; Win64; x64) AppleWebKit/537.36 (KHTML, like Gecko) Chrome/129.0.0.0 Safari/537.36"
200.219.243.150 - - [10/Jul/2025:10:51:11 -0300] "POST /cpsess6991796993/3rdparty/roundcube/?_task=mail&_action=refresh HTTP/2.0" 200 137 "https://webmail.dimensaogrupo.com.br/cpsess6991796993/3rdparty/roundcube/?_task=mail&_mbox=INBOX" "Mozilla/5.0 (Windows NT 10.0; Win64; x64) AppleWebKit/537.36 (KHTML, like Gecko) Chrome/129.0.0.0 Safari/537.36"
200.219.243.150 - - [10/Jul/2025:10:52:11 -0300] "POST /cpsess6991796993/3rdparty/roundcube/?_task=mail&_action=refresh HTTP/2.0" 200 137 "https://webmail.dimensaogrupo.com.br/cpsess6991796993/3rdparty/roundcube/?_task=mail&_mbox=INBOX" "Mozilla/5.0 (Windows NT 10.0; Win64; x64) AppleWebKit/537.36 (KHTML, like Gecko) Chrome/129.0.0.0 Safari/537.36"
200.219.243.150 - - [10/Jul/2025:10:53:11 -0300] "POST /cpsess6991796993/3rdparty/roundcube/?_task=mail&_action=refresh HTTP/2.0" 200 137 "https://webmail.dimensaogrupo.com.br/cpsess6991796993/3rdparty/roundcube/?_task=mail&_mbox=INBOX" "Mozilla/5.0 (Windows NT 10.0; Win64; x64) AppleWebKit/537.36 (KHTML, like Gecko) Chrome/129.0.0.0 Safari/537.36"
200.219.243.150 - - [10/Jul/2025:10:54:11 -0300] "POST /cpsess6991796993/3rdparty/roundcube/?_task=mail&_action=refresh HTTP/2.0" 200 137 "https://webmail.dimensaogrupo.com.br/cpsess6991796993/3rdparty/roundcube/?_task=mail&_mbox=INBOX" "Mozilla/5.0 (Windows NT 10.0; Win64; x64) AppleWebKit/537.36 (KHTML, like Gecko) Chrome/129.0.0.0 Safari/537.36"
200.219.243.150 - - [10/Jul/2025:10:55:11 -0300] "POST /cpsess6991796993/3rdparty/roundcube/?_task=mail&_action=refresh HTTP/2.0" 200 137 "https://webmail.dimensaogrupo.com.br/cpsess6991796993/3rdparty/roundcube/?_task=mail&_mbox=INBOX" "Mozilla/5.0 (Windows NT 10.0; Win64; x64) AppleWebKit/537.36 (KHTML, like Gecko) Chrome/129.0.0.0 Safari/537.36"
200.219.243.150 - - [10/Jul/2025:10:56:11 -0300] "POST /cpsess6991796993/3rdparty/roundcube/?_task=mail&_action=refresh HTTP/2.0" 200 137 "https://webmail.dimensaogrupo.com.br/cpsess6991796993/3rdparty/roundcube/?_task=mail&_mbox=INBOX" "Mozilla/5.0 (Windows NT 10.0; Win64; x64) AppleWebKit/537.36 (KHTML, like Gecko) Chrome/129.0.0.0 Safari/537.36"
200.219.243.150 - - [10/Jul/2025:10:57:11 -0300] "POST /cpsess6991796993/3rdparty/roundcube/?_task=mail&_action=refresh HTTP/2.0" 200 137 "https://webmail.dimensaogrupo.com.br/cpsess6991796993/3rdparty/roundcube/?_task=mail&_mbox=INBOX" "Mozilla/5.0 (Windows NT 10.0; Win64; x64) AppleWebKit/537.36 (KHTML, like Gecko) Chrome/129.0.0.0 Safari/537.36"
200.219.243.150 - - [10/Jul/2025:10:58:11 -0300] "POST /cpsess6991796993/3rdparty/roundcube/?_task=mail&_action=refresh HTTP/2.0" 200 137 "https://webmail.dimensaogrupo.com.br/cpsess6991796993/3rdparty/roundcube/?_task=mail&_mbox=INBOX" "Mozilla/5.0 (Windows NT 10.0; Win64; x64) AppleWebKit/537.36 (KHTML, like Gecko) Chrome/129.0.0.0 Safari/537.36"
200.219.243.150 - - [10/Jul/2025:10:59:11 -0300] "POST /cpsess6991796993/3rdparty/roundcube/?_task=mail&_action=refresh HTTP/2.0" 200 137 "https://webmail.dimensaogrupo.com.br/cpsess6991796993/3rdparty/roundcube/?_task=mail&_mbox=INBOX" "Mozilla/5.0 (Windows NT 10.0; Win64; x64) AppleWebKit/537.36 (KHTML, like Gecko) Chrome/129.0.0.0 Safari/537.36"
200.219.243.150 - - [10/Jul/2025:11:00:11 -0300] "POST /cpsess6991796993/3rdparty/roundcube/?_task=mail&_action=refresh HTTP/2.0" 200 137 "https://webmail.dimensaogrupo.com.br/cpsess6991796993/3rdparty/roundcube/?_task=mail&_mbox=INBOX" "Mozilla/5.0 (Windows NT 10.0; Win64; x64) AppleWebKit/537.36 (KHTML, like Gecko) Chrome/129.0.0.0 Safari/537.36"
200.219.243.150 - - [10/Jul/2025:11:01:11 -0300] "POST /cpsess6991796993/3rdparty/roundcube/?_task=mail&_action=refresh HTTP/2.0" 200 137 "https://webmail.dimensaogrupo.com.br/cpsess6991796993/3rdparty/roundcube/?_task=mail&_mbox=INBOX" "Mozilla/5.0 (Windows NT 10.0; Win64; x64) AppleWebKit/537.36 (KHTML, like Gecko) Chrome/129.0.0.0 Safari/537.36"
200.219.243.150 - - [10/Jul/2025:11:02:11 -0300] "POST /cpsess6991796993/3rdparty/roundcube/?_task=mail&_action=refresh HTTP/2.0" 200 137 "https://webmail.dimensaogrupo.com.br/cpsess6991796993/3rdparty/roundcube/?_task=mail&_mbox=INBOX" "Mozilla/5.0 (Windows NT 10.0; Win64; x64) AppleWebKit/537.36 (KHTML, like Gecko) Chrome/129.0.0.0 Safari/537.36"
200.219.243.150 - - [10/Jul/2025:11:03:11 -0300] "POST /cpsess6991796993/3rdparty/roundcube/?_task=mail&_action=refresh HTTP/2.0" 200 137 "https://webmail.dimensaogrupo.com.br/cpsess6991796993/3rdparty/roundcube/?_task=mail&_mbox=INBOX" "Mozilla/5.0 (Windows NT 10.0; Win64; x64) AppleWebKit/537.36 (KHTML, like Gecko) Chrome/129.0.0.0 Safari/537.36"
200.219.243.150 - - [10/Jul/2025:11:04:11 -0300] "POST /cpsess6991796993/3rdparty/roundcube/?_task=mail&_action=refresh HTTP/2.0" 200 137 "https://webmail.dimensaogrupo.com.br/cpsess6991796993/3rdparty/roundcube/?_task=mail&_mbox=INBOX" "Mozilla/5.0 (Windows NT 10.0; Win64; x64) AppleWebKit/537.36 (KHTML, like Gecko) Chrome/129.0.0.0 Safari/537.36"
200.219.243.150 - - [10/Jul/2025:11:05:11 -0300] "POST /cpsess6991796993/3rdparty/roundcube/?_task=mail&_action=refresh HTTP/2.0" 200 137 "https://webmail.dimensaogrupo.com.br/cpsess6991796993/3rdparty/roundcube/?_task=mail&_mbox=INBOX" "Mozilla/5.0 (Windows NT 10.0; Win64; x64) AppleWebKit/537.36 (KHTML, like Gecko) Chrome/129.0.0.0 Safari/537.36"
200.219.243.150 - - [10/Jul/2025:11:05:44 -0300] "POST /cpsess6991796993/3rdparty/roundcube/?_task=mail&_action=refresh HTTP/2.0" 200 137 "https://webmail.dimensaogrupo.com.br/cpsess6991796993/3rdparty/roundcube/?_task=mail&_mbox=INBOX" "Mozilla/5.0 (Windows NT 10.0; Win64; x64) AppleWebKit/537.36 (KHTML, like Gecko) Chrome/129.0.0.0 Safari/537.36"
200.219.243.150 - - [10/Jul/2025:11:06:00 -0300] "GET /cpsess6991796993/3rdparty/roundcube/?_task=mail&_action=list&_layout=list&_mbox=INBOX&_page=1&_remote=1&_unlock=loading1752156363508&_=1752151098266 HTTP/2.0" 200 3232 "https://webmail.dimensaogrupo.com.br/cpsess6991796993/3rdparty/roundcube/?_task=mail&_mbox=INBOX" "Mozilla/5.0 (Windows NT 10.0; Win64; x64) AppleWebKit/537.36 (KHTML, like Gecko) Chrome/129.0.0.0 Safari/537.36"
200.219.243.150 - - [10/Jul/2025:11:06:15 -0300] "POST /cpsess6991796993/3rdparty/roundcube/?_task=mail&_action=refresh HTTP/2.0" 200 137 "https://webmail.dimensaogrupo.com.br/cpsess6991796993/3rdparty/roundcube/?_task=mail&_mbox=INBOX" "Mozilla/5.0 (Windows NT 10.0; Win64; x64) AppleWebKit/537.36 (KHTML, like Gecko) Chrome/129.0.0.0 Safari/537.36"
200.219.243.150 - - [10/Jul/2025:11:07:16 -0300] "POST /cpsess6991796993/3rdparty/roundcube/?_task=mail&_action=refresh HTTP/2.0" 200 137 "https://webmail.dimensaogrupo.com.br/cpsess6991796993/3rdparty/roundcube/?_task=mail&_mbox=INBOX" "Mozilla/5.0 (Windows NT 10.0; Win64; x64) AppleWebKit/537.36 (KHTML, like Gecko) Chrome/129.0.0.0 Safari/537.36"
200.219.243.150 - - [10/Jul/2025:11:08:17 -0300] "POST /cpsess6991796993/3rdparty/roundcube/?_task=mail&_action=refresh HTTP/2.0" 200 137 "https://webmail.dimensaogrupo.com.br/cpsess6991796993/3rdparty/roundcube/?_task=mail&_mbox=INBOX" "Mozilla/5.0 (Windows NT 10.0; Win64; x64) AppleWebKit/537.36 (KHTML, like Gecko) Chrome/129.0.0.0 Safari/537.36"
200.219.243.150 - - [10/Jul/2025:11:10:11 -0300] "POST /cpsess6991796993/3rdparty/roundcube/?_task=mail&_action=refresh HTTP/2.0" 200 137 "https://webmail.dimensaogrupo.com.br/cpsess6991796993/3rdparty/roundcube/?_task=mail&_mbox=INBOX" "Mozilla/5.0 (Windows NT 10.0; Win64; x64) AppleWebKit/537.36 (KHTML, like Gecko) Chrome/129.0.0.0 Safari/537.36"
200.219.243.150 - - [10/Jul/2025:11:11:11 -0300] "POST /cpsess6991796993/3rdparty/roundcube/?_task=mail&_action=refresh HTTP/2.0" 200 137 "https://webmail.dimensaogrupo.com.br/cpsess6991796993/3rdparty/roundcube/?_task=mail&_mbox=INBOX" "Mozilla/5.0 (Windows NT 10.0; Win64; x64) AppleWebKit/537.36 (KHTML, like Gecko) Chrome/129.0.0.0 Safari/537.36"
200.219.243.150 - - [10/Jul/2025:11:12:11 -0300] "POST /cpsess6991796993/3rdparty/roundcube/?_task=mail&_action=refresh HTTP/2.0" 200 137 "https://webmail.dimensaogrupo.com.br/cpsess6991796993/3rdparty/roundcube/?_task=mail&_mbox=INBOX" "Mozilla/5.0 (Windows NT 10.0; Win64; x64) AppleWebKit/537.36 (KHTML, like Gecko) Chrome/129.0.0.0 Safari/537.36"
200.219.243.150 - - [10/Jul/2025:11:13:11 -0300] "POST /cpsess6991796993/3rdparty/roundcube/?_task=mail&_action=refresh HTTP/2.0" 200 137 "https://webmail.dimensaogrupo.com.br/cpsess6991796993/3rdparty/roundcube/?_task=mail&_mbox=INBOX" "Mozilla/5.0 (Windows NT 10.0; Win64; x64) AppleWebKit/537.36 (KHTML, like Gecko) Chrome/129.0.0.0 Safari/537.36"
200.219.243.150 - - [10/Jul/2025:11:14:11 -0300] "POST /cpsess6991796993/3rdparty/roundcube/?_task=mail&_action=refresh HTTP/2.0" 200 137 "https://webmail.dimensaogrupo.com.br/cpsess6991796993/3rdparty/roundcube/?_task=mail&_mbox=INBOX" "Mozilla/5.0 (Windows NT 10.0; Win64; x64) AppleWebKit/537.36 (KHTML, like Gecko) Chrome/129.0.0.0 Safari/537.36"
200.219.243.150 - - [10/Jul/2025:11:15:11 -0300] "POST /cpsess6991796993/3rdparty/roundcube/?_task=mail&_action=refresh HTTP/2.0" 200 137 "https://webmail.dimensaogrupo.com.br/cpsess6991796993/3rdparty/roundcube/?_task=mail&_mbox=INBOX" "Mozilla/5.0 (Windows NT 10.0; Win64; x64) AppleWebKit/537.36 (KHTML, like Gecko) Chrome/129.0.0.0 Safari/537.36"
200.219.243.150 - - [10/Jul/2025:11:16:11 -0300] "POST /cpsess6991796993/3rdparty/roundcube/?_task=mail&_action=refresh HTTP/2.0" 200 137 "https://webmail.dimensaogrupo.com.br/cpsess6991796993/3rdparty/roundcube/?_task=mail&_mbox=INBOX" "Mozilla/5.0 (Windows NT 10.0; Win64; x64) AppleWebKit/537.36 (KHTML, like Gecko) Chrome/129.0.0.0 Safari/537.36"
200.219.243.150 - - [10/Jul/2025:11:17:11 -0300] "POST /cpsess6991796993/3rdparty/roundcube/?_task=mail&_action=refresh HTTP/2.0" 200 137 "https://webmail.dimensaogrupo.com.br/cpsess6991796993/3rdparty/roundcube/?_task=mail&_mbox=INBOX" "Mozilla/5.0 (Windows NT 10.0; Win64; x64) AppleWebKit/537.36 (KHTML, like Gecko) Chrome/129.0.0.0 Safari/537.36"
200.219.243.150 - - [10/Jul/2025:11:18:11 -0300] "POST /cpsess6991796993/3rdparty/roundcube/?_task=mail&_action=refresh HTTP/2.0" 200 137 "https://webmail.dimensaogrupo.com.br/cpsess6991796993/3rdparty/roundcube/?_task=mail&_mbox=INBOX" "Mozilla/5.0 (Windows NT 10.0; Win64; x64) AppleWebKit/537.36 (KHTML, like Gecko) Chrome/129.0.0.0 Safari/537.36"
200.219.243.150 - - [10/Jul/2025:11:19:11 -0300] "POST /cpsess6991796993/3rdparty/roundcube/?_task=mail&_action=refresh HTTP/2.0" 200 137 "https://webmail.dimensaogrupo.com.br/cpsess6991796993/3rdparty/roundcube/?_task=mail&_mbox=INBOX" "Mozilla/5.0 (Windows NT 10.0; Win64; x64) AppleWebKit/537.36 (KHTML, like Gecko) Chrome/129.0.0.0 Safari/537.36"
200.219.243.150 - - [10/Jul/2025:11:19:34 -0300] "POST /cpsess6991796993/3rdparty/roundcube/?_task=mail&_action=refresh HTTP/2.0" 200 137 "https://webmail.dimensaogrupo.com.br/cpsess6991796993/3rdparty/roundcube/?_task=mail&_mbox=INBOX" "Mozilla/5.0 (Windows NT 10.0; Win64; x64) AppleWebKit/537.36 (KHTML, like Gecko) Chrome/129.0.0.0 Safari/537.36"
200.219.243.150 - - [10/Jul/2025:11:20:16 -0300] "POST /cpsess6991796993/3rdparty/roundcube/?_task=mail&_action=refresh HTTP/2.0" 200 137 "https://webmail.dimensaogrupo.com.br/cpsess6991796993/3rdparty/roundcube/?_task=mail&_mbox=INBOX" "Mozilla/5.0 (Windows NT 10.0; Win64; x64) AppleWebKit/537.36 (KHTML, like Gecko) Chrome/129.0.0.0 Safari/537.36"
200.219.243.150 - - [10/Jul/2025:11:21:17 -0300] "POST /cpsess6991796993/3rdparty/roundcube/?_task=mail&_action=refresh HTTP/2.0" 200 137 "https://webmail.dimensaogrupo.com.br/cpsess6991796993/3rdparty/roundcube/?_task=mail&_mbox=INBOX" "Mozilla/5.0 (Windows NT 10.0; Win64; x64) AppleWebKit/537.36 (KHTML, like Gecko) Chrome/129.0.0.0 Safari/537.36"
200.219.243.150 - - [10/Jul/2025:11:22:18 -0300] "POST /cpsess6991796993/3rdparty/roundcube/?_task=mail&_action=refresh HTTP/2.0" 200 137 "https://webmail.dimensaogrupo.com.br/cpsess6991796993/3rdparty/roundcube/?_task=mail&_mbox=INBOX" "Mozilla/5.0 (Windows NT 10.0; Win64; x64) AppleWebKit/537.36 (KHTML, like Gecko) Chrome/129.0.0.0 Safari/537.36"
200.219.243.150 - - [10/Jul/2025:11:24:11 -0300] "POST /cpsess6991796993/3rdparty/roundcube/?_task=mail&_action=refresh HTTP/2.0" 200 137 "https://webmail.dimensaogrupo.com.br/cpsess6991796993/3rdparty/roundcube/?_task=mail&_mbox=INBOX" "Mozilla/5.0 (Windows NT 10.0; Win64; x64) AppleWebKit/537.36 (KHTML, like Gecko) Chrome/129.0.0.0 Safari/537.36"
200.219.243.150 - - [10/Jul/2025:11:25:11 -0300] "POST /cpsess6991796993/3rdparty/roundcube/?_task=mail&_action=refresh HTTP/2.0" 200 137 "https://webmail.dimensaogrupo.com.br/cpsess6991796993/3rdparty/roundcube/?_task=mail&_mbox=INBOX" "Mozilla/5.0 (Windows NT 10.0; Win64; x64) AppleWebKit/537.36 (KHTML, like Gecko) Chrome/129.0.0.0 Safari/537.36"
200.219.243.150 - - [10/Jul/2025:11:26:11 -0300] "POST /cpsess6991796993/3rdparty/roundcube/?_task=mail&_action=refresh HTTP/2.0" 200 137 "https://webmail.dimensaogrupo.com.br/cpsess6991796993/3rdparty/roundcube/?_task=mail&_mbox=INBOX" "Mozilla/5.0 (Windows NT 10.0; Win64; x64) AppleWebKit/537.36 (KHTML, like Gecko) Chrome/129.0.0.0 Safari/537.36"
200.219.243.150 - - [10/Jul/2025:11:27:11 -0300] "POST /cpsess6991796993/3rdparty/roundcube/?_task=mail&_action=refresh HTTP/2.0" 200 137 "https://webmail.dimensaogrupo.com.br/cpsess6991796993/3rdparty/roundcube/?_task=mail&_mbox=INBOX" "Mozilla/5.0 (Windows NT 10.0; Win64; x64) AppleWebKit/537.36 (KHTML, like Gecko) Chrome/129.0.0.0 Safari/537.36"
200.219.243.150 - - [10/Jul/2025:11:28:09 -0300] "POST /cpsess6991796993/3rdparty/roundcube/?_task=mail&_action=refresh HTTP/2.0" 200 137 "https://webmail.dimensaogrupo.com.br/cpsess6991796993/3rdparty/roundcube/?_task=mail&_mbox=INBOX" "Mozilla/5.0 (Windows NT 10.0; Win64; x64) AppleWebKit/537.36 (KHTML, like Gecko) Chrome/129.0.0.0 Safari/537.36"
200.219.243.150 - - [10/Jul/2025:11:28:16 -0300] "POST /cpsess6991796993/3rdparty/roundcube/?_task=mail&_action=refresh HTTP/2.0" 200 137 "https://webmail.dimensaogrupo.com.br/cpsess6991796993/3rdparty/roundcube/?_task=mail&_mbox=INBOX" "Mozilla/5.0 (Windows NT 10.0; Win64; x64) AppleWebKit/537.36 (KHTML, like Gecko) Chrome/129.0.0.0 Safari/537.36"
200.219.243.150 - - [10/Jul/2025:11:29:17 -0300] "POST /cpsess6991796993/3rdparty/roundcube/?_task=mail&_action=refresh HTTP/2.0" 200 137 "https://webmail.dimensaogrupo.com.br/cpsess6991796993/3rdparty/roundcube/?_task=mail&_mbox=INBOX" "Mozilla/5.0 (Windows NT 10.0; Win64; x64) AppleWebKit/537.36 (KHTML, like Gecko) Chrome/129.0.0.0 Safari/537.36"
200.219.243.150 - - [10/Jul/2025:11:30:18 -0300] "POST /cpsess6991796993/3rdparty/roundcube/?_task=mail&_action=refresh HTTP/2.0" 200 137 "https://webmail.dimensaogrupo.com.br/cpsess6991796993/3rdparty/roundcube/?_task=mail&_mbox=INBOX" "Mozilla/5.0 (Windows NT 10.0; Win64; x64) AppleWebKit/537.36 (KHTML, like Gecko) Chrome/129.0.0.0 Safari/537.36"
200.219.243.150 - - [10/Jul/2025:11:32:11 -0300] "POST /cpsess6991796993/3rdparty/roundcube/?_task=mail&_action=refresh HTTP/2.0" 200 137 "https://webmail.dimensaogrupo.com.br/cpsess6991796993/3rdparty/roundcube/?_task=mail&_mbox=INBOX" "Mozilla/5.0 (Windows NT 10.0; Win64; x64) AppleWebKit/537.36 (KHTML, like Gecko) Chrome/129.0.0.0 Safari/537.36"
201.48.138.81 - - [10/Jul/2025:11:32:38 -0300] "GET /cpsess5184531140/3rdparty/roundcube/?_task=mail&_mbox=INBOX.spam HTTP/2.0" 200 12163 "-" "Mozilla/5.0 (Windows NT 10.0; Win64; x64) AppleWebKit/537.36 (KHTML, like Gecko) Chrome/138.0.0.0 Safari/537.36"
201.48.138.81 - - [10/Jul/2025:11:33:00 -0300] "POST /login/?login_only=1 HTTP/2.0" 200 175 "https://webmail.dimensaogrupo.com.br/cpsess5184531140/3rdparty/roundcube/?_task=mail&_mbox=INBOX.spam" "Mozilla/5.0 (Windows NT 10.0; Win64; x64) AppleWebKit/537.36 (KHTML, like Gecko) Chrome/138.0.0.0 Safari/537.36"
201.48.138.81 - - [10/Jul/2025:11:33:00 -0300] "GET /cpsess1980973144/3rdparty/roundcube/?_task=mail&_mbox=INBOX.spam&login=1&post_login=23519167271145 HTTP/2.0" 302 - "https://webmail.dimensaogrupo.com.br/cpsess5184531140/3rdparty/roundcube/?_task=mail&_mbox=INBOX.spam" "Mozilla/5.0 (Windows NT 10.0; Win64; x64) AppleWebKit/537.36 (KHTML, like Gecko) Chrome/138.0.0.0 Safari/537.36"
201.48.138.81 - - [10/Jul/2025:11:33:01 -0300] "GET /cpsess1980973144/3rdparty/roundcube/?_task=mail&_token=4hGNYOUbyUmLeTT42pAts8cLGn90jNib HTTP/2.0" 200 11397 "https://webmail.dimensaogrupo.com.br/cpsess5184531140/3rdparty/roundcube/?_task=mail&_mbox=INBOX.spam" "Mozilla/5.0 (Windows NT 10.0; Win64; x64) AppleWebKit/537.36 (KHTML, like Gecko) Chrome/138.0.0.0 Safari/537.36"
201.48.138.81 - - [10/Jul/2025:11:33:01 -0300] "GET /cpsess1980973144/3rdparty/roundcube/skins/elastic/deps/bootstrap.min.css?s=1748763916 HTTP/2.0" 200 25867 "https://webmail.dimensaogrupo.com.br/cpsess1980973144/3rdparty/roundcube/?_task=mail&_token=4hGNYOUbyUmLeTT42pAts8cLGn90jNib" "Mozilla/5.0 (Windows NT 10.0; Win64; x64) AppleWebKit/537.36 (KHTML, like Gecko) Chrome/138.0.0.0 Safari/537.36"
201.48.138.81 - - [10/Jul/2025:11:33:01 -0300] "GET /cpsess1980973144/3rdparty/roundcube/skins/elastic/styles/styles.min.css?s=1748880883 HTTP/2.0" 200 24006 "https://webmail.dimensaogrupo.com.br/cpsess1980973144/3rdparty/roundcube/?_task=mail&_token=4hGNYOUbyUmLeTT42pAts8cLGn90jNib" "Mozilla/5.0 (Windows NT 10.0; Win64; x64) AppleWebKit/537.36 (KHTML, like Gecko) Chrome/138.0.0.0 Safari/537.36"
201.48.138.81 - - [10/Jul/2025:11:33:01 -0300] "GET /cpsess1980973144/3rdparty/roundcube/plugins/return_to_webmail/skins/elastic/return_to_webmail.css?s=1748881325 HTTP/2.0" 200 863 "https://webmail.dimensaogrupo.com.br/cpsess1980973144/3rdparty/roundcube/?_task=mail&_token=4hGNYOUbyUmLeTT42pAts8cLGn90jNib" "Mozilla/5.0 (Windows NT 10.0; Win64; x64) AppleWebKit/537.36 (KHTML, like Gecko) Chrome/138.0.0.0 Safari/537.36"
201.48.138.81 - - [10/Jul/2025:11:33:01 -0300] "GET /cpsess1980973144/3rdparty/roundcube/plugins/carddav/skins/elastic/carddav.css?s=1748881325 HTTP/2.0" 200 77 "https://webmail.dimensaogrupo.com.br/cpsess1980973144/3rdparty/roundcube/?_task=mail&_token=4hGNYOUbyUmLeTT42pAts8cLGn90jNib" "Mozilla/5.0 (Windows NT 10.0; Win64; x64) AppleWebKit/537.36 (KHTML, like Gecko) Chrome/138.0.0.0 Safari/537.36"
201.48.138.81 - - [10/Jul/2025:11:33:01 -0300] "GET /cpsess1980973144/3rdparty/roundcube/plugins/jqueryui/themes/elastic/jquery-ui.min.css?s=1748763912 HTTP/2.0" 200 7701 "https://webmail.dimensaogrupo.com.br/cpsess1980973144/3rdparty/roundcube/?_task=mail&_token=4hGNYOUbyUmLeTT42pAts8cLGn90jNib" "Mozilla/5.0 (Windows NT 10.0; Win64; x64) AppleWebKit/537.36 (KHTML, like Gecko) Chrome/138.0.0.0 Safari/537.36"
201.48.138.81 - - [10/Jul/2025:11:33:01 -0300] "GET /cpsess1980973144/3rdparty/roundcube/plugins/calendar/skins/elastic/calendar.css?s=1748881326 HTTP/2.0" 200 15435 "https://webmail.dimensaogrupo.com.br/cpsess1980973144/3rdparty/roundcube/?_task=mail&_token=4hGNYOUbyUmLeTT42pAts8cLGn90jNib" "Mozilla/5.0 (Windows NT 10.0; Win64; x64) AppleWebKit/537.36 (KHTML, like Gecko) Chrome/138.0.0.0 Safari/537.36"
201.48.138.81 - - [10/Jul/2025:11:33:01 -0300] "GET /cpsess1980973144/3rdparty/roundcube/program/js/jquery.min.js?s=1748763914 HTTP/2.0" 200 32867 "https://webmail.dimensaogrupo.com.br/cpsess1980973144/3rdparty/roundcube/?_task=mail&_token=4hGNYOUbyUmLeTT42pAts8cLGn90jNib" "Mozilla/5.0 (Windows NT 10.0; Win64; x64) AppleWebKit/537.36 (KHTML, like Gecko) Chrome/138.0.0.0 Safari/537.36"
201.48.138.81 - - [10/Jul/2025:11:33:01 -0300] "GET /cpsess1980973144/3rdparty/roundcube/program/js/app.min.js?s=1748880883 HTTP/2.0" 200 50593 "https://webmail.dimensaogrupo.com.br/cpsess1980973144/3rdparty/roundcube/?_task=mail&_token=4hGNYOUbyUmLeTT42pAts8cLGn90jNib" "Mozilla/5.0 (Windows NT 10.0; Win64; x64) AppleWebKit/537.36 (KHTML, like Gecko) Chrome/138.0.0.0 Safari/537.36"
201.48.138.81 - - [10/Jul/2025:11:33:01 -0300] "GET /cpsess1980973144/3rdparty/roundcube/program/js/common.min.js?s=1748763912 HTTP/2.0" 200 4959 "https://webmail.dimensaogrupo.com.br/cpsess1980973144/3rdparty/roundcube/?_task=mail&_token=4hGNYOUbyUmLeTT42pAts8cLGn90jNib" "Mozilla/5.0 (Windows NT 10.0; Win64; x64) AppleWebKit/537.36 (KHTML, like Gecko) Chrome/138.0.0.0 Safari/537.36"
201.48.138.81 - - [10/Jul/2025:11:33:01 -0300] "GET /cpsess1980973144/3rdparty/roundcube/program/js/list.min.js?s=1748763912 HTTP/2.0" 200 8316 "https://webmail.dimensaogrupo.com.br/cpsess1980973144/3rdparty/roundcube/?_task=mail&_token=4hGNYOUbyUmLeTT42pAts8cLGn90jNib" "Mozilla/5.0 (Windows NT 10.0; Win64; x64) AppleWebKit/537.36 (KHTML, like Gecko) Chrome/138.0.0.0 Safari/537.36"
201.48.138.81 - - [10/Jul/2025:11:33:01 -0300] "GET /cpsess1980973144/3rdparty/roundcube/plugins/archive/archive.min.js?s=1748763912 HTTP/2.0" 200 743 "https://webmail.dimensaogrupo.com.br/cpsess1980973144/3rdparty/roundcube/?_task=mail&_token=4hGNYOUbyUmLeTT42pAts8cLGn90jNib" "Mozilla/5.0 (Windows NT 10.0; Win64; x64) AppleWebKit/537.36 (KHTML, like Gecko) Chrome/138.0.0.0 Safari/537.36"
201.48.138.81 - - [10/Jul/2025:11:33:01 -0300] "GET /cpsess1980973144/3rdparty/roundcube/plugins/return_to_webmail/return_to_webmail.js?s=1748881325 HTTP/2.0" 200 773 "https://webmail.dimensaogrupo.com.br/cpsess1980973144/3rdparty/roundcube/?_task=mail&_token=4hGNYOUbyUmLeTT42pAts8cLGn90jNib" "Mozilla/5.0 (Windows NT 10.0; Win64; x64) AppleWebKit/537.36 (KHTML, like Gecko) Chrome/138.0.0.0 Safari/537.36"
