201.48.138.81 - - [10/Jul/2025:11:33:01 -0300] "GET /cpsess1980973144/3rdparty/roundcube/plugins/markasjunk/markasjunk.min.js?s=1748763912 HTTP/2.0" 200 1144 "https://webmail.dimensaogrupo.com.br/cpsess1980973144/3rdparty/roundcube/?_task=mail&_token=4hGNYOUbyUmLeTT42pAts8cLGn90jNib" "Mozilla/5.0 (Windows NT 10.0; Win64; x64) AppleWebKit/537.36 (KHTML, like Gecko) Chrome/138.0.0.0 Safari/537.36"
201.48.138.81 - - [10/Jul/2025:11:33:01 -0300] "GET /cpsess1980973144/3rdparty/roundcube/program/js/treelist.min.js?s=1748763912 HTTP/2.0" 200 5390 "https://webmail.dimensaogrupo.com.br/cpsess1980973144/3rdparty/roundcube/?_task=mail&_token=4hGNYOUbyUmLeTT42pAts8cLGn90jNib" "Mozilla/5.0 (Windows NT 10.0; Win64; x64) AppleWebKit/537.36 (KHTML, like Gecko) Chrome/138.0.0.0 Safari/537.36"
201.48.138.81 - - [10/Jul/2025:11:33:01 -0300] "GET /cpsess1980973144/3rdparty/roundcube/plugins/jqueryui/js/jquery-ui.min.js?s=1748763912 HTTP/2.0" 200 74366 "https://webmail.dimensaogrupo.com.br/cpsess1980973144/3rdparty/roundcube/?_task=mail&_token=4hGNYOUbyUmLeTT42pAts8cLGn90jNib" "Mozilla/5.0 (Windows NT 10.0; Win64; x64) AppleWebKit/537.36 (KHTML, like Gecko) Chrome/138.0.0.0 Safari/537.36"
201.48.138.81 - - [10/Jul/2025:11:33:01 -0300] "GET /cpsess1980973144/3rdparty/roundcube/plugins/jqueryui/js/i18n/datepicker-pt-BR.js?s=1748763912 HTTP/2.0" 200 660 "https://webmail.dimensaogrupo.com.br/cpsess1980973144/3rdparty/roundcube/?_task=mail&_token=4hGNYOUbyUmLeTT42pAts8cLGn90jNib" "Mozilla/5.0 (Windows NT 10.0; Win64; x64) AppleWebKit/537.36 (KHTML, like Gecko) Chrome/138.0.0.0 Safari/537.36"
201.48.138.81 - - [10/Jul/2025:11:33:01 -0300] "GET /cpsess1980973144/3rdparty/roundcube/plugins/calendar/calendar_base.js?s=1748881326 HTTP/2.0" 200 1766 "https://webmail.dimensaogrupo.com.br/cpsess1980973144/3rdparty/roundcube/?_task=mail&_token=4hGNYOUbyUmLeTT42pAts8cLGn90jNib" "Mozilla/5.0 (Windows NT 10.0; Win64; x64) AppleWebKit/537.36 (KHTML, like Gecko) Chrome/138.0.0.0 Safari/537.36"
201.48.138.81 - - [10/Jul/2025:11:33:01 -0300] "GET /cpsess1980973144/3rdparty/roundcube/plugins/libcalendaring/libcalendaring.js?s=1748881326 HTTP/2.0" 200 15634 "https://webmail.dimensaogrupo.com.br/cpsess1980973144/3rdparty/roundcube/?_task=mail&_token=4hGNYOUbyUmLeTT42pAts8cLGn90jNib" "Mozilla/5.0 (Windows NT 10.0; Win64; x64) AppleWebKit/537.36 (KHTML, like Gecko) Chrome/138.0.0.0 Safari/537.36"
201.48.138.81 - - [10/Jul/2025:11:33:01 -0300] "GET /cpsess1980973144/3rdparty/roundcube/skins/elastic/images/logo.svg?s=1748763912 HTTP/2.0" 200 397 "https://webmail.dimensaogrupo.com.br/cpsess1980973144/3rdparty/roundcube/?_task=mail&_token=4hGNYOUbyUmLeTT42pAts8cLGn90jNib" "Mozilla/5.0 (Windows NT 10.0; Win64; x64) AppleWebKit/537.36 (KHTML, like Gecko) Chrome/138.0.0.0 Safari/537.36"
201.48.138.81 - - [10/Jul/2025:11:33:01 -0300] "GET /cpsess1980973144/3rdparty/roundcube/skins/elastic/deps/bootstrap.bundle.min.js?s=1748763916 HTTP/2.0" 200 23054 "https://webmail.dimensaogrupo.com.br/cpsess1980973144/3rdparty/roundcube/?_task=mail&_token=4hGNYOUbyUmLeTT42pAts8cLGn90jNib" "Mozilla/5.0 (Windows NT 10.0; Win64; x64) AppleWebKit/537.36 (KHTML, like Gecko) Chrome/138.0.0.0 Safari/537.36"
201.48.138.81 - - [10/Jul/2025:11:33:02 -0300] "GET /cpsess1980973144/3rdparty/roundcube/skins/elastic/ui.min.js?s=1748763912 HTTP/2.0" 200 20576 "https://webmail.dimensaogrupo.com.br/cpsess1980973144/3rdparty/roundcube/?_task=mail&_token=4hGNYOUbyUmLeTT42pAts8cLGn90jNib" "Mozilla/5.0 (Windows NT 10.0; Win64; x64) AppleWebKit/537.36 (KHTML, like Gecko) Chrome/138.0.0.0 Safari/537.36"
201.48.138.81 - - [10/Jul/2025:11:33:02 -0300] "GET /cpsess1980973144/3rdparty/roundcube/skins/elastic/watermark.html HTTP/2.0" 200 494 "https://webmail.dimensaogrupo.com.br/cpsess1980973144/3rdparty/roundcube/?_task=mail&_token=4hGNYOUbyUmLeTT42pAts8cLGn90jNib" "Mozilla/5.0 (Windows NT 10.0; Win64; x64) AppleWebKit/537.36 (KHTML, like Gecko) Chrome/138.0.0.0 Safari/537.36"
201.48.138.81 - - [10/Jul/2025:11:33:02 -0300] "GET /cpsess1980973144/3rdparty/roundcube/skins/elastic/images/logo.svg HTTP/2.0" 200 397 "https://webmail.dimensaogrupo.com.br/cpsess1980973144/3rdparty/roundcube/skins/elastic/watermark.html" "Mozilla/5.0 (Windows NT 10.0; Win64; x64) AppleWebKit/537.36 (KHTML, like Gecko) Chrome/138.0.0.0 Safari/537.36"
201.48.138.81 - - [10/Jul/2025:11:33:02 -0300] "GET /cpsess1980973144/3rdparty/roundcube/?_task=mail&_action=list&_refresh=1&_layout=widescreen&_mbox=INBOX&_page=&_remote=1&_unlock=loading1752158140999&_=1752158140555 HTTP/2.0" 200 4748 "https://webmail.dimensaogrupo.com.br/cpsess1980973144/3rdparty/roundcube/?_task=mail&_token=4hGNYOUbyUmLeTT42pAts8cLGn90jNib" "Mozilla/5.0 (Windows NT 10.0; Win64; x64) AppleWebKit/537.36 (KHTML, like Gecko) Chrome/138.0.0.0 Safari/537.36"
201.48.138.81 - - [10/Jul/2025:11:33:02 -0300] "GET /cpsess1980973144/3rdparty/roundcube/?_task=mail&_action=getunread&_page=1&_remote=1&_unlock=0&_=1752158140556 HTTP/2.0" 200 352 "https://webmail.dimensaogrupo.com.br/cpsess1980973144/3rdparty/roundcube/?_task=mail&_mbox=INBOX" "Mozilla/5.0 (Windows NT 10.0; Win64; x64) AppleWebKit/537.36 (KHTML, like Gecko) Chrome/138.0.0.0 Safari/537.36"
201.48.138.81 - - [10/Jul/2025:11:33:02 -0300] "GET /cpsess1980973144/3rdparty/roundcube/program/resources/blank.tiff HTTP/2.0" 200 270 "https://webmail.dimensaogrupo.com.br/cpsess1980973144/3rdparty/roundcube/?_task=mail&_mbox=INBOX" "Mozilla/5.0 (Windows NT 10.0; Win64; x64) AppleWebKit/537.36 (KHTML, like Gecko) Chrome/138.0.0.0 Safari/537.36"
201.48.138.81 - - [10/Jul/2025:11:33:02 -0300] "GET /cpsess1980973144/3rdparty/roundcube/program/resources/blank.webp HTTP/2.0" 200 86 "https://webmail.dimensaogrupo.com.br/cpsess1980973144/3rdparty/roundcube/?_task=mail&_mbox=INBOX" "Mozilla/5.0 (Windows NT 10.0; Win64; x64) AppleWebKit/537.36 (KHTML, like Gecko) Chrome/138.0.0.0 Safari/537.36"
201.48.138.81 - - [10/Jul/2025:11:33:02 -0300] "GET /cpsess1980973144/3rdparty/roundcube/skins/elastic/images/favicon.ico?s=1748763912 HTTP/2.0" 200 1871 "https://webmail.dimensaogrupo.com.br/cpsess1980973144/3rdparty/roundcube/?_task=mail&_mbox=INBOX" "Mozilla/5.0 (Windows NT 10.0; Win64; x64) AppleWebKit/537.36 (KHTML, like Gecko) Chrome/138.0.0.0 Safari/537.36"
201.48.138.81 - - [10/Jul/2025:11:33:05 -0300] "GET /cpsess1980973144/3rdparty/roundcube/?_task=mail&_action=list&_refresh=1&_layout=widescreen&_mbox=INBOX.spam&_page=1&_remote=1&_unlock=loading1752158144081&_=1752158140557 HTTP/2.0" 200 3768 "https://webmail.dimensaogrupo.com.br/cpsess1980973144/3rdparty/roundcube/?_task=mail&_mbox=INBOX" "Mozilla/5.0 (Windows NT 10.0; Win64; x64) AppleWebKit/537.36 (KHTML, like Gecko) Chrome/138.0.0.0 Safari/537.36"
200.219.243.150 - - [10/Jul/2025:11:33:11 -0300] "POST /cpsess6991796993/3rdparty/roundcube/?_task=mail&_action=refresh HTTP/2.0" 200 137 "https://webmail.dimensaogrupo.com.br/cpsess6991796993/3rdparty/roundcube/?_task=mail&_mbox=INBOX" "Mozilla/5.0 (Windows NT 10.0; Win64; x64) AppleWebKit/537.36 (KHTML, like Gecko) Chrome/129.0.0.0 Safari/537.36"
201.48.138.81 - - [10/Jul/2025:11:33:20 -0300] "GET /cpsess1980973144/3rdparty/roundcube/?_task=mail&_action=search&_interval=&_q=netturbo&_headers=subject%2Cfrom&_layout=widescreen&_filter=ALL&_scope=base&_mbox=INBOX.spam&_remote=1&_unlock=loading1752158158303&_=1752158140558 HTTP/2.0" 200 649 "https://webmail.dimensaogrupo.com.br/cpsess1980973144/3rdparty/roundcube/?_task=mail&_mbox=INBOX.spam" "Mozilla/5.0 (Windows NT 10.0; Win64; x64) AppleWebKit/537.36 (KHTML, like Gecko) Chrome/138.0.0.0 Safari/537.36"
201.48.138.81 - - [10/Jul/2025:11:33:44 -0300] "GET /cpsess1980973144/3rdparty/roundcube/?_task=mail&_action=search&_interval=&_q=bra&_headers=subject%2Cfrom&_layout=widescreen&_filter=ALL&_scope=base&_mbox=INBOX.spam&_remote=1&_unlock=loading1752158182048&_=1752158140559 HTTP/2.0" 200 3400 "https://webmail.dimensaogrupo.com.br/cpsess1980973144/3rdparty/roundcube/?_task=mail&_mbox=INBOX.spam" "Mozilla/5.0 (Windows NT 10.0; Win64; x64) AppleWebKit/537.36 (KHTML, like Gecko) Chrome/138.0.0.0 Safari/537.36"
201.48.138.81 - - [10/Jul/2025:11:34:04 -0300] "POST /cpsess1980973144/3rdparty/roundcube/?_task=mail&_action=refresh HTTP/2.0" 200 160 "https://webmail.dimensaogrupo.com.br/cpsess1980973144/3rdparty/roundcube/?_task=mail&_mbox=INBOX.spam" "Mozilla/5.0 (Windows NT 10.0; Win64; x64) AppleWebKit/537.36 (KHTML, like Gecko) Chrome/138.0.0.0 Safari/537.36"
200.219.243.150 - - [10/Jul/2025:11:34:11 -0300] "POST /cpsess6991796993/3rdparty/roundcube/?_task=mail&_action=refresh HTTP/2.0" 308 152 "https://webmail.dimensaogrupo.com.br/cpsess6991796993/3rdparty/roundcube/?_task=mail&_mbox=INBOX" "Mozilla/5.0 (Windows NT 10.0; Win64; x64) AppleWebKit/537.36 (KHTML, like Gecko) Chrome/129.0.0.0 Safari/537.36"
200.219.243.150 - - [10/Jul/2025:11:34:11 -0300] "POST /cpsess6991796993/3rdparty/roundcube/?_task=mail&_action=refresh HTTP/2.0" 200 137 "https://webmail.dimensaogrupo.com.br/cpsess6991796993/3rdparty/roundcube/?_task=mail&_mbox=INBOX" "Mozilla/5.0 (Windows NT 10.0; Win64; x64) AppleWebKit/537.36 (KHTML, like Gecko) Chrome/129.0.0.0 Safari/537.36"
201.48.138.81 - - [10/Jul/2025:11:35:04 -0300] "POST /cpsess1980973144/3rdparty/roundcube/?_task=mail&_action=refresh HTTP/2.0" 200 3392 "https://webmail.dimensaogrupo.com.br/cpsess1980973144/3rdparty/roundcube/?_task=mail&_mbox=INBOX.spam" "Mozilla/5.0 (Windows NT 10.0; Win64; x64) AppleWebKit/537.36 (KHTML, like Gecko) Chrome/138.0.0.0 Safari/537.36"
200.219.243.150 - - [10/Jul/2025:11:35:11 -0300] "POST /cpsess6991796993/3rdparty/roundcube/?_task=mail&_action=refresh HTTP/2.0" 200 137 "https://webmail.dimensaogrupo.com.br/cpsess6991796993/3rdparty/roundcube/?_task=mail&_mbox=INBOX" "Mozilla/5.0 (Windows NT 10.0; Win64; x64) AppleWebKit/537.36 (KHTML, like Gecko) Chrome/129.0.0.0 Safari/537.36"
201.48.138.81 - - [10/Jul/2025:11:36:04 -0300] "POST /cpsess1980973144/3rdparty/roundcube/?_task=mail&_action=refresh HTTP/2.0" 200 160 "https://webmail.dimensaogrupo.com.br/cpsess1980973144/3rdparty/roundcube/?_task=mail&_mbox=INBOX.spam" "Mozilla/5.0 (Windows NT 10.0; Win64; x64) AppleWebKit/537.36 (KHTML, like Gecko) Chrome/138.0.0.0 Safari/537.36"
200.219.243.150 - - [10/Jul/2025:11:36:11 -0300] "POST /cpsess6991796993/3rdparty/roundcube/?_task=mail&_action=refresh HTTP/2.0" 308 152 "https://webmail.dimensaogrupo.com.br/cpsess6991796993/3rdparty/roundcube/?_task=mail&_mbox=INBOX" "Mozilla/5.0 (Windows NT 10.0; Win64; x64) AppleWebKit/537.36 (KHTML, like Gecko) Chrome/129.0.0.0 Safari/537.36"
200.219.243.150 - - [10/Jul/2025:11:36:11 -0300] "POST /cpsess6991796993/3rdparty/roundcube/?_task=mail&_action=refresh HTTP/2.0" 200 137 "https://webmail.dimensaogrupo.com.br/cpsess6991796993/3rdparty/roundcube/?_task=mail&_mbox=INBOX" "Mozilla/5.0 (Windows NT 10.0; Win64; x64) AppleWebKit/537.36 (KHTML, like Gecko) Chrome/129.0.0.0 Safari/537.36"
201.48.138.81 - - [10/Jul/2025:11:37:04 -0300] "POST /cpsess1980973144/3rdparty/roundcube/?_task=mail&_action=refresh HTTP/2.0" 200 3390 "https://webmail.dimensaogrupo.com.br/cpsess1980973144/3rdparty/roundcube/?_task=mail&_mbox=INBOX.spam" "Mozilla/5.0 (Windows NT 10.0; Win64; x64) AppleWebKit/537.36 (KHTML, like Gecko) Chrome/138.0.0.0 Safari/537.36"
200.219.243.150 - - [10/Jul/2025:11:37:11 -0300] "POST /cpsess6991796993/3rdparty/roundcube/?_task=mail&_action=refresh HTTP/2.0" 308 152 "https://webmail.dimensaogrupo.com.br/cpsess6991796993/3rdparty/roundcube/?_task=mail&_mbox=INBOX" "Mozilla/5.0 (Windows NT 10.0; Win64; x64) AppleWebKit/537.36 (KHTML, like Gecko) Chrome/129.0.0.0 Safari/537.36"
200.219.243.150 - - [10/Jul/2025:11:37:11 -0300] "POST /cpsess6991796993/3rdparty/roundcube/?_task=mail&_action=refresh HTTP/2.0" 200 137 "https://webmail.dimensaogrupo.com.br/cpsess6991796993/3rdparty/roundcube/?_task=mail&_mbox=INBOX" "Mozilla/5.0 (Windows NT 10.0; Win64; x64) AppleWebKit/537.36 (KHTML, like Gecko) Chrome/129.0.0.0 Safari/537.36"
201.48.138.81 - - [10/Jul/2025:11:38:04 -0300] "POST /cpsess1980973144/3rdparty/roundcube/?_task=mail&_action=refresh HTTP/2.0" 308 152 "https://webmail.dimensaogrupo.com.br/cpsess1980973144/3rdparty/roundcube/?_task=mail&_mbox=INBOX.spam" "Mozilla/5.0 (Windows NT 10.0; Win64; x64) AppleWebKit/537.36 (KHTML, like Gecko) Chrome/138.0.0.0 Safari/537.36"
201.48.138.81 - - [10/Jul/2025:11:38:04 -0300] "POST /cpsess1980973144/3rdparty/roundcube/?_task=mail&_action=refresh HTTP/2.0" 200 160 "https://webmail.dimensaogrupo.com.br/cpsess1980973144/3rdparty/roundcube/?_task=mail&_mbox=INBOX.spam" "Mozilla/5.0 (Windows NT 10.0; Win64; x64) AppleWebKit/537.36 (KHTML, like Gecko) Chrome/138.0.0.0 Safari/537.36"
200.219.243.150 - - [10/Jul/2025:11:38:11 -0300] "POST /cpsess6991796993/3rdparty/roundcube/?_task=mail&_action=refresh HTTP/2.0" 308 152 "https://webmail.dimensaogrupo.com.br/cpsess6991796993/3rdparty/roundcube/?_task=mail&_mbox=INBOX" "Mozilla/5.0 (Windows NT 10.0; Win64; x64) AppleWebKit/537.36 (KHTML, like Gecko) Chrome/129.0.0.0 Safari/537.36"
200.219.243.150 - - [10/Jul/2025:11:38:11 -0300] "POST /cpsess6991796993/3rdparty/roundcube/?_task=mail&_action=refresh HTTP/2.0" 200 137 "https://webmail.dimensaogrupo.com.br/cpsess6991796993/3rdparty/roundcube/?_task=mail&_mbox=INBOX" "Mozilla/5.0 (Windows NT 10.0; Win64; x64) AppleWebKit/537.36 (KHTML, like Gecko) Chrome/129.0.0.0 Safari/537.36"
201.48.138.81 - - [10/Jul/2025:11:39:04 -0300] "POST /cpsess1980973144/3rdparty/roundcube/?_task=mail&_action=refresh HTTP/2.0" 308 152 "https://webmail.dimensaogrupo.com.br/cpsess1980973144/3rdparty/roundcube/?_task=mail&_mbox=INBOX.spam" "Mozilla/5.0 (Windows NT 10.0; Win64; x64) AppleWebKit/537.36 (KHTML, like Gecko) Chrome/138.0.0.0 Safari/537.36"
201.48.138.81 - - [10/Jul/2025:11:39:04 -0300] "POST /cpsess1980973144/3rdparty/roundcube/?_task=mail&_action=refresh HTTP/2.0" 200 160 "https://webmail.dimensaogrupo.com.br/cpsess1980973144/3rdparty/roundcube/?_task=mail&_mbox=INBOX.spam" "Mozilla/5.0 (Windows NT 10.0; Win64; x64) AppleWebKit/537.36 (KHTML, like Gecko) Chrome/138.0.0.0 Safari/537.36"
200.219.243.150 - - [10/Jul/2025:11:39:11 -0300] "POST /cpsess6991796993/3rdparty/roundcube/?_task=mail&_action=refresh HTTP/2.0" 200 137 "https://webmail.dimensaogrupo.com.br/cpsess6991796993/3rdparty/roundcube/?_task=mail&_mbox=INBOX" "Mozilla/5.0 (Windows NT 10.0; Win64; x64) AppleWebKit/537.36 (KHTML, like Gecko) Chrome/129.0.0.0 Safari/537.36"
201.48.138.81 - - [10/Jul/2025:11:40:04 -0300] "POST /cpsess1980973144/3rdparty/roundcube/?_task=mail&_action=refresh HTTP/2.0" 200 160 "https://webmail.dimensaogrupo.com.br/cpsess1980973144/3rdparty/roundcube/?_task=mail&_mbox=INBOX.spam" "Mozilla/5.0 (Windows NT 10.0; Win64; x64) AppleWebKit/537.36 (KHTML, like Gecko) Chrome/138.0.0.0 Safari/537.36"
200.219.243.150 - - [10/Jul/2025:11:40:11 -0300] "POST /cpsess6991796993/3rdparty/roundcube/?_task=mail&_action=refresh HTTP/2.0" 200 137 "https://webmail.dimensaogrupo.com.br/cpsess6991796993/3rdparty/roundcube/?_task=mail&_mbox=INBOX" "Mozilla/5.0 (Windows NT 10.0; Win64; x64) AppleWebKit/537.36 (KHTML, like Gecko) Chrome/129.0.0.0 Safari/537.36"
201.48.138.81 - - [10/Jul/2025:11:41:04 -0300] "POST /cpsess1980973144/3rdparty/roundcube/?_task=mail&_action=refresh HTTP/2.0" 200 160 "https://webmail.dimensaogrupo.com.br/cpsess1980973144/3rdparty/roundcube/?_task=mail&_mbox=INBOX.spam" "Mozilla/5.0 (Windows NT 10.0; Win64; x64) AppleWebKit/537.36 (KHTML, like Gecko) Chrome/138.0.0.0 Safari/537.36"
200.219.243.150 - - [10/Jul/2025:11:41:11 -0300] "POST /cpsess6991796993/3rdparty/roundcube/?_task=mail&_action=refresh HTTP/2.0" 200 137 "https://webmail.dimensaogrupo.com.br/cpsess6991796993/3rdparty/roundcube/?_task=mail&_mbox=INBOX" "Mozilla/5.0 (Windows NT 10.0; Win64; x64) AppleWebKit/537.36 (KHTML, like Gecko) Chrome/129.0.0.0 Safari/537.36"
201.48.138.81 - - [10/Jul/2025:11:42:04 -0300] "POST /cpsess1980973144/3rdparty/roundcube/?_task=mail&_action=refresh HTTP/2.0" 200 160 "https://webmail.dimensaogrupo.com.br/cpsess1980973144/3rdparty/roundcube/?_task=mail&_mbox=INBOX.spam" "Mozilla/5.0 (Windows NT 10.0; Win64; x64) AppleWebKit/537.36 (KHTML, like Gecko) Chrome/138.0.0.0 Safari/537.36"
200.219.243.150 - - [10/Jul/2025:11:42:11 -0300] "POST /cpsess6991796993/3rdparty/roundcube/?_task=mail&_action=refresh HTTP/2.0" 308 152 "https://webmail.dimensaogrupo.com.br/cpsess6991796993/3rdparty/roundcube/?_task=mail&_mbox=INBOX" "Mozilla/5.0 (Windows NT 10.0; Win64; x64) AppleWebKit/537.36 (KHTML, like Gecko) Chrome/129.0.0.0 Safari/537.36"
200.219.243.150 - - [10/Jul/2025:11:42:11 -0300] "POST /cpsess6991796993/3rdparty/roundcube/?_task=mail&_action=refresh HTTP/2.0" 200 137 "https://webmail.dimensaogrupo.com.br/cpsess6991796993/3rdparty/roundcube/?_task=mail&_mbox=INBOX" "Mozilla/5.0 (Windows NT 10.0; Win64; x64) AppleWebKit/537.36 (KHTML, like Gecko) Chrome/129.0.0.0 Safari/537.36"
201.48.138.81 - - [10/Jul/2025:11:43:04 -0300] "POST /cpsess1980973144/3rdparty/roundcube/?_task=mail&_action=refresh HTTP/2.0" 308 152 "https://webmail.dimensaogrupo.com.br/cpsess1980973144/3rdparty/roundcube/?_task=mail&_mbox=INBOX.spam" "Mozilla/5.0 (Windows NT 10.0; Win64; x64) AppleWebKit/537.36 (KHTML, like Gecko) Chrome/138.0.0.0 Safari/537.36"
201.48.138.81 - - [10/Jul/2025:11:43:04 -0300] "POST /cpsess1980973144/3rdparty/roundcube/?_task=mail&_action=refresh HTTP/2.0" 200 160 "https://webmail.dimensaogrupo.com.br/cpsess1980973144/3rdparty/roundcube/?_task=mail&_mbox=INBOX.spam" "Mozilla/5.0 (Windows NT 10.0; Win64; x64) AppleWebKit/537.36 (KHTML, like Gecko) Chrome/138.0.0.0 Safari/537.36"
200.219.243.150 - - [10/Jul/2025:11:43:11 -0300] "POST /cpsess6991796993/3rdparty/roundcube/?_task=mail&_action=refresh HTTP/2.0" 200 137 "https://webmail.dimensaogrupo.com.br/cpsess6991796993/3rdparty/roundcube/?_task=mail&_mbox=INBOX" "Mozilla/5.0 (Windows NT 10.0; Win64; x64) AppleWebKit/537.36 (KHTML, like Gecko) Chrome/129.0.0.0 Safari/537.36"
201.48.138.81 - - [10/Jul/2025:11:44:04 -0300] "POST /cpsess1980973144/3rdparty/roundcube/?_task=mail&_action=refresh HTTP/2.0" 200 160 "https://webmail.dimensaogrupo.com.br/cpsess1980973144/3rdparty/roundcube/?_task=mail&_mbox=INBOX.spam" "Mozilla/5.0 (Windows NT 10.0; Win64; x64) AppleWebKit/537.36 (KHTML, like Gecko) Chrome/138.0.0.0 Safari/537.36"
200.219.243.150 - - [10/Jul/2025:11:44:11 -0300] "POST /cpsess6991796993/3rdparty/roundcube/?_task=mail&_action=refresh HTTP/2.0" 200 137 "https://webmail.dimensaogrupo.com.br/cpsess6991796993/3rdparty/roundcube/?_task=mail&_mbox=INBOX" "Mozilla/5.0 (Windows NT 10.0; Win64; x64) AppleWebKit/537.36 (KHTML, like Gecko) Chrome/129.0.0.0 Safari/537.36"
201.48.138.81 - - [10/Jul/2025:11:45:04 -0300] "POST /cpsess1980973144/3rdparty/roundcube/?_task=mail&_action=refresh HTTP/2.0" 200 160 "https://webmail.dimensaogrupo.com.br/cpsess1980973144/3rdparty/roundcube/?_task=mail&_mbox=INBOX.spam" "Mozilla/5.0 (Windows NT 10.0; Win64; x64) AppleWebKit/537.36 (KHTML, like Gecko) Chrome/138.0.0.0 Safari/537.36"
200.219.243.150 - - [10/Jul/2025:11:45:11 -0300] "POST /cpsess6991796993/3rdparty/roundcube/?_task=mail&_action=refresh HTTP/2.0" 308 152 "https://webmail.dimensaogrupo.com.br/cpsess6991796993/3rdparty/roundcube/?_task=mail&_mbox=INBOX" "Mozilla/5.0 (Windows NT 10.0; Win64; x64) AppleWebKit/537.36 (KHTML, like Gecko) Chrome/129.0.0.0 Safari/537.36"
200.219.243.150 - - [10/Jul/2025:11:45:11 -0300] "POST /cpsess6991796993/3rdparty/roundcube/?_task=mail&_action=refresh HTTP/2.0" 200 137 "https://webmail.dimensaogrupo.com.br/cpsess6991796993/3rdparty/roundcube/?_task=mail&_mbox=INBOX" "Mozilla/5.0 (Windows NT 10.0; Win64; x64) AppleWebKit/537.36 (KHTML, like Gecko) Chrome/129.0.0.0 Safari/537.36"
201.48.138.81 - - [10/Jul/2025:11:46:04 -0300] "POST /cpsess1980973144/3rdparty/roundcube/?_task=mail&_action=refresh HTTP/2.0" 200 3390 "https://webmail.dimensaogrupo.com.br/cpsess1980973144/3rdparty/roundcube/?_task=mail&_mbox=INBOX.spam" "Mozilla/5.0 (Windows NT 10.0; Win64; x64) AppleWebKit/537.36 (KHTML, like Gecko) Chrome/138.0.0.0 Safari/537.36"
200.219.243.150 - - [10/Jul/2025:11:46:11 -0300] "POST /cpsess6991796993/3rdparty/roundcube/?_task=mail&_action=refresh HTTP/2.0" 200 137 "https://webmail.dimensaogrupo.com.br/cpsess6991796993/3rdparty/roundcube/?_task=mail&_mbox=INBOX" "Mozilla/5.0 (Windows NT 10.0; Win64; x64) AppleWebKit/537.36 (KHTML, like Gecko) Chrome/129.0.0.0 Safari/537.36"
201.48.138.81 - - [10/Jul/2025:11:47:04 -0300] "POST /cpsess1980973144/3rdparty/roundcube/?_task=mail&_action=refresh HTTP/2.0" 200 160 "https://webmail.dimensaogrupo.com.br/cpsess1980973144/3rdparty/roundcube/?_task=mail&_mbox=INBOX.spam" "Mozilla/5.0 (Windows NT 10.0; Win64; x64) AppleWebKit/537.36 (KHTML, like Gecko) Chrome/138.0.0.0 Safari/537.36"
200.219.243.150 - - [10/Jul/2025:11:47:11 -0300] "POST /cpsess6991796993/3rdparty/roundcube/?_task=mail&_action=refresh HTTP/2.0" 200 137 "https://webmail.dimensaogrupo.com.br/cpsess6991796993/3rdparty/roundcube/?_task=mail&_mbox=INBOX" "Mozilla/5.0 (Windows NT 10.0; Win64; x64) AppleWebKit/537.36 (KHTML, like Gecko) Chrome/129.0.0.0 Safari/537.36"
201.48.138.81 - - [10/Jul/2025:11:48:04 -0300] "POST /cpsess1980973144/3rdparty/roundcube/?_task=mail&_action=refresh HTTP/2.0" 308 152 "https://webmail.dimensaogrupo.com.br/cpsess1980973144/3rdparty/roundcube/?_task=mail&_mbox=INBOX.spam" "Mozilla/5.0 (Windows NT 10.0; Win64; x64) AppleWebKit/537.36 (KHTML, like Gecko) Chrome/138.0.0.0 Safari/537.36"
201.48.138.81 - - [10/Jul/2025:11:48:04 -0300] "POST /cpsess1980973144/3rdparty/roundcube/?_task=mail&_action=refresh HTTP/2.0" 200 3389 "https://webmail.dimensaogrupo.com.br/cpsess1980973144/3rdparty/roundcube/?_task=mail&_mbox=INBOX.spam" "Mozilla/5.0 (Windows NT 10.0; Win64; x64) AppleWebKit/537.36 (KHTML, like Gecko) Chrome/138.0.0.0 Safari/537.36"
200.219.243.150 - - [10/Jul/2025:11:48:11 -0300] "POST /cpsess6991796993/3rdparty/roundcube/?_task=mail&_action=refresh HTTP/2.0" 200 137 "https://webmail.dimensaogrupo.com.br/cpsess6991796993/3rdparty/roundcube/?_task=mail&_mbox=INBOX" "Mozilla/5.0 (Windows NT 10.0; Win64; x64) AppleWebKit/537.36 (KHTML, like Gecko) Chrome/129.0.0.0 Safari/537.36"
201.48.138.81 - - [10/Jul/2025:11:49:04 -0300] "POST /cpsess1980973144/3rdparty/roundcube/?_task=mail&_action=refresh HTTP/2.0" 308 152 "https://webmail.dimensaogrupo.com.br/cpsess1980973144/3rdparty/roundcube/?_task=mail&_mbox=INBOX.spam" "Mozilla/5.0 (Windows NT 10.0; Win64; x64) AppleWebKit/537.36 (KHTML, like Gecko) Chrome/138.0.0.0 Safari/537.36"
201.48.138.81 - - [10/Jul/2025:11:49:04 -0300] "POST /cpsess1980973144/3rdparty/roundcube/?_task=mail&_action=refresh HTTP/2.0" 200 160 "https://webmail.dimensaogrupo.com.br/cpsess1980973144/3rdparty/roundcube/?_task=mail&_mbox=INBOX.spam" "Mozilla/5.0 (Windows NT 10.0; Win64; x64) AppleWebKit/537.36 (KHTML, like Gecko) Chrome/138.0.0.0 Safari/537.36"
200.219.243.150 - - [10/Jul/2025:11:49:11 -0300] "POST /cpsess6991796993/3rdparty/roundcube/?_task=mail&_action=refresh HTTP/2.0" 200 137 "https://webmail.dimensaogrupo.com.br/cpsess6991796993/3rdparty/roundcube/?_task=mail&_mbox=INBOX" "Mozilla/5.0 (Windows NT 10.0; Win64; x64) AppleWebKit/537.36 (KHTML, like Gecko) Chrome/129.0.0.0 Safari/537.36"
201.48.138.81 - - [10/Jul/2025:11:50:04 -0300] "POST /cpsess1980973144/3rdparty/roundcube/?_task=mail&_action=refresh HTTP/2.0" 200 160 "https://webmail.dimensaogrupo.com.br/cpsess1980973144/3rdparty/roundcube/?_task=mail&_mbox=INBOX.spam" "Mozilla/5.0 (Windows NT 10.0; Win64; x64) AppleWebKit/537.36 (KHTML, like Gecko) Chrome/138.0.0.0 Safari/537.36"
200.219.243.150 - - [10/Jul/2025:11:50:11 -0300] "POST /cpsess6991796993/3rdparty/roundcube/?_task=mail&_action=refresh HTTP/2.0" 200 137 "https://webmail.dimensaogrupo.com.br/cpsess6991796993/3rdparty/roundcube/?_task=mail&_mbox=INBOX" "Mozilla/5.0 (Windows NT 10.0; Win64; x64) AppleWebKit/537.36 (KHTML, like Gecko) Chrome/129.0.0.0 Safari/537.36"
201.48.138.81 - - [10/Jul/2025:11:51:04 -0300] "POST /cpsess1980973144/3rdparty/roundcube/?_task=mail&_action=refresh HTTP/2.0" 200 160 "https://webmail.dimensaogrupo.com.br/cpsess1980973144/3rdparty/roundcube/?_task=mail&_mbox=INBOX.spam" "Mozilla/5.0 (Windows NT 10.0; Win64; x64) AppleWebKit/537.36 (KHTML, like Gecko) Chrome/138.0.0.0 Safari/537.36"
200.219.243.150 - - [10/Jul/2025:11:51:11 -0300] "POST /cpsess6991796993/3rdparty/roundcube/?_task=mail&_action=refresh HTTP/2.0" 200 137 "https://webmail.dimensaogrupo.com.br/cpsess6991796993/3rdparty/roundcube/?_task=mail&_mbox=INBOX" "Mozilla/5.0 (Windows NT 10.0; Win64; x64) AppleWebKit/537.36 (KHTML, like Gecko) Chrome/129.0.0.0 Safari/537.36"
201.48.138.81 - - [10/Jul/2025:11:52:04 -0300] "POST /cpsess1980973144/3rdparty/roundcube/?_task=mail&_action=refresh HTTP/2.0" 200 3391 "https://webmail.dimensaogrupo.com.br/cpsess1980973144/3rdparty/roundcube/?_task=mail&_mbox=INBOX.spam" "Mozilla/5.0 (Windows NT 10.0; Win64; x64) AppleWebKit/537.36 (KHTML, like Gecko) Chrome/138.0.0.0 Safari/537.36"
200.219.243.150 - - [10/Jul/2025:11:52:11 -0300] "POST /cpsess6991796993/3rdparty/roundcube/?_task=mail&_action=refresh HTTP/2.0" 200 137 "https://webmail.dimensaogrupo.com.br/cpsess6991796993/3rdparty/roundcube/?_task=mail&_mbox=INBOX" "Mozilla/5.0 (Windows NT 10.0; Win64; x64) AppleWebKit/537.36 (KHTML, like Gecko) Chrome/129.0.0.0 Safari/537.36"
200.219.243.150 - - [10/Jul/2025:11:52:59 -0300] "POST /cpsess6991796993/3rdparty/roundcube/?_task=mail&_action=refresh HTTP/2.0" 200 137 "https://webmail.dimensaogrupo.com.br/cpsess6991796993/3rdparty/roundcube/?_task=mail&_mbox=INBOX" "Mozilla/5.0 (Windows NT 10.0; Win64; x64) AppleWebKit/537.36 (KHTML, like Gecko) Chrome/129.0.0.0 Safari/537.36"
201.48.138.81 - - [10/Jul/2025:11:53:04 -0300] "POST /cpsess1980973144/3rdparty/roundcube/?_task=mail&_action=refresh HTTP/2.0" 308 152 "https://webmail.dimensaogrupo.com.br/cpsess1980973144/3rdparty/roundcube/?_task=mail&_mbox=INBOX.spam" "Mozilla/5.0 (Windows NT 10.0; Win64; x64) AppleWebKit/537.36 (KHTML, like Gecko) Chrome/138.0.0.0 Safari/537.36"
201.48.138.81 - - [10/Jul/2025:11:53:04 -0300] "POST /cpsess1980973144/3rdparty/roundcube/?_task=mail&_action=refresh HTTP/2.0" 200 160 "https://webmail.dimensaogrupo.com.br/cpsess1980973144/3rdparty/roundcube/?_task=mail&_mbox=INBOX.spam" "Mozilla/5.0 (Windows NT 10.0; Win64; x64) AppleWebKit/537.36 (KHTML, like Gecko) Chrome/138.0.0.0 Safari/537.36"
200.219.243.150 - - [10/Jul/2025:11:53:16 -0300] "POST /cpsess6991796993/3rdparty/roundcube/?_task=mail&_action=refresh HTTP/2.0" 200 137 "https://webmail.dimensaogrupo.com.br/cpsess6991796993/3rdparty/roundcube/?_task=mail&_mbox=INBOX" "Mozilla/5.0 (Windows NT 10.0; Win64; x64) AppleWebKit/537.36 (KHTML, like Gecko) Chrome/129.0.0.0 Safari/537.36"
201.48.138.81 - - [10/Jul/2025:11:54:04 -0300] "POST /cpsess1980973144/3rdparty/roundcube/?_task=mail&_action=refresh HTTP/2.0" 200 160 "https://webmail.dimensaogrupo.com.br/cpsess1980973144/3rdparty/roundcube/?_task=mail&_mbox=INBOX.spam" "Mozilla/5.0 (Windows NT 10.0; Win64; x64) AppleWebKit/537.36 (KHTML, like Gecko) Chrome/138.0.0.0 Safari/537.36"
200.219.243.150 - - [10/Jul/2025:11:54:17 -0300] "POST /cpsess6991796993/3rdparty/roundcube/?_task=mail&_action=refresh HTTP/2.0" 200 137 "https://webmail.dimensaogrupo.com.br/cpsess6991796993/3rdparty/roundcube/?_task=mail&_mbox=INBOX" "Mozilla/5.0 (Windows NT 10.0; Win64; x64) AppleWebKit/537.36 (KHTML, like Gecko) Chrome/129.0.0.0 Safari/537.36"
201.48.138.81 - - [10/Jul/2025:11:55:04 -0300] "POST /cpsess1980973144/3rdparty/roundcube/?_task=mail&_action=refresh HTTP/2.0" 200 160 "https://webmail.dimensaogrupo.com.br/cpsess1980973144/3rdparty/roundcube/?_task=mail&_mbox=INBOX.spam" "Mozilla/5.0 (Windows NT 10.0; Win64; x64) AppleWebKit/537.36 (KHTML, like Gecko) Chrome/138.0.0.0 Safari/537.36"
200.219.243.150 - - [10/Jul/2025:11:55:18 -0300] "POST /cpsess6991796993/3rdparty/roundcube/?_task=mail&_action=refresh HTTP/2.0" 200 137 "https://webmail.dimensaogrupo.com.br/cpsess6991796993/3rdparty/roundcube/?_task=mail&_mbox=INBOX" "Mozilla/5.0 (Windows NT 10.0; Win64; x64) AppleWebKit/537.36 (KHTML, like Gecko) Chrome/129.0.0.0 Safari/537.36"
201.48.138.81 - - [10/Jul/2025:11:56:04 -0300] "POST /cpsess1980973144/3rdparty/roundcube/?_task=mail&_action=refresh HTTP/2.0" 200 160 "https://webmail.dimensaogrupo.com.br/cpsess1980973144/3rdparty/roundcube/?_task=mail&_mbox=INBOX.spam" "Mozilla/5.0 (Windows NT 10.0; Win64; x64) AppleWebKit/537.36 (KHTML, like Gecko) Chrome/138.0.0.0 Safari/537.36"
201.48.138.81 - - [10/Jul/2025:11:57:04 -0300] "POST /cpsess1980973144/3rdparty/roundcube/?_task=mail&_action=refresh HTTP/2.0" 200 160 "https://webmail.dimensaogrupo.com.br/cpsess1980973144/3rdparty/roundcube/?_task=mail&_mbox=INBOX.spam" "Mozilla/5.0 (Windows NT 10.0; Win64; x64) AppleWebKit/537.36 (KHTML, like Gecko) Chrome/138.0.0.0 Safari/537.36"
200.219.243.150 - - [10/Jul/2025:11:57:11 -0300] "POST /cpsess6991796993/3rdparty/roundcube/?_task=mail&_action=refresh HTTP/2.0" 200 137 "https://webmail.dimensaogrupo.com.br/cpsess6991796993/3rdparty/roundcube/?_task=mail&_mbox=INBOX" "Mozilla/5.0 (Windows NT 10.0; Win64; x64) AppleWebKit/537.36 (KHTML, like Gecko) Chrome/129.0.0.0 Safari/537.36"
201.48.138.81 - - [10/Jul/2025:11:58:04 -0300] "POST /cpsess1980973144/3rdparty/roundcube/?_task=mail&_action=refresh HTTP/2.0" 308 152 "https://webmail.dimensaogrupo.com.br/cpsess1980973144/3rdparty/roundcube/?_task=mail&_mbox=INBOX.spam" "Mozilla/5.0 (Windows NT 10.0; Win64; x64) AppleWebKit/537.36 (KHTML, like Gecko) Chrome/138.0.0.0 Safari/537.36"
201.48.138.81 - - [10/Jul/2025:11:58:04 -0300] "POST /cpsess1980973144/3rdparty/roundcube/?_task=mail&_action=refresh HTTP/2.0" 200 160 "https://webmail.dimensaogrupo.com.br/cpsess1980973144/3rdparty/roundcube/?_task=mail&_mbox=INBOX.spam" "Mozilla/5.0 (Windows NT 10.0; Win64; x64) AppleWebKit/537.36 (KHTML, like Gecko) Chrome/138.0.0.0 Safari/537.36"
200.219.243.150 - - [10/Jul/2025:11:58:11 -0300] "POST /cpsess6991796993/3rdparty/roundcube/?_task=mail&_action=refresh HTTP/2.0" 308 152 "https://webmail.dimensaogrupo.com.br/cpsess6991796993/3rdparty/roundcube/?_task=mail&_mbox=INBOX" "Mozilla/5.0 (Windows NT 10.0; Win64; x64) AppleWebKit/537.36 (KHTML, like Gecko) Chrome/129.0.0.0 Safari/537.36"
200.219.243.150 - - [10/Jul/2025:11:58:11 -0300] "POST /cpsess6991796993/3rdparty/roundcube/?_task=mail&_action=refresh HTTP/2.0" 200 137 "https://webmail.dimensaogrupo.com.br/cpsess6991796993/3rdparty/roundcube/?_task=mail&_mbox=INBOX" "Mozilla/5.0 (Windows NT 10.0; Win64; x64) AppleWebKit/537.36 (KHTML, like Gecko) Chrome/129.0.0.0 Safari/537.36"
201.48.138.81 - - [10/Jul/2025:11:59:04 -0300] "POST /cpsess1980973144/3rdparty/roundcube/?_task=mail&_action=refresh HTTP/2.0" 308 152 "https://webmail.dimensaogrupo.com.br/cpsess1980973144/3rdparty/roundcube/?_task=mail&_mbox=INBOX.spam" "Mozilla/5.0 (Windows NT 10.0; Win64; x64) AppleWebKit/537.36 (KHTML, like Gecko) Chrome/138.0.0.0 Safari/537.36"
201.48.138.81 - - [10/Jul/2025:11:59:04 -0300] "POST /cpsess1980973144/3rdparty/roundcube/?_task=mail&_action=refresh HTTP/2.0" 200 160 "https://webmail.dimensaogrupo.com.br/cpsess1980973144/3rdparty/roundcube/?_task=mail&_mbox=INBOX.spam" "Mozilla/5.0 (Windows NT 10.0; Win64; x64) AppleWebKit/537.36 (KHTML, like Gecko) Chrome/138.0.0.0 Safari/537.36"
200.219.243.150 - - [10/Jul/2025:11:59:11 -0300] "POST /cpsess6991796993/3rdparty/roundcube/?_task=mail&_action=refresh HTTP/2.0" 200 137 "https://webmail.dimensaogrupo.com.br/cpsess6991796993/3rdparty/roundcube/?_task=mail&_mbox=INBOX" "Mozilla/5.0 (Windows NT 10.0; Win64; x64) AppleWebKit/537.36 (KHTML, like Gecko) Chrome/129.0.0.0 Safari/537.36"
201.48.138.81 - - [10/Jul/2025:12:00:04 -0300] "POST /cpsess1980973144/3rdparty/roundcube/?_task=mail&_action=refresh HTTP/2.0" 308 152 "https://webmail.dimensaogrupo.com.br/cpsess1980973144/3rdparty/roundcube/?_task=mail&_mbox=INBOX.spam" "Mozilla/5.0 (Windows NT 10.0; Win64; x64) AppleWebKit/537.36 (KHTML, like Gecko) Chrome/138.0.0.0 Safari/537.36"
201.48.138.81 - - [10/Jul/2025:12:00:04 -0300] "POST /cpsess1980973144/3rdparty/roundcube/?_task=mail&_action=refresh HTTP/2.0" 200 160 "https://webmail.dimensaogrupo.com.br/cpsess1980973144/3rdparty/roundcube/?_task=mail&_mbox=INBOX.spam" "Mozilla/5.0 (Windows NT 10.0; Win64; x64) AppleWebKit/537.36 (KHTML, like Gecko) Chrome/138.0.0.0 Safari/537.36"
200.219.243.150 - - [10/Jul/2025:12:00:11 -0300] "POST /cpsess6991796993/3rdparty/roundcube/?_task=mail&_action=refresh HTTP/2.0" 200 137 "https://webmail.dimensaogrupo.com.br/cpsess6991796993/3rdparty/roundcube/?_task=mail&_mbox=INBOX" "Mozilla/5.0 (Windows NT 10.0; Win64; x64) AppleWebKit/537.36 (KHTML, like Gecko) Chrome/129.0.0.0 Safari/537.36"
201.48.138.81 - - [10/Jul/2025:12:01:04 -0300] "POST /cpsess1980973144/3rdparty/roundcube/?_task=mail&_action=refresh HTTP/2.0" 200 160 "https://webmail.dimensaogrupo.com.br/cpsess1980973144/3rdparty/roundcube/?_task=mail&_mbox=INBOX.spam" "Mozilla/5.0 (Windows NT 10.0; Win64; x64) AppleWebKit/537.36 (KHTML, like Gecko) Chrome/138.0.0.0 Safari/537.36"
200.219.243.150 - - [10/Jul/2025:12:01:11 -0300] "POST /cpsess6991796993/3rdparty/roundcube/?_task=mail&_action=refresh HTTP/2.0" 308 152 "https://webmail.dimensaogrupo.com.br/cpsess6991796993/3rdparty/roundcube/?_task=mail&_mbox=INBOX" "Mozilla/5.0 (Windows NT 10.0; Win64; x64) AppleWebKit/537.36 (KHTML, like Gecko) Chrome/129.0.0.0 Safari/537.36"
200.219.243.150 - - [10/Jul/2025:12:01:11 -0300] "POST /cpsess6991796993/3rdparty/roundcube/?_task=mail&_action=refresh HTTP/2.0" 200 137 "https://webmail.dimensaogrupo.com.br/cpsess6991796993/3rdparty/roundcube/?_task=mail&_mbox=INBOX" "Mozilla/5.0 (Windows NT 10.0; Win64; x64) AppleWebKit/537.36 (KHTML, like Gecko) Chrome/129.0.0.0 Safari/537.36"
201.48.138.81 - - [10/Jul/2025:12:02:04 -0300] "POST /cpsess1980973144/3rdparty/roundcube/?_task=mail&_action=refresh HTTP/2.0" 200 160 "https://webmail.dimensaogrupo.com.br/cpsess1980973144/3rdparty/roundcube/?_task=mail&_mbox=INBOX.spam" "Mozilla/5.0 (Windows NT 10.0; Win64; x64) AppleWebKit/537.36 (KHTML, like Gecko) Chrome/138.0.0.0 Safari/537.36"
200.219.243.150 - - [10/Jul/2025:12:02:11 -0300] "POST /cpsess6991796993/3rdparty/roundcube/?_task=mail&_action=refresh HTTP/2.0" 200 137 "https://webmail.dimensaogrupo.com.br/cpsess6991796993/3rdparty/roundcube/?_task=mail&_mbox=INBOX" "Mozilla/5.0 (Windows NT 10.0; Win64; x64) AppleWebKit/537.36 (KHTML, like Gecko) Chrome/129.0.0.0 Safari/537.36"
201.48.138.81 - - [10/Jul/2025:12:03:04 -0300] "POST /cpsess1980973144/3rdparty/roundcube/?_task=mail&_action=refresh HTTP/2.0" 200 160 "https://webmail.dimensaogrupo.com.br/cpsess1980973144/3rdparty/roundcube/?_task=mail&_mbox=INBOX.spam" "Mozilla/5.0 (Windows NT 10.0; Win64; x64) AppleWebKit/537.36 (KHTML, like Gecko) Chrome/138.0.0.0 Safari/537.36"
200.219.243.150 - - [10/Jul/2025:12:03:11 -0300] "POST /cpsess6991796993/3rdparty/roundcube/?_task=mail&_action=refresh HTTP/2.0" 200 137 "https://webmail.dimensaogrupo.com.br/cpsess6991796993/3rdparty/roundcube/?_task=mail&_mbox=INBOX" "Mozilla/5.0 (Windows NT 10.0; Win64; x64) AppleWebKit/537.36 (KHTML, like Gecko) Chrome/129.0.0.0 Safari/537.36"
201.48.138.81 - - [10/Jul/2025:12:04:04 -0300] "POST /cpsess1980973144/3rdparty/roundcube/?_task=mail&_action=refresh HTTP/2.0" 200 160 "https://webmail.dimensaogrupo.com.br/cpsess1980973144/3rdparty/roundcube/?_task=mail&_mbox=INBOX.spam" "Mozilla/5.0 (Windows NT 10.0; Win64; x64) AppleWebKit/537.36 (KHTML, like Gecko) Chrome/138.0.0.0 Safari/537.36"
200.219.243.150 - - [10/Jul/2025:12:04:11 -0300] "POST /cpsess6991796993/3rdparty/roundcube/?_task=mail&_action=refresh HTTP/2.0" 200 137 "https://webmail.dimensaogrupo.com.br/cpsess6991796993/3rdparty/roundcube/?_task=mail&_mbox=INBOX" "Mozilla/5.0 (Windows NT 10.0; Win64; x64) AppleWebKit/537.36 (KHTML, like Gecko) Chrome/129.0.0.0 Safari/537.36"
201.48.138.81 - - [10/Jul/2025:12:05:04 -0300] "POST /cpsess1980973144/3rdparty/roundcube/?_task=mail&_action=refresh HTTP/2.0" 200 3393 "https://webmail.dimensaogrupo.com.br/cpsess1980973144/3rdparty/roundcube/?_task=mail&_mbox=INBOX.spam" "Mozilla/5.0 (Windows NT 10.0; Win64; x64) AppleWebKit/537.36 (KHTML, like Gecko) Chrome/138.0.0.0 Safari/537.36"
200.219.243.150 - - [10/Jul/2025:12:05:11 -0300] "POST /cpsess6991796993/3rdparty/roundcube/?_task=mail&_action=refresh HTTP/2.0" 308 152 "https://webmail.dimensaogrupo.com.br/cpsess6991796993/3rdparty/roundcube/?_task=mail&_mbox=INBOX" "Mozilla/5.0 (Windows NT 10.0; Win64; x64) AppleWebKit/537.36 (KHTML, like Gecko) Chrome/129.0.0.0 Safari/537.36"
200.219.243.150 - - [10/Jul/2025:12:05:11 -0300] "POST /cpsess6991796993/3rdparty/roundcube/?_task=mail&_action=refresh HTTP/2.0" 200 137 "https://webmail.dimensaogrupo.com.br/cpsess6991796993/3rdparty/roundcube/?_task=mail&_mbox=INBOX" "Mozilla/5.0 (Windows NT 10.0; Win64; x64) AppleWebKit/537.36 (KHTML, like Gecko) Chrome/129.0.0.0 Safari/537.36"
201.48.138.81 - - [10/Jul/2025:12:06:04 -0300] "POST /cpsess1980973144/3rdparty/roundcube/?_task=mail&_action=refresh HTTP/2.0" 308 152 "https://webmail.dimensaogrupo.com.br/cpsess1980973144/3rdparty/roundcube/?_task=mail&_mbox=INBOX.spam" "Mozilla/5.0 (Windows NT 10.0; Win64; x64) AppleWebKit/537.36 (KHTML, like Gecko) Chrome/138.0.0.0 Safari/537.36"
201.48.138.81 - - [10/Jul/2025:12:06:04 -0300] "POST /cpsess1980973144/3rdparty/roundcube/?_task=mail&_action=refresh HTTP/2.0" 200 160 "https://webmail.dimensaogrupo.com.br/cpsess1980973144/3rdparty/roundcube/?_task=mail&_mbox=INBOX.spam" "Mozilla/5.0 (Windows NT 10.0; Win64; x64) AppleWebKit/537.36 (KHTML, like Gecko) Chrome/138.0.0.0 Safari/537.36"
200.219.243.150 - - [10/Jul/2025:12:06:11 -0300] "POST /cpsess6991796993/3rdparty/roundcube/?_task=mail&_action=refresh HTTP/2.0" 200 137 "https://webmail.dimensaogrupo.com.br/cpsess6991796993/3rdparty/roundcube/?_task=mail&_mbox=INBOX" "Mozilla/5.0 (Windows NT 10.0; Win64; x64) AppleWebKit/537.36 (KHTML, like Gecko) Chrome/129.0.0.0 Safari/537.36"
201.48.138.81 - - [10/Jul/2025:12:07:04 -0300] "POST /cpsess1980973144/3rdparty/roundcube/?_task=mail&_action=refresh HTTP/2.0" 200 160 "https://webmail.dimensaogrupo.com.br/cpsess1980973144/3rdparty/roundcube/?_task=mail&_mbox=INBOX.spam" "Mozilla/5.0 (Windows NT 10.0; Win64; x64) AppleWebKit/537.36 (KHTML, like Gecko) Chrome/138.0.0.0 Safari/537.36"
200.219.243.150 - - [10/Jul/2025:12:07:11 -0300] "POST /cpsess6991796993/3rdparty/roundcube/?_task=mail&_action=refresh HTTP/2.0" 200 137 "https://webmail.dimensaogrupo.com.br/cpsess6991796993/3rdparty/roundcube/?_task=mail&_mbox=INBOX" "Mozilla/5.0 (Windows NT 10.0; Win64; x64) AppleWebKit/537.36 (KHTML, like Gecko) Chrome/129.0.0.0 Safari/537.36"
201.48.138.81 - - [10/Jul/2025:12:08:04 -0300] "POST /cpsess1980973144/3rdparty/roundcube/?_task=mail&_action=refresh HTTP/2.0" 308 152 "https://webmail.dimensaogrupo.com.br/cpsess1980973144/3rdparty/roundcube/?_task=mail&_mbox=INBOX.spam" "Mozilla/5.0 (Windows NT 10.0; Win64; x64) AppleWebKit/537.36 (KHTML, like Gecko) Chrome/138.0.0.0 Safari/537.36"
201.48.138.81 - - [10/Jul/2025:12:08:04 -0300] "POST /cpsess1980973144/3rdparty/roundcube/?_task=mail&_action=refresh HTTP/2.0" 200 160 "https://webmail.dimensaogrupo.com.br/cpsess1980973144/3rdparty/roundcube/?_task=mail&_mbox=INBOX.spam" "Mozilla/5.0 (Windows NT 10.0; Win64; x64) AppleWebKit/537.36 (KHTML, like Gecko) Chrome/138.0.0.0 Safari/537.36"
200.219.243.150 - - [10/Jul/2025:12:08:11 -0300] "POST /cpsess6991796993/3rdparty/roundcube/?_task=mail&_action=refresh HTTP/2.0" 200 137 "https://webmail.dimensaogrupo.com.br/cpsess6991796993/3rdparty/roundcube/?_task=mail&_mbox=INBOX" "Mozilla/5.0 (Windows NT 10.0; Win64; x64) AppleWebKit/537.36 (KHTML, like Gecko) Chrome/129.0.0.0 Safari/537.36"
201.48.138.81 - - [10/Jul/2025:12:09:04 -0300] "POST /cpsess1980973144/3rdparty/roundcube/?_task=mail&_action=refresh HTTP/2.0" 200 160 "https://webmail.dimensaogrupo.com.br/cpsess1980973144/3rdparty/roundcube/?_task=mail&_mbox=INBOX.spam" "Mozilla/5.0 (Windows NT 10.0; Win64; x64) AppleWebKit/537.36 (KHTML, like Gecko) Chrome/138.0.0.0 Safari/537.36"
200.219.243.150 - - [10/Jul/2025:12:09:11 -0300] "POST /cpsess6991796993/3rdparty/roundcube/?_task=mail&_action=refresh HTTP/2.0" 308 152 "https://webmail.dimensaogrupo.com.br/cpsess6991796993/3rdparty/roundcube/?_task=mail&_mbox=INBOX" "Mozilla/5.0 (Windows NT 10.0; Win64; x64) AppleWebKit/537.36 (KHTML, like Gecko) Chrome/129.0.0.0 Safari/537.36"
200.219.243.150 - - [10/Jul/2025:12:09:11 -0300] "POST /cpsess6991796993/3rdparty/roundcube/?_task=mail&_action=refresh HTTP/2.0" 200 137 "https://webmail.dimensaogrupo.com.br/cpsess6991796993/3rdparty/roundcube/?_task=mail&_mbox=INBOX" "Mozilla/5.0 (Windows NT 10.0; Win64; x64) AppleWebKit/537.36 (KHTML, like Gecko) Chrome/129.0.0.0 Safari/537.36"
201.48.138.81 - - [10/Jul/2025:12:10:04 -0300] "POST /cpsess1980973144/3rdparty/roundcube/?_task=mail&_action=refresh HTTP/2.0" 200 160 "https://webmail.dimensaogrupo.com.br/cpsess1980973144/3rdparty/roundcube/?_task=mail&_mbox=INBOX.spam" "Mozilla/5.0 (Windows NT 10.0; Win64; x64) AppleWebKit/537.36 (KHTML, like Gecko) Chrome/138.0.0.0 Safari/537.36"
200.219.243.150 - - [10/Jul/2025:12:10:11 -0300] "POST /cpsess6991796993/3rdparty/roundcube/?_task=mail&_action=refresh HTTP/2.0" 200 137 "https://webmail.dimensaogrupo.com.br/cpsess6991796993/3rdparty/roundcube/?_task=mail&_mbox=INBOX" "Mozilla/5.0 (Windows NT 10.0; Win64; x64) AppleWebKit/537.36 (KHTML, like Gecko) Chrome/129.0.0.0 Safari/537.36"
201.48.138.81 - - [10/Jul/2025:12:11:04 -0300] "POST /cpsess1980973144/3rdparty/roundcube/?_task=mail&_action=refresh HTTP/2.0" 200 160 "https://webmail.dimensaogrupo.com.br/cpsess1980973144/3rdparty/roundcube/?_task=mail&_mbox=INBOX.spam" "Mozilla/5.0 (Windows NT 10.0; Win64; x64) AppleWebKit/537.36 (KHTML, like Gecko) Chrome/138.0.0.0 Safari/537.36"
200.219.243.150 - - [10/Jul/2025:12:11:11 -0300] "POST /cpsess6991796993/3rdparty/roundcube/?_task=mail&_action=refresh HTTP/2.0" 308 152 "https://webmail.dimensaogrupo.com.br/cpsess6991796993/3rdparty/roundcube/?_task=mail&_mbox=INBOX" "Mozilla/5.0 (Windows NT 10.0; Win64; x64) AppleWebKit/537.36 (KHTML, like Gecko) Chrome/129.0.0.0 Safari/537.36"
200.219.243.150 - - [10/Jul/2025:12:11:11 -0300] "POST /cpsess6991796993/3rdparty/roundcube/?_task=mail&_action=refresh HTTP/2.0" 200 137 "https://webmail.dimensaogrupo.com.br/cpsess6991796993/3rdparty/roundcube/?_task=mail&_mbox=INBOX" "Mozilla/5.0 (Windows NT 10.0; Win64; x64) AppleWebKit/537.36 (KHTML, like Gecko) Chrome/129.0.0.0 Safari/537.36"
201.48.138.81 - - [10/Jul/2025:12:12:04 -0300] "POST /cpsess1980973144/3rdparty/roundcube/?_task=mail&_action=refresh HTTP/2.0" 308 152 "https://webmail.dimensaogrupo.com.br/cpsess1980973144/3rdparty/roundcube/?_task=mail&_mbox=INBOX.spam" "Mozilla/5.0 (Windows NT 10.0; Win64; x64) AppleWebKit/537.36 (KHTML, like Gecko) Chrome/138.0.0.0 Safari/537.36"
201.48.138.81 - - [10/Jul/2025:12:12:04 -0300] "POST /cpsess1980973144/3rdparty/roundcube/?_task=mail&_action=refresh HTTP/2.0" 200 160 "https://webmail.dimensaogrupo.com.br/cpsess1980973144/3rdparty/roundcube/?_task=mail&_mbox=INBOX.spam" "Mozilla/5.0 (Windows NT 10.0; Win64; x64) AppleWebKit/537.36 (KHTML, like Gecko) Chrome/138.0.0.0 Safari/537.36"
200.219.243.150 - - [10/Jul/2025:12:12:11 -0300] "POST /cpsess6991796993/3rdparty/roundcube/?_task=mail&_action=refresh HTTP/2.0" 308 152 "https://webmail.dimensaogrupo.com.br/cpsess6991796993/3rdparty/roundcube/?_task=mail&_mbox=INBOX" "Mozilla/5.0 (Windows NT 10.0; Win64; x64) AppleWebKit/537.36 (KHTML, like Gecko) Chrome/129.0.0.0 Safari/537.36"
200.219.243.150 - - [10/Jul/2025:12:12:11 -0300] "POST /cpsess6991796993/3rdparty/roundcube/?_task=mail&_action=refresh HTTP/2.0" 200 137 "https://webmail.dimensaogrupo.com.br/cpsess6991796993/3rdparty/roundcube/?_task=mail&_mbox=INBOX" "Mozilla/5.0 (Windows NT 10.0; Win64; x64) AppleWebKit/537.36 (KHTML, like Gecko) Chrome/129.0.0.0 Safari/537.36"
201.48.138.81 - - [10/Jul/2025:12:13:04 -0300] "POST /cpsess1980973144/3rdparty/roundcube/?_task=mail&_action=refresh HTTP/2.0" 308 152 "https://webmail.dimensaogrupo.com.br/cpsess1980973144/3rdparty/roundcube/?_task=mail&_mbox=INBOX.spam" "Mozilla/5.0 (Windows NT 10.0; Win64; x64) AppleWebKit/537.36 (KHTML, like Gecko) Chrome/138.0.0.0 Safari/537.36"
201.48.138.81 - - [10/Jul/2025:12:13:04 -0300] "POST /cpsess1980973144/3rdparty/roundcube/?_task=mail&_action=refresh HTTP/2.0" 200 160 "https://webmail.dimensaogrupo.com.br/cpsess1980973144/3rdparty/roundcube/?_task=mail&_mbox=INBOX.spam" "Mozilla/5.0 (Windows NT 10.0; Win64; x64) AppleWebKit/537.36 (KHTML, like Gecko) Chrome/138.0.0.0 Safari/537.36"
200.219.243.150 - - [10/Jul/2025:12:13:11 -0300] "POST /cpsess6991796993/3rdparty/roundcube/?_task=mail&_action=refresh HTTP/2.0" 200 137 "https://webmail.dimensaogrupo.com.br/cpsess6991796993/3rdparty/roundcube/?_task=mail&_mbox=INBOX" "Mozilla/5.0 (Windows NT 10.0; Win64; x64) AppleWebKit/537.36 (KHTML, like Gecko) Chrome/129.0.0.0 Safari/537.36"
201.48.138.81 - - [10/Jul/2025:12:14:04 -0300] "POST /cpsess1980973144/3rdparty/roundcube/?_task=mail&_action=refresh HTTP/2.0" 200 160 "https://webmail.dimensaogrupo.com.br/cpsess1980973144/3rdparty/roundcube/?_task=mail&_mbox=INBOX.spam" "Mozilla/5.0 (Windows NT 10.0; Win64; x64) AppleWebKit/537.36 (KHTML, like Gecko) Chrome/138.0.0.0 Safari/537.36"
200.219.243.150 - - [10/Jul/2025:12:14:11 -0300] "POST /cpsess6991796993/3rdparty/roundcube/?_task=mail&_action=refresh HTTP/2.0" 200 137 "https://webmail.dimensaogrupo.com.br/cpsess6991796993/3rdparty/roundcube/?_task=mail&_mbox=INBOX" "Mozilla/5.0 (Windows NT 10.0; Win64; x64) AppleWebKit/537.36 (KHTML, like Gecko) Chrome/129.0.0.0 Safari/537.36"
201.48.138.81 - - [10/Jul/2025:12:15:04 -0300] "POST /cpsess1980973144/3rdparty/roundcube/?_task=mail&_action=refresh HTTP/2.0" 200 160 "https://webmail.dimensaogrupo.com.br/cpsess1980973144/3rdparty/roundcube/?_task=mail&_mbox=INBOX.spam" "Mozilla/5.0 (Windows NT 10.0; Win64; x64) AppleWebKit/537.36 (KHTML, like Gecko) Chrome/138.0.0.0 Safari/537.36"
200.219.243.150 - - [10/Jul/2025:12:15:11 -0300] "POST /cpsess6991796993/3rdparty/roundcube/?_task=mail&_action=refresh HTTP/2.0" 200 137 "https://webmail.dimensaogrupo.com.br/cpsess6991796993/3rdparty/roundcube/?_task=mail&_mbox=INBOX" "Mozilla/5.0 (Windows NT 10.0; Win64; x64) AppleWebKit/537.36 (KHTML, like Gecko) Chrome/129.0.0.0 Safari/537.36"
201.48.138.81 - - [10/Jul/2025:12:16:04 -0300] "POST /cpsess1980973144/3rdparty/roundcube/?_task=mail&_action=refresh HTTP/2.0" 200 160 "https://webmail.dimensaogrupo.com.br/cpsess1980973144/3rdparty/roundcube/?_task=mail&_mbox=INBOX.spam" "Mozilla/5.0 (Windows NT 10.0; Win64; x64) AppleWebKit/537.36 (KHTML, like Gecko) Chrome/138.0.0.0 Safari/537.36"
200.219.243.150 - - [10/Jul/2025:12:16:11 -0300] "POST /cpsess6991796993/3rdparty/roundcube/?_task=mail&_action=refresh HTTP/2.0" 200 137 "https://webmail.dimensaogrupo.com.br/cpsess6991796993/3rdparty/roundcube/?_task=mail&_mbox=INBOX" "Mozilla/5.0 (Windows NT 10.0; Win64; x64) AppleWebKit/537.36 (KHTML, like Gecko) Chrome/129.0.0.0 Safari/537.36"
201.48.138.81 - - [10/Jul/2025:12:17:04 -0300] "POST /cpsess1980973144/3rdparty/roundcube/?_task=mail&_action=refresh HTTP/2.0" 308 152 "https://webmail.dimensaogrupo.com.br/cpsess1980973144/3rdparty/roundcube/?_task=mail&_mbox=INBOX.spam" "Mozilla/5.0 (Windows NT 10.0; Win64; x64) AppleWebKit/537.36 (KHTML, like Gecko) Chrome/138.0.0.0 Safari/537.36"
201.48.138.81 - - [10/Jul/2025:12:17:04 -0300] "POST /cpsess1980973144/3rdparty/roundcube/?_task=mail&_action=refresh HTTP/2.0" 200 160 "https://webmail.dimensaogrupo.com.br/cpsess1980973144/3rdparty/roundcube/?_task=mail&_mbox=INBOX.spam" "Mozilla/5.0 (Windows NT 10.0; Win64; x64) AppleWebKit/537.36 (KHTML, like Gecko) Chrome/138.0.0.0 Safari/537.36"
200.219.243.150 - - [10/Jul/2025:12:17:11 -0300] "POST /cpsess6991796993/3rdparty/roundcube/?_task=mail&_action=refresh HTTP/2.0" 308 152 "https://webmail.dimensaogrupo.com.br/cpsess6991796993/3rdparty/roundcube/?_task=mail&_mbox=INBOX" "Mozilla/5.0 (Windows NT 10.0; Win64; x64) AppleWebKit/537.36 (KHTML, like Gecko) Chrome/129.0.0.0 Safari/537.36"
200.219.243.150 - - [10/Jul/2025:12:17:11 -0300] "POST /cpsess6991796993/3rdparty/roundcube/?_task=mail&_action=refresh HTTP/2.0" 200 137 "https://webmail.dimensaogrupo.com.br/cpsess6991796993/3rdparty/roundcube/?_task=mail&_mbox=INBOX" "Mozilla/5.0 (Windows NT 10.0; Win64; x64) AppleWebKit/537.36 (KHTML, like Gecko) Chrome/129.0.0.0 Safari/537.36"
201.48.138.81 - - [10/Jul/2025:12:18:04 -0300] "POST /cpsess1980973144/3rdparty/roundcube/?_task=mail&_action=refresh HTTP/2.0" 200 3386 "https://webmail.dimensaogrupo.com.br/cpsess1980973144/3rdparty/roundcube/?_task=mail&_mbox=INBOX.spam" "Mozilla/5.0 (Windows NT 10.0; Win64; x64) AppleWebKit/537.36 (KHTML, like Gecko) Chrome/138.0.0.0 Safari/537.36"
200.219.243.150 - - [10/Jul/2025:12:18:11 -0300] "POST /cpsess6991796993/3rdparty/roundcube/?_task=mail&_action=refresh HTTP/2.0" 308 152 "https://webmail.dimensaogrupo.com.br/cpsess6991796993/3rdparty/roundcube/?_task=mail&_mbox=INBOX" "Mozilla/5.0 (Windows NT 10.0; Win64; x64) AppleWebKit/537.36 (KHTML, like Gecko) Chrome/129.0.0.0 Safari/537.36"
200.219.243.150 - - [10/Jul/2025:12:18:11 -0300] "POST /cpsess6991796993/3rdparty/roundcube/?_task=mail&_action=refresh HTTP/2.0" 200 137 "https://webmail.dimensaogrupo.com.br/cpsess6991796993/3rdparty/roundcube/?_task=mail&_mbox=INBOX" "Mozilla/5.0 (Windows NT 10.0; Win64; x64) AppleWebKit/537.36 (KHTML, like Gecko) Chrome/129.0.0.0 Safari/537.36"
