201.48.138.81 - - [10/Jul/2025:09:28:29 -0300] "GET /cpsess3429583525/3rdparty/roundcube/?_task=mail&_caps=pdf%3D1%2Cflash%3D0%2Ctiff%3D0%2Cwebp%3D1%2Cpgpmime%3D0&_uid=16839&_mbox=INBOX&_framed=1&_action=preview HTTP/2.0" 200 6684 "https://webmail.dimensaogrupo.com.br/cpsess3429583525/3rdparty/roundcube/?_task=mail&_mbox=INBOX" "Mozilla/5.0 (Windows NT 10.0; Win64; x64) AppleWebKit/537.36 (KHTML, like Gecko) Chrome/138.0.0.0 Safari/537.36"
201.48.138.81 - - [10/Jul/2025:09:28:29 -0300] "GET /cpsess3429583525/3rdparty/roundcube/?_task=addressbook&_action=photo&_email=operacional%40dimensaoservicos.com.br&_error=1&_bgcolor=transparent HTTP/2.0" 204 - "https://webmail.dimensaogrupo.com.br/cpsess3429583525/3rdparty/roundcube/?_task=mail&_caps=pdf%3D1%2Cflash%3D0%2Ctiff%3D0%2Cwebp%3D1%2Cpgpmime%3D0&_uid=16839&_mbox=INBOX&_framed=1&_action=preview" "Mozilla/5.0 (Windows NT 10.0; Win64; x64) AppleWebKit/537.36 (KHTML, like Gecko) Chrome/138.0.0.0 Safari/537.36"
201.48.138.81 - - [10/Jul/2025:09:28:29 -0300] "GET /cpsess3429583525/3rdparty/roundcube/?_task=mail&_action=get&_mbox=INBOX&_uid=16839&_token=DAxsAoOtp6VAii23KKz1R0KBoFdlMQKl&_part=1.2&_embed=1&_mimeclass=image HTTP/2.0" 200 109399 "https://webmail.dimensaogrupo.com.br/cpsess3429583525/3rdparty/roundcube/?_task=mail&_caps=pdf%3D1%2Cflash%3D0%2Ctiff%3D0%2Cwebp%3D1%2Cpgpmime%3D0&_uid=16839&_mbox=INBOX&_framed=1&_action=preview" "Mozilla/5.0 (Windows NT 10.0; Win64; x64) AppleWebKit/537.36 (KHTML, like Gecko) Chrome/138.0.0.0 Safari/537.36"
201.48.138.81 - - [10/Jul/2025:09:28:29 -0300] "GET /cpsess3429583525/3rdparty/roundcube/?_task=mail&_action=get&_mbox=INBOX&_uid=16839&_token=DAxsAoOtp6VAii23KKz1R0KBoFdlMQKl&_part=1.3&_embed=1&_mimeclass=image HTTP/2.0" 200 39708 "https://webmail.dimensaogrupo.com.br/cpsess3429583525/3rdparty/roundcube/?_task=mail&_caps=pdf%3D1%2Cflash%3D0%2Ctiff%3D0%2Cwebp%3D1%2Cpgpmime%3D0&_uid=16839&_mbox=INBOX&_framed=1&_action=preview" "Mozilla/5.0 (Windows NT 10.0; Win64; x64) AppleWebKit/537.36 (KHTML, like Gecko) Chrome/138.0.0.0 Safari/537.36"
201.48.138.81 - - [10/Jul/2025:09:28:30 -0300] "GET /cpsess3429583525/3rdparty/roundcube/?_task=mail&_caps=pdf%3D1%2Cflash%3D0%2Ctiff%3D0%2Cwebp%3D1%2Cpgpmime%3D0&_uid=16838&_mbox=INBOX&_framed=1&_action=preview HTTP/2.0" 200 6337 "https://webmail.dimensaogrupo.com.br/cpsess3429583525/3rdparty/roundcube/?_task=mail&_mbox=INBOX" "Mozilla/5.0 (Windows NT 10.0; Win64; x64) AppleWebKit/537.36 (KHTML, like Gecko) Chrome/138.0.0.0 Safari/537.36"
201.48.138.81 - - [10/Jul/2025:09:28:31 -0300] "GET /cpsess3429583525/3rdparty/roundcube/?_task=addressbook&_action=photo&_email=gislainelucena1%40yahoo.com.br&_error=1&_bgcolor=transparent HTTP/2.0" 204 - "https://webmail.dimensaogrupo.com.br/cpsess3429583525/3rdparty/roundcube/?_task=mail&_caps=pdf%3D1%2Cflash%3D0%2Ctiff%3D0%2Cwebp%3D1%2Cpgpmime%3D0&_uid=16838&_mbox=INBOX&_framed=1&_action=preview" "Mozilla/5.0 (Windows NT 10.0; Win64; x64) AppleWebKit/537.36 (KHTML, like Gecko) Chrome/138.0.0.0 Safari/537.36"
201.48.138.81 - - [10/Jul/2025:09:28:41 -0300] "GET /cpsess3429583525/3rdparty/roundcube/?_task=logout&_token=DAxsAoOtp6VAii23KKz1R0KBoFdlMQKl HTTP/2.0" 302 6118 "https://webmail.dimensaogrupo.com.br/cpsess3429583525/3rdparty/roundcube/?_task=mail&_mbox=INBOX" "Mozilla/5.0 (Windows NT 10.0; Win64; x64) AppleWebKit/537.36 (KHTML, like Gecko) Chrome/138.0.0.0 Safari/537.36"
201.48.138.81 - - [10/Jul/2025:09:28:42 -0300] "GET /webmaillogout.cgi HTTP/2.0" 308 102 "https://webmail.dimensaogrupo.com.br/cpsess3429583525/3rdparty/roundcube/?_task=mail&_mbox=INBOX" "Mozilla/5.0 (Windows NT 10.0; Win64; x64) AppleWebKit/537.36 (KHTML, like Gecko) Chrome/138.0.0.0 Safari/537.36"
201.48.138.81 - - [10/Jul/2025:09:28:42 -0300] "GET /webmaillogout.cgi HTTP/2.0" 200 12231 "https://webmail.dimensaogrupo.com.br/cpsess3429583525/3rdparty/roundcube/?_task=mail&_mbox=INBOX" "Mozilla/5.0 (Windows NT 10.0; Win64; x64) AppleWebKit/537.36 (KHTML, like Gecko) Chrome/138.0.0.0 Safari/537.36"
201.48.138.81 - - [10/Jul/2025:09:28:52 -0300] "POST /login/?login_only=1 HTTP/2.0" 200 156 "https://webmail.dimensaogrupo.com.br/webmaillogout.cgi" "Mozilla/5.0 (Windows NT 10.0; Win64; x64) AppleWebKit/537.36 (KHTML, like Gecko) Chrome/138.0.0.0 Safari/537.36"
201.48.138.81 - - [10/Jul/2025:09:28:53 -0300] "GET /cpsess6017905609/3rdparty/roundcube/index.php?login=1&post_login=23519167271145 HTTP/2.0" 302 - "https://webmail.dimensaogrupo.com.br/webmaillogout.cgi" "Mozilla/5.0 (Windows NT 10.0; Win64; x64) AppleWebKit/537.36 (KHTML, like Gecko) Chrome/138.0.0.0 Safari/537.36"
201.48.138.81 - - [10/Jul/2025:09:28:53 -0300] "GET /cpsess6017905609/3rdparty/roundcube/?_task=mail&_token=sq0Gqx7ceMjq7lWatUZXhfMHbNecEjKn HTTP/2.0" 200 11418 "https://webmail.dimensaogrupo.com.br/webmaillogout.cgi" "Mozilla/5.0 (Windows NT 10.0; Win64; x64) AppleWebKit/537.36 (KHTML, like Gecko) Chrome/138.0.0.0 Safari/537.36"
201.48.138.81 - - [10/Jul/2025:09:28:53 -0300] "GET /cpsess6017905609/3rdparty/roundcube/skins/elastic/deps/bootstrap.min.css?s=1748763916 HTTP/2.0" 200 25867 "https://webmail.dimensaogrupo.com.br/cpsess6017905609/3rdparty/roundcube/?_task=mail&_token=sq0Gqx7ceMjq7lWatUZXhfMHbNecEjKn" "Mozilla/5.0 (Windows NT 10.0; Win64; x64) AppleWebKit/537.36 (KHTML, like Gecko) Chrome/138.0.0.0 Safari/537.36"
201.48.138.81 - - [10/Jul/2025:09:28:53 -0300] "GET /cpsess6017905609/3rdparty/roundcube/skins/elastic/styles/styles.min.css?s=1748880883 HTTP/2.0" 200 24006 "https://webmail.dimensaogrupo.com.br/cpsess6017905609/3rdparty/roundcube/?_task=mail&_token=sq0Gqx7ceMjq7lWatUZXhfMHbNecEjKn" "Mozilla/5.0 (Windows NT 10.0; Win64; x64) AppleWebKit/537.36 (KHTML, like Gecko) Chrome/138.0.0.0 Safari/537.36"
201.48.138.81 - - [10/Jul/2025:09:28:53 -0300] "GET /cpsess6017905609/3rdparty/roundcube/plugins/return_to_webmail/skins/elastic/return_to_webmail.css?s=1748881325 HTTP/2.0" 200 863 "https://webmail.dimensaogrupo.com.br/cpsess6017905609/3rdparty/roundcube/?_task=mail&_token=sq0Gqx7ceMjq7lWatUZXhfMHbNecEjKn" "Mozilla/5.0 (Windows NT 10.0; Win64; x64) AppleWebKit/537.36 (KHTML, like Gecko) Chrome/138.0.0.0 Safari/537.36"
201.48.138.81 - - [10/Jul/2025:09:28:53 -0300] "GET /cpsess6017905609/3rdparty/roundcube/plugins/carddav/skins/elastic/carddav.css?s=1748881325 HTTP/2.0" 200 77 "https://webmail.dimensaogrupo.com.br/cpsess6017905609/3rdparty/roundcube/?_task=mail&_token=sq0Gqx7ceMjq7lWatUZXhfMHbNecEjKn" "Mozilla/5.0 (Windows NT 10.0; Win64; x64) AppleWebKit/537.36 (KHTML, like Gecko) Chrome/138.0.0.0 Safari/537.36"
201.48.138.81 - - [10/Jul/2025:09:28:53 -0300] "GET /cpsess6017905609/3rdparty/roundcube/plugins/jqueryui/themes/elastic/jquery-ui.min.css?s=1748763912 HTTP/2.0" 200 7701 "https://webmail.dimensaogrupo.com.br/cpsess6017905609/3rdparty/roundcube/?_task=mail&_token=sq0Gqx7ceMjq7lWatUZXhfMHbNecEjKn" "Mozilla/5.0 (Windows NT 10.0; Win64; x64) AppleWebKit/537.36 (KHTML, like Gecko) Chrome/138.0.0.0 Safari/537.36"
201.48.138.81 - - [10/Jul/2025:09:28:53 -0300] "GET /cpsess6017905609/3rdparty/roundcube/plugins/calendar/skins/elastic/calendar.css?s=1748881326 HTTP/2.0" 200 15435 "https://webmail.dimensaogrupo.com.br/cpsess6017905609/3rdparty/roundcube/?_task=mail&_token=sq0Gqx7ceMjq7lWatUZXhfMHbNecEjKn" "Mozilla/5.0 (Windows NT 10.0; Win64; x64) AppleWebKit/537.36 (KHTML, like Gecko) Chrome/138.0.0.0 Safari/537.36"
201.48.138.81 - - [10/Jul/2025:09:28:53 -0300] "GET /cpsess6017905609/3rdparty/roundcube/program/js/jquery.min.js?s=1748763914 HTTP/2.0" 200 32867 "https://webmail.dimensaogrupo.com.br/cpsess6017905609/3rdparty/roundcube/?_task=mail&_token=sq0Gqx7ceMjq7lWatUZXhfMHbNecEjKn" "Mozilla/5.0 (Windows NT 10.0; Win64; x64) AppleWebKit/537.36 (KHTML, like Gecko) Chrome/138.0.0.0 Safari/537.36"
201.48.138.81 - - [10/Jul/2025:09:28:53 -0300] "GET /cpsess6017905609/3rdparty/roundcube/program/js/app.min.js?s=1748880883 HTTP/2.0" 200 50593 "https://webmail.dimensaogrupo.com.br/cpsess6017905609/3rdparty/roundcube/?_task=mail&_token=sq0Gqx7ceMjq7lWatUZXhfMHbNecEjKn" "Mozilla/5.0 (Windows NT 10.0; Win64; x64) AppleWebKit/537.36 (KHTML, like Gecko) Chrome/138.0.0.0 Safari/537.36"
201.48.138.81 - - [10/Jul/2025:09:28:53 -0300] "GET /cpsess6017905609/3rdparty/roundcube/program/js/common.min.js?s=1748763912 HTTP/2.0" 200 4959 "https://webmail.dimensaogrupo.com.br/cpsess6017905609/3rdparty/roundcube/?_task=mail&_token=sq0Gqx7ceMjq7lWatUZXhfMHbNecEjKn" "Mozilla/5.0 (Windows NT 10.0; Win64; x64) AppleWebKit/537.36 (KHTML, like Gecko) Chrome/138.0.0.0 Safari/537.36"
201.48.138.81 - - [10/Jul/2025:09:28:53 -0300] "GET /cpsess6017905609/3rdparty/roundcube/program/js/treelist.min.js?s=1748763912 HTTP/2.0" 200 5390 "https://webmail.dimensaogrupo.com.br/cpsess6017905609/3rdparty/roundcube/?_task=mail&_token=sq0Gqx7ceMjq7lWatUZXhfMHbNecEjKn" "Mozilla/5.0 (Windows NT 10.0; Win64; x64) AppleWebKit/537.36 (KHTML, like Gecko) Chrome/138.0.0.0 Safari/537.36"
201.48.138.81 - - [10/Jul/2025:09:28:53 -0300] "GET /cpsess6017905609/3rdparty/roundcube/program/js/list.min.js?s=1748763912 HTTP/2.0" 200 8316 "https://webmail.dimensaogrupo.com.br/cpsess6017905609/3rdparty/roundcube/?_task=mail&_token=sq0Gqx7ceMjq7lWatUZXhfMHbNecEjKn" "Mozilla/5.0 (Windows NT 10.0; Win64; x64) AppleWebKit/537.36 (KHTML, like Gecko) Chrome/138.0.0.0 Safari/537.36"
201.48.138.81 - - [10/Jul/2025:09:28:53 -0300] "GET /cpsess6017905609/3rdparty/roundcube/plugins/archive/archive.min.js?s=1748763912 HTTP/2.0" 200 743 "https://webmail.dimensaogrupo.com.br/cpsess6017905609/3rdparty/roundcube/?_task=mail&_token=sq0Gqx7ceMjq7lWatUZXhfMHbNecEjKn" "Mozilla/5.0 (Windows NT 10.0; Win64; x64) AppleWebKit/537.36 (KHTML, like Gecko) Chrome/138.0.0.0 Safari/537.36"
201.48.138.81 - - [10/Jul/2025:09:28:53 -0300] "GET /cpsess6017905609/3rdparty/roundcube/plugins/return_to_webmail/return_to_webmail.js?s=1748881325 HTTP/2.0" 200 773 "https://webmail.dimensaogrupo.com.br/cpsess6017905609/3rdparty/roundcube/?_task=mail&_token=sq0Gqx7ceMjq7lWatUZXhfMHbNecEjKn" "Mozilla/5.0 (Windows NT 10.0; Win64; x64) AppleWebKit/537.36 (KHTML, like Gecko) Chrome/138.0.0.0 Safari/537.36"
201.48.138.81 - - [10/Jul/2025:09:28:53 -0300] "GET /cpsess6017905609/3rdparty/roundcube/plugins/markasjunk/markasjunk.min.js?s=1748763912 HTTP/2.0" 200 1144 "https://webmail.dimensaogrupo.com.br/cpsess6017905609/3rdparty/roundcube/?_task=mail&_token=sq0Gqx7ceMjq7lWatUZXhfMHbNecEjKn" "Mozilla/5.0 (Windows NT 10.0; Win64; x64) AppleWebKit/537.36 (KHTML, like Gecko) Chrome/138.0.0.0 Safari/537.36"
201.48.138.81 - - [10/Jul/2025:09:28:53 -0300] "GET /cpsess6017905609/3rdparty/roundcube/plugins/jqueryui/js/jquery-ui.min.js?s=1748763912 HTTP/2.0" 200 74366 "https://webmail.dimensaogrupo.com.br/cpsess6017905609/3rdparty/roundcube/?_task=mail&_token=sq0Gqx7ceMjq7lWatUZXhfMHbNecEjKn" "Mozilla/5.0 (Windows NT 10.0; Win64; x64) AppleWebKit/537.36 (KHTML, like Gecko) Chrome/138.0.0.0 Safari/537.36"
201.48.138.81 - - [10/Jul/2025:09:28:53 -0300] "GET /cpsess6017905609/3rdparty/roundcube/plugins/jqueryui/js/i18n/datepicker-pt-BR.js?s=1748763912 HTTP/2.0" 200 660 "https://webmail.dimensaogrupo.com.br/cpsess6017905609/3rdparty/roundcube/?_task=mail&_token=sq0Gqx7ceMjq7lWatUZXhfMHbNecEjKn" "Mozilla/5.0 (Windows NT 10.0; Win64; x64) AppleWebKit/537.36 (KHTML, like Gecko) Chrome/138.0.0.0 Safari/537.36"
201.48.138.81 - - [10/Jul/2025:09:28:53 -0300] "GET /cpsess6017905609/3rdparty/roundcube/plugins/calendar/calendar_base.js?s=1748881326 HTTP/2.0" 200 1766 "https://webmail.dimensaogrupo.com.br/cpsess6017905609/3rdparty/roundcube/?_task=mail&_token=sq0Gqx7ceMjq7lWatUZXhfMHbNecEjKn" "Mozilla/5.0 (Windows NT 10.0; Win64; x64) AppleWebKit/537.36 (KHTML, like Gecko) Chrome/138.0.0.0 Safari/537.36"
201.48.138.81 - - [10/Jul/2025:09:28:53 -0300] "GET /cpsess6017905609/3rdparty/roundcube/plugins/libcalendaring/libcalendaring.js?s=1748881326 HTTP/2.0" 200 15634 "https://webmail.dimensaogrupo.com.br/cpsess6017905609/3rdparty/roundcube/?_task=mail&_token=sq0Gqx7ceMjq7lWatUZXhfMHbNecEjKn" "Mozilla/5.0 (Windows NT 10.0; Win64; x64) AppleWebKit/537.36 (KHTML, like Gecko) Chrome/138.0.0.0 Safari/537.36"
201.48.138.81 - - [10/Jul/2025:09:28:53 -0300] "GET /cpsess6017905609/3rdparty/roundcube/skins/elastic/images/logo.svg?s=1748763912 HTTP/2.0" 200 397 "https://webmail.dimensaogrupo.com.br/cpsess6017905609/3rdparty/roundcube/?_task=mail&_token=sq0Gqx7ceMjq7lWatUZXhfMHbNecEjKn" "Mozilla/5.0 (Windows NT 10.0; Win64; x64) AppleWebKit/537.36 (KHTML, like Gecko) Chrome/138.0.0.0 Safari/537.36"
201.48.138.81 - - [10/Jul/2025:09:28:53 -0300] "GET /cpsess6017905609/3rdparty/roundcube/skins/elastic/deps/bootstrap.bundle.min.js?s=1748763916 HTTP/2.0" 200 23054 "https://webmail.dimensaogrupo.com.br/cpsess6017905609/3rdparty/roundcube/?_task=mail&_token=sq0Gqx7ceMjq7lWatUZXhfMHbNecEjKn" "Mozilla/5.0 (Windows NT 10.0; Win64; x64) AppleWebKit/537.36 (KHTML, like Gecko) Chrome/138.0.0.0 Safari/537.36"
201.48.138.81 - - [10/Jul/2025:09:28:55 -0300] "GET /cpsess6017905609/3rdparty/roundcube/skins/elastic/ui.min.js?s=1748763912 HTTP/2.0" 200 20576 "https://webmail.dimensaogrupo.com.br/cpsess6017905609/3rdparty/roundcube/?_task=mail&_token=sq0Gqx7ceMjq7lWatUZXhfMHbNecEjKn" "Mozilla/5.0 (Windows NT 10.0; Win64; x64) AppleWebKit/537.36 (KHTML, like Gecko) Chrome/138.0.0.0 Safari/537.36"
201.48.138.81 - - [10/Jul/2025:09:28:55 -0300] "GET /cpsess6017905609/3rdparty/roundcube/skins/elastic/watermark.html HTTP/2.0" 200 494 "https://webmail.dimensaogrupo.com.br/cpsess6017905609/3rdparty/roundcube/?_task=mail&_token=sq0Gqx7ceMjq7lWatUZXhfMHbNecEjKn" "Mozilla/5.0 (Windows NT 10.0; Win64; x64) AppleWebKit/537.36 (KHTML, like Gecko) Chrome/138.0.0.0 Safari/537.36"
201.48.138.81 - - [10/Jul/2025:09:28:56 -0300] "GET /cpsess6017905609/3rdparty/roundcube/skins/elastic/images/logo.svg HTTP/2.0" 200 397 "https://webmail.dimensaogrupo.com.br/cpsess6017905609/3rdparty/roundcube/skins/elastic/watermark.html" "Mozilla/5.0 (Windows NT 10.0; Win64; x64) AppleWebKit/537.36 (KHTML, like Gecko) Chrome/138.0.0.0 Safari/537.36"
201.48.138.81 - - [10/Jul/2025:09:28:56 -0300] "GET /cpsess6017905609/3rdparty/roundcube/?_task=mail&_action=list&_refresh=1&_layout=widescreen&_mbox=INBOX&_page=&_remote=1&_unlock=loading1752150504849&_=1752150503235 HTTP/2.0" 200 2949 "https://webmail.dimensaogrupo.com.br/cpsess6017905609/3rdparty/roundcube/?_task=mail&_token=sq0Gqx7ceMjq7lWatUZXhfMHbNecEjKn" "Mozilla/5.0 (Windows NT 10.0; Win64; x64) AppleWebKit/537.36 (KHTML, like Gecko) Chrome/138.0.0.0 Safari/537.36"
201.48.138.81 - - [10/Jul/2025:09:28:56 -0300] "GET /cpsess6017905609/3rdparty/roundcube/?_task=mail&_action=getunread&_page=1&_remote=1&_unlock=0&_=1752150503236 HTTP/2.0" 200 351 "https://webmail.dimensaogrupo.com.br/cpsess6017905609/3rdparty/roundcube/?_task=mail&_mbox=INBOX" "Mozilla/5.0 (Windows NT 10.0; Win64; x64) AppleWebKit/537.36 (KHTML, like Gecko) Chrome/138.0.0.0 Safari/537.36"
201.48.138.81 - - [10/Jul/2025:09:28:56 -0300] "GET /cpsess6017905609/3rdparty/roundcube/program/resources/blank.tiff HTTP/2.0" 200 270 "https://webmail.dimensaogrupo.com.br/cpsess6017905609/3rdparty/roundcube/?_task=mail&_mbox=INBOX" "Mozilla/5.0 (Windows NT 10.0; Win64; x64) AppleWebKit/537.36 (KHTML, like Gecko) Chrome/138.0.0.0 Safari/537.36"
201.48.138.81 - - [10/Jul/2025:09:28:56 -0300] "GET /cpsess6017905609/3rdparty/roundcube/program/resources/blank.webp HTTP/2.0" 200 86 "https://webmail.dimensaogrupo.com.br/cpsess6017905609/3rdparty/roundcube/?_task=mail&_mbox=INBOX" "Mozilla/5.0 (Windows NT 10.0; Win64; x64) AppleWebKit/537.36 (KHTML, like Gecko) Chrome/138.0.0.0 Safari/537.36"
201.48.138.81 - - [10/Jul/2025:09:28:56 -0300] "GET /cpsess6017905609/3rdparty/roundcube/skins/elastic/images/favicon.ico?s=1748763912 HTTP/2.0" 200 1871 "https://webmail.dimensaogrupo.com.br/cpsess6017905609/3rdparty/roundcube/?_task=mail&_mbox=INBOX" "Mozilla/5.0 (Windows NT 10.0; Win64; x64) AppleWebKit/537.36 (KHTML, like Gecko) Chrome/138.0.0.0 Safari/537.36"
201.48.138.81 - - [10/Jul/2025:09:29:20 -0300] "GET /cpsess6017905609/3rdparty/roundcube/?_task=mail&_caps=pdf%3D1%2Cflash%3D0%2Ctiff%3D0%2Cwebp%3D1%2Cpgpmime%3D0&_uid=29406&_mbox=INBOX&_framed=1&_action=preview HTTP/2.0" 200 8208 "https://webmail.dimensaogrupo.com.br/cpsess6017905609/3rdparty/roundcube/?_task=mail&_mbox=INBOX" "Mozilla/5.0 (Windows NT 10.0; Win64; x64) AppleWebKit/537.36 (KHTML, like Gecko) Chrome/138.0.0.0 Safari/537.36"
201.48.138.81 - - [10/Jul/2025:09:29:20 -0300] "GET /cpsess6017905609/3rdparty/roundcube/?_task=addressbook&_action=photo&_email=noreply%40omie.com.br&_error=1&_bgcolor=transparent HTTP/2.0" 204 - "https://webmail.dimensaogrupo.com.br/cpsess6017905609/3rdparty/roundcube/?_task=mail&_caps=pdf%3D1%2Cflash%3D0%2Ctiff%3D0%2Cwebp%3D1%2Cpgpmime%3D0&_uid=29406&_mbox=INBOX&_framed=1&_action=preview" "Mozilla/5.0 (Windows NT 10.0; Win64; x64) AppleWebKit/537.36 (KHTML, like Gecko) Chrome/138.0.0.0 Safari/537.36"
201.48.138.81 - - [10/Jul/2025:09:29:20 -0300] "GET /cpsess6017905609/3rdparty/roundcube/program/resources/blocked.gif HTTP/2.0" 200 118 "https://webmail.dimensaogrupo.com.br/cpsess6017905609/3rdparty/roundcube/?_task=mail&_caps=pdf%3D1%2Cflash%3D0%2Ctiff%3D0%2Cwebp%3D1%2Cpgpmime%3D0&_uid=29406&_mbox=INBOX&_framed=1&_action=preview" "Mozilla/5.0 (Windows NT 10.0; Win64; x64) AppleWebKit/537.36 (KHTML, like Gecko) Chrome/138.0.0.0 Safari/537.36"
201.48.138.81 - - [10/Jul/2025:09:29:20 -0300] "GET /cpsess6017905609/3rdparty/roundcube/skins/elastic/images/contactpic.svg HTTP/2.0" 200 367 "https://webmail.dimensaogrupo.com.br/cpsess6017905609/3rdparty/roundcube/?_task=mail&_caps=pdf%3D1%2Cflash%3D0%2Ctiff%3D0%2Cwebp%3D1%2Cpgpmime%3D0&_uid=29406&_mbox=INBOX&_framed=1&_action=preview" "Mozilla/5.0 (Windows NT 10.0; Win64; x64) AppleWebKit/537.36 (KHTML, like Gecko) Chrome/138.0.0.0 Safari/537.36"
201.48.138.81 - - [10/Jul/2025:09:29:23 -0300] "GET /cpsess6017905609/3rdparty/roundcube/?_task=mail&_caps=pdf%3D1%2Cflash%3D0%2Ctiff%3D0%2Cwebp%3D1%2Cpgpmime%3D0&_uid=29405&_mbox=INBOX&_framed=1&_action=preview HTTP/2.0" 200 8248 "https://webmail.dimensaogrupo.com.br/cpsess6017905609/3rdparty/roundcube/?_task=mail&_mbox=INBOX" "Mozilla/5.0 (Windows NT 10.0; Win64; x64) AppleWebKit/537.36 (KHTML, like Gecko) Chrome/138.0.0.0 Safari/537.36"
201.48.138.81 - - [10/Jul/2025:09:29:23 -0300] "GET /cpsess6017905609/3rdparty/roundcube/?_task=addressbook&_action=photo&_email=noreply%40omie.com.br&_error=1&_bgcolor=transparent HTTP/2.0" 204 - "https://webmail.dimensaogrupo.com.br/cpsess6017905609/3rdparty/roundcube/?_task=mail&_caps=pdf%3D1%2Cflash%3D0%2Ctiff%3D0%2Cwebp%3D1%2Cpgpmime%3D0&_uid=29405&_mbox=INBOX&_framed=1&_action=preview" "Mozilla/5.0 (Windows NT 10.0; Win64; x64) AppleWebKit/537.36 (KHTML, like Gecko) Chrome/138.0.0.0 Safari/537.36"
201.48.138.81 - - [10/Jul/2025:09:29:24 -0300] "GET /cpsess6017905609/3rdparty/roundcube/?_task=mail&_caps=pdf%3D1%2Cflash%3D0%2Ctiff%3D0%2Cwebp%3D1%2Cpgpmime%3D0&_uid=29404&_mbox=INBOX&_framed=1&_action=preview HTTP/2.0" 200 6788 "https://webmail.dimensaogrupo.com.br/cpsess6017905609/3rdparty/roundcube/?_task=mail&_mbox=INBOX" "Mozilla/5.0 (Windows NT 10.0; Win64; x64) AppleWebKit/537.36 (KHTML, like Gecko) Chrome/138.0.0.0 Safari/537.36"
201.48.138.81 - - [10/Jul/2025:09:29:24 -0300] "GET /cpsess6017905609/3rdparty/roundcube/?_task=addressbook&_action=photo&_email=readminsec%40bancodoc.com.br&_error=1&_bgcolor=transparent HTTP/2.0" 204 - "https://webmail.dimensaogrupo.com.br/cpsess6017905609/3rdparty/roundcube/?_task=mail&_caps=pdf%3D1%2Cflash%3D0%2Ctiff%3D0%2Cwebp%3D1%2Cpgpmime%3D0&_uid=29404&_mbox=INBOX&_framed=1&_action=preview" "Mozilla/5.0 (Windows NT 10.0; Win64; x64) AppleWebKit/537.36 (KHTML, like Gecko) Chrome/138.0.0.0 Safari/537.36"
201.48.138.81 - - [10/Jul/2025:09:29:28 -0300] "GET /cpsess6017905609/3rdparty/roundcube/?_task=mail&_caps=pdf%3D1%2Cflash%3D0%2Ctiff%3D0%2Cwebp%3D1%2Cpgpmime%3D0&_uid=29402&_mbox=INBOX&_framed=1&_action=preview HTTP/2.0" 200 6363 "https://webmail.dimensaogrupo.com.br/cpsess6017905609/3rdparty/roundcube/?_task=mail&_mbox=INBOX" "Mozilla/5.0 (Windows NT 10.0; Win64; x64) AppleWebKit/537.36 (KHTML, like Gecko) Chrome/138.0.0.0 Safari/537.36"
201.48.138.81 - - [10/Jul/2025:09:29:28 -0300] "GET /cpsess6017905609/3rdparty/roundcube/?_task=addressbook&_action=photo&_email=dp%40dimensaogrupo.com.br&_error=1&_bgcolor=transparent HTTP/2.0" 204 - "https://webmail.dimensaogrupo.com.br/cpsess6017905609/3rdparty/roundcube/?_task=mail&_caps=pdf%3D1%2Cflash%3D0%2Ctiff%3D0%2Cwebp%3D1%2Cpgpmime%3D0&_uid=29402&_mbox=INBOX&_framed=1&_action=preview" "Mozilla/5.0 (Windows NT 10.0; Win64; x64) AppleWebKit/537.36 (KHTML, like Gecko) Chrome/138.0.0.0 Safari/537.36"
201.48.138.81 - - [10/Jul/2025:09:29:28 -0300] "GET /cpsess6017905609/3rdparty/roundcube/?_task=mail&_action=get&_mbox=INBOX&_uid=29402&_token=sq0Gqx7ceMjq7lWatUZXhfMHbNecEjKn&_part=1.2&_embed=1&_mimeclass=image HTTP/2.0" 200 21300 "https://webmail.dimensaogrupo.com.br/cpsess6017905609/3rdparty/roundcube/?_task=mail&_caps=pdf%3D1%2Cflash%3D0%2Ctiff%3D0%2Cwebp%3D1%2Cpgpmime%3D0&_uid=29402&_mbox=INBOX&_framed=1&_action=preview" "Mozilla/5.0 (Windows NT 10.0; Win64; x64) AppleWebKit/537.36 (KHTML, like Gecko) Chrome/138.0.0.0 Safari/537.36"
201.48.138.81 - - [10/Jul/2025:09:29:30 -0300] "GET /cpsess6017905609/3rdparty/roundcube/?_task=mail&_caps=pdf%3D1%2Cflash%3D0%2Ctiff%3D0%2Cwebp%3D1%2Cpgpmime%3D0&_uid=29404&_mbox=INBOX&_framed=1&_action=preview HTTP/2.0" 200 6774 "https://webmail.dimensaogrupo.com.br/cpsess6017905609/3rdparty/roundcube/?_task=mail&_mbox=INBOX" "Mozilla/5.0 (Windows NT 10.0; Win64; x64) AppleWebKit/537.36 (KHTML, like Gecko) Chrome/138.0.0.0 Safari/537.36"
201.48.138.81 - - [10/Jul/2025:09:29:30 -0300] "GET /cpsess6017905609/3rdparty/roundcube/?_task=addressbook&_action=photo&_email=readminsec%40bancodoc.com.br&_error=1&_bgcolor=transparent HTTP/2.0" 204 - "https://webmail.dimensaogrupo.com.br/cpsess6017905609/3rdparty/roundcube/?_task=mail&_caps=pdf%3D1%2Cflash%3D0%2Ctiff%3D0%2Cwebp%3D1%2Cpgpmime%3D0&_uid=29404&_mbox=INBOX&_framed=1&_action=preview" "Mozilla/5.0 (Windows NT 10.0; Win64; x64) AppleWebKit/537.36 (KHTML, like Gecko) Chrome/138.0.0.0 Safari/537.36"
201.48.138.81 - - [10/Jul/2025:09:29:30 -0300] "GET /cpsess6017905609/3rdparty/roundcube/?_task=mail&_caps=pdf%3D1%2Cflash%3D0%2Ctiff%3D0%2Cwebp%3D1%2Cpgpmime%3D0&_uid=29403&_mbox=INBOX&_framed=1&_action=preview HTTP/2.0" 200 6788 "https://webmail.dimensaogrupo.com.br/cpsess6017905609/3rdparty/roundcube/?_task=mail&_mbox=INBOX" "Mozilla/5.0 (Windows NT 10.0; Win64; x64) AppleWebKit/537.36 (KHTML, like Gecko) Chrome/138.0.0.0 Safari/537.36"
201.48.138.81 - - [10/Jul/2025:09:29:31 -0300] "GET /cpsess6017905609/3rdparty/roundcube/?_task=addressbook&_action=photo&_email=readminsec%40bancodoc.com.br&_error=1&_bgcolor=transparent HTTP/2.0" 204 - "https://webmail.dimensaogrupo.com.br/cpsess6017905609/3rdparty/roundcube/?_task=mail&_caps=pdf%3D1%2Cflash%3D0%2Ctiff%3D0%2Cwebp%3D1%2Cpgpmime%3D0&_uid=29403&_mbox=INBOX&_framed=1&_action=preview" "Mozilla/5.0 (Windows NT 10.0; Win64; x64) AppleWebKit/537.36 (KHTML, like Gecko) Chrome/138.0.0.0 Safari/537.36"
201.48.138.81 - - [10/Jul/2025:09:29:37 -0300] "GET /cpsess6017905609/3rdparty/roundcube/?_task=mail&_caps=pdf%3D1%2Cflash%3D0%2Ctiff%3D0%2Cwebp%3D1%2Cpgpmime%3D0&_uid=29406&_mbox=INBOX&_framed=1&_action=preview HTTP/2.0" 200 8234 "https://webmail.dimensaogrupo.com.br/cpsess6017905609/3rdparty/roundcube/?_task=mail&_mbox=INBOX" "Mozilla/5.0 (Windows NT 10.0; Win64; x64) AppleWebKit/537.36 (KHTML, like Gecko) Chrome/138.0.0.0 Safari/537.36"
201.48.138.81 - - [10/Jul/2025:09:29:37 -0300] "GET /cpsess6017905609/3rdparty/roundcube/?_task=addressbook&_action=photo&_email=noreply%40omie.com.br&_error=1&_bgcolor=transparent HTTP/2.0" 204 - "https://webmail.dimensaogrupo.com.br/cpsess6017905609/3rdparty/roundcube/?_task=mail&_caps=pdf%3D1%2Cflash%3D0%2Ctiff%3D0%2Cwebp%3D1%2Cpgpmime%3D0&_uid=29406&_mbox=INBOX&_framed=1&_action=preview" "Mozilla/5.0 (Windows NT 10.0; Win64; x64) AppleWebKit/537.36 (KHTML, like Gecko) Chrome/138.0.0.0 Safari/537.36"
201.48.138.81 - - [10/Jul/2025:09:29:37 -0300] "GET /cpsess6017905609/3rdparty/roundcube/?_task=mail&_caps=pdf%3D1%2Cflash%3D0%2Ctiff%3D0%2Cwebp%3D1%2Cpgpmime%3D0&_uid=29402&_mbox=INBOX&_framed=1&_action=preview HTTP/2.0" 200 6363 "https://webmail.dimensaogrupo.com.br/cpsess6017905609/3rdparty/roundcube/?_task=mail&_mbox=INBOX" "Mozilla/5.0 (Windows NT 10.0; Win64; x64) AppleWebKit/537.36 (KHTML, like Gecko) Chrome/138.0.0.0 Safari/537.36"
201.48.138.81 - - [10/Jul/2025:09:29:38 -0300] "GET /cpsess6017905609/3rdparty/roundcube/?_task=addressbook&_action=photo&_email=dp%40dimensaogrupo.com.br&_error=1&_bgcolor=transparent HTTP/2.0" 204 - "https://webmail.dimensaogrupo.com.br/cpsess6017905609/3rdparty/roundcube/?_task=mail&_caps=pdf%3D1%2Cflash%3D0%2Ctiff%3D0%2Cwebp%3D1%2Cpgpmime%3D0&_uid=29402&_mbox=INBOX&_framed=1&_action=preview" "Mozilla/5.0 (Windows NT 10.0; Win64; x64) AppleWebKit/537.36 (KHTML, like Gecko) Chrome/138.0.0.0 Safari/537.36"
201.48.138.81 - - [10/Jul/2025:09:29:38 -0300] "GET /cpsess6017905609/3rdparty/roundcube/?_task=mail&_action=get&_mbox=INBOX&_uid=29402&_token=sq0Gqx7ceMjq7lWatUZXhfMHbNecEjKn&_part=1.2&_embed=1&_mimeclass=image HTTP/2.0" 200 21300 "https://webmail.dimensaogrupo.com.br/cpsess6017905609/3rdparty/roundcube/?_task=mail&_caps=pdf%3D1%2Cflash%3D0%2Ctiff%3D0%2Cwebp%3D1%2Cpgpmime%3D0&_uid=29402&_mbox=INBOX&_framed=1&_action=preview" "Mozilla/5.0 (Windows NT 10.0; Win64; x64) AppleWebKit/537.36 (KHTML, like Gecko) Chrome/138.0.0.0 Safari/537.36"
201.48.138.81 - - [10/Jul/2025:09:29:57 -0300] "POST /cpsess6017905609/3rdparty/roundcube/?_task=mail&_action=refresh HTTP/2.0" 200 210 "https://webmail.dimensaogrupo.com.br/cpsess6017905609/3rdparty/roundcube/?_task=mail&_mbox=INBOX" "Mozilla/5.0 (Windows NT 10.0; Win64; x64) AppleWebKit/537.36 (KHTML, like Gecko) Chrome/138.0.0.0 Safari/537.36"
201.48.138.81 - - [10/Jul/2025:09:30:57 -0300] "POST /cpsess6017905609/3rdparty/roundcube/?_task=mail&_action=refresh HTTP/2.0" 200 135 "https://webmail.dimensaogrupo.com.br/cpsess6017905609/3rdparty/roundcube/?_task=mail&_mbox=INBOX" "Mozilla/5.0 (Windows NT 10.0; Win64; x64) AppleWebKit/537.36 (KHTML, like Gecko) Chrome/138.0.0.0 Safari/537.36"
201.48.138.81 - - [10/Jul/2025:09:31:57 -0300] "POST /cpsess6017905609/3rdparty/roundcube/?_task=mail&_action=refresh HTTP/2.0" 200 135 "https://webmail.dimensaogrupo.com.br/cpsess6017905609/3rdparty/roundcube/?_task=mail&_mbox=INBOX" "Mozilla/5.0 (Windows NT 10.0; Win64; x64) AppleWebKit/537.36 (KHTML, like Gecko) Chrome/138.0.0.0 Safari/537.36"
201.48.138.81 - - [10/Jul/2025:09:32:57 -0300] "POST /cpsess6017905609/3rdparty/roundcube/?_task=mail&_action=refresh HTTP/2.0" 200 135 "https://webmail.dimensaogrupo.com.br/cpsess6017905609/3rdparty/roundcube/?_task=mail&_mbox=INBOX" "Mozilla/5.0 (Windows NT 10.0; Win64; x64) AppleWebKit/537.36 (KHTML, like Gecko) Chrome/138.0.0.0 Safari/537.36"
201.48.138.81 - - [10/Jul/2025:09:33:57 -0300] "POST /cpsess6017905609/3rdparty/roundcube/?_task=mail&_action=refresh HTTP/2.0" 200 135 "https://webmail.dimensaogrupo.com.br/cpsess6017905609/3rdparty/roundcube/?_task=mail&_mbox=INBOX" "Mozilla/5.0 (Windows NT 10.0; Win64; x64) AppleWebKit/537.36 (KHTML, like Gecko) Chrome/138.0.0.0 Safari/537.36"
201.48.138.81 - - [10/Jul/2025:09:34:57 -0300] "POST /cpsess6017905609/3rdparty/roundcube/?_task=mail&_action=refresh HTTP/2.0" 200 135 "https://webmail.dimensaogrupo.com.br/cpsess6017905609/3rdparty/roundcube/?_task=mail&_mbox=INBOX" "Mozilla/5.0 (Windows NT 10.0; Win64; x64) AppleWebKit/537.36 (KHTML, like Gecko) Chrome/138.0.0.0 Safari/537.36"
201.48.138.81 - - [10/Jul/2025:09:35:58 -0300] "POST /cpsess6017905609/3rdparty/roundcube/?_task=mail&_action=refresh HTTP/2.0" 200 135 "https://webmail.dimensaogrupo.com.br/cpsess6017905609/3rdparty/roundcube/?_task=mail&_mbox=INBOX" "Mozilla/5.0 (Windows NT 10.0; Win64; x64) AppleWebKit/537.36 (KHTML, like Gecko) Chrome/138.0.0.0 Safari/537.36"
201.48.138.81 - - [10/Jul/2025:09:36:59 -0300] "POST /cpsess6017905609/3rdparty/roundcube/?_task=mail&_action=refresh HTTP/2.0" 200 135 "https://webmail.dimensaogrupo.com.br/cpsess6017905609/3rdparty/roundcube/?_task=mail&_mbox=INBOX" "Mozilla/5.0 (Windows NT 10.0; Win64; x64) AppleWebKit/537.36 (KHTML, like Gecko) Chrome/138.0.0.0 Safari/537.36"
201.48.138.81 - - [10/Jul/2025:09:38:00 -0300] "POST /cpsess6017905609/3rdparty/roundcube/?_task=mail&_action=refresh HTTP/2.0" 200 135 "https://webmail.dimensaogrupo.com.br/cpsess6017905609/3rdparty/roundcube/?_task=mail&_mbox=INBOX" "Mozilla/5.0 (Windows NT 10.0; Win64; x64) AppleWebKit/537.36 (KHTML, like Gecko) Chrome/138.0.0.0 Safari/537.36"
200.219.243.150 - - [10/Jul/2025:09:38:10 -0300] "GET /cpsess0112266222/3rdparty/roundcube/?_task=mail&_mbox=INBOX HTTP/2.0" 401 4492 "-" "Mozilla/5.0 (Windows NT 10.0; Win64; x64) AppleWebKit/537.36 (KHTML, like Gecko) Chrome/129.0.0.0 Safari/537.36"
200.219.243.150 - - [10/Jul/2025:09:38:14 -0300] "POST /login HTTP/2.0" 200 3331 "https://webmail.dimensaogrupo.com.br/cpsess0112266222/3rdparty/roundcube/?_task=mail&_mbox=INBOX" "Mozilla/5.0 (Windows NT 10.0; Win64; x64) AppleWebKit/537.36 (KHTML, like Gecko) Chrome/129.0.0.0 Safari/537.36"
200.219.243.150 - - [10/Jul/2025:09:38:14 -0300] "POST /cpsess6991796993/3rdparty/roundcube/?login=1&post_login=23519167271145 HTTP/2.0" 302 - "https://webmail.dimensaogrupo.com.br/login" "Mozilla/5.0 (Windows NT 10.0; Win64; x64) AppleWebKit/537.36 (KHTML, like Gecko) Chrome/129.0.0.0 Safari/537.36"
200.219.243.150 - - [10/Jul/2025:09:38:14 -0300] "GET /cpsess6991796993/3rdparty/roundcube/?_task=mail&_token=r8xzlo7M1oCg5UNjdGxbmo3f3QPqFiQr HTTP/2.0" 200 11652 "https://webmail.dimensaogrupo.com.br/login" "Mozilla/5.0 (Windows NT 10.0; Win64; x64) AppleWebKit/537.36 (KHTML, like Gecko) Chrome/129.0.0.0 Safari/537.36"
200.219.243.150 - - [10/Jul/2025:09:38:15 -0300] "GET /cpsess6991796993/3rdparty/roundcube/skins/larry/watermark.html HTTP/2.0" 200 237 "https://webmail.dimensaogrupo.com.br/cpsess6991796993/3rdparty/roundcube/?_task=mail&_token=r8xzlo7M1oCg5UNjdGxbmo3f3QPqFiQr" "Mozilla/5.0 (Windows NT 10.0; Win64; x64) AppleWebKit/537.36 (KHTML, like Gecko) Chrome/129.0.0.0 Safari/537.36"
200.219.243.150 - - [10/Jul/2025:09:38:15 -0300] "GET /cpsess6991796993/3rdparty/roundcube/?_task=mail&_action=list&_refresh=1&_layout=list&_mbox=INBOX&_page=&_remote=1&_unlock=loading1752151098306&_=1752151098261 HTTP/2.0" 200 2705 "https://webmail.dimensaogrupo.com.br/cpsess6991796993/3rdparty/roundcube/?_task=mail&_token=r8xzlo7M1oCg5UNjdGxbmo3f3QPqFiQr" "Mozilla/5.0 (Windows NT 10.0; Win64; x64) AppleWebKit/537.36 (KHTML, like Gecko) Chrome/129.0.0.0 Safari/537.36"
200.219.243.150 - - [10/Jul/2025:09:38:15 -0300] "GET /cpsess6991796993/3rdparty/roundcube/?_task=mail&_action=getunread&_page=1&_remote=1&_unlock=0&_=1752151098262 HTTP/2.0" 200 348 "https://webmail.dimensaogrupo.com.br/cpsess6991796993/3rdparty/roundcube/?_task=mail&_mbox=INBOX" "Mozilla/5.0 (Windows NT 10.0; Win64; x64) AppleWebKit/537.36 (KHTML, like Gecko) Chrome/129.0.0.0 Safari/537.36"
201.48.138.81 - - [10/Jul/2025:09:39:01 -0300] "POST /cpsess6017905609/3rdparty/roundcube/?_task=mail&_action=refresh HTTP/2.0" 200 135 "https://webmail.dimensaogrupo.com.br/cpsess6017905609/3rdparty/roundcube/?_task=mail&_mbox=INBOX" "Mozilla/5.0 (Windows NT 10.0; Win64; x64) AppleWebKit/537.36 (KHTML, like Gecko) Chrome/138.0.0.0 Safari/537.36"
200.219.243.150 - - [10/Jul/2025:09:39:15 -0300] "POST /cpsess6991796993/3rdparty/roundcube/?_task=mail&_action=refresh HTTP/2.0" 200 137 "https://webmail.dimensaogrupo.com.br/cpsess6991796993/3rdparty/roundcube/?_task=mail&_mbox=INBOX" "Mozilla/5.0 (Windows NT 10.0; Win64; x64) AppleWebKit/537.36 (KHTML, like Gecko) Chrome/129.0.0.0 Safari/537.36"
200.219.243.150 - - [10/Jul/2025:09:39:58 -0300] "GET /cpsess6991796993/3rdparty/roundcube/?_task=mail&_action=list&_refresh=1&_layout=list&_mbox=INBOX.Sent&_page=1&_remote=1&_unlock=loading1752151200853&_=1752151098263 HTTP/2.0" 200 2594 "https://webmail.dimensaogrupo.com.br/cpsess6991796993/3rdparty/roundcube/?_task=mail&_mbox=INBOX" "Mozilla/5.0 (Windows NT 10.0; Win64; x64) AppleWebKit/537.36 (KHTML, like Gecko) Chrome/129.0.0.0 Safari/537.36"
201.48.138.81 - - [10/Jul/2025:09:40:02 -0300] "POST /cpsess6017905609/3rdparty/roundcube/?_task=mail&_action=refresh HTTP/2.0" 308 152 "https://webmail.dimensaogrupo.com.br/cpsess6017905609/3rdparty/roundcube/?_task=mail&_mbox=INBOX" "Mozilla/5.0 (Windows NT 10.0; Win64; x64) AppleWebKit/537.36 (KHTML, like Gecko) Chrome/138.0.0.0 Safari/537.36"
201.48.138.81 - - [10/Jul/2025:09:40:02 -0300] "POST /cpsess6017905609/3rdparty/roundcube/?_task=mail&_action=refresh HTTP/2.0" 200 135 "https://webmail.dimensaogrupo.com.br/cpsess6017905609/3rdparty/roundcube/?_task=mail&_mbox=INBOX" "Mozilla/5.0 (Windows NT 10.0; Win64; x64) AppleWebKit/537.36 (KHTML, like Gecko) Chrome/138.0.0.0 Safari/537.36"
200.219.243.150 - - [10/Jul/2025:09:40:15 -0300] "POST /cpsess6991796993/3rdparty/roundcube/?_task=mail&_action=refresh HTTP/2.0" 308 152 "https://webmail.dimensaogrupo.com.br/cpsess6991796993/3rdparty/roundcube/?_task=mail&_mbox=INBOX.Sent" "Mozilla/5.0 (Windows NT 10.0; Win64; x64) AppleWebKit/537.36 (KHTML, like Gecko) Chrome/129.0.0.0 Safari/537.36"
200.219.243.150 - - [10/Jul/2025:09:40:15 -0300] "POST /cpsess6991796993/3rdparty/roundcube/?_task=mail&_action=refresh HTTP/2.0" 200 137 "https://webmail.dimensaogrupo.com.br/cpsess6991796993/3rdparty/roundcube/?_task=mail&_mbox=INBOX.Sent" "Mozilla/5.0 (Windows NT 10.0; Win64; x64) AppleWebKit/537.36 (KHTML, like Gecko) Chrome/129.0.0.0 Safari/537.36"
200.219.243.150 - - [10/Jul/2025:09:40:34 -0300] "GET /cpsess6991796993/3rdparty/roundcube/?_task=mail&_action=list&_refresh=1&_layout=list&_mbox=INBOX&_page=1&_remote=1&_unlock=loading1752151237532&_=1752151098264 HTTP/2.0" 200 3232 "https://webmail.dimensaogrupo.com.br/cpsess6991796993/3rdparty/roundcube/?_task=mail&_mbox=INBOX.Sent" "Mozilla/5.0 (Windows NT 10.0; Win64; x64) AppleWebKit/537.36 (KHTML, like Gecko) Chrome/129.0.0.0 Safari/537.36"
200.219.243.150 - - [10/Jul/2025:09:40:48 -0300] "GET /cpsess6991796993/3rdparty/roundcube/?_task=mail&_action=list&_layout=list&_mbox=INBOX&_page=1&_remote=1&_unlock=loading1752151251582&_=1752151098265 HTTP/2.0" 200 3232 "https://webmail.dimensaogrupo.com.br/cpsess6991796993/3rdparty/roundcube/?_task=mail&_mbox=INBOX" "Mozilla/5.0 (Windows NT 10.0; Win64; x64) AppleWebKit/537.36 (KHTML, like Gecko) Chrome/129.0.0.0 Safari/537.36"
200.219.243.150 - - [10/Jul/2025:09:41:16 -0300] "POST /cpsess6991796993/3rdparty/roundcube/?_task=mail&_action=refresh HTTP/2.0" 200 137 "https://webmail.dimensaogrupo.com.br/cpsess6991796993/3rdparty/roundcube/?_task=mail&_mbox=INBOX" "Mozilla/5.0 (Windows NT 10.0; Win64; x64) AppleWebKit/537.36 (KHTML, like Gecko) Chrome/129.0.0.0 Safari/537.36"
200.219.243.150 - - [10/Jul/2025:09:42:16 -0300] "POST /cpsess6991796993/3rdparty/roundcube/?_task=mail&_action=refresh HTTP/2.0" 200 137 "https://webmail.dimensaogrupo.com.br/cpsess6991796993/3rdparty/roundcube/?_task=mail&_mbox=INBOX" "Mozilla/5.0 (Windows NT 10.0; Win64; x64) AppleWebKit/537.36 (KHTML, like Gecko) Chrome/129.0.0.0 Safari/537.36"
200.219.243.150 - - [10/Jul/2025:09:43:17 -0300] "POST /cpsess6991796993/3rdparty/roundcube/?_task=mail&_action=refresh HTTP/2.0" 200 137 "https://webmail.dimensaogrupo.com.br/cpsess6991796993/3rdparty/roundcube/?_task=mail&_mbox=INBOX" "Mozilla/5.0 (Windows NT 10.0; Win64; x64) AppleWebKit/537.36 (KHTML, like Gecko) Chrome/129.0.0.0 Safari/537.36"
200.219.243.150 - - [10/Jul/2025:09:44:18 -0300] "POST /cpsess6991796993/3rdparty/roundcube/?_task=mail&_action=refresh HTTP/2.0" 200 137 "https://webmail.dimensaogrupo.com.br/cpsess6991796993/3rdparty/roundcube/?_task=mail&_mbox=INBOX" "Mozilla/5.0 (Windows NT 10.0; Win64; x64) AppleWebKit/537.36 (KHTML, like Gecko) Chrome/129.0.0.0 Safari/537.36"
200.219.243.150 - - [10/Jul/2025:09:45:19 -0300] "POST /cpsess6991796993/3rdparty/roundcube/?_task=mail&_action=refresh HTTP/2.0" 200 137 "https://webmail.dimensaogrupo.com.br/cpsess6991796993/3rdparty/roundcube/?_task=mail&_mbox=INBOX" "Mozilla/5.0 (Windows NT 10.0; Win64; x64) AppleWebKit/537.36 (KHTML, like Gecko) Chrome/129.0.0.0 Safari/537.36"
200.219.243.150 - - [10/Jul/2025:09:46:20 -0300] "POST /cpsess6991796993/3rdparty/roundcube/?_task=mail&_action=refresh HTTP/2.0" 200 137 "https://webmail.dimensaogrupo.com.br/cpsess6991796993/3rdparty/roundcube/?_task=mail&_mbox=INBOX" "Mozilla/5.0 (Windows NT 10.0; Win64; x64) AppleWebKit/537.36 (KHTML, like Gecko) Chrome/129.0.0.0 Safari/537.36"
200.219.243.150 - - [10/Jul/2025:09:47:15 -0300] "POST /cpsess6991796993/3rdparty/roundcube/?_task=mail&_action=refresh HTTP/2.0" 200 137 "https://webmail.dimensaogrupo.com.br/cpsess6991796993/3rdparty/roundcube/?_task=mail&_mbox=INBOX" "Mozilla/5.0 (Windows NT 10.0; Win64; x64) AppleWebKit/537.36 (KHTML, like Gecko) Chrome/129.0.0.0 Safari/537.36"
201.48.138.81 - - [10/Jul/2025:09:47:37 -0300] "GET /cpsess6017905609/3rdparty/roundcube/?_task=mail&_mbox=INBOX HTTP/2.0" 200 11465 "https://webmail.dimensaogrupo.com.br/webmaillogout.cgi" "Mozilla/5.0 (Windows NT 10.0; Win64; x64) AppleWebKit/537.36 (KHTML, like Gecko) Chrome/138.0.0.0 Safari/537.36"
201.48.138.81 - - [10/Jul/2025:09:47:38 -0300] "GET /cpsess6017905609/3rdparty/roundcube/?_task=mail&_caps=pdf%3D1%2Cflash%3D0%2Ctiff%3D0%2Cwebp%3D1%2Cpgpmime%3D0&_uid=29402&_mbox=INBOX&_framed=1&_action=preview HTTP/2.0" 200 6363 "https://webmail.dimensaogrupo.com.br/cpsess6017905609/3rdparty/roundcube/?_task=mail&_mbox=INBOX" "Mozilla/5.0 (Windows NT 10.0; Win64; x64) AppleWebKit/537.36 (KHTML, like Gecko) Chrome/138.0.0.0 Safari/537.36"
201.48.138.81 - - [10/Jul/2025:09:47:41 -0300] "GET /cpsess6017905609/3rdparty/roundcube/?_task=mail&_action=list&_refresh=1&_layout=widescreen&_mbox=INBOX&_page=&_remote=1&_unlock=loading1752151629557&_=1752151627037 HTTP/2.0" 200 2934 "https://webmail.dimensaogrupo.com.br/cpsess6017905609/3rdparty/roundcube/?_task=mail&_mbox=INBOX" "Mozilla/5.0 (Windows NT 10.0; Win64; x64) AppleWebKit/537.36 (KHTML, like Gecko) Chrome/138.0.0.0 Safari/537.36"
201.48.138.81 - - [10/Jul/2025:09:47:41 -0300] "GET /cpsess6017905609/3rdparty/roundcube/?_task=mail&_action=getunread&_page=1&_remote=1&_unlock=0&_=1752151627038 HTTP/2.0" 200 153 "https://webmail.dimensaogrupo.com.br/cpsess6017905609/3rdparty/roundcube/?_task=mail&_mbox=INBOX" "Mozilla/5.0 (Windows NT 10.0; Win64; x64) AppleWebKit/537.36 (KHTML, like Gecko) Chrome/138.0.0.0 Safari/537.36"
201.48.138.81 - - [10/Jul/2025:09:47:41 -0300] "GET /cpsess6017905609/3rdparty/roundcube/skins/elastic/watermark.html HTTP/2.0" 200 494 "https://webmail.dimensaogrupo.com.br/cpsess6017905609/3rdparty/roundcube/?_task=mail&_mbox=INBOX" "Mozilla/5.0 (Windows NT 10.0; Win64; x64) AppleWebKit/537.36 (KHTML, like Gecko) Chrome/138.0.0.0 Safari/537.36"
201.48.138.81 - - [10/Jul/2025:09:47:42 -0300] "GET /cpsess6017905609/3rdparty/roundcube/skins/elastic/watermark.html HTTP/2.0" 200 494 "https://webmail.dimensaogrupo.com.br/cpsess6017905609/3rdparty/roundcube/?_task=mail&_mbox=INBOX" "Mozilla/5.0 (Windows NT 10.0; Win64; x64) AppleWebKit/537.36 (KHTML, like Gecko) Chrome/138.0.0.0 Safari/537.36"
201.48.138.81 - - [10/Jul/2025:09:47:43 -0300] "GET /cpsess6017905609/3rdparty/roundcube/?_task=mail&_action=list&_refresh=1&_layout=widescreen&_mbox=INBOX.spam&_page=1&_remote=1&_unlock=loading1752151631970&_=1752151627039 HTTP/2.0" 200 3947 "https://webmail.dimensaogrupo.com.br/cpsess6017905609/3rdparty/roundcube/?_task=mail&_mbox=INBOX" "Mozilla/5.0 (Windows NT 10.0; Win64; x64) AppleWebKit/537.36 (KHTML, like Gecko) Chrome/138.0.0.0 Safari/537.36"
201.48.138.81 - - [10/Jul/2025:09:47:44 -0300] "GET /cpsess6017905609/3rdparty/roundcube/?_task=mail&_caps=pdf%3D1%2Cflash%3D0%2Ctiff%3D0%2Cwebp%3D1%2Cpgpmime%3D0&_uid=7222&_mbox=INBOX.spam&_framed=1&_action=preview HTTP/2.0" 200 5259 "https://webmail.dimensaogrupo.com.br/cpsess6017905609/3rdparty/roundcube/?_task=mail&_mbox=INBOX.spam" "Mozilla/5.0 (Windows NT 10.0; Win64; x64) AppleWebKit/537.36 (KHTML, like Gecko) Chrome/138.0.0.0 Safari/537.36"
201.48.138.81 - - [10/Jul/2025:09:47:45 -0300] "GET /cpsess6017905609/3rdparty/roundcube/?_task=addressbook&_action=photo&_email=naoresponda%40demarco.com.br&_error=1&_bgcolor=transparent HTTP/2.0" 204 - "https://webmail.dimensaogrupo.com.br/cpsess6017905609/3rdparty/roundcube/?_task=mail&_caps=pdf%3D1%2Cflash%3D0%2Ctiff%3D0%2Cwebp%3D1%2Cpgpmime%3D0&_uid=7222&_mbox=INBOX.spam&_framed=1&_action=preview" "Mozilla/5.0 (Windows NT 10.0; Win64; x64) AppleWebKit/537.36 (KHTML, like Gecko) Chrome/138.0.0.0 Safari/537.36"
201.48.138.81 - - [10/Jul/2025:09:47:48 -0300] "GET /cpsess6017905609/3rdparty/roundcube/?_task=mail&_caps=pdf%3D1%2Cflash%3D0%2Ctiff%3D0%2Cwebp%3D1%2Cpgpmime%3D0&_uid=7219&_mbox=INBOX.spam&_framed=1&_action=preview HTTP/2.0" 200 5966 "https://webmail.dimensaogrupo.com.br/cpsess6017905609/3rdparty/roundcube/?_task=mail&_mbox=INBOX.spam" "Mozilla/5.0 (Windows NT 10.0; Win64; x64) AppleWebKit/537.36 (KHTML, like Gecko) Chrome/138.0.0.0 Safari/537.36"
201.48.138.81 - - [10/Jul/2025:09:47:49 -0300] "GET /cpsess6017905609/3rdparty/roundcube/?_task=addressbook&_action=photo&_email=no-reply%40clever-global.com&_error=1&_bgcolor=transparent HTTP/2.0" 204 - "https://webmail.dimensaogrupo.com.br/cpsess6017905609/3rdparty/roundcube/?_task=mail&_caps=pdf%3D1%2Cflash%3D0%2Ctiff%3D0%2Cwebp%3D1%2Cpgpmime%3D0&_uid=7219&_mbox=INBOX.spam&_framed=1&_action=preview" "Mozilla/5.0 (Windows NT 10.0; Win64; x64) AppleWebKit/537.36 (KHTML, like Gecko) Chrome/138.0.0.0 Safari/537.36"
201.48.138.81 - - [10/Jul/2025:09:47:50 -0300] "GET /cpsess6017905609/3rdparty/roundcube/?_task=mail&_caps=pdf%3D1%2Cflash%3D0%2Ctiff%3D0%2Cwebp%3D1%2Cpgpmime%3D0&_uid=7222&_mbox=INBOX.spam&_framed=1&_action=preview HTTP/2.0" 200 5245 "https://webmail.dimensaogrupo.com.br/cpsess6017905609/3rdparty/roundcube/?_task=mail&_mbox=INBOX.spam" "Mozilla/5.0 (Windows NT 10.0; Win64; x64) AppleWebKit/537.36 (KHTML, like Gecko) Chrome/138.0.0.0 Safari/537.36"
201.48.138.81 - - [10/Jul/2025:09:47:50 -0300] "GET /cpsess6017905609/3rdparty/roundcube/?_task=addressbook&_action=photo&_email=naoresponda%40demarco.com.br&_error=1&_bgcolor=transparent HTTP/2.0" 204 - "https://webmail.dimensaogrupo.com.br/cpsess6017905609/3rdparty/roundcube/?_task=mail&_caps=pdf%3D1%2Cflash%3D0%2Ctiff%3D0%2Cwebp%3D1%2Cpgpmime%3D0&_uid=7222&_mbox=INBOX.spam&_framed=1&_action=preview" "Mozilla/5.0 (Windows NT 10.0; Win64; x64) AppleWebKit/537.36 (KHTML, like Gecko) Chrome/138.0.0.0 Safari/537.36"
200.219.243.150 - - [10/Jul/2025:09:48:15 -0300] "POST /cpsess6991796993/3rdparty/roundcube/?_task=mail&_action=refresh HTTP/2.0" 200 137 "https://webmail.dimensaogrupo.com.br/cpsess6991796993/3rdparty/roundcube/?_task=mail&_mbox=INBOX" "Mozilla/5.0 (Windows NT 10.0; Win64; x64) AppleWebKit/537.36 (KHTML, like Gecko) Chrome/129.0.0.0 Safari/537.36"
201.48.138.81 - - [10/Jul/2025:09:48:41 -0300] "POST /cpsess6017905609/3rdparty/roundcube/?_task=mail&_action=refresh HTTP/2.0" 200 170 "https://webmail.dimensaogrupo.com.br/cpsess6017905609/3rdparty/roundcube/?_task=mail&_mbox=INBOX.spam" "Mozilla/5.0 (Windows NT 10.0; Win64; x64) AppleWebKit/537.36 (KHTML, like Gecko) Chrome/138.0.0.0 Safari/537.36"
200.219.243.150 - - [10/Jul/2025:09:49:15 -0300] "POST /cpsess6991796993/3rdparty/roundcube/?_task=mail&_action=refresh HTTP/2.0" 308 152 "https://webmail.dimensaogrupo.com.br/cpsess6991796993/3rdparty/roundcube/?_task=mail&_mbox=INBOX" "Mozilla/5.0 (Windows NT 10.0; Win64; x64) AppleWebKit/537.36 (KHTML, like Gecko) Chrome/129.0.0.0 Safari/537.36"
200.219.243.150 - - [10/Jul/2025:09:49:15 -0300] "POST /cpsess6991796993/3rdparty/roundcube/?_task=mail&_action=refresh HTTP/2.0" 200 137 "https://webmail.dimensaogrupo.com.br/cpsess6991796993/3rdparty/roundcube/?_task=mail&_mbox=INBOX" "Mozilla/5.0 (Windows NT 10.0; Win64; x64) AppleWebKit/537.36 (KHTML, like Gecko) Chrome/129.0.0.0 Safari/537.36"
201.48.138.81 - - [10/Jul/2025:09:49:42 -0300] "POST /cpsess6017905609/3rdparty/roundcube/?_task=mail&_action=refresh HTTP/2.0" 200 135 "https://webmail.dimensaogrupo.com.br/cpsess6017905609/3rdparty/roundcube/?_task=mail&_mbox=INBOX.spam" "Mozilla/5.0 (Windows NT 10.0; Win64; x64) AppleWebKit/537.36 (KHTML, like Gecko) Chrome/138.0.0.0 Safari/537.36"
201.48.138.81 - - [10/Jul/2025:09:50:12 -0300] "POST /cpsess6017905609/3rdparty/roundcube/?_task=mail&_action=check-recent HTTP/2.0" 200 3368 "https://webmail.dimensaogrupo.com.br/cpsess6017905609/3rdparty/roundcube/?_task=mail&_mbox=INBOX.spam" "Mozilla/5.0 (Windows NT 10.0; Win64; x64) AppleWebKit/537.36 (KHTML, like Gecko) Chrome/138.0.0.0 Safari/537.36"
201.48.138.81 - - [10/Jul/2025:09:50:14 -0300] "GET /cpsess6017905609/3rdparty/roundcube/?_task=mail&_caps=pdf%3D1%2Cflash%3D0%2Ctiff%3D0%2Cwebp%3D1%2Cpgpmime%3D0&_uid=7223&_mbox=INBOX.spam&_framed=1&_action=preview HTTP/2.0" 200 5259 "https://webmail.dimensaogrupo.com.br/cpsess6017905609/3rdparty/roundcube/?_task=mail&_mbox=INBOX.spam" "Mozilla/5.0 (Windows NT 10.0; Win64; x64) AppleWebKit/537.36 (KHTML, like Gecko) Chrome/138.0.0.0 Safari/537.36"
201.48.138.81 - - [10/Jul/2025:09:50:14 -0300] "GET /cpsess6017905609/3rdparty/roundcube/?_task=addressbook&_action=photo&_email=naoresponda%40demarco.com.br&_error=1&_bgcolor=transparent HTTP/2.0" 204 - "https://webmail.dimensaogrupo.com.br/cpsess6017905609/3rdparty/roundcube/?_task=mail&_caps=pdf%3D1%2Cflash%3D0%2Ctiff%3D0%2Cwebp%3D1%2Cpgpmime%3D0&_uid=7223&_mbox=INBOX.spam&_framed=1&_action=preview" "Mozilla/5.0 (Windows NT 10.0; Win64; x64) AppleWebKit/537.36 (KHTML, like Gecko) Chrome/138.0.0.0 Safari/537.36"
200.219.243.150 - - [10/Jul/2025:09:50:15 -0300] "POST /cpsess6991796993/3rdparty/roundcube/?_task=mail&_action=refresh HTTP/2.0" 200 137 "https://webmail.dimensaogrupo.com.br/cpsess6991796993/3rdparty/roundcube/?_task=mail&_mbox=INBOX" "Mozilla/5.0 (Windows NT 10.0; Win64; x64) AppleWebKit/537.36 (KHTML, like Gecko) Chrome/129.0.0.0 Safari/537.36"
201.48.138.81 - - [10/Jul/2025:09:50:42 -0300] "POST /cpsess6017905609/3rdparty/roundcube/?_task=mail&_action=refresh HTTP/2.0" 200 152 "https://webmail.dimensaogrupo.com.br/cpsess6017905609/3rdparty/roundcube/?_task=mail&_mbox=INBOX.spam" "Mozilla/5.0 (Windows NT 10.0; Win64; x64) AppleWebKit/537.36 (KHTML, like Gecko) Chrome/138.0.0.0 Safari/537.36"
200.219.243.150 - - [10/Jul/2025:09:51:16 -0300] "POST /cpsess6991796993/3rdparty/roundcube/?_task=mail&_action=refresh HTTP/2.0" 200 137 "https://webmail.dimensaogrupo.com.br/cpsess6991796993/3rdparty/roundcube/?_task=mail&_mbox=INBOX" "Mozilla/5.0 (Windows NT 10.0; Win64; x64) AppleWebKit/537.36 (KHTML, like Gecko) Chrome/129.0.0.0 Safari/537.36"
201.48.138.81 - - [10/Jul/2025:09:51:42 -0300] "POST /cpsess6017905609/3rdparty/roundcube/?_task=mail&_action=refresh HTTP/2.0" 308 152 "https://webmail.dimensaogrupo.com.br/cpsess6017905609/3rdparty/roundcube/?_task=mail&_mbox=INBOX.spam" "Mozilla/5.0 (Windows NT 10.0; Win64; x64) AppleWebKit/537.36 (KHTML, like Gecko) Chrome/138.0.0.0 Safari/537.36"
201.48.138.81 - - [10/Jul/2025:09:51:42 -0300] "POST /cpsess6017905609/3rdparty/roundcube/?_task=mail&_action=refresh HTTP/2.0" 200 135 "https://webmail.dimensaogrupo.com.br/cpsess6017905609/3rdparty/roundcube/?_task=mail&_mbox=INBOX.spam" "Mozilla/5.0 (Windows NT 10.0; Win64; x64) AppleWebKit/537.36 (KHTML, like Gecko) Chrome/138.0.0.0 Safari/537.36"
200.219.243.150 - - [10/Jul/2025:09:52:16 -0300] "POST /cpsess6991796993/3rdparty/roundcube/?_task=mail&_action=refresh HTTP/2.0" 200 137 "https://webmail.dimensaogrupo.com.br/cpsess6991796993/3rdparty/roundcube/?_task=mail&_mbox=INBOX" "Mozilla/5.0 (Windows NT 10.0; Win64; x64) AppleWebKit/537.36 (KHTML, like Gecko) Chrome/129.0.0.0 Safari/537.36"
201.48.138.81 - - [10/Jul/2025:09:52:42 -0300] "POST /cpsess6017905609/3rdparty/roundcube/?_task=mail&_action=refresh HTTP/2.0" 308 152 "https://webmail.dimensaogrupo.com.br/cpsess6017905609/3rdparty/roundcube/?_task=mail&_mbox=INBOX.spam" "Mozilla/5.0 (Windows NT 10.0; Win64; x64) AppleWebKit/537.36 (KHTML, like Gecko) Chrome/138.0.0.0 Safari/537.36"
201.48.138.81 - - [10/Jul/2025:09:52:42 -0300] "POST /cpsess6017905609/3rdparty/roundcube/?_task=mail&_action=refresh HTTP/2.0" 200 135 "https://webmail.dimensaogrupo.com.br/cpsess6017905609/3rdparty/roundcube/?_task=mail&_mbox=INBOX.spam" "Mozilla/5.0 (Windows NT 10.0; Win64; x64) AppleWebKit/537.36 (KHTML, like Gecko) Chrome/138.0.0.0 Safari/537.36"
200.219.243.150 - - [10/Jul/2025:09:53:17 -0300] "POST /cpsess6991796993/3rdparty/roundcube/?_task=mail&_action=refresh HTTP/2.0" 200 137 "https://webmail.dimensaogrupo.com.br/cpsess6991796993/3rdparty/roundcube/?_task=mail&_mbox=INBOX" "Mozilla/5.0 (Windows NT 10.0; Win64; x64) AppleWebKit/537.36 (KHTML, like Gecko) Chrome/129.0.0.0 Safari/537.36"
201.48.138.81 - - [10/Jul/2025:09:53:42 -0300] "POST /cpsess6017905609/3rdparty/roundcube/?_task=mail&_action=refresh HTTP/2.0" 200 135 "https://webmail.dimensaogrupo.com.br/cpsess6017905609/3rdparty/roundcube/?_task=mail&_mbox=INBOX.spam" "Mozilla/5.0 (Windows NT 10.0; Win64; x64) AppleWebKit/537.36 (KHTML, like Gecko) Chrome/138.0.0.0 Safari/537.36"
200.219.243.150 - - [10/Jul/2025:09:54:16 -0300] "POST /cpsess6991796993/3rdparty/roundcube/?_task=mail&_action=refresh HTTP/2.0" 200 137 "https://webmail.dimensaogrupo.com.br/cpsess6991796993/3rdparty/roundcube/?_task=mail&_mbox=INBOX" "Mozilla/5.0 (Windows NT 10.0; Win64; x64) AppleWebKit/537.36 (KHTML, like Gecko) Chrome/129.0.0.0 Safari/537.36"
