185.191.171.10 - - [11/Jul/2025:18:46:12 -0300] "GET /admin/media/intro.js-1.1.1/example/html-tooltip/index.html HTTP/1.1" 200 4054 "-" "Mozilla/5.0 (compatible; SemrushBot/7~bl; +http://www.semrush.com/bot.html)"
114.119.155.58 - - [11/Jul/2025:18:46:37 -0300] "GET /admin/media/intro.js-1.1.1/example/ HTTP/1.1" 200 2046 "http://libertysa.com.br/admin/media/intro.js-1.1.1/" "Mozilla/5.0 (Linux; Android 7.0;) AppleWebKit/537.36 (KHTML, like Gecko) Mobile Safari/537.36 (compatible; PetalBot;+https://webmaster.petalsearch.com/site/petalbot)"
85.208.96.201 - - [11/Jul/2025:18:50:55 -0300] "GET /admin/media/froala/examples/events/blur_and_focus.html HTTP/1.1" 200 3690 "-" "Mozilla/5.0 (compatible; SemrushBot/7~bl; +http://www.semrush.com/bot.html)"
192.178.6.36 - - [11/Jul/2025:18:52:32 -0300] "GET /admin/uploads/corpo_destaque/vigilancia13-12-2017_12-52-49.png HTTP/1.1" 200 18795 "-" "Googlebot-Image/1.0"
85.208.96.194 - - [11/Jul/2025:18:56:14 -0300] "GET /admin/media/froala/examples/themes/dark_theme.html HTTP/1.1" 200 3463 "-" "Mozilla/5.0 (compatible; SemrushBot/7~bl; +http://www.semrush.com/bot.html)"
185.191.171.5 - - [11/Jul/2025:19:00:56 -0300] "GET /admin/includes/UploadMax.php HTTP/1.1" 403 10434 "-" "Mozilla/5.0 (compatible; SemrushBot/7~bl; +http://www.semrush.com/bot.html)"
85.208.96.198 - - [11/Jul/2025:19:05:56 -0300] "GET /admin/media/froala/examples/inline.html HTTP/1.1" 200 3384 "-" "Mozilla/5.0 (compatible; SemrushBot/7~bl; +http://www.semrush.com/bot.html)"
114.119.155.210 - - [11/Jul/2025:19:06:37 -0300] "GET /?p=servicos/assessoria-juridica HTTP/1.1" 200 - "http://libertysa.com.br?p=noticia%2F20" "Mozilla/5.0 (Linux; Android 7.0;) AppleWebKit/537.36 (KHTML, like Gecko) Mobile Safari/537.36 (compatible; PetalBot;+https://webmaster.petalsearch.com/site/petalbot)"
162.214.213.194 - - [11/Jul/2025:19:08:58 -0300] "GET /.well-known/pki-validation/index.php HTTP/1.1" 404 10409 "-" "get_local:DCV"
85.208.96.204 - - [11/Jul/2025:19:22:30 -0300] "GET /admin/media/ckeditor/samples/ HTTP/1.1" 200 6564 "-" "Mozilla/5.0 (compatible; SemrushBot/7~bl; +http://www.semrush.com/bot.html)"
85.208.96.204 - - [11/Jul/2025:19:26:35 -0300] "GET /admin/media/froala/examples/themes/royal_theme.html HTTP/1.1" 200 3465 "-" "Mozilla/5.0 (compatible; SemrushBot/7~bl; +http://www.semrush.com/bot.html)"
85.208.96.199 - - [11/Jul/2025:19:31:53 -0300] "GET /admin/media/froala/examples/custom_dropdown.html HTTP/1.1" 200 4079 "-" "Mozilla/5.0 (compatible; SemrushBot/7~bl; +http://www.semrush.com/bot.html)"
185.191.171.19 - - [11/Jul/2025:19:33:00 -0300] "GET /admin/media/froala/examples/inline.html HTTP/1.1" 200 3384 "-" "Mozilla/5.0 (compatible; SemrushBot/7~bl; +http://www.semrush.com/bot.html)"
114.119.153.188 - - [11/Jul/2025:19:37:34 -0300] "GET /admin/media/js/FormStone/js/lightbox.js HTTP/1.1" 200 14586 "http://libertysa.com.br/admin/media/js/FormStone/js/?C=D%3BO%3DA" "Mozilla/5.0 (Linux; Android 7.0;) AppleWebKit/537.36 (KHTML, like Gecko) Mobile Safari/537.36 (compatible; PetalBot;+https://webmaster.petalsearch.com/site/petalbot)"
114.119.155.210 - - [11/Jul/2025:19:38:33 -0300] "GET /admin/media/ckeditor/styles.js HTTP/1.1" 200 3484 "http://libertysa.com.br/admin/media/ckeditor/?C=D%3BO%3DA" "Mozilla/5.0 (Linux; Android 7.0;) AppleWebKit/537.36 (KHTML, like Gecko) Mobile Safari/537.36 (compatible; PetalBot;+https://webmaster.petalsearch.com/site/petalbot)"
114.119.152.69 - - [11/Jul/2025:19:40:14 -0300] "GET /admin/media/ckeditor/plugins/specialchar/dialogs/lang/tr.js HTTP/1.1" 200 4475 "http://libertysa.com.br/admin/media/ckeditor/plugins/specialchar/dialogs/lang/?C=N%3BO%3DD" "Mozilla/5.0 (Linux; Android 7.0;) AppleWebKit/537.36 (KHTML, like Gecko) Mobile Safari/537.36 (compatible; PetalBot;+https://webmaster.petalsearch.com/site/petalbot)"
114.119.152.69 - - [11/Jul/2025:19:41:36 -0300] "GET /media/js/bootstrap.min.js HTTP/1.1" 200 46653 "http://libertysa.com.br/media/js/?C=D%3BO%3DA" "Mozilla/5.0 (Linux; Android 7.0;) AppleWebKit/537.36 (KHTML, like Gecko) Mobile Safari/537.36 (compatible; PetalBot;+https://webmaster.petalsearch.com/site/petalbot)"
114.119.137.232 - - [11/Jul/2025:19:42:48 -0300] "GET /admin/modules/seo/CadFormJS.js HTTP/1.1" 200 6166 "http://libertysa.com.br/admin/modules/seo/?C=M%3BO%3DA" "Mozilla/5.0 (Linux; Android 7.0;) AppleWebKit/537.36 (KHTML, like Gecko) Mobile Safari/537.36 (compatible; PetalBot;+https://webmaster.petalsearch.com/site/petalbot)"
114.119.155.210 - - [11/Jul/2025:19:44:08 -0300] "GET /admin/media/Highcharts-4.1.9/examples/column-drilldown/index.htm HTTP/1.1" 200 7358 "http://libertysa.com.br/admin/media/Highcharts-4.1.9/index.htm" "Mozilla/5.0 (Linux; Android 7.0;) AppleWebKit/537.36 (KHTML, like Gecko) Mobile Safari/537.36 (compatible; PetalBot;+https://webmaster.petalsearch.com/site/petalbot)"
85.208.96.201 - - [11/Jul/2025:19:45:46 -0300] "GET /admin/nav/DAO.php HTTP/1.1" 403 10412 "-" "Mozilla/5.0 (compatible; SemrushBot/7~bl; +http://www.semrush.com/bot.html)"
185.191.171.16 - - [11/Jul/2025:19:51:46 -0300] "GET /admin/media/froala/examples/simple_ampersand.html HTTP/1.1" 200 3340 "-" "Mozilla/5.0 (compatible; SemrushBot/7~bl; +http://www.semrush.com/bot.html)"
114.119.155.58 - - [11/Jul/2025:19:56:16 -0300] "GET / HTTP/1.1" 200 - "http://libertysa.com.br/espace/?C=S%3BO%3DA" "Mozilla/5.0 (Linux; Android 7.0;) AppleWebKit/537.36 (KHTML, like Gecko) Mobile Safari/537.36 (compatible; PetalBot;+https://webmaster.petalsearch.com/site/petalbot)"
85.208.96.211 - - [11/Jul/2025:19:59:08 -0300] "GET /404.shtml HTTP/1.1" 200 10400 "-" "Mozilla/5.0 (compatible; SemrushBot/7~bl; +http://www.semrush.com/bot.html)"
85.208.96.196 - - [11/Jul/2025:20:01:47 -0300] "GET /admin/PHPMailerNovo/get_oauth_token.php HTTP/1.1" 403 10456 "-" "Mozilla/5.0 (compatible; SemrushBot/7~bl; +http://www.semrush.com/bot.html)"
185.191.171.17 - - [11/Jul/2025:20:02:26 -0300] "GET /admin/media/froala/examples/image_buttons.html HTTP/1.1" 200 3354 "-" "Mozilla/5.0 (compatible; SemrushBot/7~bl; +http://www.semrush.com/bot.html)"
114.119.140.206 - - [11/Jul/2025:20:06:04 -0300] "GET /?p=servicos/assessoria-juridica HTTP/1.1" 200 - "http://libertysa.com.br/" "Mozilla/5.0 (Linux; Android 7.0;) AppleWebKit/537.36 (KHTML, like Gecko) Mobile Safari/537.36 (compatible; PetalBot;+https://webmaster.petalsearch.com/site/petalbot)"
85.208.96.204 - - [11/Jul/2025:20:07:32 -0300] "GET /admin/media/froala/examples/block_tags.html HTTP/1.1" 200 3722 "-" "Mozilla/5.0 (compatible; SemrushBot/7~bl; +http://www.semrush.com/bot.html)"
85.208.96.194 - - [11/Jul/2025:20:07:41 -0300] "GET /admin/media/zrssfeed/example_mobile.html HTTP/1.1" 200 1676 "-" "Mozilla/5.0 (compatible; SemrushBot/7~bl; +http://www.semrush.com/bot.html)"
185.191.171.14 - - [11/Jul/2025:20:09:35 -0300] "GET /admin/includes/uploaderFroala.inc.php HTTP/1.1" 403 10464 "-" "Mozilla/5.0 (compatible; SemrushBot/7~bl; +http://www.semrush.com/bot.html)"
85.208.96.203 - - [11/Jul/2025:20:12:57 -0300] "GET /admin/media/froala/examples/always_visible.html HTTP/1.1" 200 3356 "-" "Mozilla/5.0 (compatible; SemrushBot/7~bl; +http://www.semrush.com/bot.html)"
85.208.96.201 - - [11/Jul/2025:20:13:58 -0300] "GET /robots.txt HTTP/1.1" 200 384 "-" "Mozilla/5.0 (compatible; SemrushBot/7~bl; +http://www.semrush.com/bot.html)"
85.208.96.203 - - [11/Jul/2025:20:13:58 -0300] "GET /admin/media/Jcrop/demos/crop.php HTTP/1.1" 403 10442 "-" "Mozilla/5.0 (compatible; SemrushBot/7~bl; +http://www.semrush.com/bot.html)"
85.208.96.197 - - [11/Jul/2025:20:16:16 -0300] "GET /robots.txt HTTP/1.1" 200 384 "-" "Mozilla/5.0 (compatible; SemrushBot/7~bl; +http://www.semrush.com/bot.html)"
185.191.171.15 - - [11/Jul/2025:20:16:16 -0300] "GET /400.shtml HTTP/1.1" 200 10439 "-" "Mozilla/5.0 (compatible; SemrushBot/7~bl; +http://www.semrush.com/bot.html)"
85.208.96.200 - - [11/Jul/2025:20:16:32 -0300] "GET /admin/media/Jcrop/demos/styling.html HTTP/1.1" 200 3268 "-" "Mozilla/5.0 (compatible; SemrushBot/7~bl; +http://www.semrush.com/bot.html)"
85.208.96.204 - - [11/Jul/2025:20:22:09 -0300] "GET /admin/media/froala/examples/icons.html HTTP/1.1" 200 3484 "-" "Mozilla/5.0 (compatible; SemrushBot/7~bl; +http://www.semrush.com/bot.html)"
114.119.159.8 - - [11/Jul/2025:20:25:10 -0300] "GET /cp_errordocument.shtml HTTP/1.1" 200 10350 "http://libertysa.com.br/?p=noticia/18" "Mozilla/5.0 (Linux; Android 7.0;) AppleWebKit/537.36 (KHTML, like Gecko) Mobile Safari/537.36 (compatible; PetalBot;+https://webmaster.petalsearch.com/site/petalbot)"
114.119.153.188 - - [11/Jul/2025:20:26:33 -0300] "GET /admin/modules/galerias/JS.js HTTP/1.1" 200 15800 "http://libertysa.com.br/admin/modules/galerias/?C=N%3BO%3DD" "Mozilla/5.0 (Linux; Android 7.0;) AppleWebKit/537.36 (KHTML, like Gecko) Mobile Safari/537.36 (compatible; PetalBot;+https://webmaster.petalsearch.com/site/petalbot)"
114.119.137.232 - - [11/Jul/2025:20:27:57 -0300] "GET /admin/media/ckeditor/plugins/templates/dialogs/templates.css HTTP/1.1" 200 1486 "http://libertysa.com.br/admin/media/ckeditor/plugins/templates/dialogs/?C=S%3BO%3DA" "Mozilla/5.0 (Linux; Android 7.0;) AppleWebKit/537.36 (KHTML, like Gecko) Mobile Safari/537.36 (compatible; PetalBot;+https://webmaster.petalsearch.com/site/petalbot)"
114.119.152.69 - - [11/Jul/2025:20:29:19 -0300] "GET /admin/media/Highcharts-4.1.9/examples/combo-meteogram/index.htm HTTP/1.1" 200 23231 "http://libertysa.com.br/admin/media/Highcharts-4.1.9/index.htm" "Mozilla/5.0 (Linux; Android 7.0;) AppleWebKit/537.36 (KHTML, like Gecko) Mobile Safari/537.36 (compatible; PetalBot;+https://webmaster.petalsearch.com/site/petalbot)"
185.191.171.17 - - [11/Jul/2025:20:29:39 -0300] "GET /admin/media/froala/examples/require_js/ HTTP/1.1" 200 3068 "-" "Mozilla/5.0 (compatible; SemrushBot/7~bl; +http://www.semrush.com/bot.html)"
114.119.153.188 - - [11/Jul/2025:20:30:44 -0300] "GET /admin/media/Highcharts-4.1.9/examples/column-basic/index.htm HTTP/1.1" 200 2398 "http://libertysa.com.br/admin/media/Highcharts-4.1.9/index.htm" "Mozilla/5.0 (Linux; Android 7.0;) AppleWebKit/537.36 (KHTML, like Gecko) Mobile Safari/537.36 (compatible; PetalBot;+https://webmaster.petalsearch.com/site/petalbot)"
114.119.153.188 - - [11/Jul/2025:20:32:11 -0300] "GET /admin/PHPMailerNovo/SECURITY.md HTTP/1.1" 200 3935 "http://libertysa.com.br/admin/PHPMailerNovo/?C=N%3BO%3DD" "Mozilla/5.0 (Linux; Android 7.0;) AppleWebKit/537.36 (KHTML, like Gecko) Mobile Safari/537.36 (compatible; PetalBot;+https://webmaster.petalsearch.com/site/petalbot)"
85.208.96.200 - - [11/Jul/2025:20:33:31 -0300] "GET /admin/nav/DAO.php HTTP/1.1" 403 10424 "-" "Mozilla/5.0 (compatible; SemrushBot/7~bl; +http://www.semrush.com/bot.html)"
85.208.96.204 - - [11/Jul/2025:20:40:49 -0300] "GET /admin/media/Jcrop/demos/tutorial5.html HTTP/1.1" 200 8587 "-" "Mozilla/5.0 (compatible; SemrushBot/7~bl; +http://www.semrush.com/bot.html)"
185.191.171.18 - - [11/Jul/2025:20:41:30 -0300] "GET /admin/media/froala/examples/height.html HTTP/1.1" 200 3307 "-" "Mozilla/5.0 (compatible; SemrushBot/7~bl; +http://www.semrush.com/bot.html)"
114.119.159.8 - - [11/Jul/2025:20:55:35 -0300] "GET /admin/modules/menus_site/CadFormJS.js HTTP/1.1" 200 3530 "http://libertysa.com.br/admin/modules/menus_site/?C=D%3BO%3DA" "Mozilla/5.0 (Linux; Android 7.0;) AppleWebKit/537.36 (KHTML, like Gecko) Mobile Safari/537.36 (compatible; PetalBot;+https://webmaster.petalsearch.com/site/petalbot)"
85.208.96.207 - - [11/Jul/2025:20:58:36 -0300] "GET /400.shtml HTTP/1.1" 200 10427 "-" "Mozilla/5.0 (compatible; SemrushBot/7~bl; +http://www.semrush.com/bot.html)"
85.208.96.195 - - [11/Jul/2025:21:01:47 -0300] "GET /admin/media/Jcrop/demos/tutorial2.html HTTP/1.1" 200 3238 "-" "Mozilla/5.0 (compatible; SemrushBot/7~bl; +http://www.semrush.com/bot.html)"
185.191.171.12 - - [11/Jul/2025:21:01:52 -0300] "GET /admin/media/intro.js-1.1.1/example/hello-world/withProgress.html HTTP/1.1" 200 3265 "-" "Mozilla/5.0 (compatible; SemrushBot/7~bl; +http://www.semrush.com/bot.html)"
185.191.171.3 - - [11/Jul/2025:21:01:54 -0300] "GET /413.shtml HTTP/1.1" 200 10427 "-" "Mozilla/5.0 (compatible; SemrushBot/7~bl; +http://www.semrush.com/bot.html)"
85.208.96.208 - - [11/Jul/2025:21:08:43 -0300] "GET /admin/includes/verify.inc.php HTTP/1.1" 403 10448 "-" "Mozilla/5.0 (compatible; SemrushBot/7~bl; +http://www.semrush.com/bot.html)"
114.119.151.126 - - [11/Jul/2025:21:13:46 -0300] "GET /admin/media/Highcharts-4.1.9/examples/pie-donut/index.htm HTTP/1.1" 200 5133 "http://libertysa.com.br/admin/media/Highcharts-4.1.9/examples/pie-donut/?C=N%3BO%3DD" "Mozilla/5.0 (Linux; Android 7.0;) AppleWebKit/537.36 (KHTML, like Gecko) Mobile Safari/537.36 (compatible; PetalBot;+https://webmaster.petalsearch.com/site/petalbot)"
114.119.153.188 - - [11/Jul/2025:21:15:08 -0300] "GET /?p=noticia/20 HTTP/1.1" 200 - "http://libertysa.com.br/?p=noticia%2F19" "Mozilla/5.0 (Linux; Android 7.0;) AppleWebKit/537.36 (KHTML, like Gecko) Mobile Safari/537.36 (compatible; PetalBot;+https://webmaster.petalsearch.com/site/petalbot)"
114.119.155.210 - - [11/Jul/2025:21:16:37 -0300] "GET /?p=noticia/ HTTP/1.1" 200 - "http://libertysa.com.br/?p=noticia/27" "Mozilla/5.0 (Linux; Android 7.0;) AppleWebKit/537.36 (KHTML, like Gecko) Mobile Safari/537.36 (compatible; PetalBot;+https://webmaster.petalsearch.com/site/petalbot)"
85.208.96.201 - - [11/Jul/2025:21:17:25 -0300] "GET /robots.txt HTTP/1.1" 200 384 "-" "Mozilla/5.0 (compatible; SemrushBot/7~bl; +http://www.semrush.com/bot.html)"
185.191.171.3 - - [11/Jul/2025:21:17:26 -0300] "GET /admin/media/froala/examples/media_manager_disabled.html HTTP/1.1" 200 3315 "-" "Mozilla/5.0 (compatible; SemrushBot/7~bl; +http://www.semrush.com/bot.html)"
85.208.96.205 - - [11/Jul/2025:21:18:51 -0300] "GET /admin/media/froala/examples/events/focus.html HTTP/1.1" 200 3499 "-" "Mozilla/5.0 (compatible; SemrushBot/7~bl; +http://www.semrush.com/bot.html)"
185.191.171.15 - - [11/Jul/2025:21:19:27 -0300] "GET /robots.txt HTTP/1.1" 200 384 "-" "Mozilla/5.0 (compatible; SemrushBot/7~bl; +http://www.semrush.com/bot.html)"
185.191.171.8 - - [11/Jul/2025:21:19:27 -0300] "GET /admin/nav/CTRL.php HTTP/1.1" 403 10414 "-" "Mozilla/5.0 (compatible; SemrushBot/7~bl; +http://www.semrush.com/bot.html)"
185.191.171.19 - - [11/Jul/2025:21:28:55 -0300] "GET /admin/media/froala/examples/init_without_image_and_link.html HTTP/1.1" 200 3334 "-" "Mozilla/5.0 (compatible; SemrushBot/7~bl; +http://www.semrush.com/bot.html)"
114.119.140.206 - - [11/Jul/2025:21:30:51 -0300] "GET /admin/media/intro.js-1.1.1/themes/introjs-nassim.css HTTP/1.1" 200 6491 "http://libertysa.com.br/admin/media/intro.js-1.1.1/themes/" "Mozilla/5.0 (Linux; Android 7.0;) AppleWebKit/537.36 (KHTML, like Gecko) Mobile Safari/537.36 (compatible; PetalBot;+https://webmaster.petalsearch.com/site/petalbot)"
85.208.96.210 - - [11/Jul/2025:21:32:36 -0300] "GET /admin/media/froala/examples/always_visible.html HTTP/1.1" 200 3356 "-" "Mozilla/5.0 (compatible; SemrushBot/7~bl; +http://www.semrush.com/bot.html)"
85.208.96.208 - - [11/Jul/2025:21:36:14 -0300] "GET /admin/media/froala/examples/focus_on_editor.html HTTP/1.1" 200 3335 "-" "Mozilla/5.0 (compatible; SemrushBot/7~bl; +http://www.semrush.com/bot.html)"
85.208.96.210 - - [11/Jul/2025:21:40:23 -0300] "GET /admin/media/Highcharts-4.1.9/exporting-server/java/highcharts-export/highcharts-export-convert/target/highcharts-export-convert.jar HTTP/1.1" 200 244043 "-" "Mozilla/5.0 (compatible; SemrushBot/7~bl; +http://www.semrush.com/bot.html)"
52.12.9.66 - - [11/Jul/2025:21:50:45 -0300] "HEAD / HTTP/1.1" 200 - "-" "node"
185.191.171.11 - - [11/Jul/2025:21:54:24 -0300] "GET /admin/includes/header.inc.php HTTP/1.1" 403 10436 "-" "Mozilla/5.0 (compatible; SemrushBot/7~bl; +http://www.semrush.com/bot.html)"
85.208.96.205 - - [11/Jul/2025:21:55:22 -0300] "GET /admin/media/intro.js-1.1.1/example/hello-world/index.html HTTP/1.1" 200 3226 "-" "Mozilla/5.0 (compatible; SemrushBot/7~bl; +http://www.semrush.com/bot.html)"
85.208.96.204 - - [11/Jul/2025:21:58:00 -0300] "GET /admin/media/froala/examples/events/onPaste.html HTTP/1.1" 200 3577 "-" "Mozilla/5.0 (compatible; SemrushBot/7~bl; +http://www.semrush.com/bot.html)"
119.13.56.70 - - [11/Jul/2025:21:59:17 -0300] "GET /wp-login.php HTTP/1.1" 200 - "-" "Mozilla/5.0 (Windows NT 10.0; Win64; x64; sec-ch-ua-platform=Windows 11) AppleWebKit/537.36 (KHTML, like Gecko) Chrome/126.0.0.0 Safari/537.36 Edg/104.0.5112.44 Firefox/104.0"
114.119.155.210 - - [11/Jul/2025:22:06:23 -0300] "GET /admin/media/froala/js/langs/bs.js HTTP/1.1" 200 3022 "http://libertysa.com.br/admin/media/froala/js/langs/?C=N%3BO%3DD" "Mozilla/5.0 (Linux; Android 7.0;) AppleWebKit/537.36 (KHTML, like Gecko) Mobile Safari/537.36 (compatible; PetalBot;+https://webmaster.petalsearch.com/site/petalbot)"
114.119.153.188 - - [11/Jul/2025:22:07:45 -0300] "GET /?p=noticia/23 HTTP/1.1" 200 - "http://libertysa.com.br/?p=noticia%2F22" "Mozilla/5.0 (Linux; Android 7.0;) AppleWebKit/537.36 (KHTML, like Gecko) Mobile Safari/537.36 (compatible; PetalBot;+https://webmaster.petalsearch.com/site/petalbot)"
85.208.96.202 - - [11/Jul/2025:22:09:13 -0300] "GET /admin/media/froala/examples/upload_pasted_images.html HTTP/1.1" 200 3365 "-" "Mozilla/5.0 (compatible; SemrushBot/7~bl; +http://www.semrush.com/bot.html)"
85.208.96.211 - - [11/Jul/2025:22:10:48 -0300] "GET /admin/media/froala/examples/block_tags.html HTTP/1.1" 200 3722 "-" "Mozilla/5.0 (compatible; SemrushBot/7~bl; +http://www.semrush.com/bot.html)"
185.191.171.6 - - [11/Jul/2025:22:11:16 -0300] "GET /paginas/contato-direto.php HTTP/1.1" 403 10430 "-" "Mozilla/5.0 (compatible; SemrushBot/7~bl; +http://www.semrush.com/bot.html)"
85.208.96.209 - - [11/Jul/2025:22:14:59 -0300] "GET /admin/media/froala/examples/predefined_link_list.html HTTP/1.1" 200 3814 "-" "Mozilla/5.0 (compatible; SemrushBot/7~bl; +http://www.semrush.com/bot.html)"
85.208.96.206 - - [11/Jul/2025:22:15:36 -0300] "GET /admin/media/froala/examples/font_family.html HTTP/1.1" 200 3481 "-" "Mozilla/5.0 (compatible; SemrushBot/7~bl; +http://www.semrush.com/bot.html)"
185.191.171.2 - - [11/Jul/2025:22:19:47 -0300] "GET /robots.txt HTTP/1.1" 200 384 "-" "Mozilla/5.0 (compatible; SemrushBot/7~bl; +http://www.semrush.com/bot.html)"
185.191.171.1 - - [11/Jul/2025:22:19:47 -0300] "GET /admin/media/froala/examples/language.html HTTP/1.1" 200 3360 "-" "Mozilla/5.0 (compatible; SemrushBot/7~bl; +http://www.semrush.com/bot.html)"
185.191.171.2 - - [11/Jul/2025:22:22:15 -0300] "GET /robots.txt HTTP/1.1" 200 384 "-" "Mozilla/5.0 (compatible; SemrushBot/7~bl; +http://www.semrush.com/bot.html)"
185.191.171.15 - - [11/Jul/2025:22:22:15 -0300] "GET /admin/media/froala/examples/events/removeImage.html HTTP/1.1" 200 3801 "-" "Mozilla/5.0 (compatible; SemrushBot/7~bl; +http://www.semrush.com/bot.html)"
114.119.152.69 - - [11/Jul/2025:22:22:26 -0300] "GET /admin/media/font-awesome-4.1.0/less/variables.less HTTP/1.1" 200 16090 "http://libertysa.com.br/admin/media/font-awesome-4.1.0/less/?C=S%3BO%3DA" "Mozilla/5.0 (Linux; Android 7.0;) AppleWebKit/537.36 (KHTML, like Gecko) Mobile Safari/537.36 (compatible; PetalBot;+https://webmaster.petalsearch.com/site/petalbot)"
85.208.96.205 - - [11/Jul/2025:22:22:38 -0300] "GET /admin/media/froala/examples/focus_on_editor.html HTTP/1.1" 200 3335 "-" "Mozilla/5.0 (compatible; SemrushBot/7~bl; +http://www.semrush.com/bot.html)"
185.191.171.2 - - [11/Jul/2025:22:23:24 -0300] "GET /admin/media/froala/examples/image_upload_disabled.html HTTP/1.1" 200 3314 "-" "Mozilla/5.0 (compatible; SemrushBot/7~bl; +http://www.semrush.com/bot.html)"
114.119.152.69 - - [11/Jul/2025:22:23:48 -0300] "GET /admin/media/ckeditor/lang/pt-br.js HTTP/1.1" 200 19211 "http://libertysa.com.br/admin/media/ckeditor/lang/?C=S%3BO%3DA" "Mozilla/5.0 (Linux; Android 7.0;) AppleWebKit/537.36 (KHTML, like Gecko) Mobile Safari/537.36 (compatible; PetalBot;+https://webmaster.petalsearch.com/site/petalbot)"
185.191.171.15 - - [11/Jul/2025:22:24:20 -0300] "GET /admin/includes/nicUpload.php HTTP/1.1" 403 10446 "-" "Mozilla/5.0 (compatible; SemrushBot/7~bl; +http://www.semrush.com/bot.html)"
114.119.159.8 - - [11/Jul/2025:22:25:12 -0300] "GET /admin/media/Highcharts-4.1.9/api/images/nextjs/?C=N%3BO%3DD HTTP/1.1" 200 722 "http://libertysa.com.br/admin/media/Highcharts-4.1.9/api/images/nextjs/?C=D%3BO%3DA" "Mozilla/5.0 (Linux; Android 7.0;) AppleWebKit/537.36 (KHTML, like Gecko) Mobile Safari/537.36 (compatible; PetalBot;+https://webmaster.petalsearch.com/site/petalbot)"
160.187.210.83 - - [11/Jul/2025:22:27:10 -0300] "GET /wp-login.php HTTP/1.1" 200 - "libertysa.com.br/wp-login.php" "Mozilla/5.0"
85.208.96.201 - - [11/Jul/2025:22:29:22 -0300] "GET /admin/nav/CTRL.php HTTP/1.1" 403 10426 "-" "Mozilla/5.0 (compatible; SemrushBot/7~bl; +http://www.semrush.com/bot.html)"
85.208.96.209 - - [11/Jul/2025:22:31:42 -0300] "GET /admin/media/froala/examples/custom_block_styles.html HTTP/1.1" 200 3775 "-" "Mozilla/5.0 (compatible; SemrushBot/7~bl; +http://www.semrush.com/bot.html)"
192.178.6.35 - - [11/Jul/2025:22:34:34 -0300] "GET /admin/media/ckeditor/plugins/showblocks/images/block_h6.png HTTP/1.1" 200 123 "-" "Googlebot-Image/1.0"
114.119.155.210 - - [11/Jul/2025:22:34:54 -0300] "GET /admin/media/ckeditor/plugins/a11yhelp/dialogs/lang/sl.js HTTP/1.1" 200 4399 "http://libertysa.com.br/admin/media/ckeditor/plugins/a11yhelp/dialogs/lang/?C=S%3BO%3DA" "Mozilla/5.0 (Linux; Android 7.0;) AppleWebKit/537.36 (KHTML, like Gecko) Mobile Safari/537.36 (compatible; PetalBot;+https://webmaster.petalsearch.com/site/petalbot)"
85.208.96.203 - - [11/Jul/2025:22:39:05 -0300] "GET /admin/media/intro.js-1.1.1/example/multi-page/index.html HTTP/1.1" 200 3393 "-" "Mozilla/5.0 (compatible; SemrushBot/7~bl; +http://www.semrush.com/bot.html)"
85.208.96.203 - - [11/Jul/2025:22:39:07 -0300] "GET /admin/media/froala/examples/themes/gray_theme.html HTTP/1.1" 200 3463 "-" "Mozilla/5.0 (compatible; SemrushBot/7~bl; +http://www.semrush.com/bot.html)"
185.191.171.19 - - [11/Jul/2025:22:49:37 -0300] "GET /admin/media/froala/examples/events/blur.html HTTP/1.1" 200 3500 "-" "Mozilla/5.0 (compatible; SemrushBot/7~bl; +http://www.semrush.com/bot.html)"
114.119.140.206 - - [11/Jul/2025:22:51:52 -0300] "GET /admin/modules/usuarios/CadFormJS.js HTTP/1.1" 200 3838 "http://libertysa.com.br/admin/modules/usuarios/" "Mozilla/5.0 (Linux; Android 7.0;) AppleWebKit/537.36 (KHTML, like Gecko) Mobile Safari/537.36 (compatible; PetalBot;+https://webmaster.petalsearch.com/site/petalbot)"
85.208.96.211 - - [11/Jul/2025:22:52:00 -0300] "GET /admin/modules/sem_acesso/index.php HTTP/1.1" 200 2111 "-" "Mozilla/5.0 (compatible; SemrushBot/7~bl; +http://www.semrush.com/bot.html)"
114.119.159.8 - - [11/Jul/2025:22:53:16 -0300] "GET /admin/js/bootstrap-filestyle.js HTTP/1.1" 200 7191 "http://libertysa.com.br/admin/js/?C=S%3BO%3DA" "Mozilla/5.0 (Linux; Android 7.0;) AppleWebKit/537.36 (KHTML, like Gecko) Mobile Safari/537.36 (compatible; PetalBot;+https://webmaster.petalsearch.com/site/petalbot)"
85.208.96.205 - - [11/Jul/2025:22:53:18 -0300] "GET /admin/media/intro.js-1.1.1/example/hello-world/withoutButtons.html HTTP/1.1" 200 3266 "-" "Mozilla/5.0 (compatible; SemrushBot/7~bl; +http://www.semrush.com/bot.html)"
185.191.171.3 - - [11/Jul/2025:22:53:25 -0300] "GET /cp_errordocument.shtml HTTP/1.1" 200 10392 "-" "Mozilla/5.0 (compatible; SemrushBot/7~bl; +http://www.semrush.com/bot.html)"
85.208.96.196 - - [11/Jul/2025:22:53:39 -0300] "GET /admin/media/froala/examples/image_link_disabled.html HTTP/1.1" 200 3312 "-" "Mozilla/5.0 (compatible; SemrushBot/7~bl; +http://www.semrush.com/bot.html)"
114.119.151.126 - - [11/Jul/2025:22:54:43 -0300] "GET /?p=noticia/26 HTTP/1.1" 200 - "http://libertysa.com.br/?p=noticia/25" "Mozilla/5.0 (Linux; Android 7.0;) AppleWebKit/537.36 (KHTML, like Gecko) Mobile Safari/537.36 (compatible; PetalBot;+https://webmaster.petalsearch.com/site/petalbot)"
114.119.155.58 - - [11/Jul/2025:22:56:14 -0300] "GET /admin/media/ckeditor/plugins/specialchar/dialogs/lang/km.js HTTP/1.1" 200 4747 "http://libertysa.com.br/admin/media/ckeditor/plugins/specialchar/dialogs/lang/?C=N%3BO%3DD" "Mozilla/5.0 (Linux; Android 7.0;) AppleWebKit/537.36 (KHTML, like Gecko) Mobile Safari/537.36 (compatible; PetalBot;+https://webmaster.petalsearch.com/site/petalbot)"
192.178.6.34 - - [11/Jul/2025:22:57:05 -0300] "GET /admin/media/ckeditor/skins/office2013/images/arrow.png HTTP/1.1" 200 261 "-" "Googlebot-Image/1.0"
85.208.96.205 - - [11/Jul/2025:22:59:05 -0300] "GET /admin/media/froala/examples/media_manager_disabled.html HTTP/1.1" 200 3315 "-" "Mozilla/5.0 (compatible; SemrushBot/7~bl; +http://www.semrush.com/bot.html)"
85.208.96.199 - - [11/Jul/2025:23:00:23 -0300] "GET /403.shtml HTTP/1.1" 200 10411 "-" "Mozilla/5.0 (compatible; SemrushBot/7~bl; +http://www.semrush.com/bot.html)"
185.191.171.12 - - [11/Jul/2025:23:03:24 -0300] "GET /admin/includes/uploader.inc.php HTTP/1.1" 403 10440 "-" "Mozilla/5.0 (compatible; SemrushBot/7~bl; +http://www.semrush.com/bot.html)"
85.208.96.204 - - [11/Jul/2025:23:03:38 -0300] "GET /admin/ HTTP/1.1" 200 2884 "-" "Mozilla/5.0 (compatible; SemrushBot/7~bl; +http://www.semrush.com/bot.html)"
185.191.171.2 - - [11/Jul/2025:23:06:34 -0300] "GET /admin/media/froala/examples/init_on_click.html HTTP/1.1" 200 3329 "-" "Mozilla/5.0 (compatible; SemrushBot/7~bl; +http://www.semrush.com/bot.html)"
85.208.96.207 - - [11/Jul/2025:23:21:08 -0300] "GET /robots.txt HTTP/1.1" 200 384 "-" "Mozilla/5.0 (compatible; SemrushBot/7~bl; +http://www.semrush.com/bot.html)"
85.208.96.203 - - [11/Jul/2025:23:21:08 -0300] "GET /admin/media/intro.js-1.1.1/example/withoutElement/index.html HTTP/1.1" 200 4129 "-" "Mozilla/5.0 (compatible; SemrushBot/7~bl; +http://www.semrush.com/bot.html)"
51.68.111.214 - - [11/Jul/2025:23:24:37 -0300] "GET /robots.txt HTTP/1.1" 200 384 "-" "Mozilla/5.0 (compatible; MJ12bot/v2.0.2; http://mj12bot.com/)"
51.68.111.214 - - [11/Jul/2025:23:24:37 -0300] "GET / HTTP/1.1" 200 - "-" "Mozilla/5.0 (compatible; MJ12bot/v2.0.2; http://mj12bot.com/)"
145.239.10.137 - - [11/Jul/2025:23:26:32 -0300] "GET /static2.php HTTP/1.1" 403 10358 "http://libertysa.com.br/static2.php" "Mozilla/5.0 (iPhone; CPU iPhone OS 17_5_1 like Mac OS X) AppleWebKit/605.1.15 (KHTML, like Gecko) Version/17.5 Mobile/15E148 Safari/604.1"
185.191.171.13 - - [11/Jul/2025:23:28:12 -0300] "GET /robots.txt HTTP/1.1" 200 384 "-" "Mozilla/5.0 (compatible; SemrushBot/7~bl; +http://www.semrush.com/bot.html)"
85.208.96.198 - - [11/Jul/2025:23:28:12 -0300] "GET /admin/media/Jcrop/demos/non-image.html HTTP/1.1" 200 2108 "-" "Mozilla/5.0 (compatible; SemrushBot/7~bl; +http://www.semrush.com/bot.html)"
85.208.96.207 - - [11/Jul/2025:23:30:04 -0300] "GET /admin/media/Jcrop/demos/crop.php HTTP/1.1" 403 10454 "-" "Mozilla/5.0 (compatible; SemrushBot/7~bl; +http://www.semrush.com/bot.html)"
114.119.151.126 - - [11/Jul/2025:23:30:24 -0300] "GET /admin/css/bootstrap.min.css_ HTTP/1.1" 200 151001 "http://libertysa.com.br/admin/css/?C=M%3BO%3DA" "Mozilla/5.0 (Linux; Android 7.0;) AppleWebKit/537.36 (KHTML, like Gecko) Mobile Safari/537.36 (compatible; PetalBot;+https://webmaster.petalsearch.com/site/petalbot)"
208.100.26.235 - - [11/Jul/2025:23:34:24 -0300] "HEAD /core/misc/drupal.js HTTP/1.1" 200 - "-" "Mozilla/5.0 (Windows NT 6.3; WOW64; Trident/7.0; MALGJS; rv:11.0) like Gecko"
208.100.26.236 - - [11/Jul/2025:23:34:25 -0300] "GET /CHANGELOG.txt HTTP/1.1" 200 - "-" "Mozilla/5.0 (Windows NT 6.3; rv:75.0) Gecko/20100101 Firefox/75.0"
208.100.26.236 - - [11/Jul/2025:23:34:25 -0300] "GET /core/CHANGELOG.txt HTTP/1.1" 200 - "-" "Mozilla/5.0 (Windows NT 6.3; rv:75.0) Gecko/20100101 Firefox/75.0"
208.100.26.236 - - [11/Jul/2025:23:34:25 -0300] "GET /./misc/tableheader.js HTTP/1.1" 200 - "-" "Mozilla/5.0 (Windows NT 6.3; rv:75.0) Gecko/20100101 Firefox/75.0"
208.100.26.236 - - [11/Jul/2025:23:34:25 -0300] "GET /./core/misc/ajax.js HTTP/1.1" 200 - "-" "Mozilla/5.0 (Windows NT 6.3; rv:75.0) Gecko/20100101 Firefox/75.0"
208.100.26.236 - - [11/Jul/2025:23:34:25 -0300] "GET /./core/misc/drupal.js HTTP/1.1" 200 - "-" "Mozilla/5.0 (Windows NT 6.3; rv:75.0) Gecko/20100101 Firefox/75.0"
208.100.26.236 - - [11/Jul/2025:23:34:25 -0300] "GET /./core/misc/tableheader.js HTTP/1.1" 200 - "-" "Mozilla/5.0 (Windows NT 6.3; rv:75.0) Gecko/20100101 Firefox/75.0"
208.100.26.236 - - [11/Jul/2025:23:34:25 -0300] "GET /./core/themes/claro/js/ajax.js HTTP/1.1" 200 - "-" "Mozilla/5.0 (Windows NT 6.3; rv:75.0) Gecko/20100101 Firefox/75.0"
208.100.26.236 - - [11/Jul/2025:23:34:25 -0300] "GET /./core/themes/stable/js/ajax.js HTTP/1.1" 200 - "-" "Mozilla/5.0 (Windows NT 6.3; rv:75.0) Gecko/20100101 Firefox/75.0"
208.100.26.236 - - [11/Jul/2025:23:34:26 -0300] "GET /./misc/drupal.js HTTP/1.1" 200 - "-" "Mozilla/5.0 (Windows NT 6.3; rv:75.0) Gecko/20100101 Firefox/75.0"
208.100.26.236 - - [11/Jul/2025:23:34:26 -0300] "GET /./misc/tabledrag.js HTTP/1.1" 200 - "-" "Mozilla/5.0 (Windows NT 6.3; rv:75.0) Gecko/20100101 Firefox/75.0"
208.100.26.236 - - [11/Jul/2025:23:34:26 -0300] "GET /./core/misc/tabledrag.js HTTP/1.1" 200 - "-" "Mozilla/5.0 (Windows NT 6.3; rv:75.0) Gecko/20100101 Firefox/75.0"
208.100.26.236 - - [11/Jul/2025:23:34:26 -0300] "GET /./core/modules/views_ui/js/ajax.js HTTP/1.1" 200 - "-" "Mozilla/5.0 (Windows NT 6.3; rv:75.0) Gecko/20100101 Firefox/75.0"
208.100.26.236 - - [11/Jul/2025:23:34:26 -0300] "GET /./core/themes/claro/js/tabledrag.js HTTP/1.1" 200 - "-" "Mozilla/5.0 (Windows NT 6.3; rv:75.0) Gecko/20100101 Firefox/75.0"
208.100.26.236 - - [11/Jul/2025:23:34:26 -0300] "GET /./misc/ajax.js HTTP/1.1" 200 - "-" "Mozilla/5.0 (Windows NT 6.3; rv:75.0) Gecko/20100101 Firefox/75.0"
85.208.96.195 - - [11/Jul/2025:23:39:13 -0300] "GET /admin/media/intro.js-1.1.1/example/auto-position/index.html HTTP/1.1" 200 4308 "-" "Mozilla/5.0 (compatible; SemrushBot/7~bl; +http://www.semrush.com/bot.html)"
192.178.6.34 - - [11/Jul/2025:23:43:04 -0300] "GET /admin/img/overlays/09.png HTTP/1.1" 200 137 "-" "Googlebot-Image/1.0"
85.208.96.202 - - [11/Jul/2025:23:43:31 -0300] "GET /admin/configuration/config.inc.php HTTP/1.1" 403 10446 "-" "Mozilla/5.0 (compatible; SemrushBot/7~bl; +http://www.semrush.com/bot.html)"
85.208.96.196 - - [11/Jul/2025:23:46:36 -0300] "GET /admin/media/froala/examples/text_near_image.html HTTP/1.1" 200 3316 "-" "Mozilla/5.0 (compatible; SemrushBot/7~bl; +http://www.semrush.com/bot.html)"
85.208.96.200 - - [11/Jul/2025:23:52:53 -0300] "GET /admin/media/froala/examples/themes/red_theme.html HTTP/1.1" 200 3461 "-" "Mozilla/5.0 (compatible; SemrushBot/7~bl; +http://www.semrush.com/bot.html)"
185.191.171.16 - - [11/Jul/2025:23:54:03 -0300] "GET /admin/includes/recaptchalib.php HTTP/1.1" 403 10440 "-" "Mozilla/5.0 (compatible; SemrushBot/7~bl; +http://www.semrush.com/bot.html)"
185.191.171.18 - - [12/Jul/2025:00:03:19 -0300] "GET /admin/media/Jcrop/demos/tutorial2.html HTTP/1.1" 200 3238 "-" "Mozilla/5.0 (compatible; SemrushBot/7~bl; +http://www.semrush.com/bot.html)"
185.191.171.8 - - [12/Jul/2025:00:03:46 -0300] "GET /admin/media/froala/examples/events/contentChanged.html HTTP/1.1" 200 3496 "-" "Mozilla/5.0 (compatible; SemrushBot/7~bl; +http://www.semrush.com/bot.html)"
85.208.96.205 - - [12/Jul/2025:00:04:05 -0300] "GET /admin/media/froala/examples/shortcuts_available.html HTTP/1.1" 200 3357 "-" "Mozilla/5.0 (compatible; SemrushBot/7~bl; +http://www.semrush.com/bot.html)"
192.178.6.34 - - [12/Jul/2025:00:06:31 -0300] "GET /admin/uploads/noticias/417-01-2018-19-16-5407-02-2018_13-04-14.jpg HTTP/1.1" 200 21064 "-" "Googlebot-Image/1.0"
85.208.96.208 - - [12/Jul/2025:00:07:08 -0300] "GET /401.shtml HTTP/1.1" 200 10408 "-" "Mozilla/5.0 (compatible; SemrushBot/7~bl; +http://www.semrush.com/bot.html)"
85.208.96.208 - - [12/Jul/2025:00:09:24 -0300] "GET /admin/media/froala/examples/image_buttons.html HTTP/1.1" 200 3354 "-" "Mozilla/5.0 (compatible; SemrushBot/7~bl; +http://www.semrush.com/bot.html)"
85.208.96.212 - - [12/Jul/2025:00:10:13 -0300] "GET /admin/media/ckeditor/samples/index.html HTTP/1.1" 200 6564 "-" "Mozilla/5.0 (compatible; SemrushBot/7~bl; +http://www.semrush.com/bot.html)"
114.119.153.188 - - [12/Jul/2025:00:10:51 -0300] "GET /admin/modules/corpo_destaque/EditFormJS.js HTTP/1.1" 200 6961 "http://libertysa.com.br/admin/modules/corpo_destaque/" "Mozilla/5.0 (Linux; Android 7.0;) AppleWebKit/537.36 (KHTML, like Gecko) Mobile Safari/537.36 (compatible; PetalBot;+https://webmaster.petalsearch.com/site/petalbot)"
114.119.152.69 - - [12/Jul/2025:00:11:30 -0300] "GET /admin/media/jQuery-Mask-Plugin/test/test-for-jquery-1.8.3.html HTTP/1.1" 200 1450 "http://libertysa.com.br/admin/media/jQuery-Mask-Plugin/test/" "Mozilla/5.0 (Linux; Android 7.0;) AppleWebKit/537.36 (KHTML, like Gecko) Mobile Safari/537.36 (compatible; PetalBot;+https://webmaster.petalsearch.com/site/petalbot)"
114.119.159.8 - - [12/Jul/2025:00:12:55 -0300] "GET /admin/media/ckeditor/plugins/a11yhelp/dialogs/lang/lt.js HTTP/1.1" 200 3980 "http://libertysa.com.br/admin/media/ckeditor/plugins/a11yhelp/dialogs/lang/?C=S%3BO%3DA" "Mozilla/5.0 (Linux; Android 7.0;) AppleWebKit/537.36 (KHTML, like Gecko) Mobile Safari/537.36 (compatible; PetalBot;+https://webmaster.petalsearch.com/site/petalbot)"
185.191.171.14 - - [12/Jul/2025:00:12:58 -0300] "GET /admin/media/Highcharts-4.1.9/api/highcharts.html HTTP/1.1" 200 5043 "-" "Mozilla/5.0 (compatible; SemrushBot/7~bl; +http://www.semrush.com/bot.html)"
85.208.96.200 - - [12/Jul/2025:00:14:12 -0300] "GET /admin/media/froala/examples/basic.html HTTP/1.1" 200 3452 "-" "Mozilla/5.0 (compatible; SemrushBot/7~bl; +http://www.semrush.com/bot.html)"
114.119.155.58 - - [12/Jul/2025:00:14:16 -0300] "GET /admin/media/font-awesome-4.1.0/less/spinning.less HTTP/1.1" 200 611 "http://libertysa.com.br/admin/media/font-awesome-4.1.0/less/?C=S%3BO%3DA" "Mozilla/5.0 (Linux; Android 7.0;) AppleWebKit/537.36 (KHTML, like Gecko) Mobile Safari/537.36 (compatible; PetalBot;+https://webmaster.petalsearch.com/site/petalbot)"
66.249.75.96 - - [12/Jul/2025:00:15:19 -0300] "GET /index.php/entry/index HTTP/1.1" 200 553872 "-" "Googlebot/2.1 (+http://www.google.com/bot.html)"
106.54.200.247 - - [12/Jul/2025:00:16:35 -0300] "GET / HTTP/1.1" 200 - "-" "Mozilla/5.0 (Linux; Android 10; LIO-AN00 Build/HUAWEILIO-AN00; wv) MicroMessenger Weixin QQ AppleWebKit/537.36 (KHTML, like Gecko) Version/4.0 Chrome/78.0.3904.62 XWEB/2692 MMWEBSDK/200901 Mobile Safari/537.36"
85.208.96.195 - - [12/Jul/2025:00:21:38 -0300] "GET /admin/media/Jcrop/demos/tutorial1.html HTTP/1.1" 200 1618 "-" "Mozilla/5.0 (compatible; SemrushBot/7~bl; +http://www.semrush.com/bot.html)"
85.208.96.204 - - [12/Jul/2025:00:23:26 -0300] "GET /robots.txt HTTP/1.1" 200 384 "-" "Mozilla/5.0 (compatible; SemrushBot/7~bl; +http://www.semrush.com/bot.html)"
185.191.171.16 - - [12/Jul/2025:00:23:27 -0300] "GET /admin/media/Jcrop/demos/tutorial4.html HTTP/1.1" 200 6189 "-" "Mozilla/5.0 (compatible; SemrushBot/7~bl; +http://www.semrush.com/bot.html)"
114.119.159.8 - - [12/Jul/2025:00:25:03 -0300] "GET /admin/modules/newsletter/JS.js HTTP/1.1" 200 9246 "http://libertysa.com.br/admin/modules/newsletter/?C=M%3BO%3DA" "Mozilla/5.0 (Linux; Android 7.0;) AppleWebKit/537.36 (KHTML, like Gecko) Mobile Safari/537.36 (compatible; PetalBot;+https://webmaster.petalsearch.com/site/petalbot)"
192.178.6.35 - - [12/Jul/2025:00:26:34 -0300] "GET /admin/media/img/spacer.jpg HTTP/1.1" 200 307 "-" "Googlebot-Image/1.0"
185.191.171.16 - - [12/Jul/2025:00:30:15 -0300] "GET /robots.txt HTTP/1.1" 200 384 "-" "Mozilla/5.0 (compatible; SemrushBot/7~bl; +http://www.semrush.com/bot.html)"
85.208.96.205 - - [12/Jul/2025:00:30:15 -0300] "GET /admin/includes/UploadMax.php HTTP/1.1" 403 10448 "-" "Mozilla/5.0 (compatible; SemrushBot/7~bl; +http://www.semrush.com/bot.html)"
66.249.75.109 - - [12/Jul/2025:00:36:31 -0300] "GET /admin/media/ckeditor/skins/office2013/images/hidpi/refresh.png HTTP/1.1" 200 2320 "-" "Googlebot-Image/1.0"
216.73.216.174 - - [12/Jul/2025:00:39:13 -0300] "GET /robots.txt HTTP/1.1" 200 384 "-" "Mozilla/5.0 AppleWebKit/537.36 (KHTML, like Gecko; compatible; ClaudeBot/1.0; +claudebot@anthropic.com)"
216.73.216.174 - - [12/Jul/2025:00:39:13 -0300] "GET /admin/media/jQuery-Mask-Plugin/test/zepto/zepto.min.js HTTP/1.1" 200 55439 "-" "Mozilla/5.0 AppleWebKit/537.36 (KHTML, like Gecko; compatible; ClaudeBot/1.0; +claudebot@anthropic.com)"
185.191.171.2 - - [12/Jul/2025:00:39:29 -0300] "GET /admin/media/froala/examples/init_without_image_and_link.html HTTP/1.1" 200 3334 "-" "Mozilla/5.0 (compatible; SemrushBot/7~bl; +http://www.semrush.com/bot.html)"
85.208.96.201 - - [12/Jul/2025:00:42:08 -0300] "GET /cp_errordocument.shtml HTTP/1.1" 200 10406 "-" "Mozilla/5.0 (compatible; SemrushBot/7~bl; +http://www.semrush.com/bot.html)"
47.82.60.23 - - [12/Jul/2025:00:45:19 -0300] "GET /admin/media/Highcharts-4.1.9/exporting-server/java/highcharts-export/highcharts-export-web/target/highcharts-export-web/WEB-INF/classes/com/highcharts/export HTTP/1.1" 301 390 "http://libertysa.com.br/admin/media/Highcharts-4.1.9/exporting-server/java/highcharts-export/highcharts-export-web/target/highcharts-export-web/WEB-INF/classes/com/highcharts/export" "Mozilla/5.0 (Windows NT 10.0; Win64; x64) AppleWebKit/537.36 (KHTML, like Gecko) Chrome/114.0.0.0 Safari/537.36 Edg/114.0.1823.43"
47.82.60.23 - - [12/Jul/2025:00:45:19 -0300] "GET /admin/media/Highcharts-4.1.9/exporting-server/java/highcharts-export/highcharts-export-web/target/highcharts-export-web/WEB-INF/classes/com/highcharts/export/ HTTP/1.1" 200 1765 "http://libertysa.com.br/admin/media/Highcharts-4.1.9/exporting-server/java/highcharts-export/highcharts-export-web/target/highcharts-export-web/WEB-INF/classes/com/highcharts/export" "Mozilla/5.0 (Windows NT 10.0; Win64; x64) AppleWebKit/537.36 (KHTML, like Gecko) Chrome/114.0.0.0 Safari/537.36 Edg/114.0.1823.43"
185.191.171.9 - - [12/Jul/2025:00:54:21 -0300] "GET /admin/media/froala/examples/themes/royal_theme.html HTTP/1.1" 200 3465 "-" "Mozilla/5.0 (compatible; SemrushBot/7~bl; +http://www.semrush.com/bot.html)"
85.208.96.207 - - [12/Jul/2025:00:58:39 -0300] "GET /admin/media/froala/examples/toolbar_fixed.html HTTP/1.1" 200 16356 "-" "Mozilla/5.0 (compatible; SemrushBot/7~bl; +http://www.semrush.com/bot.html)"
192.178.6.36 - - [12/Jul/2025:01:11:34 -0300] "GET /admin/uploads/ckeditor/186308374,250x3755aafe5d393fbf.jpg HTTP/1.1" 200 45947 "-" "Googlebot-Image/1.0"
85.208.96.197 - - [12/Jul/2025:01:12:13 -0300] "GET /admin/media/intro.js-1.1.1/example/withoutElement/index.html HTTP/1.1" 200 4129 "-" "Mozilla/5.0 (compatible; SemrushBot/7~bl; +http://www.semrush.com/bot.html)"
185.191.171.14 - - [12/Jul/2025:01:18:08 -0300] "GET /admin/media/Highcharts-4.1.9/api/highcharts.html HTTP/1.1" 200 5043 "-" "Mozilla/5.0 (compatible; SemrushBot/7~bl; +http://www.semrush.com/bot.html)"
185.191.171.14 - - [12/Jul/2025:01:19:50 -0300] "GET /admin/modules/sem_acesso/index.php HTTP/1.1" 200 2111 "-" "Mozilla/5.0 (compatible; SemrushBot/7~bl; +http://www.semrush.com/bot.html)"
185.191.171.2 - - [12/Jul/2025:01:20:03 -0300] "GET /admin/media/froala/examples/always_blank.html HTTP/1.1" 200 3348 "-" "Mozilla/5.0 (compatible; SemrushBot/7~bl; +http://www.semrush.com/bot.html)"
85.208.96.193 - - [12/Jul/2025:01:30:17 -0300] "GET /robots.txt HTTP/1.1" 200 384 "-" "Mozilla/5.0 (compatible; SemrushBot/7~bl; +http://www.semrush.com/bot.html)"
185.191.171.6 - - [12/Jul/2025:01:30:17 -0300] "GET /admin/includes/uploader.inc.php HTTP/1.1" 403 10454 "-" "Mozilla/5.0 (compatible; SemrushBot/7~bl; +http://www.semrush.com/bot.html)"
85.208.96.194 - - [12/Jul/2025:01:30:49 -0300] "GET /admin/media/zrssfeed/example_mobile.html HTTP/1.1" 200 1676 "-" "Mozilla/5.0 (compatible; SemrushBot/7~bl; +http://www.semrush.com/bot.html)"
85.208.96.193 - - [12/Jul/2025:01:35:59 -0300] "GET /admin/media/Jcrop/demos/tutorial4.html HTTP/1.1" 200 6189 "-" "Mozilla/5.0 (compatible; SemrushBot/7~bl; +http://www.semrush.com/bot.html)"
85.208.96.200 - - [12/Jul/2025:01:37:46 -0300] "GET /admin/media/froala/examples/always_blank.html HTTP/1.1" 200 3348 "-" "Mozilla/5.0 (compatible; SemrushBot/7~bl; +http://www.semrush.com/bot.html)"
185.191.171.7 - - [12/Jul/2025:01:40:37 -0300] "GET /500.shtml HTTP/1.1" 200 10465 "-" "Mozilla/5.0 (compatible; SemrushBot/7~bl; +http://www.semrush.com/bot.html)"
185.191.171.7 - - [12/Jul/2025:01:44:32 -0300] "GET /admin/includes/verify.inc.php HTTP/1.1" 403 10438 "-" "Mozilla/5.0 (compatible; SemrushBot/7~bl; +http://www.semrush.com/bot.html)"
114.119.155.58 - - [12/Jul/2025:01:46:30 -0300] "GET /media/fonts/fontawesome-webfont.eot HTTP/1.1" 200 165742 "http://libertysa.com.br/media/fonts/?C=N%3BO%3DD" "Mozilla/5.0 (Linux; Android 7.0;) AppleWebKit/537.36 (KHTML, like Gecko) Mobile Safari/537.36 (compatible; PetalBot;+https://webmaster.petalsearch.com/site/petalbot)"
114.119.151.126 - - [12/Jul/2025:01:47:54 -0300] "GET /admin/modules/seo/JS.js HTTP/1.1" 200 10095 "http://libertysa.com.br/admin/modules/seo/?C=M%3BO%3DA" "Mozilla/5.0 (Linux; Android 7.0;) AppleWebKit/537.36 (KHTML, like Gecko) Mobile Safari/537.36 (compatible; PetalBot;+https://webmaster.petalsearch.com/site/petalbot)"
85.208.96.197 - - [12/Jul/2025:01:48:04 -0300] "GET /admin/media/Highcharts-4.1.9/exporting-server/java/highcharts-export/highcharts-export-convert/target/highcharts-export-convert.jar HTTP/1.1" 200 244043 "-" "Mozilla/5.0 (compatible; SemrushBot/7~bl; +http://www.semrush.com/bot.html)"
114.119.140.206 - - [12/Jul/2025:01:49:17 -0300] "GET /admin/media/zrssfeed/example_pagination.html HTTP/1.1" 200 1851 "http://libertysa.com.br/admin/media/zrssfeed/?C=S%3BO%3DA" "Mozilla/5.0 (Linux; Android 7.0;) AppleWebKit/537.36 (KHTML, like Gecko) Mobile Safari/537.36 (compatible; PetalBot;+https://webmaster.petalsearch.com/site/petalbot)"
114.119.153.188 - - [12/Jul/2025:01:50:41 -0300] "GET /admin/media/less/variables.less HTTP/1.1" 200 356 "http://libertysa.com.br/admin/media/less/" "Mozilla/5.0 (Linux; Android 7.0;) AppleWebKit/537.36 (KHTML, like Gecko) Mobile Safari/537.36 (compatible; PetalBot;+https://webmaster.petalsearch.com/site/petalbot)"
114.119.155.58 - - [12/Jul/2025:01:52:04 -0300] "GET /admin/media/js/plugins/dataTables/jquery.dataTables.js HTTP/1.1" 200 409595 "http://libertysa.com.br/admin/media/js/plugins/dataTables/?C=S%3BO%3DA" "Mozilla/5.0 (Linux; Android 7.0;) AppleWebKit/537.36 (KHTML, like Gecko) Mobile Safari/537.36 (compatible; PetalBot;+https://webmaster.petalsearch.com/site/petalbot)"
114.119.155.210 - - [12/Jul/2025:01:53:28 -0300] "GET /admin/media/froala/js/libs/jquery-1.11.1.min.js HTTP/1.1" 200 95785 "http://libertysa.com.br/admin/media/froala/js/libs/?C=M%3BO%3DA" "Mozilla/5.0 (Linux; Android 7.0;) AppleWebKit/537.36 (KHTML, like Gecko) Mobile Safari/537.36 (compatible; PetalBot;+https://webmaster.petalsearch.com/site/petalbot)"
114.119.151.126 - - [12/Jul/2025:01:54:51 -0300] "GET /admin/media/js/plugins/flot/jquery.flot.js HTTP/1.1" 200 106797 "http://libertysa.com.br/admin/media/js/plugins/flot/?C=N%3BO%3DD" "Mozilla/5.0 (Linux; Android 7.0;) AppleWebKit/537.36 (KHTML, like Gecko) Mobile Safari/537.36 (compatible; PetalBot;+https://webmaster.petalsearch.com/site/petalbot)"
114.119.151.126 - - [12/Jul/2025:01:56:14 -0300] "GET /admin/media/js/bootstrap.min.js HTTP/1.1" 200 31819 "http://libertysa.com.br/admin/media/js/?C=N%3BO%3DD" "Mozilla/5.0 (Linux; Android 7.0;) AppleWebKit/537.36 (KHTML, like Gecko) Mobile Safari/537.36 (compatible; PetalBot;+https://webmaster.petalsearch.com/site/petalbot)"
216.73.216.174 - - [12/Jul/2025:01:56:21 -0300] "GET /robots.txt HTTP/1.1" 200 384 "-" "Mozilla/5.0 AppleWebKit/537.36 (KHTML, like Gecko; compatible; ClaudeBot/1.0; +claudebot@anthropic.com)"
216.73.216.174 - - [12/Jul/2025:01:56:21 -0300] "GET /admin/media/jQuery-Mask-Plugin/test/zepto/data.js HTTP/1.1" 200 2572 "-" "Mozilla/5.0 AppleWebKit/537.36 (KHTML, like Gecko; compatible; ClaudeBot/1.0; +claudebot@anthropic.com)"
85.208.96.200 - - [12/Jul/2025:01:56:41 -0300] "GET /admin/ HTTP/1.1" 200 2884 "-" "Mozilla/5.0 (compatible; SemrushBot/7~bl; +http://www.semrush.com/bot.html)"
114.119.155.210 - - [12/Jul/2025:01:57:38 -0300] "GET /admin/media/froala/js/langs/id.js HTTP/1.1" 200 2825 "http://libertysa.com.br/admin/media/froala/js/langs/?C=N%3BO%3DD" "Mozilla/5.0 (Linux; Android 7.0;) AppleWebKit/537.36 (KHTML, like Gecko) Mobile Safari/537.36 (compatible; PetalBot;+https://webmaster.petalsearch.com/site/petalbot)"
114.119.151.126 - - [12/Jul/2025:01:59:02 -0300] "GET /admin/media/font-awesome-4.1.0/less/spinning.less HTTP/1.1" 200 611 "http://libertysa.com.br/admin/media/font-awesome-4.1.0/less/?C=S%3BO%3DA" "Mozilla/5.0 (Linux; Android 7.0;) AppleWebKit/537.36 (KHTML, like Gecko) Mobile Safari/537.36 (compatible; PetalBot;+https://webmaster.petalsearch.com/site/petalbot)"
114.119.159.8 - - [12/Jul/2025:02:00:26 -0300] "GET /admin/media/ckeditor/plugins/specialchar/dialogs/lang/ca.js HTTP/1.1" 200 5010 "http://libertysa.com.br/admin/media/ckeditor/plugins/specialchar/dialogs/lang/?C=N%3BO%3DD" "Mozilla/5.0 (Linux; Android 7.0;) AppleWebKit/537.36 (KHTML, like Gecko) Mobile Safari/537.36 (compatible; PetalBot;+https://webmaster.petalsearch.com/site/petalbot)"
66.249.75.109 - - [12/Jul/2025:02:00:47 -0300] "GET /brand/index.php/entry/index HTTP/1.1" 200 560929 "-" "Googlebot/2.1 (+http://www.google.com/bot.html)"
114.119.155.210 - - [12/Jul/2025:02:01:49 -0300] "GET /admin/modules/locais/EditFormJS.js HTTP/1.1" 200 3452 "http://libertysa.com.br/admin/modules/locais/" "Mozilla/5.0 (Linux; Android 7.0;) AppleWebKit/537.36 (KHTML, like Gecko) Mobile Safari/537.36 (compatible; PetalBot;+https://webmaster.petalsearch.com/site/petalbot)"
114.119.153.188 - - [12/Jul/2025:02:03:12 -0300] "GET /admin/media/ckeditor/plugins/scayt/dialogs/options.js HTTP/1.1" 200 8867 "http://libertysa.com.br/admin/media/ckeditor/plugins/scayt/dialogs/?C=N%3BO%3DD" "Mozilla/5.0 (Linux; Android 7.0;) AppleWebKit/537.36 (KHTML, like Gecko) Mobile Safari/537.36 (compatible; PetalBot;+https://webmaster.petalsearch.com/site/petalbot)"
114.119.137.232 - - [12/Jul/2025:02:04:36 -0300] "GET /admin/media/ckeditor/plugins/a11yhelp/dialogs/lang/ru.js HTTP/1.1" 200 6589 "http://libertysa.com.br/admin/media/ckeditor/plugins/a11yhelp/dialogs/lang/?C=S%3BO%3DA" "Mozilla/5.0 (Linux; Android 7.0;) AppleWebKit/537.36 (KHTML, like Gecko) Mobile Safari/537.36 (compatible; PetalBot;+https://webmaster.petalsearch.com/site/petalbot)"
114.119.155.210 - - [12/Jul/2025:02:05:59 -0300] "GET /admin/media/Jcrop/demos/tutorial2.html HTTP/1.1" 200 3238 "http://libertysa.com.br/admin/media/Jcrop/index.html" "Mozilla/5.0 (Linux; Android 7.0;) AppleWebKit/537.36 (KHTML, like Gecko) Mobile Safari/537.36 (compatible; PetalBot;+https://webmaster.petalsearch.com/site/petalbot)"
114.119.155.210 - - [12/Jul/2025:02:07:22 -0300] "GET /admin/media/Highcharts-4.1.9/index.htm HTTP/1.1" 200 6751 "http://libertysa.com.br/admin/media/Highcharts-4.1.9/?C=N%3BO%3DD" "Mozilla/5.0 (Linux; Android 7.0;) AppleWebKit/537.36 (KHTML, like Gecko) Mobile Safari/537.36 (compatible; PetalBot;+https://webmaster.petalsearch.com/site/petalbot)"
185.191.171.3 - - [12/Jul/2025:02:07:44 -0300] "GET /admin/media/froala/examples/themes/dark_theme.html HTTP/1.1" 200 3463 "-" "Mozilla/5.0 (compatible; SemrushBot/7~bl; +http://www.semrush.com/bot.html)"
114.119.153.188 - - [12/Jul/2025:02:08:45 -0300] "GET /admin/media/Highcharts-4.1.9/examples/treemap-coloraxis/index.htm HTTP/1.1" 200 1686 "http://libertysa.com.br/admin/media/Highcharts-4.1.9/examples/treemap-coloraxis/?C=S%3BO%3DA" "Mozilla/5.0 (Linux; Android 7.0;) AppleWebKit/537.36 (KHTML, like Gecko) Mobile Safari/537.36 (compatible; PetalBot;+https://webmaster.petalsearch.com/site/petalbot)"
114.119.152.69 - - [12/Jul/2025:02:10:10 -0300] "GET /admin/media/Highcharts-4.1.9/examples/pie-drilldown/index.htm HTTP/1.1" 200 5409 "http://libertysa.com.br/admin/media/Highcharts-4.1.9/index.htm" "Mozilla/5.0 (Linux; Android 7.0;) AppleWebKit/537.36 (KHTML, like Gecko) Mobile Safari/537.36 (compatible; PetalBot;+https://webmaster.petalsearch.com/site/petalbot)"
85.208.96.211 - - [12/Jul/2025:02:10:48 -0300] "GET /admin/includes/footer.inc.php HTTP/1.1" 403 10450 "-" "Mozilla/5.0 (compatible; SemrushBot/7~bl; +http://www.semrush.com/bot.html)"
114.119.155.210 - - [12/Jul/2025:02:11:32 -0300] "GET /admin/media/Highcharts-4.1.9/examples/combo/index.htm HTTP/1.1" 200 2388 "http://libertysa.com.br/admin/media/Highcharts-4.1.9/index.htm" "Mozilla/5.0 (Linux; Android 7.0;) AppleWebKit/537.36 (KHTML, like Gecko) Mobile Safari/537.36 (compatible; PetalBot;+https://webmaster.petalsearch.com/site/petalbot)"
216.73.216.174 - - [12/Jul/2025:02:12:13 -0300] "GET /admin/media/jQuery-Mask-Plugin/test/zepto HTTP/1.1" 301 288 "-" "Mozilla/5.0 AppleWebKit/537.36 (KHTML, like Gecko; compatible; ClaudeBot/1.0; +claudebot@anthropic.com)"
216.73.216.174 - - [12/Jul/2025:02:12:14 -0300] "GET /admin/media/jQuery-Mask-Plugin/test/zepto/ HTTP/1.1" 200 1239 "http://libertysa.dimensaogrupo.com.br/admin/media/jQuery-Mask-Plugin/test/zepto" "Mozilla/5.0 AppleWebKit/537.36 (KHTML, like Gecko; compatible; ClaudeBot/1.0; +claudebot@anthropic.com)"
114.119.152.69 - - [12/Jul/2025:02:12:56 -0300] "GET /admin/media/Highcharts-4.1.9/examples/column-stacked/index.htm HTTP/1.1" 200 2349 "http://libertysa.com.br/admin/media/Highcharts-4.1.9/index.htm" "Mozilla/5.0 (Linux; Android 7.0;) AppleWebKit/537.36 (KHTML, like Gecko) Mobile Safari/537.36 (compatible; PetalBot;+https://webmaster.petalsearch.com/site/petalbot)"
185.191.171.4 - - [12/Jul/2025:02:13:54 -0300] "GET /admin/media/intro.js-1.1.1/example/hello-world/withProgress.html HTTP/1.1" 200 3265 "-" "Mozilla/5.0 (compatible; SemrushBot/7~bl; +http://www.semrush.com/bot.html)"
185.191.171.10 - - [12/Jul/2025:02:14:00 -0300] "GET /admin/media/intro.js-1.1.1/example/hello-world/withoutBullets.html HTTP/1.1" 200 3266 "-" "Mozilla/5.0 (compatible; SemrushBot/7~bl; +http://www.semrush.com/bot.html)"
