201.48.138.81 - - [11/Jul/2025:10:30:34 -0300] "GET /cpsess2277539052/3rdparty/roundcube/program/resources/blocked.gif HTTP/2.0" 200 118 "https://webmail.dimensaogrupo.com.br/cpsess2277539052/3rdparty/roundcube/?_task=mail&_caps=pdf%3D1%2Cflash%3D0%2Ctiff%3D0%2Cwebp%3D1%2Cpgpmime%3D0&_uid=29408&_mbox=INBOX&_framed=1&_action=preview" "Mozilla/5.0 (Windows NT 10.0; Win64; x64) AppleWebKit/537.36 (KHTML, like Gecko) Chrome/138.0.0.0 Safari/537.36"
201.48.138.81 - - [11/Jul/2025:10:30:35 -0300] "GET /cpsess2277539052/3rdparty/roundcube/?_task=mail&_caps=pdf%3D1%2Cflash%3D0%2Ctiff%3D0%2Cwebp%3D1%2Cpgpmime%3D0&_uid=29409&_mbox=INBOX&_framed=1&_action=preview HTTP/2.0" 200 5940 "https://webmail.dimensaogrupo.com.br/cpsess2277539052/3rdparty/roundcube/?_task=mail&_mbox=INBOX" "Mozilla/5.0 (Windows NT 10.0; Win64; x64) AppleWebKit/537.36 (KHTML, like Gecko) Chrome/138.0.0.0 Safari/537.36"
201.48.138.81 - - [11/Jul/2025:10:30:36 -0300] "GET /cpsess2277539052/3rdparty/roundcube/?_task=addressbook&_action=photo&_email=no-reply%40clever-global.com&_error=1&_bgcolor=transparent HTTP/2.0" 204 - "https://webmail.dimensaogrupo.com.br/cpsess2277539052/3rdparty/roundcube/?_task=mail&_caps=pdf%3D1%2Cflash%3D0%2Ctiff%3D0%2Cwebp%3D1%2Cpgpmime%3D0&_uid=29409&_mbox=INBOX&_framed=1&_action=preview" "Mozilla/5.0 (Windows NT 10.0; Win64; x64) AppleWebKit/537.36 (KHTML, like Gecko) Chrome/138.0.0.0 Safari/537.36"
201.48.138.81 - - [11/Jul/2025:10:31:01 -0300] "POST /cpsess2277539052/3rdparty/roundcube/?_task=mail&_action=refresh HTTP/2.0" 200 172 "https://webmail.dimensaogrupo.com.br/cpsess2277539052/3rdparty/roundcube/?_task=mail&_mbox=INBOX" "Mozilla/5.0 (Windows NT 10.0; Win64; x64) AppleWebKit/537.36 (KHTML, like Gecko) Chrome/138.0.0.0 Safari/537.36"
200.219.243.150 - - [11/Jul/2025:10:31:11 -0300] "POST /cpsess0443418330/3rdparty/roundcube/?_task=mail&_action=refresh HTTP/2.0" 200 137 "https://webmail.dimensaogrupo.com.br/cpsess0443418330/3rdparty/roundcube/?_task=mail&_mbox=INBOX.Sent" "Mozilla/5.0 (Windows NT 10.0; Win64; x64) AppleWebKit/537.36 (KHTML, like Gecko) Chrome/137.0.0.0 Safari/537.36"
201.48.138.81 - - [11/Jul/2025:10:32:01 -0300] "POST /cpsess2277539052/3rdparty/roundcube/?_task=mail&_action=refresh HTTP/2.0" 200 135 "https://webmail.dimensaogrupo.com.br/cpsess2277539052/3rdparty/roundcube/?_task=mail&_mbox=INBOX" "Mozilla/5.0 (Windows NT 10.0; Win64; x64) AppleWebKit/537.36 (KHTML, like Gecko) Chrome/138.0.0.0 Safari/537.36"
200.219.243.150 - - [11/Jul/2025:10:32:11 -0300] "POST /cpsess0443418330/3rdparty/roundcube/?_task=mail&_action=refresh HTTP/2.0" 200 137 "https://webmail.dimensaogrupo.com.br/cpsess0443418330/3rdparty/roundcube/?_task=mail&_mbox=INBOX.Sent" "Mozilla/5.0 (Windows NT 10.0; Win64; x64) AppleWebKit/537.36 (KHTML, like Gecko) Chrome/137.0.0.0 Safari/537.36"
201.48.138.81 - - [11/Jul/2025:10:32:29 -0300] "GET /cpsess2277539052/3rdparty/roundcube/?_task=logout&_token=jHRubWreLkyigvugrwu4VxXyqSuEWcBc HTTP/2.0" 302 6118 "https://webmail.dimensaogrupo.com.br/cpsess2277539052/3rdparty/roundcube/?_task=mail&_mbox=INBOX" "Mozilla/5.0 (Windows NT 10.0; Win64; x64) AppleWebKit/537.36 (KHTML, like Gecko) Chrome/138.0.0.0 Safari/537.36"
201.48.138.81 - - [11/Jul/2025:10:32:29 -0300] "GET /webmaillogout.cgi HTTP/2.0" 308 102 "https://webmail.dimensaogrupo.com.br/cpsess2277539052/3rdparty/roundcube/?_task=mail&_mbox=INBOX" "Mozilla/5.0 (Windows NT 10.0; Win64; x64) AppleWebKit/537.36 (KHTML, like Gecko) Chrome/138.0.0.0 Safari/537.36"
201.48.138.81 - - [11/Jul/2025:10:32:30 -0300] "GET /webmaillogout.cgi HTTP/2.0" 200 12232 "https://webmail.dimensaogrupo.com.br/cpsess2277539052/3rdparty/roundcube/?_task=mail&_mbox=INBOX" "Mozilla/5.0 (Windows NT 10.0; Win64; x64) AppleWebKit/537.36 (KHTML, like Gecko) Chrome/138.0.0.0 Safari/537.36"
201.48.138.81 - - [11/Jul/2025:10:32:46 -0300] "POST /login/?login_only=1 HTTP/2.0" 308 104 "https://webmail.dimensaogrupo.com.br/webmaillogout.cgi" "Mozilla/5.0 (Windows NT 10.0; Win64; x64) AppleWebKit/537.36 (KHTML, like Gecko) Chrome/138.0.0.0 Safari/537.36"
201.48.138.81 - - [11/Jul/2025:10:32:46 -0300] "POST /login/?login_only=1 HTTP/2.0" 200 154 "https://webmail.dimensaogrupo.com.br/webmaillogout.cgi" "Mozilla/5.0 (Windows NT 10.0; Win64; x64) AppleWebKit/537.36 (KHTML, like Gecko) Chrome/138.0.0.0 Safari/537.36"
201.48.138.81 - - [11/Jul/2025:10:32:47 -0300] "GET /cpsess9674700752/webmail/jupiter/index.html?login=1&post_login=12331002558956 HTTP/2.0" 200 19157 "https://webmail.dimensaogrupo.com.br/webmaillogout.cgi" "Mozilla/5.0 (Windows NT 10.0; Win64; x64) AppleWebKit/537.36 (KHTML, like Gecko) Chrome/138.0.0.0 Safari/537.36"
201.48.138.81 - - [11/Jul/2025:10:32:49 -0300] "GET /cpsess9674700752/webmail/jupiter/assets/application_icons/user_manager.svg HTTP/2.0" 200 1505 "https://webmail.dimensaogrupo.com.br/" "Mozilla/5.0 (Windows NT 10.0; Win64; x64) AppleWebKit/537.36 (KHTML, like Gecko) Chrome/138.0.0.0 Safari/537.36"
201.48.138.81 - - [11/Jul/2025:10:32:49 -0300] "POST /cpsess9674700752/execute/Email/list_pops_with_disk HTTP/2.0" 200 290 "https://webmail.dimensaogrupo.com.br/" "Mozilla/5.0 (Windows NT 10.0; Win64; x64) AppleWebKit/537.36 (KHTML, like Gecko) Chrome/138.0.0.0 Safari/537.36"
201.48.138.81 - - [11/Jul/2025:10:32:51 -0300] "GET /cpsess9674700752/3rdparty/roundcube/index.php HTTP/2.0" 302 - "https://webmail.dimensaogrupo.com.br/" "Mozilla/5.0 (Windows NT 10.0; Win64; x64) AppleWebKit/537.36 (KHTML, like Gecko) Chrome/138.0.0.0 Safari/537.36"
201.48.138.81 - - [11/Jul/2025:10:32:52 -0300] "GET /cpsess9674700752/3rdparty/roundcube/?_task=mail&_token=qCqB0xxf3ftEDz08sizMAQPBmGekuqb0 HTTP/2.0" 200 11407 "https://webmail.dimensaogrupo.com.br/" "Mozilla/5.0 (Windows NT 10.0; Win64; x64) AppleWebKit/537.36 (KHTML, like Gecko) Chrome/138.0.0.0 Safari/537.36"
201.48.138.81 - - [11/Jul/2025:10:32:52 -0300] "GET /cpsess9674700752/3rdparty/roundcube/skins/elastic/deps/bootstrap.min.css?s=1748763916 HTTP/2.0" 200 25867 "https://webmail.dimensaogrupo.com.br/cpsess9674700752/3rdparty/roundcube/?_task=mail&_token=qCqB0xxf3ftEDz08sizMAQPBmGekuqb0" "Mozilla/5.0 (Windows NT 10.0; Win64; x64) AppleWebKit/537.36 (KHTML, like Gecko) Chrome/138.0.0.0 Safari/537.36"
201.48.138.81 - - [11/Jul/2025:10:32:52 -0300] "GET /cpsess9674700752/3rdparty/roundcube/skins/elastic/styles/styles.min.css?s=1748880883 HTTP/2.0" 200 24006 "https://webmail.dimensaogrupo.com.br/cpsess9674700752/3rdparty/roundcube/?_task=mail&_token=qCqB0xxf3ftEDz08sizMAQPBmGekuqb0" "Mozilla/5.0 (Windows NT 10.0; Win64; x64) AppleWebKit/537.36 (KHTML, like Gecko) Chrome/138.0.0.0 Safari/537.36"
201.48.138.81 - - [11/Jul/2025:10:32:52 -0300] "GET /cpsess9674700752/3rdparty/roundcube/plugins/return_to_webmail/skins/elastic/return_to_webmail.css?s=1748881325 HTTP/2.0" 200 863 "https://webmail.dimensaogrupo.com.br/cpsess9674700752/3rdparty/roundcube/?_task=mail&_token=qCqB0xxf3ftEDz08sizMAQPBmGekuqb0" "Mozilla/5.0 (Windows NT 10.0; Win64; x64) AppleWebKit/537.36 (KHTML, like Gecko) Chrome/138.0.0.0 Safari/537.36"
201.48.138.81 - - [11/Jul/2025:10:32:52 -0300] "GET /cpsess9674700752/3rdparty/roundcube/plugins/carddav/skins/elastic/carddav.css?s=1748881325 HTTP/2.0" 200 77 "https://webmail.dimensaogrupo.com.br/cpsess9674700752/3rdparty/roundcube/?_task=mail&_token=qCqB0xxf3ftEDz08sizMAQPBmGekuqb0" "Mozilla/5.0 (Windows NT 10.0; Win64; x64) AppleWebKit/537.36 (KHTML, like Gecko) Chrome/138.0.0.0 Safari/537.36"
201.48.138.81 - - [11/Jul/2025:10:32:52 -0300] "GET /cpsess9674700752/3rdparty/roundcube/plugins/jqueryui/themes/elastic/jquery-ui.min.css?s=1748763912 HTTP/2.0" 200 7701 "https://webmail.dimensaogrupo.com.br/cpsess9674700752/3rdparty/roundcube/?_task=mail&_token=qCqB0xxf3ftEDz08sizMAQPBmGekuqb0" "Mozilla/5.0 (Windows NT 10.0; Win64; x64) AppleWebKit/537.36 (KHTML, like Gecko) Chrome/138.0.0.0 Safari/537.36"
201.48.138.81 - - [11/Jul/2025:10:32:52 -0300] "GET /cpsess9674700752/3rdparty/roundcube/plugins/calendar/skins/elastic/calendar.css?s=1748881326 HTTP/2.0" 200 15435 "https://webmail.dimensaogrupo.com.br/cpsess9674700752/3rdparty/roundcube/?_task=mail&_token=qCqB0xxf3ftEDz08sizMAQPBmGekuqb0" "Mozilla/5.0 (Windows NT 10.0; Win64; x64) AppleWebKit/537.36 (KHTML, like Gecko) Chrome/138.0.0.0 Safari/537.36"
201.48.138.81 - - [11/Jul/2025:10:32:52 -0300] "GET /cpsess9674700752/3rdparty/roundcube/program/js/jquery.min.js?s=1748763914 HTTP/2.0" 200 32867 "https://webmail.dimensaogrupo.com.br/cpsess9674700752/3rdparty/roundcube/?_task=mail&_token=qCqB0xxf3ftEDz08sizMAQPBmGekuqb0" "Mozilla/5.0 (Windows NT 10.0; Win64; x64) AppleWebKit/537.36 (KHTML, like Gecko) Chrome/138.0.0.0 Safari/537.36"
201.48.138.81 - - [11/Jul/2025:10:32:52 -0300] "GET /cpsess9674700752/3rdparty/roundcube/program/js/common.min.js?s=1748763912 HTTP/2.0" 200 4959 "https://webmail.dimensaogrupo.com.br/cpsess9674700752/3rdparty/roundcube/?_task=mail&_token=qCqB0xxf3ftEDz08sizMAQPBmGekuqb0" "Mozilla/5.0 (Windows NT 10.0; Win64; x64) AppleWebKit/537.36 (KHTML, like Gecko) Chrome/138.0.0.0 Safari/537.36"
201.48.138.81 - - [11/Jul/2025:10:32:52 -0300] "GET /cpsess9674700752/3rdparty/roundcube/program/js/app.min.js?s=1748880883 HTTP/2.0" 200 50593 "https://webmail.dimensaogrupo.com.br/cpsess9674700752/3rdparty/roundcube/?_task=mail&_token=qCqB0xxf3ftEDz08sizMAQPBmGekuqb0" "Mozilla/5.0 (Windows NT 10.0; Win64; x64) AppleWebKit/537.36 (KHTML, like Gecko) Chrome/138.0.0.0 Safari/537.36"
201.48.138.81 - - [11/Jul/2025:10:32:52 -0300] "GET /cpsess9674700752/3rdparty/roundcube/program/js/treelist.min.js?s=1748763912 HTTP/2.0" 200 5390 "https://webmail.dimensaogrupo.com.br/cpsess9674700752/3rdparty/roundcube/?_task=mail&_token=qCqB0xxf3ftEDz08sizMAQPBmGekuqb0" "Mozilla/5.0 (Windows NT 10.0; Win64; x64) AppleWebKit/537.36 (KHTML, like Gecko) Chrome/138.0.0.0 Safari/537.36"
201.48.138.81 - - [11/Jul/2025:10:32:52 -0300] "GET /cpsess9674700752/3rdparty/roundcube/program/js/list.min.js?s=1748763912 HTTP/2.0" 200 8316 "https://webmail.dimensaogrupo.com.br/cpsess9674700752/3rdparty/roundcube/?_task=mail&_token=qCqB0xxf3ftEDz08sizMAQPBmGekuqb0" "Mozilla/5.0 (Windows NT 10.0; Win64; x64) AppleWebKit/537.36 (KHTML, like Gecko) Chrome/138.0.0.0 Safari/537.36"
201.48.138.81 - - [11/Jul/2025:10:32:52 -0300] "GET /cpsess9674700752/3rdparty/roundcube/plugins/archive/archive.min.js?s=1748763912 HTTP/2.0" 200 743 "https://webmail.dimensaogrupo.com.br/cpsess9674700752/3rdparty/roundcube/?_task=mail&_token=qCqB0xxf3ftEDz08sizMAQPBmGekuqb0" "Mozilla/5.0 (Windows NT 10.0; Win64; x64) AppleWebKit/537.36 (KHTML, like Gecko) Chrome/138.0.0.0 Safari/537.36"
201.48.138.81 - - [11/Jul/2025:10:32:52 -0300] "GET /cpsess9674700752/3rdparty/roundcube/plugins/return_to_webmail/return_to_webmail.js?s=1748881325 HTTP/2.0" 200 773 "https://webmail.dimensaogrupo.com.br/cpsess9674700752/3rdparty/roundcube/?_task=mail&_token=qCqB0xxf3ftEDz08sizMAQPBmGekuqb0" "Mozilla/5.0 (Windows NT 10.0; Win64; x64) AppleWebKit/537.36 (KHTML, like Gecko) Chrome/138.0.0.0 Safari/537.36"
201.48.138.81 - - [11/Jul/2025:10:32:52 -0300] "GET /cpsess9674700752/3rdparty/roundcube/plugins/markasjunk/markasjunk.min.js?s=1748763912 HTTP/2.0" 200 1144 "https://webmail.dimensaogrupo.com.br/cpsess9674700752/3rdparty/roundcube/?_task=mail&_token=qCqB0xxf3ftEDz08sizMAQPBmGekuqb0" "Mozilla/5.0 (Windows NT 10.0; Win64; x64) AppleWebKit/537.36 (KHTML, like Gecko) Chrome/138.0.0.0 Safari/537.36"
201.48.138.81 - - [11/Jul/2025:10:32:52 -0300] "GET /cpsess9674700752/3rdparty/roundcube/plugins/jqueryui/js/jquery-ui.min.js?s=1748763912 HTTP/2.0" 200 74366 "https://webmail.dimensaogrupo.com.br/cpsess9674700752/3rdparty/roundcube/?_task=mail&_token=qCqB0xxf3ftEDz08sizMAQPBmGekuqb0" "Mozilla/5.0 (Windows NT 10.0; Win64; x64) AppleWebKit/537.36 (KHTML, like Gecko) Chrome/138.0.0.0 Safari/537.36"
201.48.138.81 - - [11/Jul/2025:10:32:52 -0300] "GET /cpsess9674700752/3rdparty/roundcube/plugins/jqueryui/js/i18n/datepicker-pt-BR.js?s=1748763912 HTTP/2.0" 200 660 "https://webmail.dimensaogrupo.com.br/cpsess9674700752/3rdparty/roundcube/?_task=mail&_token=qCqB0xxf3ftEDz08sizMAQPBmGekuqb0" "Mozilla/5.0 (Windows NT 10.0; Win64; x64) AppleWebKit/537.36 (KHTML, like Gecko) Chrome/138.0.0.0 Safari/537.36"
201.48.138.81 - - [11/Jul/2025:10:32:52 -0300] "GET /cpsess9674700752/3rdparty/roundcube/plugins/calendar/calendar_base.js?s=1748881326 HTTP/2.0" 200 1766 "https://webmail.dimensaogrupo.com.br/cpsess9674700752/3rdparty/roundcube/?_task=mail&_token=qCqB0xxf3ftEDz08sizMAQPBmGekuqb0" "Mozilla/5.0 (Windows NT 10.0; Win64; x64) AppleWebKit/537.36 (KHTML, like Gecko) Chrome/138.0.0.0 Safari/537.36"
201.48.138.81 - - [11/Jul/2025:10:32:52 -0300] "GET /cpsess9674700752/3rdparty/roundcube/plugins/libcalendaring/libcalendaring.js?s=1748881326 HTTP/2.0" 200 15634 "https://webmail.dimensaogrupo.com.br/cpsess9674700752/3rdparty/roundcube/?_task=mail&_token=qCqB0xxf3ftEDz08sizMAQPBmGekuqb0" "Mozilla/5.0 (Windows NT 10.0; Win64; x64) AppleWebKit/537.36 (KHTML, like Gecko) Chrome/138.0.0.0 Safari/537.36"
201.48.138.81 - - [11/Jul/2025:10:32:52 -0300] "GET /cpsess9674700752/3rdparty/roundcube/skins/elastic/images/logo.svg?s=1748763912 HTTP/2.0" 200 397 "https://webmail.dimensaogrupo.com.br/cpsess9674700752/3rdparty/roundcube/?_task=mail&_token=qCqB0xxf3ftEDz08sizMAQPBmGekuqb0" "Mozilla/5.0 (Windows NT 10.0; Win64; x64) AppleWebKit/537.36 (KHTML, like Gecko) Chrome/138.0.0.0 Safari/537.36"
201.48.138.81 - - [11/Jul/2025:10:32:52 -0300] "GET /cpsess9674700752/3rdparty/roundcube/skins/elastic/deps/bootstrap.bundle.min.js?s=1748763916 HTTP/2.0" 200 23054 "https://webmail.dimensaogrupo.com.br/cpsess9674700752/3rdparty/roundcube/?_task=mail&_token=qCqB0xxf3ftEDz08sizMAQPBmGekuqb0" "Mozilla/5.0 (Windows NT 10.0; Win64; x64) AppleWebKit/537.36 (KHTML, like Gecko) Chrome/138.0.0.0 Safari/537.36"
201.48.138.81 - - [11/Jul/2025:10:32:57 -0300] "GET /cpsess9674700752/3rdparty/roundcube/skins/elastic/ui.min.js?s=1748763912 HTTP/2.0" 200 20576 "https://webmail.dimensaogrupo.com.br/cpsess9674700752/3rdparty/roundcube/?_task=mail&_token=qCqB0xxf3ftEDz08sizMAQPBmGekuqb0" "Mozilla/5.0 (Windows NT 10.0; Win64; x64) AppleWebKit/537.36 (KHTML, like Gecko) Chrome/138.0.0.0 Safari/537.36"
201.48.138.81 - - [11/Jul/2025:10:32:57 -0300] "GET /cpsess9674700752/3rdparty/roundcube/skins/elastic/watermark.html HTTP/2.0" 200 494 "https://webmail.dimensaogrupo.com.br/cpsess9674700752/3rdparty/roundcube/?_task=mail&_token=qCqB0xxf3ftEDz08sizMAQPBmGekuqb0" "Mozilla/5.0 (Windows NT 10.0; Win64; x64) AppleWebKit/537.36 (KHTML, like Gecko) Chrome/138.0.0.0 Safari/537.36"
201.48.138.81 - - [11/Jul/2025:10:32:57 -0300] "GET /cpsess9674700752/3rdparty/roundcube/skins/elastic/watermark.html HTTP/2.0" 200 494 "https://webmail.dimensaogrupo.com.br/cpsess9674700752/3rdparty/roundcube/?_task=mail&_token=qCqB0xxf3ftEDz08sizMAQPBmGekuqb0" "Mozilla/5.0 (Windows NT 10.0; Win64; x64) AppleWebKit/537.36 (KHTML, like Gecko) Chrome/138.0.0.0 Safari/537.36"
201.48.138.81 - - [11/Jul/2025:10:32:57 -0300] "GET /cpsess9674700752/3rdparty/roundcube/?_task=mail&_action=list&_refresh=1&_layout=widescreen&_mbox=INBOX&_page=&_remote=1&_unlock=loading1752240746882&_=1752240743753 HTTP/2.0" 200 3136 "https://webmail.dimensaogrupo.com.br/cpsess9674700752/3rdparty/roundcube/?_task=mail&_token=qCqB0xxf3ftEDz08sizMAQPBmGekuqb0" "Mozilla/5.0 (Windows NT 10.0; Win64; x64) AppleWebKit/537.36 (KHTML, like Gecko) Chrome/138.0.0.0 Safari/537.36"
201.48.138.81 - - [11/Jul/2025:10:32:57 -0300] "GET /cpsess9674700752/3rdparty/roundcube/?_task=mail&_action=getunread&_page=1&_remote=1&_unlock=0&_=1752240743754 HTTP/2.0" 200 348 "https://webmail.dimensaogrupo.com.br/cpsess9674700752/3rdparty/roundcube/?_task=mail&_mbox=INBOX" "Mozilla/5.0 (Windows NT 10.0; Win64; x64) AppleWebKit/537.36 (KHTML, like Gecko) Chrome/138.0.0.0 Safari/537.36"
201.48.138.81 - - [11/Jul/2025:10:32:57 -0300] "GET /cpsess9674700752/3rdparty/roundcube/program/resources/blank.tiff HTTP/2.0" 200 270 "https://webmail.dimensaogrupo.com.br/cpsess9674700752/3rdparty/roundcube/?_task=mail&_mbox=INBOX" "Mozilla/5.0 (Windows NT 10.0; Win64; x64) AppleWebKit/537.36 (KHTML, like Gecko) Chrome/138.0.0.0 Safari/537.36"
201.48.138.81 - - [11/Jul/2025:10:32:57 -0300] "GET /cpsess9674700752/3rdparty/roundcube/skins/elastic/images/favicon.ico?s=1748763912 HTTP/2.0" 200 1871 "https://webmail.dimensaogrupo.com.br/cpsess9674700752/3rdparty/roundcube/?_task=mail&_mbox=INBOX" "Mozilla/5.0 (Windows NT 10.0; Win64; x64) AppleWebKit/537.36 (KHTML, like Gecko) Chrome/138.0.0.0 Safari/537.36"
201.48.138.81 - - [11/Jul/2025:10:32:57 -0300] "GET /cpsess9674700752/3rdparty/roundcube/program/resources/blank.webp HTTP/2.0" 200 86 "https://webmail.dimensaogrupo.com.br/cpsess9674700752/3rdparty/roundcube/?_task=mail&_mbox=INBOX" "Mozilla/5.0 (Windows NT 10.0; Win64; x64) AppleWebKit/537.36 (KHTML, like Gecko) Chrome/138.0.0.0 Safari/537.36"
201.48.138.81 - - [11/Jul/2025:10:32:58 -0300] "GET /cpsess9674700752/3rdparty/roundcube/skins/elastic/images/logo.svg HTTP/2.0" 200 397 "https://webmail.dimensaogrupo.com.br/cpsess9674700752/3rdparty/roundcube/skins/elastic/watermark.html" "Mozilla/5.0 (Windows NT 10.0; Win64; x64) AppleWebKit/537.36 (KHTML, like Gecko) Chrome/138.0.0.0 Safari/537.36"
201.48.138.81 - - [11/Jul/2025:10:33:02 -0300] "GET /cpsess9674700752/3rdparty/roundcube/?_task=mail&_action=list&_refresh=1&_layout=widescreen&_mbox=INBOX.spam&_page=1&_remote=1&_unlock=loading1752240751750&_=1752240743755 HTTP/2.0" 200 4345 "https://webmail.dimensaogrupo.com.br/cpsess9674700752/3rdparty/roundcube/?_task=mail&_mbox=INBOX" "Mozilla/5.0 (Windows NT 10.0; Win64; x64) AppleWebKit/537.36 (KHTML, like Gecko) Chrome/138.0.0.0 Safari/537.36"
201.48.138.81 - - [11/Jul/2025:10:33:06 -0300] "GET /cpsess9674700752/3rdparty/roundcube/?_task=mail&_caps=pdf%3D1%2Cflash%3D0%2Ctiff%3D0%2Cwebp%3D1%2Cpgpmime%3D0&_uid=479&_mbox=INBOX.spam&_framed=1&_action=preview HTTP/2.0" 200 5606 "https://webmail.dimensaogrupo.com.br/cpsess9674700752/3rdparty/roundcube/?_task=mail&_mbox=INBOX.spam" "Mozilla/5.0 (Windows NT 10.0; Win64; x64) AppleWebKit/537.36 (KHTML, like Gecko) Chrome/138.0.0.0 Safari/537.36"
201.48.138.81 - - [11/Jul/2025:10:33:06 -0300] "GET /cpsess9674700752/3rdparty/roundcube/?_task=addressbook&_action=photo&_email=michelon.dimensao%40michelonadvocacia.com.br&_error=1&_bgcolor=transparent HTTP/2.0" 204 - "https://webmail.dimensaogrupo.com.br/cpsess9674700752/3rdparty/roundcube/?_task=mail&_caps=pdf%3D1%2Cflash%3D0%2Ctiff%3D0%2Cwebp%3D1%2Cpgpmime%3D0&_uid=479&_mbox=INBOX.spam&_framed=1&_action=preview" "Mozilla/5.0 (Windows NT 10.0; Win64; x64) AppleWebKit/537.36 (KHTML, like Gecko) Chrome/138.0.0.0 Safari/537.36"
201.48.138.81 - - [11/Jul/2025:10:33:06 -0300] "GET /cpsess9674700752/3rdparty/roundcube/skins/elastic/images/contactpic.svg HTTP/2.0" 200 367 "https://webmail.dimensaogrupo.com.br/cpsess9674700752/3rdparty/roundcube/?_task=mail&_caps=pdf%3D1%2Cflash%3D0%2Ctiff%3D0%2Cwebp%3D1%2Cpgpmime%3D0&_uid=479&_mbox=INBOX.spam&_framed=1&_action=preview" "Mozilla/5.0 (Windows NT 10.0; Win64; x64) AppleWebKit/537.36 (KHTML, like Gecko) Chrome/138.0.0.0 Safari/537.36"
201.48.138.81 - - [11/Jul/2025:10:33:08 -0300] "GET /cpsess9674700752/3rdparty/roundcube/?_task=mail&_frame=1&_mbox=INBOX.spam&_uid=479&_part=2&_action=get&_extwin=1 HTTP/2.0" 200 3635 "https://webmail.dimensaogrupo.com.br/cpsess9674700752/3rdparty/roundcube/?_task=mail&_caps=pdf%3D1%2Cflash%3D0%2Ctiff%3D0%2Cwebp%3D1%2Cpgpmime%3D0&_uid=479&_mbox=INBOX.spam&_framed=1&_action=preview" "Mozilla/5.0 (Windows NT 10.0; Win64; x64) AppleWebKit/537.36 (KHTML, like Gecko) Chrome/138.0.0.0 Safari/537.36"
201.48.138.81 - - [11/Jul/2025:10:33:09 -0300] "GET /cpsess9674700752/3rdparty/roundcube/?_task=mail&_frame=1&_mbox=INBOX.spam&_uid=479&_part=2&_action=get&_extwin=1 HTTP/2.0" 200 3635 "https://webmail.dimensaogrupo.com.br/cpsess9674700752/3rdparty/roundcube/?_task=mail&_caps=pdf%3D1%2Cflash%3D0%2Ctiff%3D0%2Cwebp%3D1%2Cpgpmime%3D0&_uid=479&_mbox=INBOX.spam&_framed=1&_action=preview" "Mozilla/5.0 (Windows NT 10.0; Win64; x64) AppleWebKit/537.36 (KHTML, like Gecko) Chrome/138.0.0.0 Safari/537.36"
201.48.138.81 - - [11/Jul/2025:10:33:09 -0300] "GET /cpsess9674700752/3rdparty/roundcube/?_task=mail&_mbox=INBOX.spam&_uid=479&_part=2&_action=get&_extwin=1&_preload=1&_framed=1 HTTP/2.0" 200 348 "https://webmail.dimensaogrupo.com.br/cpsess9674700752/3rdparty/roundcube/?_task=mail&_frame=1&_mbox=INBOX.spam&_uid=479&_part=2&_action=get&_extwin=1" "Mozilla/5.0 (Windows NT 10.0; Win64; x64) AppleWebKit/537.36 (KHTML, like Gecko) Chrome/138.0.0.0 Safari/537.36"
201.48.138.81 - - [11/Jul/2025:10:33:11 -0300] "GET /cpsess9674700752/3rdparty/roundcube/?_task=mail&_mbox=INBOX.spam&_uid=479&_part=2&_action=get&_extwin=1&_preload=1&_framed=1 HTTP/2.0" 200 348 "https://webmail.dimensaogrupo.com.br/cpsess9674700752/3rdparty/roundcube/?_task=mail&_frame=1&_mbox=INBOX.spam&_uid=479&_part=2&_action=get&_extwin=1" "Mozilla/5.0 (Windows NT 10.0; Win64; x64) AppleWebKit/537.36 (KHTML, like Gecko) Chrome/138.0.0.0 Safari/537.36"
200.219.243.150 - - [11/Jul/2025:10:33:11 -0300] "POST /cpsess0443418330/3rdparty/roundcube/?_task=mail&_action=refresh HTTP/2.0" 308 152 "https://webmail.dimensaogrupo.com.br/cpsess0443418330/3rdparty/roundcube/?_task=mail&_mbox=INBOX.Sent" "Mozilla/5.0 (Windows NT 10.0; Win64; x64) AppleWebKit/537.36 (KHTML, like Gecko) Chrome/137.0.0.0 Safari/537.36"
201.48.138.81 - - [11/Jul/2025:10:33:11 -0300] "GET /cpsess9674700752/3rdparty/roundcube/?_task=mail&_mbox=INBOX.spam&_uid=479&_part=2&_action=get&_extwin=1&_framed=1&_mimewarning=1&_embed=1 HTTP/2.0" 200 74714 "https://webmail.dimensaogrupo.com.br/cpsess9674700752/3rdparty/roundcube/?_task=mail&_mbox=INBOX.spam&_uid=479&_part=2&_action=get&_extwin=1&_preload=1&_framed=1" "Mozilla/5.0 (Windows NT 10.0; Win64; x64) AppleWebKit/537.36 (KHTML, like Gecko) Chrome/138.0.0.0 Safari/537.36"
200.219.243.150 - - [11/Jul/2025:10:33:11 -0300] "POST /cpsess0443418330/3rdparty/roundcube/?_task=mail&_action=refresh HTTP/2.0" 200 137 "https://webmail.dimensaogrupo.com.br/cpsess0443418330/3rdparty/roundcube/?_task=mail&_mbox=INBOX.Sent" "Mozilla/5.0 (Windows NT 10.0; Win64; x64) AppleWebKit/537.36 (KHTML, like Gecko) Chrome/137.0.0.0 Safari/537.36"
201.48.138.81 - - [11/Jul/2025:10:33:12 -0300] "GET /cpsess9674700752/3rdparty/roundcube/?_task=mail&_mbox=INBOX.spam&_uid=479&_part=2&_action=get&_extwin=1&_framed=1&_mimewarning=1&_embed=1 HTTP/2.0" 200 74714 "https://webmail.dimensaogrupo.com.br/cpsess9674700752/3rdparty/roundcube/?_task=mail&_mbox=INBOX.spam&_uid=479&_part=2&_action=get&_extwin=1&_preload=1&_framed=1" "Mozilla/5.0 (Windows NT 10.0; Win64; x64) AppleWebKit/537.36 (KHTML, like Gecko) Chrome/138.0.0.0 Safari/537.36"
201.48.138.81 - - [11/Jul/2025:10:33:58 -0300] "POST /cpsess9674700752/3rdparty/roundcube/?_task=mail&_action=refresh HTTP/2.0" 200 135 "https://webmail.dimensaogrupo.com.br/cpsess9674700752/3rdparty/roundcube/?_task=mail&_mbox=INBOX.spam" "Mozilla/5.0 (Windows NT 10.0; Win64; x64) AppleWebKit/537.36 (KHTML, like Gecko) Chrome/138.0.0.0 Safari/537.36"
200.219.243.150 - - [11/Jul/2025:10:34:11 -0300] "POST /cpsess0443418330/3rdparty/roundcube/?_task=mail&_action=refresh HTTP/2.0" 200 137 "https://webmail.dimensaogrupo.com.br/cpsess0443418330/3rdparty/roundcube/?_task=mail&_mbox=INBOX.Sent" "Mozilla/5.0 (Windows NT 10.0; Win64; x64) AppleWebKit/537.36 (KHTML, like Gecko) Chrome/137.0.0.0 Safari/537.36"
201.48.138.81 - - [11/Jul/2025:10:34:58 -0300] "POST /cpsess9674700752/3rdparty/roundcube/?_task=mail&_action=refresh HTTP/2.0" 200 135 "https://webmail.dimensaogrupo.com.br/cpsess9674700752/3rdparty/roundcube/?_task=mail&_mbox=INBOX.spam" "Mozilla/5.0 (Windows NT 10.0; Win64; x64) AppleWebKit/537.36 (KHTML, like Gecko) Chrome/138.0.0.0 Safari/537.36"
200.219.243.150 - - [11/Jul/2025:10:35:14 -0300] "POST /cpsess0443418330/3rdparty/roundcube/?_task=mail&_action=refresh HTTP/2.0" 308 152 "https://webmail.dimensaogrupo.com.br/cpsess0443418330/3rdparty/roundcube/?_task=mail&_mbox=INBOX.Sent" "Mozilla/5.0 (Windows NT 10.0; Win64; x64) AppleWebKit/537.36 (KHTML, like Gecko) Chrome/137.0.0.0 Safari/537.36"
200.219.243.150 - - [11/Jul/2025:10:35:14 -0300] "POST /cpsess0443418330/3rdparty/roundcube/?_task=mail&_action=refresh HTTP/2.0" 200 137 "https://webmail.dimensaogrupo.com.br/cpsess0443418330/3rdparty/roundcube/?_task=mail&_mbox=INBOX.Sent" "Mozilla/5.0 (Windows NT 10.0; Win64; x64) AppleWebKit/537.36 (KHTML, like Gecko) Chrome/137.0.0.0 Safari/537.36"
201.48.138.81 - - [11/Jul/2025:10:36:01 -0300] "POST /cpsess9674700752/3rdparty/roundcube/?_task=mail&_action=refresh HTTP/2.0" 308 152 "https://webmail.dimensaogrupo.com.br/cpsess9674700752/3rdparty/roundcube/?_task=mail&_mbox=INBOX.spam" "Mozilla/5.0 (Windows NT 10.0; Win64; x64) AppleWebKit/537.36 (KHTML, like Gecko) Chrome/138.0.0.0 Safari/537.36"
201.48.138.81 - - [11/Jul/2025:10:36:01 -0300] "POST /cpsess9674700752/3rdparty/roundcube/?_task=mail&_action=refresh HTTP/2.0" 200 135 "https://webmail.dimensaogrupo.com.br/cpsess9674700752/3rdparty/roundcube/?_task=mail&_mbox=INBOX.spam" "Mozilla/5.0 (Windows NT 10.0; Win64; x64) AppleWebKit/537.36 (KHTML, like Gecko) Chrome/138.0.0.0 Safari/537.36"
200.219.243.150 - - [11/Jul/2025:10:36:14 -0300] "POST /cpsess0443418330/3rdparty/roundcube/?_task=mail&_action=refresh HTTP/2.0" 200 137 "https://webmail.dimensaogrupo.com.br/cpsess0443418330/3rdparty/roundcube/?_task=mail&_mbox=INBOX.Sent" "Mozilla/5.0 (Windows NT 10.0; Win64; x64) AppleWebKit/537.36 (KHTML, like Gecko) Chrome/137.0.0.0 Safari/537.36"
201.48.138.81 - - [11/Jul/2025:10:37:01 -0300] "POST /cpsess9674700752/3rdparty/roundcube/?_task=mail&_action=refresh HTTP/2.0" 200 135 "https://webmail.dimensaogrupo.com.br/cpsess9674700752/3rdparty/roundcube/?_task=mail&_mbox=INBOX.spam" "Mozilla/5.0 (Windows NT 10.0; Win64; x64) AppleWebKit/537.36 (KHTML, like Gecko) Chrome/138.0.0.0 Safari/537.36"
200.219.243.150 - - [11/Jul/2025:10:37:14 -0300] "POST /cpsess0443418330/3rdparty/roundcube/?_task=mail&_action=refresh HTTP/2.0" 200 137 "https://webmail.dimensaogrupo.com.br/cpsess0443418330/3rdparty/roundcube/?_task=mail&_mbox=INBOX.Sent" "Mozilla/5.0 (Windows NT 10.0; Win64; x64) AppleWebKit/537.36 (KHTML, like Gecko) Chrome/137.0.0.0 Safari/537.36"
201.48.138.81 - - [11/Jul/2025:10:38:03 -0300] "POST /cpsess9674700752/3rdparty/roundcube/?_task=mail&_action=refresh HTTP/2.0" 200 135 "https://webmail.dimensaogrupo.com.br/cpsess9674700752/3rdparty/roundcube/?_task=mail&_mbox=INBOX.spam" "Mozilla/5.0 (Windows NT 10.0; Win64; x64) AppleWebKit/537.36 (KHTML, like Gecko) Chrome/138.0.0.0 Safari/537.36"
200.219.243.150 - - [11/Jul/2025:10:38:14 -0300] "POST /cpsess0443418330/3rdparty/roundcube/?_task=mail&_action=refresh HTTP/2.0" 200 137 "https://webmail.dimensaogrupo.com.br/cpsess0443418330/3rdparty/roundcube/?_task=mail&_mbox=INBOX.Sent" "Mozilla/5.0 (Windows NT 10.0; Win64; x64) AppleWebKit/537.36 (KHTML, like Gecko) Chrome/137.0.0.0 Safari/537.36"
201.48.138.81 - - [11/Jul/2025:10:39:05 -0300] "POST /cpsess9674700752/3rdparty/roundcube/?_task=mail&_action=refresh HTTP/2.0" 200 135 "https://webmail.dimensaogrupo.com.br/cpsess9674700752/3rdparty/roundcube/?_task=mail&_mbox=INBOX.spam" "Mozilla/5.0 (Windows NT 10.0; Win64; x64) AppleWebKit/537.36 (KHTML, like Gecko) Chrome/138.0.0.0 Safari/537.36"
200.219.243.150 - - [11/Jul/2025:10:39:14 -0300] "POST /cpsess0443418330/3rdparty/roundcube/?_task=mail&_action=refresh HTTP/2.0" 200 137 "https://webmail.dimensaogrupo.com.br/cpsess0443418330/3rdparty/roundcube/?_task=mail&_mbox=INBOX.Sent" "Mozilla/5.0 (Windows NT 10.0; Win64; x64) AppleWebKit/537.36 (KHTML, like Gecko) Chrome/137.0.0.0 Safari/537.36"
201.48.138.81 - - [11/Jul/2025:10:40:02 -0300] "POST /cpsess9674700752/3rdparty/roundcube/?_task=mail&_action=refresh HTTP/2.0" 200 135 "https://webmail.dimensaogrupo.com.br/cpsess9674700752/3rdparty/roundcube/?_task=mail&_mbox=INBOX.spam" "Mozilla/5.0 (Windows NT 10.0; Win64; x64) AppleWebKit/537.36 (KHTML, like Gecko) Chrome/138.0.0.0 Safari/537.36"
200.219.243.150 - - [11/Jul/2025:10:40:14 -0300] "POST /cpsess0443418330/3rdparty/roundcube/?_task=mail&_action=refresh HTTP/2.0" 200 137 "https://webmail.dimensaogrupo.com.br/cpsess0443418330/3rdparty/roundcube/?_task=mail&_mbox=INBOX.Sent" "Mozilla/5.0 (Windows NT 10.0; Win64; x64) AppleWebKit/537.36 (KHTML, like Gecko) Chrome/137.0.0.0 Safari/537.36"
201.48.138.81 - - [11/Jul/2025:10:41:03 -0300] "POST /cpsess9674700752/3rdparty/roundcube/?_task=mail&_action=refresh HTTP/2.0" 200 135 "https://webmail.dimensaogrupo.com.br/cpsess9674700752/3rdparty/roundcube/?_task=mail&_mbox=INBOX.spam" "Mozilla/5.0 (Windows NT 10.0; Win64; x64) AppleWebKit/537.36 (KHTML, like Gecko) Chrome/138.0.0.0 Safari/537.36"
200.219.243.150 - - [11/Jul/2025:10:41:14 -0300] "POST /cpsess0443418330/3rdparty/roundcube/?_task=mail&_action=refresh HTTP/2.0" 200 137 "https://webmail.dimensaogrupo.com.br/cpsess0443418330/3rdparty/roundcube/?_task=mail&_mbox=INBOX.Sent" "Mozilla/5.0 (Windows NT 10.0; Win64; x64) AppleWebKit/537.36 (KHTML, like Gecko) Chrome/137.0.0.0 Safari/537.36"
201.48.138.81 - - [11/Jul/2025:10:42:01 -0300] "POST /cpsess9674700752/3rdparty/roundcube/?_task=mail&_action=refresh HTTP/2.0" 200 135 "https://webmail.dimensaogrupo.com.br/cpsess9674700752/3rdparty/roundcube/?_task=mail&_mbox=INBOX.spam" "Mozilla/5.0 (Windows NT 10.0; Win64; x64) AppleWebKit/537.36 (KHTML, like Gecko) Chrome/138.0.0.0 Safari/537.36"
200.219.243.150 - - [11/Jul/2025:10:42:14 -0300] "POST /cpsess0443418330/3rdparty/roundcube/?_task=mail&_action=refresh HTTP/2.0" 200 137 "https://webmail.dimensaogrupo.com.br/cpsess0443418330/3rdparty/roundcube/?_task=mail&_mbox=INBOX.Sent" "Mozilla/5.0 (Windows NT 10.0; Win64; x64) AppleWebKit/537.36 (KHTML, like Gecko) Chrome/137.0.0.0 Safari/537.36"
201.48.138.81 - - [11/Jul/2025:10:43:01 -0300] "POST /cpsess9674700752/3rdparty/roundcube/?_task=mail&_action=refresh HTTP/2.0" 200 135 "https://webmail.dimensaogrupo.com.br/cpsess9674700752/3rdparty/roundcube/?_task=mail&_mbox=INBOX.spam" "Mozilla/5.0 (Windows NT 10.0; Win64; x64) AppleWebKit/537.36 (KHTML, like Gecko) Chrome/138.0.0.0 Safari/537.36"
200.219.243.150 - - [11/Jul/2025:10:43:14 -0300] "POST /cpsess0443418330/3rdparty/roundcube/?_task=mail&_action=refresh HTTP/2.0" 308 152 "https://webmail.dimensaogrupo.com.br/cpsess0443418330/3rdparty/roundcube/?_task=mail&_mbox=INBOX.Sent" "Mozilla/5.0 (Windows NT 10.0; Win64; x64) AppleWebKit/537.36 (KHTML, like Gecko) Chrome/137.0.0.0 Safari/537.36"
200.219.243.150 - - [11/Jul/2025:10:43:14 -0300] "POST /cpsess0443418330/3rdparty/roundcube/?_task=mail&_action=refresh HTTP/2.0" 200 137 "https://webmail.dimensaogrupo.com.br/cpsess0443418330/3rdparty/roundcube/?_task=mail&_mbox=INBOX.Sent" "Mozilla/5.0 (Windows NT 10.0; Win64; x64) AppleWebKit/537.36 (KHTML, like Gecko) Chrome/137.0.0.0 Safari/537.36"
201.48.138.81 - - [11/Jul/2025:10:44:01 -0300] "POST /cpsess9674700752/3rdparty/roundcube/?_task=mail&_action=refresh HTTP/2.0" 308 152 "https://webmail.dimensaogrupo.com.br/cpsess9674700752/3rdparty/roundcube/?_task=mail&_mbox=INBOX.spam" "Mozilla/5.0 (Windows NT 10.0; Win64; x64) AppleWebKit/537.36 (KHTML, like Gecko) Chrome/138.0.0.0 Safari/537.36"
201.48.138.81 - - [11/Jul/2025:10:44:03 -0300] "POST /cpsess9674700752/3rdparty/roundcube/?_task=mail&_action=refresh HTTP/2.0" 200 141 "https://webmail.dimensaogrupo.com.br/cpsess9674700752/3rdparty/roundcube/?_task=mail&_mbox=INBOX.spam" "Mozilla/5.0 (Windows NT 10.0; Win64; x64) AppleWebKit/537.36 (KHTML, like Gecko) Chrome/138.0.0.0 Safari/537.36"
200.219.243.150 - - [11/Jul/2025:10:44:14 -0300] "POST /cpsess0443418330/3rdparty/roundcube/?_task=mail&_action=refresh HTTP/2.0" 200 137 "https://webmail.dimensaogrupo.com.br/cpsess0443418330/3rdparty/roundcube/?_task=mail&_mbox=INBOX.Sent" "Mozilla/5.0 (Windows NT 10.0; Win64; x64) AppleWebKit/537.36 (KHTML, like Gecko) Chrome/137.0.0.0 Safari/537.36"
201.48.138.81 - - [11/Jul/2025:10:45:01 -0300] "POST /cpsess9674700752/3rdparty/roundcube/?_task=mail&_action=refresh HTTP/2.0" 200 135 "https://webmail.dimensaogrupo.com.br/cpsess9674700752/3rdparty/roundcube/?_task=mail&_mbox=INBOX.spam" "Mozilla/5.0 (Windows NT 10.0; Win64; x64) AppleWebKit/537.36 (KHTML, like Gecko) Chrome/138.0.0.0 Safari/537.36"
200.219.243.150 - - [11/Jul/2025:10:45:14 -0300] "POST /cpsess0443418330/3rdparty/roundcube/?_task=mail&_action=refresh HTTP/2.0" 200 137 "https://webmail.dimensaogrupo.com.br/cpsess0443418330/3rdparty/roundcube/?_task=mail&_mbox=INBOX.Sent" "Mozilla/5.0 (Windows NT 10.0; Win64; x64) AppleWebKit/537.36 (KHTML, like Gecko) Chrome/137.0.0.0 Safari/537.36"
200.219.243.150 - - [11/Jul/2025:10:46:14 -0300] "POST /cpsess0443418330/3rdparty/roundcube/?_task=mail&_action=refresh HTTP/2.0" 200 137 "https://webmail.dimensaogrupo.com.br/cpsess0443418330/3rdparty/roundcube/?_task=mail&_mbox=INBOX.Sent" "Mozilla/5.0 (Windows NT 10.0; Win64; x64) AppleWebKit/537.36 (KHTML, like Gecko) Chrome/137.0.0.0 Safari/537.36"
200.219.243.150 - - [11/Jul/2025:10:47:14 -0300] "POST /cpsess0443418330/3rdparty/roundcube/?_task=mail&_action=refresh HTTP/2.0" 200 137 "https://webmail.dimensaogrupo.com.br/cpsess0443418330/3rdparty/roundcube/?_task=mail&_mbox=INBOX.Sent" "Mozilla/5.0 (Windows NT 10.0; Win64; x64) AppleWebKit/537.36 (KHTML, like Gecko) Chrome/137.0.0.0 Safari/537.36"
201.48.138.81 - - [11/Jul/2025:10:48:06 -0300] "POST /cpsess9674700752/3rdparty/roundcube/?_task=mail&_action=refresh HTTP/2.0" 200 135 "https://webmail.dimensaogrupo.com.br/cpsess9674700752/3rdparty/roundcube/?_task=mail&_mbox=INBOX.spam" "Mozilla/5.0 (Windows NT 10.0; Win64; x64) AppleWebKit/537.36 (KHTML, like Gecko) Chrome/138.0.0.0 Safari/537.36"
200.219.243.150 - - [11/Jul/2025:10:48:14 -0300] "POST /cpsess0443418330/3rdparty/roundcube/?_task=mail&_action=refresh HTTP/2.0" 200 137 "https://webmail.dimensaogrupo.com.br/cpsess0443418330/3rdparty/roundcube/?_task=mail&_mbox=INBOX.Sent" "Mozilla/5.0 (Windows NT 10.0; Win64; x64) AppleWebKit/537.36 (KHTML, like Gecko) Chrome/137.0.0.0 Safari/537.36"
201.48.138.81 - - [11/Jul/2025:10:49:04 -0300] "POST /cpsess9674700752/3rdparty/roundcube/?_task=mail&_action=refresh HTTP/2.0" 200 135 "https://webmail.dimensaogrupo.com.br/cpsess9674700752/3rdparty/roundcube/?_task=mail&_mbox=INBOX.spam" "Mozilla/5.0 (Windows NT 10.0; Win64; x64) AppleWebKit/537.36 (KHTML, like Gecko) Chrome/138.0.0.0 Safari/537.36"
200.219.243.150 - - [11/Jul/2025:10:49:14 -0300] "POST /cpsess0443418330/3rdparty/roundcube/?_task=mail&_action=refresh HTTP/2.0" 200 137 "https://webmail.dimensaogrupo.com.br/cpsess0443418330/3rdparty/roundcube/?_task=mail&_mbox=INBOX.Sent" "Mozilla/5.0 (Windows NT 10.0; Win64; x64) AppleWebKit/537.36 (KHTML, like Gecko) Chrome/137.0.0.0 Safari/537.36"
201.48.138.81 - - [11/Jul/2025:10:50:01 -0300] "POST /cpsess9674700752/3rdparty/roundcube/?_task=mail&_action=refresh HTTP/2.0" 308 152 "https://webmail.dimensaogrupo.com.br/cpsess9674700752/3rdparty/roundcube/?_task=mail&_mbox=INBOX.spam" "Mozilla/5.0 (Windows NT 10.0; Win64; x64) AppleWebKit/537.36 (KHTML, like Gecko) Chrome/138.0.0.0 Safari/537.36"
201.48.138.81 - - [11/Jul/2025:10:50:01 -0300] "POST /cpsess9674700752/3rdparty/roundcube/?_task=mail&_action=refresh HTTP/2.0" 200 135 "https://webmail.dimensaogrupo.com.br/cpsess9674700752/3rdparty/roundcube/?_task=mail&_mbox=INBOX.spam" "Mozilla/5.0 (Windows NT 10.0; Win64; x64) AppleWebKit/537.36 (KHTML, like Gecko) Chrome/138.0.0.0 Safari/537.36"
200.219.243.150 - - [11/Jul/2025:10:50:14 -0300] "POST /cpsess0443418330/3rdparty/roundcube/?_task=mail&_action=refresh HTTP/2.0" 200 137 "https://webmail.dimensaogrupo.com.br/cpsess0443418330/3rdparty/roundcube/?_task=mail&_mbox=INBOX.Sent" "Mozilla/5.0 (Windows NT 10.0; Win64; x64) AppleWebKit/537.36 (KHTML, like Gecko) Chrome/137.0.0.0 Safari/537.36"
201.48.138.81 - - [11/Jul/2025:10:51:02 -0300] "POST /cpsess9674700752/3rdparty/roundcube/?_task=mail&_action=refresh HTTP/2.0" 200 135 "https://webmail.dimensaogrupo.com.br/cpsess9674700752/3rdparty/roundcube/?_task=mail&_mbox=INBOX.spam" "Mozilla/5.0 (Windows NT 10.0; Win64; x64) AppleWebKit/537.36 (KHTML, like Gecko) Chrome/138.0.0.0 Safari/537.36"
200.219.243.150 - - [11/Jul/2025:10:51:14 -0300] "POST /cpsess0443418330/3rdparty/roundcube/?_task=mail&_action=refresh HTTP/2.0" 200 137 "https://webmail.dimensaogrupo.com.br/cpsess0443418330/3rdparty/roundcube/?_task=mail&_mbox=INBOX.Sent" "Mozilla/5.0 (Windows NT 10.0; Win64; x64) AppleWebKit/537.36 (KHTML, like Gecko) Chrome/137.0.0.0 Safari/537.36"
201.48.138.81 - - [11/Jul/2025:10:52:10 -0300] "POST /cpsess9674700752/3rdparty/roundcube/?_task=mail&_action=refresh HTTP/2.0" 200 135 "https://webmail.dimensaogrupo.com.br/cpsess9674700752/3rdparty/roundcube/?_task=mail&_mbox=INBOX.spam" "Mozilla/5.0 (Windows NT 10.0; Win64; x64) AppleWebKit/537.36 (KHTML, like Gecko) Chrome/138.0.0.0 Safari/537.36"
200.219.243.150 - - [11/Jul/2025:10:52:14 -0300] "POST /cpsess0443418330/3rdparty/roundcube/?_task=mail&_action=refresh HTTP/2.0" 200 137 "https://webmail.dimensaogrupo.com.br/cpsess0443418330/3rdparty/roundcube/?_task=mail&_mbox=INBOX.Sent" "Mozilla/5.0 (Windows NT 10.0; Win64; x64) AppleWebKit/537.36 (KHTML, like Gecko) Chrome/137.0.0.0 Safari/537.36"
201.48.138.81 - - [11/Jul/2025:10:53:10 -0300] "POST /cpsess9674700752/3rdparty/roundcube/?_task=mail&_action=refresh HTTP/2.0" 200 135 "https://webmail.dimensaogrupo.com.br/cpsess9674700752/3rdparty/roundcube/?_task=mail&_mbox=INBOX.spam" "Mozilla/5.0 (Windows NT 10.0; Win64; x64) AppleWebKit/537.36 (KHTML, like Gecko) Chrome/138.0.0.0 Safari/537.36"
200.219.243.150 - - [11/Jul/2025:10:53:14 -0300] "POST /cpsess0443418330/3rdparty/roundcube/?_task=mail&_action=refresh HTTP/2.0" 200 137 "https://webmail.dimensaogrupo.com.br/cpsess0443418330/3rdparty/roundcube/?_task=mail&_mbox=INBOX.Sent" "Mozilla/5.0 (Windows NT 10.0; Win64; x64) AppleWebKit/537.36 (KHTML, like Gecko) Chrome/137.0.0.0 Safari/537.36"
201.48.138.81 - - [11/Jul/2025:10:54:10 -0300] "POST /cpsess9674700752/3rdparty/roundcube/?_task=mail&_action=refresh HTTP/2.0" 200 135 "https://webmail.dimensaogrupo.com.br/cpsess9674700752/3rdparty/roundcube/?_task=mail&_mbox=INBOX.spam" "Mozilla/5.0 (Windows NT 10.0; Win64; x64) AppleWebKit/537.36 (KHTML, like Gecko) Chrome/138.0.0.0 Safari/537.36"
200.219.243.150 - - [11/Jul/2025:10:54:14 -0300] "POST /cpsess0443418330/3rdparty/roundcube/?_task=mail&_action=refresh HTTP/2.0" 200 137 "https://webmail.dimensaogrupo.com.br/cpsess0443418330/3rdparty/roundcube/?_task=mail&_mbox=INBOX.Sent" "Mozilla/5.0 (Windows NT 10.0; Win64; x64) AppleWebKit/537.36 (KHTML, like Gecko) Chrome/137.0.0.0 Safari/537.36"
201.48.138.81 - - [11/Jul/2025:10:55:10 -0300] "POST /cpsess9674700752/3rdparty/roundcube/?_task=mail&_action=refresh HTTP/2.0" 200 135 "https://webmail.dimensaogrupo.com.br/cpsess9674700752/3rdparty/roundcube/?_task=mail&_mbox=INBOX.spam" "Mozilla/5.0 (Windows NT 10.0; Win64; x64) AppleWebKit/537.36 (KHTML, like Gecko) Chrome/138.0.0.0 Safari/537.36"
200.219.243.150 - - [11/Jul/2025:10:55:14 -0300] "POST /cpsess0443418330/3rdparty/roundcube/?_task=mail&_action=refresh HTTP/2.0" 308 152 "https://webmail.dimensaogrupo.com.br/cpsess0443418330/3rdparty/roundcube/?_task=mail&_mbox=INBOX.Sent" "Mozilla/5.0 (Windows NT 10.0; Win64; x64) AppleWebKit/537.36 (KHTML, like Gecko) Chrome/137.0.0.0 Safari/537.36"
200.219.243.150 - - [11/Jul/2025:10:55:14 -0300] "POST /cpsess0443418330/3rdparty/roundcube/?_task=mail&_action=refresh HTTP/2.0" 200 137 "https://webmail.dimensaogrupo.com.br/cpsess0443418330/3rdparty/roundcube/?_task=mail&_mbox=INBOX.Sent" "Mozilla/5.0 (Windows NT 10.0; Win64; x64) AppleWebKit/537.36 (KHTML, like Gecko) Chrome/137.0.0.0 Safari/537.36"
201.48.138.81 - - [11/Jul/2025:10:56:10 -0300] "POST /cpsess9674700752/3rdparty/roundcube/?_task=mail&_action=refresh HTTP/2.0" 200 135 "https://webmail.dimensaogrupo.com.br/cpsess9674700752/3rdparty/roundcube/?_task=mail&_mbox=INBOX.spam" "Mozilla/5.0 (Windows NT 10.0; Win64; x64) AppleWebKit/537.36 (KHTML, like Gecko) Chrome/138.0.0.0 Safari/537.36"
200.219.243.150 - - [11/Jul/2025:10:56:14 -0300] "POST /cpsess0443418330/3rdparty/roundcube/?_task=mail&_action=refresh HTTP/2.0" 200 137 "https://webmail.dimensaogrupo.com.br/cpsess0443418330/3rdparty/roundcube/?_task=mail&_mbox=INBOX.Sent" "Mozilla/5.0 (Windows NT 10.0; Win64; x64) AppleWebKit/537.36 (KHTML, like Gecko) Chrome/137.0.0.0 Safari/537.36"
201.48.138.81 - - [11/Jul/2025:10:57:10 -0300] "POST /cpsess9674700752/3rdparty/roundcube/?_task=mail&_action=refresh HTTP/2.0" 200 135 "https://webmail.dimensaogrupo.com.br/cpsess9674700752/3rdparty/roundcube/?_task=mail&_mbox=INBOX.spam" "Mozilla/5.0 (Windows NT 10.0; Win64; x64) AppleWebKit/537.36 (KHTML, like Gecko) Chrome/138.0.0.0 Safari/537.36"
200.219.243.150 - - [11/Jul/2025:10:57:14 -0300] "POST /cpsess0443418330/3rdparty/roundcube/?_task=mail&_action=refresh HTTP/2.0" 200 137 "https://webmail.dimensaogrupo.com.br/cpsess0443418330/3rdparty/roundcube/?_task=mail&_mbox=INBOX.Sent" "Mozilla/5.0 (Windows NT 10.0; Win64; x64) AppleWebKit/537.36 (KHTML, like Gecko) Chrome/137.0.0.0 Safari/537.36"
201.48.138.81 - - [11/Jul/2025:10:58:10 -0300] "POST /cpsess9674700752/3rdparty/roundcube/?_task=mail&_action=refresh HTTP/2.0" 308 152 "https://webmail.dimensaogrupo.com.br/cpsess9674700752/3rdparty/roundcube/?_task=mail&_mbox=INBOX.spam" "Mozilla/5.0 (Windows NT 10.0; Win64; x64) AppleWebKit/537.36 (KHTML, like Gecko) Chrome/138.0.0.0 Safari/537.36"
201.48.138.81 - - [11/Jul/2025:10:58:10 -0300] "POST /cpsess9674700752/3rdparty/roundcube/?_task=mail&_action=refresh HTTP/2.0" 200 135 "https://webmail.dimensaogrupo.com.br/cpsess9674700752/3rdparty/roundcube/?_task=mail&_mbox=INBOX.spam" "Mozilla/5.0 (Windows NT 10.0; Win64; x64) AppleWebKit/537.36 (KHTML, like Gecko) Chrome/138.0.0.0 Safari/537.36"
200.219.243.150 - - [11/Jul/2025:10:58:14 -0300] "POST /cpsess0443418330/3rdparty/roundcube/?_task=mail&_action=refresh HTTP/2.0" 308 152 "https://webmail.dimensaogrupo.com.br/cpsess0443418330/3rdparty/roundcube/?_task=mail&_mbox=INBOX.Sent" "Mozilla/5.0 (Windows NT 10.0; Win64; x64) AppleWebKit/537.36 (KHTML, like Gecko) Chrome/137.0.0.0 Safari/537.36"
200.219.243.150 - - [11/Jul/2025:10:58:14 -0300] "POST /cpsess0443418330/3rdparty/roundcube/?_task=mail&_action=refresh HTTP/2.0" 200 137 "https://webmail.dimensaogrupo.com.br/cpsess0443418330/3rdparty/roundcube/?_task=mail&_mbox=INBOX.Sent" "Mozilla/5.0 (Windows NT 10.0; Win64; x64) AppleWebKit/537.36 (KHTML, like Gecko) Chrome/137.0.0.0 Safari/537.36"
201.48.138.81 - - [11/Jul/2025:10:59:10 -0300] "POST /cpsess9674700752/3rdparty/roundcube/?_task=mail&_action=refresh HTTP/2.0" 200 141 "https://webmail.dimensaogrupo.com.br/cpsess9674700752/3rdparty/roundcube/?_task=mail&_mbox=INBOX.spam" "Mozilla/5.0 (Windows NT 10.0; Win64; x64) AppleWebKit/537.36 (KHTML, like Gecko) Chrome/138.0.0.0 Safari/537.36"
200.219.243.150 - - [11/Jul/2025:10:59:14 -0300] "POST /cpsess0443418330/3rdparty/roundcube/?_task=mail&_action=refresh HTTP/2.0" 200 137 "https://webmail.dimensaogrupo.com.br/cpsess0443418330/3rdparty/roundcube/?_task=mail&_mbox=INBOX.Sent" "Mozilla/5.0 (Windows NT 10.0; Win64; x64) AppleWebKit/537.36 (KHTML, like Gecko) Chrome/137.0.0.0 Safari/537.36"
201.48.138.81 - - [11/Jul/2025:11:00:10 -0300] "POST /cpsess9674700752/3rdparty/roundcube/?_task=mail&_action=refresh HTTP/2.0" 200 135 "https://webmail.dimensaogrupo.com.br/cpsess9674700752/3rdparty/roundcube/?_task=mail&_mbox=INBOX.spam" "Mozilla/5.0 (Windows NT 10.0; Win64; x64) AppleWebKit/537.36 (KHTML, like Gecko) Chrome/138.0.0.0 Safari/537.36"
200.219.243.150 - - [11/Jul/2025:11:00:14 -0300] "POST /cpsess0443418330/3rdparty/roundcube/?_task=mail&_action=refresh HTTP/2.0" 200 137 "https://webmail.dimensaogrupo.com.br/cpsess0443418330/3rdparty/roundcube/?_task=mail&_mbox=INBOX.Sent" "Mozilla/5.0 (Windows NT 10.0; Win64; x64) AppleWebKit/537.36 (KHTML, like Gecko) Chrome/137.0.0.0 Safari/537.36"
201.48.138.81 - - [11/Jul/2025:11:01:01 -0300] "POST /cpsess9674700752/3rdparty/roundcube/?_task=mail&_action=refresh HTTP/2.0" 200 3829 "https://webmail.dimensaogrupo.com.br/cpsess9674700752/3rdparty/roundcube/?_task=mail&_mbox=INBOX.spam" "Mozilla/5.0 (Windows NT 10.0; Win64; x64) AppleWebKit/537.36 (KHTML, like Gecko) Chrome/138.0.0.0 Safari/537.36"
200.219.243.150 - - [11/Jul/2025:11:01:14 -0300] "POST /cpsess0443418330/3rdparty/roundcube/?_task=mail&_action=refresh HTTP/2.0" 200 137 "https://webmail.dimensaogrupo.com.br/cpsess0443418330/3rdparty/roundcube/?_task=mail&_mbox=INBOX.Sent" "Mozilla/5.0 (Windows NT 10.0; Win64; x64) AppleWebKit/537.36 (KHTML, like Gecko) Chrome/137.0.0.0 Safari/537.36"
201.48.138.81 - - [11/Jul/2025:11:02:01 -0300] "POST /cpsess9674700752/3rdparty/roundcube/?_task=mail&_action=refresh HTTP/2.0" 200 143 "https://webmail.dimensaogrupo.com.br/cpsess9674700752/3rdparty/roundcube/?_task=mail&_mbox=INBOX.spam" "Mozilla/5.0 (Windows NT 10.0; Win64; x64) AppleWebKit/537.36 (KHTML, like Gecko) Chrome/138.0.0.0 Safari/537.36"
200.219.243.150 - - [11/Jul/2025:11:02:14 -0300] "POST /cpsess0443418330/3rdparty/roundcube/?_task=mail&_action=refresh HTTP/2.0" 200 137 "https://webmail.dimensaogrupo.com.br/cpsess0443418330/3rdparty/roundcube/?_task=mail&_mbox=INBOX.Sent" "Mozilla/5.0 (Windows NT 10.0; Win64; x64) AppleWebKit/537.36 (KHTML, like Gecko) Chrome/137.0.0.0 Safari/537.36"
201.48.138.81 - - [11/Jul/2025:11:03:01 -0300] "POST /cpsess9674700752/3rdparty/roundcube/?_task=mail&_action=refresh HTTP/2.0" 200 135 "https://webmail.dimensaogrupo.com.br/cpsess9674700752/3rdparty/roundcube/?_task=mail&_mbox=INBOX.spam" "Mozilla/5.0 (Windows NT 10.0; Win64; x64) AppleWebKit/537.36 (KHTML, like Gecko) Chrome/138.0.0.0 Safari/537.36"
200.219.243.150 - - [11/Jul/2025:11:03:14 -0300] "POST /cpsess0443418330/3rdparty/roundcube/?_task=mail&_action=refresh HTTP/2.0" 200 137 "https://webmail.dimensaogrupo.com.br/cpsess0443418330/3rdparty/roundcube/?_task=mail&_mbox=INBOX.Sent" "Mozilla/5.0 (Windows NT 10.0; Win64; x64) AppleWebKit/537.36 (KHTML, like Gecko) Chrome/137.0.0.0 Safari/537.36"
201.48.138.81 - - [11/Jul/2025:11:04:01 -0300] "POST /cpsess9674700752/3rdparty/roundcube/?_task=mail&_action=refresh HTTP/2.0" 200 135 "https://webmail.dimensaogrupo.com.br/cpsess9674700752/3rdparty/roundcube/?_task=mail&_mbox=INBOX.spam" "Mozilla/5.0 (Windows NT 10.0; Win64; x64) AppleWebKit/537.36 (KHTML, like Gecko) Chrome/138.0.0.0 Safari/537.36"
200.219.243.150 - - [11/Jul/2025:11:04:14 -0300] "POST /cpsess0443418330/3rdparty/roundcube/?_task=mail&_action=refresh HTTP/2.0" 308 152 "https://webmail.dimensaogrupo.com.br/cpsess0443418330/3rdparty/roundcube/?_task=mail&_mbox=INBOX.Sent" "Mozilla/5.0 (Windows NT 10.0; Win64; x64) AppleWebKit/537.36 (KHTML, like Gecko) Chrome/137.0.0.0 Safari/537.36"
200.219.243.150 - - [11/Jul/2025:11:04:14 -0300] "POST /cpsess0443418330/3rdparty/roundcube/?_task=mail&_action=refresh HTTP/2.0" 200 137 "https://webmail.dimensaogrupo.com.br/cpsess0443418330/3rdparty/roundcube/?_task=mail&_mbox=INBOX.Sent" "Mozilla/5.0 (Windows NT 10.0; Win64; x64) AppleWebKit/537.36 (KHTML, like Gecko) Chrome/137.0.0.0 Safari/537.36"
201.48.138.81 - - [11/Jul/2025:11:05:01 -0300] "POST /cpsess9674700752/3rdparty/roundcube/?_task=mail&_action=refresh HTTP/2.0" 308 152 "https://webmail.dimensaogrupo.com.br/cpsess9674700752/3rdparty/roundcube/?_task=mail&_mbox=INBOX.spam" "Mozilla/5.0 (Windows NT 10.0; Win64; x64) AppleWebKit/537.36 (KHTML, like Gecko) Chrome/138.0.0.0 Safari/537.36"
201.48.138.81 - - [11/Jul/2025:11:05:01 -0300] "POST /cpsess9674700752/3rdparty/roundcube/?_task=mail&_action=refresh HTTP/2.0" 200 135 "https://webmail.dimensaogrupo.com.br/cpsess9674700752/3rdparty/roundcube/?_task=mail&_mbox=INBOX.spam" "Mozilla/5.0 (Windows NT 10.0; Win64; x64) AppleWebKit/537.36 (KHTML, like Gecko) Chrome/138.0.0.0 Safari/537.36"
200.219.243.150 - - [11/Jul/2025:11:05:14 -0300] "POST /cpsess0443418330/3rdparty/roundcube/?_task=mail&_action=refresh HTTP/2.0" 200 137 "https://webmail.dimensaogrupo.com.br/cpsess0443418330/3rdparty/roundcube/?_task=mail&_mbox=INBOX.Sent" "Mozilla/5.0 (Windows NT 10.0; Win64; x64) AppleWebKit/537.36 (KHTML, like Gecko) Chrome/137.0.0.0 Safari/537.36"
201.48.138.81 - - [11/Jul/2025:11:06:01 -0300] "POST /cpsess9674700752/3rdparty/roundcube/?_task=mail&_action=refresh HTTP/2.0" 200 135 "https://webmail.dimensaogrupo.com.br/cpsess9674700752/3rdparty/roundcube/?_task=mail&_mbox=INBOX.spam" "Mozilla/5.0 (Windows NT 10.0; Win64; x64) AppleWebKit/537.36 (KHTML, like Gecko) Chrome/138.0.0.0 Safari/537.36"
200.219.243.150 - - [11/Jul/2025:11:06:14 -0300] "POST /cpsess0443418330/3rdparty/roundcube/?_task=mail&_action=refresh HTTP/2.0" 200 137 "https://webmail.dimensaogrupo.com.br/cpsess0443418330/3rdparty/roundcube/?_task=mail&_mbox=INBOX.Sent" "Mozilla/5.0 (Windows NT 10.0; Win64; x64) AppleWebKit/537.36 (KHTML, like Gecko) Chrome/137.0.0.0 Safari/537.36"
201.48.138.81 - - [11/Jul/2025:11:07:01 -0300] "POST /cpsess9674700752/3rdparty/roundcube/?_task=mail&_action=refresh HTTP/2.0" 200 135 "https://webmail.dimensaogrupo.com.br/cpsess9674700752/3rdparty/roundcube/?_task=mail&_mbox=INBOX.spam" "Mozilla/5.0 (Windows NT 10.0; Win64; x64) AppleWebKit/537.36 (KHTML, like Gecko) Chrome/138.0.0.0 Safari/537.36"
200.219.243.150 - - [11/Jul/2025:11:07:14 -0300] "POST /cpsess0443418330/3rdparty/roundcube/?_task=mail&_action=refresh HTTP/2.0" 200 137 "https://webmail.dimensaogrupo.com.br/cpsess0443418330/3rdparty/roundcube/?_task=mail&_mbox=INBOX.Sent" "Mozilla/5.0 (Windows NT 10.0; Win64; x64) AppleWebKit/537.36 (KHTML, like Gecko) Chrome/137.0.0.0 Safari/537.36"
