201.48.138.81 - - [11/Jul/2025:14:40:49 -0300] "GET /cpsess7653873484/3rdparty/roundcube/?_task=addressbook&_action=photo&_email=dp%40dimensaogrupo.com.br&_error=1&_bgcolor=transparent HTTP/2.0" 204 - "https://webmail.dimensaogrupo.com.br/cpsess7653873484/3rdparty/roundcube/?_task=mail&_caps=pdf%3D1%2Cflash%3D0%2Ctiff%3D0%2Cwebp%3D1%2Cpgpmime%3D0&_uid=29411&_mbox=INBOX&_framed=1&_action=preview" "Mozilla/5.0 (Windows NT 10.0; Win64; x64) AppleWebKit/537.36 (KHTML, like Gecko) Chrome/138.0.0.0 Safari/537.36"
201.48.138.81 - - [11/Jul/2025:14:40:49 -0300] "GET /cpsess7653873484/3rdparty/roundcube/?_task=mail&_action=get&_mbox=INBOX&_uid=29411&_token=N0pEKEf6hVMhr8h0KyL1aWFBnEyxdh7S&_part=1.2&_embed=1&_mimeclass=image HTTP/2.0" 200 21306 "https://webmail.dimensaogrupo.com.br/cpsess7653873484/3rdparty/roundcube/?_task=mail&_caps=pdf%3D1%2Cflash%3D0%2Ctiff%3D0%2Cwebp%3D1%2Cpgpmime%3D0&_uid=29411&_mbox=INBOX&_framed=1&_action=preview" "Mozilla/5.0 (Windows NT 10.0; Win64; x64) AppleWebKit/537.36 (KHTML, like Gecko) Chrome/138.0.0.0 Safari/537.36"
201.48.138.81 - - [11/Jul/2025:14:40:50 -0300] "GET /cpsess7653873484/3rdparty/roundcube/?_task=mail&_caps=pdf%3D1%2Cflash%3D0%2Ctiff%3D0%2Cwebp%3D1%2Cpgpmime%3D0&_uid=29410&_mbox=INBOX&_framed=1&_action=preview HTTP/2.0" 200 5952 "https://webmail.dimensaogrupo.com.br/cpsess7653873484/3rdparty/roundcube/?_task=mail&_mbox=INBOX" "Mozilla/5.0 (Windows NT 10.0; Win64; x64) AppleWebKit/537.36 (KHTML, like Gecko) Chrome/138.0.0.0 Safari/537.36"
201.48.138.81 - - [11/Jul/2025:14:40:50 -0300] "GET /cpsess7653873484/3rdparty/roundcube/?_task=addressbook&_action=photo&_email=no-reply%40clever-global.com&_error=1&_bgcolor=transparent HTTP/2.0" 204 - "https://webmail.dimensaogrupo.com.br/cpsess7653873484/3rdparty/roundcube/?_task=mail&_caps=pdf%3D1%2Cflash%3D0%2Ctiff%3D0%2Cwebp%3D1%2Cpgpmime%3D0&_uid=29410&_mbox=INBOX&_framed=1&_action=preview" "Mozilla/5.0 (Windows NT 10.0; Win64; x64) AppleWebKit/537.36 (KHTML, like Gecko) Chrome/138.0.0.0 Safari/537.36"
201.48.138.81 - - [11/Jul/2025:14:40:51 -0300] "GET /cpsess7653873484/3rdparty/roundcube/?_task=mail&_caps=pdf%3D1%2Cflash%3D0%2Ctiff%3D0%2Cwebp%3D1%2Cpgpmime%3D0&_uid=29411&_mbox=INBOX&_framed=1&_action=preview HTTP/2.0" 200 6585 "https://webmail.dimensaogrupo.com.br/cpsess7653873484/3rdparty/roundcube/?_task=mail&_mbox=INBOX" "Mozilla/5.0 (Windows NT 10.0; Win64; x64) AppleWebKit/537.36 (KHTML, like Gecko) Chrome/138.0.0.0 Safari/537.36"
201.48.138.81 - - [11/Jul/2025:14:40:52 -0300] "GET /cpsess7653873484/3rdparty/roundcube/?_task=addressbook&_action=photo&_email=dp%40dimensaogrupo.com.br&_error=1&_bgcolor=transparent HTTP/2.0" 204 - "https://webmail.dimensaogrupo.com.br/cpsess7653873484/3rdparty/roundcube/?_task=mail&_caps=pdf%3D1%2Cflash%3D0%2Ctiff%3D0%2Cwebp%3D1%2Cpgpmime%3D0&_uid=29411&_mbox=INBOX&_framed=1&_action=preview" "Mozilla/5.0 (Windows NT 10.0; Win64; x64) AppleWebKit/537.36 (KHTML, like Gecko) Chrome/138.0.0.0 Safari/537.36"
201.48.138.81 - - [11/Jul/2025:14:40:52 -0300] "GET /cpsess7653873484/3rdparty/roundcube/?_task=mail&_action=get&_mbox=INBOX&_uid=29411&_token=N0pEKEf6hVMhr8h0KyL1aWFBnEyxdh7S&_part=1.2&_embed=1&_mimeclass=image HTTP/2.0" 200 21306 "https://webmail.dimensaogrupo.com.br/cpsess7653873484/3rdparty/roundcube/?_task=mail&_caps=pdf%3D1%2Cflash%3D0%2Ctiff%3D0%2Cwebp%3D1%2Cpgpmime%3D0&_uid=29411&_mbox=INBOX&_framed=1&_action=preview" "Mozilla/5.0 (Windows NT 10.0; Win64; x64) AppleWebKit/537.36 (KHTML, like Gecko) Chrome/138.0.0.0 Safari/537.36"
201.48.138.81 - - [11/Jul/2025:14:40:52 -0300] "GET /cpsess7653873484/3rdparty/roundcube/?_task=mail&_caps=pdf%3D1%2Cflash%3D0%2Ctiff%3D0%2Cwebp%3D1%2Cpgpmime%3D0&_uid=29410&_mbox=INBOX&_framed=1&_action=preview HTTP/2.0" 200 5937 "https://webmail.dimensaogrupo.com.br/cpsess7653873484/3rdparty/roundcube/?_task=mail&_mbox=INBOX" "Mozilla/5.0 (Windows NT 10.0; Win64; x64) AppleWebKit/537.36 (KHTML, like Gecko) Chrome/138.0.0.0 Safari/537.36"
201.48.138.81 - - [11/Jul/2025:14:40:52 -0300] "GET /cpsess7653873484/3rdparty/roundcube/?_task=addressbook&_action=photo&_email=no-reply%40clever-global.com&_error=1&_bgcolor=transparent HTTP/2.0" 204 - "https://webmail.dimensaogrupo.com.br/cpsess7653873484/3rdparty/roundcube/?_task=mail&_caps=pdf%3D1%2Cflash%3D0%2Ctiff%3D0%2Cwebp%3D1%2Cpgpmime%3D0&_uid=29410&_mbox=INBOX&_framed=1&_action=preview" "Mozilla/5.0 (Windows NT 10.0; Win64; x64) AppleWebKit/537.36 (KHTML, like Gecko) Chrome/138.0.0.0 Safari/537.36"
201.48.138.81 - - [11/Jul/2025:14:40:53 -0300] "GET /cpsess7653873484/3rdparty/roundcube/?_task=mail&_caps=pdf%3D1%2Cflash%3D0%2Ctiff%3D0%2Cwebp%3D1%2Cpgpmime%3D0&_uid=29411&_mbox=INBOX&_framed=1&_action=preview HTTP/2.0" 200 6585 "https://webmail.dimensaogrupo.com.br/cpsess7653873484/3rdparty/roundcube/?_task=mail&_mbox=INBOX" "Mozilla/5.0 (Windows NT 10.0; Win64; x64) AppleWebKit/537.36 (KHTML, like Gecko) Chrome/138.0.0.0 Safari/537.36"
201.48.138.81 - - [11/Jul/2025:14:40:54 -0300] "GET /cpsess7653873484/3rdparty/roundcube/?_task=addressbook&_action=photo&_email=dp%40dimensaogrupo.com.br&_error=1&_bgcolor=transparent HTTP/2.0" 204 - "https://webmail.dimensaogrupo.com.br/cpsess7653873484/3rdparty/roundcube/?_task=mail&_caps=pdf%3D1%2Cflash%3D0%2Ctiff%3D0%2Cwebp%3D1%2Cpgpmime%3D0&_uid=29411&_mbox=INBOX&_framed=1&_action=preview" "Mozilla/5.0 (Windows NT 10.0; Win64; x64) AppleWebKit/537.36 (KHTML, like Gecko) Chrome/138.0.0.0 Safari/537.36"
201.48.138.81 - - [11/Jul/2025:14:40:54 -0300] "GET /cpsess7653873484/3rdparty/roundcube/?_task=mail&_action=get&_mbox=INBOX&_uid=29411&_token=N0pEKEf6hVMhr8h0KyL1aWFBnEyxdh7S&_part=1.2&_embed=1&_mimeclass=image HTTP/2.0" 200 21306 "https://webmail.dimensaogrupo.com.br/cpsess7653873484/3rdparty/roundcube/?_task=mail&_caps=pdf%3D1%2Cflash%3D0%2Ctiff%3D0%2Cwebp%3D1%2Cpgpmime%3D0&_uid=29411&_mbox=INBOX&_framed=1&_action=preview" "Mozilla/5.0 (Windows NT 10.0; Win64; x64) AppleWebKit/537.36 (KHTML, like Gecko) Chrome/138.0.0.0 Safari/537.36"
201.48.138.81 - - [11/Jul/2025:14:40:54 -0300] "GET /cpsess7653873484/3rdparty/roundcube/?_task=mail&_caps=pdf%3D1%2Cflash%3D0%2Ctiff%3D0%2Cwebp%3D1%2Cpgpmime%3D0&_uid=29410&_mbox=INBOX&_framed=1&_action=preview HTTP/2.0" 200 5937 "https://webmail.dimensaogrupo.com.br/cpsess7653873484/3rdparty/roundcube/?_task=mail&_mbox=INBOX" "Mozilla/5.0 (Windows NT 10.0; Win64; x64) AppleWebKit/537.36 (KHTML, like Gecko) Chrome/138.0.0.0 Safari/537.36"
201.48.138.81 - - [11/Jul/2025:14:40:54 -0300] "GET /cpsess7653873484/3rdparty/roundcube/?_task=addressbook&_action=photo&_email=no-reply%40clever-global.com&_error=1&_bgcolor=transparent HTTP/2.0" 204 - "https://webmail.dimensaogrupo.com.br/cpsess7653873484/3rdparty/roundcube/?_task=mail&_caps=pdf%3D1%2Cflash%3D0%2Ctiff%3D0%2Cwebp%3D1%2Cpgpmime%3D0&_uid=29410&_mbox=INBOX&_framed=1&_action=preview" "Mozilla/5.0 (Windows NT 10.0; Win64; x64) AppleWebKit/537.36 (KHTML, like Gecko) Chrome/138.0.0.0 Safari/537.36"
201.48.138.81 - - [11/Jul/2025:14:40:55 -0300] "GET /cpsess7653873484/3rdparty/roundcube/?_task=mail&_caps=pdf%3D1%2Cflash%3D0%2Ctiff%3D0%2Cwebp%3D1%2Cpgpmime%3D0&_uid=29409&_mbox=INBOX&_framed=1&_action=preview HTTP/2.0" 200 5941 "https://webmail.dimensaogrupo.com.br/cpsess7653873484/3rdparty/roundcube/?_task=mail&_mbox=INBOX" "Mozilla/5.0 (Windows NT 10.0; Win64; x64) AppleWebKit/537.36 (KHTML, like Gecko) Chrome/138.0.0.0 Safari/537.36"
201.48.138.81 - - [11/Jul/2025:14:40:56 -0300] "GET /cpsess7653873484/3rdparty/roundcube/?_task=addressbook&_action=photo&_email=no-reply%40clever-global.com&_error=1&_bgcolor=transparent HTTP/2.0" 204 - "https://webmail.dimensaogrupo.com.br/cpsess7653873484/3rdparty/roundcube/?_task=mail&_caps=pdf%3D1%2Cflash%3D0%2Ctiff%3D0%2Cwebp%3D1%2Cpgpmime%3D0&_uid=29409&_mbox=INBOX&_framed=1&_action=preview" "Mozilla/5.0 (Windows NT 10.0; Win64; x64) AppleWebKit/537.36 (KHTML, like Gecko) Chrome/138.0.0.0 Safari/537.36"
201.48.138.81 - - [11/Jul/2025:14:40:56 -0300] "GET /cpsess7653873484/3rdparty/roundcube/?_task=mail&_caps=pdf%3D1%2Cflash%3D0%2Ctiff%3D0%2Cwebp%3D1%2Cpgpmime%3D0&_uid=29410&_mbox=INBOX&_framed=1&_action=preview HTTP/2.0" 200 5937 "https://webmail.dimensaogrupo.com.br/cpsess7653873484/3rdparty/roundcube/?_task=mail&_mbox=INBOX" "Mozilla/5.0 (Windows NT 10.0; Win64; x64) AppleWebKit/537.36 (KHTML, like Gecko) Chrome/138.0.0.0 Safari/537.36"
201.48.138.81 - - [11/Jul/2025:14:40:56 -0300] "GET /cpsess7653873484/3rdparty/roundcube/?_task=addressbook&_action=photo&_email=no-reply%40clever-global.com&_error=1&_bgcolor=transparent HTTP/2.0" 204 - "https://webmail.dimensaogrupo.com.br/cpsess7653873484/3rdparty/roundcube/?_task=mail&_caps=pdf%3D1%2Cflash%3D0%2Ctiff%3D0%2Cwebp%3D1%2Cpgpmime%3D0&_uid=29410&_mbox=INBOX&_framed=1&_action=preview" "Mozilla/5.0 (Windows NT 10.0; Win64; x64) AppleWebKit/537.36 (KHTML, like Gecko) Chrome/138.0.0.0 Safari/537.36"
201.48.138.81 - - [11/Jul/2025:14:40:57 -0300] "GET /cpsess7653873484/3rdparty/roundcube/?_task=mail&_caps=pdf%3D1%2Cflash%3D0%2Ctiff%3D0%2Cwebp%3D1%2Cpgpmime%3D0&_uid=29411&_mbox=INBOX&_framed=1&_action=preview HTTP/2.0" 200 6585 "https://webmail.dimensaogrupo.com.br/cpsess7653873484/3rdparty/roundcube/?_task=mail&_mbox=INBOX" "Mozilla/5.0 (Windows NT 10.0; Win64; x64) AppleWebKit/537.36 (KHTML, like Gecko) Chrome/138.0.0.0 Safari/537.36"
201.48.138.81 - - [11/Jul/2025:14:40:57 -0300] "GET /cpsess7653873484/3rdparty/roundcube/?_task=mail&_action=get&_mbox=INBOX&_uid=29411&_token=N0pEKEf6hVMhr8h0KyL1aWFBnEyxdh7S&_part=1.2&_embed=1&_mimeclass=image HTTP/2.0" 200 21306 "https://webmail.dimensaogrupo.com.br/cpsess7653873484/3rdparty/roundcube/?_task=mail&_caps=pdf%3D1%2Cflash%3D0%2Ctiff%3D0%2Cwebp%3D1%2Cpgpmime%3D0&_uid=29411&_mbox=INBOX&_framed=1&_action=preview" "Mozilla/5.0 (Windows NT 10.0; Win64; x64) AppleWebKit/537.36 (KHTML, like Gecko) Chrome/138.0.0.0 Safari/537.36"
201.48.138.81 - - [11/Jul/2025:14:40:57 -0300] "GET /cpsess7653873484/3rdparty/roundcube/?_task=addressbook&_action=photo&_email=dp%40dimensaogrupo.com.br&_error=1&_bgcolor=transparent HTTP/2.0" 204 - "https://webmail.dimensaogrupo.com.br/cpsess7653873484/3rdparty/roundcube/?_task=mail&_caps=pdf%3D1%2Cflash%3D0%2Ctiff%3D0%2Cwebp%3D1%2Cpgpmime%3D0&_uid=29411&_mbox=INBOX&_framed=1&_action=preview" "Mozilla/5.0 (Windows NT 10.0; Win64; x64) AppleWebKit/537.36 (KHTML, like Gecko) Chrome/138.0.0.0 Safari/537.36"
201.48.138.81 - - [11/Jul/2025:14:41:00 -0300] "GET /cpsess7653873484/3rdparty/roundcube/?_task=mail&_caps=pdf%3D1%2Cflash%3D0%2Ctiff%3D0%2Cwebp%3D1%2Cpgpmime%3D0&_uid=29412&_mbox=INBOX&_framed=1&_action=preview HTTP/2.0" 200 8145 "https://webmail.dimensaogrupo.com.br/cpsess7653873484/3rdparty/roundcube/?_task=mail&_mbox=INBOX" "Mozilla/5.0 (Windows NT 10.0; Win64; x64) AppleWebKit/537.36 (KHTML, like Gecko) Chrome/138.0.0.0 Safari/537.36"
201.48.138.81 - - [11/Jul/2025:14:41:00 -0300] "GET /cpsess7653873484/3rdparty/roundcube/?_task=addressbook&_action=photo&_email=comunicado.bancodoc%40demarco.com.br&_error=1&_bgcolor=transparent HTTP/2.0" 204 - "https://webmail.dimensaogrupo.com.br/cpsess7653873484/3rdparty/roundcube/?_task=mail&_caps=pdf%3D1%2Cflash%3D0%2Ctiff%3D0%2Cwebp%3D1%2Cpgpmime%3D0&_uid=29412&_mbox=INBOX&_framed=1&_action=preview" "Mozilla/5.0 (Windows NT 10.0; Win64; x64) AppleWebKit/537.36 (KHTML, like Gecko) Chrome/138.0.0.0 Safari/537.36"
201.48.138.81 - - [11/Jul/2025:14:41:04 -0300] "POST /cpsess7653873484/3rdparty/roundcube/?_task=mail&_action=refresh HTTP/2.0" 200 229 "https://webmail.dimensaogrupo.com.br/cpsess7653873484/3rdparty/roundcube/?_task=mail&_mbox=INBOX" "Mozilla/5.0 (Windows NT 10.0; Win64; x64) AppleWebKit/537.36 (KHTML, like Gecko) Chrome/138.0.0.0 Safari/537.36"
201.48.138.81 - - [11/Jul/2025:14:41:10 -0300] "GET /cpsess7653873484/3rdparty/roundcube/?_task=mail&_caps=pdf%3D1%2Cflash%3D0%2Ctiff%3D0%2Cwebp%3D1%2Cpgpmime%3D0&_uid=29413&_mbox=INBOX&_framed=1&_action=preview HTTP/2.0" 200 6447 "https://webmail.dimensaogrupo.com.br/cpsess7653873484/3rdparty/roundcube/?_task=mail&_mbox=INBOX" "Mozilla/5.0 (Windows NT 10.0; Win64; x64) AppleWebKit/537.36 (KHTML, like Gecko) Chrome/138.0.0.0 Safari/537.36"
201.48.138.81 - - [11/Jul/2025:14:41:10 -0300] "GET /cpsess7653873484/3rdparty/roundcube/?_task=addressbook&_action=photo&_email=no-reply%40clever-global.com&_error=1&_bgcolor=transparent HTTP/2.0" 204 - "https://webmail.dimensaogrupo.com.br/cpsess7653873484/3rdparty/roundcube/?_task=mail&_caps=pdf%3D1%2Cflash%3D0%2Ctiff%3D0%2Cwebp%3D1%2Cpgpmime%3D0&_uid=29413&_mbox=INBOX&_framed=1&_action=preview" "Mozilla/5.0 (Windows NT 10.0; Win64; x64) AppleWebKit/537.36 (KHTML, like Gecko) Chrome/138.0.0.0 Safari/537.36"
201.48.138.81 - - [11/Jul/2025:14:41:11 -0300] "GET /cpsess7653873484/3rdparty/roundcube/?_task=mail&_caps=pdf%3D1%2Cflash%3D0%2Ctiff%3D0%2Cwebp%3D1%2Cpgpmime%3D0&_uid=29415&_mbox=INBOX&_framed=1&_action=preview HTTP/2.0" 200 8080 "https://webmail.dimensaogrupo.com.br/cpsess7653873484/3rdparty/roundcube/?_task=mail&_mbox=INBOX" "Mozilla/5.0 (Windows NT 10.0; Win64; x64) AppleWebKit/537.36 (KHTML, like Gecko) Chrome/138.0.0.0 Safari/537.36"
201.48.138.81 - - [11/Jul/2025:14:41:11 -0300] "GET /cpsess7653873484/3rdparty/roundcube/?_task=addressbook&_action=photo&_email=comunicado.bancodoc%40demarco.com.br&_error=1&_bgcolor=transparent HTTP/2.0" 204 - "https://webmail.dimensaogrupo.com.br/cpsess7653873484/3rdparty/roundcube/?_task=mail&_caps=pdf%3D1%2Cflash%3D0%2Ctiff%3D0%2Cwebp%3D1%2Cpgpmime%3D0&_uid=29415&_mbox=INBOX&_framed=1&_action=preview" "Mozilla/5.0 (Windows NT 10.0; Win64; x64) AppleWebKit/537.36 (KHTML, like Gecko) Chrome/138.0.0.0 Safari/537.36"
200.219.243.150 - - [11/Jul/2025:14:41:14 -0300] "POST /cpsess0443418330/3rdparty/roundcube/?_task=mail&_action=refresh HTTP/2.0" 308 152 "https://webmail.dimensaogrupo.com.br/cpsess0443418330/3rdparty/roundcube/?_task=mail&_mbox=INBOX.Sent" "Mozilla/5.0 (Windows NT 10.0; Win64; x64) AppleWebKit/537.36 (KHTML, like Gecko) Chrome/137.0.0.0 Safari/537.36"
200.219.243.150 - - [11/Jul/2025:14:41:14 -0300] "POST /cpsess0443418330/3rdparty/roundcube/?_task=mail&_action=refresh HTTP/2.0" 200 137 "https://webmail.dimensaogrupo.com.br/cpsess0443418330/3rdparty/roundcube/?_task=mail&_mbox=INBOX.Sent" "Mozilla/5.0 (Windows NT 10.0; Win64; x64) AppleWebKit/537.36 (KHTML, like Gecko) Chrome/137.0.0.0 Safari/537.36"
201.48.138.81 - - [11/Jul/2025:14:42:05 -0300] "POST /cpsess7653873484/3rdparty/roundcube/?_task=mail&_action=refresh HTTP/2.0" 200 153 "https://webmail.dimensaogrupo.com.br/cpsess7653873484/3rdparty/roundcube/?_task=mail&_mbox=INBOX" "Mozilla/5.0 (Windows NT 10.0; Win64; x64) AppleWebKit/537.36 (KHTML, like Gecko) Chrome/138.0.0.0 Safari/537.36"
200.219.243.150 - - [11/Jul/2025:14:42:14 -0300] "POST /cpsess0443418330/3rdparty/roundcube/?_task=mail&_action=refresh HTTP/2.0" 200 137 "https://webmail.dimensaogrupo.com.br/cpsess0443418330/3rdparty/roundcube/?_task=mail&_mbox=INBOX.Sent" "Mozilla/5.0 (Windows NT 10.0; Win64; x64) AppleWebKit/537.36 (KHTML, like Gecko) Chrome/137.0.0.0 Safari/537.36"
201.48.138.81 - - [11/Jul/2025:14:43:05 -0300] "POST /cpsess7653873484/3rdparty/roundcube/?_task=mail&_action=refresh HTTP/2.0" 200 135 "https://webmail.dimensaogrupo.com.br/cpsess7653873484/3rdparty/roundcube/?_task=mail&_mbox=INBOX" "Mozilla/5.0 (Windows NT 10.0; Win64; x64) AppleWebKit/537.36 (KHTML, like Gecko) Chrome/138.0.0.0 Safari/537.36"
200.219.243.150 - - [11/Jul/2025:14:43:14 -0300] "POST /cpsess0443418330/3rdparty/roundcube/?_task=mail&_action=refresh HTTP/2.0" 200 137 "https://webmail.dimensaogrupo.com.br/cpsess0443418330/3rdparty/roundcube/?_task=mail&_mbox=INBOX.Sent" "Mozilla/5.0 (Windows NT 10.0; Win64; x64) AppleWebKit/537.36 (KHTML, like Gecko) Chrome/137.0.0.0 Safari/537.36"
201.48.138.81 - - [11/Jul/2025:14:44:05 -0300] "POST /cpsess7653873484/3rdparty/roundcube/?_task=mail&_action=refresh HTTP/2.0" 200 135 "https://webmail.dimensaogrupo.com.br/cpsess7653873484/3rdparty/roundcube/?_task=mail&_mbox=INBOX" "Mozilla/5.0 (Windows NT 10.0; Win64; x64) AppleWebKit/537.36 (KHTML, like Gecko) Chrome/138.0.0.0 Safari/537.36"
200.219.243.150 - - [11/Jul/2025:14:44:14 -0300] "POST /cpsess0443418330/3rdparty/roundcube/?_task=mail&_action=refresh HTTP/2.0" 200 137 "https://webmail.dimensaogrupo.com.br/cpsess0443418330/3rdparty/roundcube/?_task=mail&_mbox=INBOX.Sent" "Mozilla/5.0 (Windows NT 10.0; Win64; x64) AppleWebKit/537.36 (KHTML, like Gecko) Chrome/137.0.0.0 Safari/537.36"
201.48.138.81 - - [11/Jul/2025:14:44:28 -0300] "GET /cpsess1171988283/3rdparty/roundcube/?_task=mail&_mbox=INBOX.Trash HTTP/2.0" 308 154 "-" "Mozilla/5.0 (Windows NT 10.0; Win64; x64) AppleWebKit/537.36 (KHTML, like Gecko) Chrome/138.0.0.0 Safari/537.36"
201.48.138.81 - - [11/Jul/2025:14:44:28 -0300] "GET /cpsess1171988283/3rdparty/roundcube/?_task=mail&_mbox=INBOX.Trash HTTP/2.0" 200 12264 "-" "Mozilla/5.0 (Windows NT 10.0; Win64; x64) AppleWebKit/537.36 (KHTML, like Gecko) Chrome/138.0.0.0 Safari/537.36"
201.48.138.81 - - [11/Jul/2025:14:44:29 -0300] "GET /cPanel_magic_revision_1648610195/unprotected/cpanel/fonts/open_sans/open_sans.min.css HTTP/2.0" 200 522 "https://webmail.dimensaogrupo.com.br/cpsess1171988283/3rdparty/roundcube/?_task=mail&_mbox=INBOX.Trash" "Mozilla/5.0 (Windows NT 10.0; Win64; x64) AppleWebKit/537.36 (KHTML, like Gecko) Chrome/138.0.0.0 Safari/537.36"
201.48.138.81 - - [11/Jul/2025:14:44:29 -0300] "GET /cPanel_magic_revision_1677245721/unprotected/cpanel/style_v2_optimized.css HTTP/2.0" 200 33186 "https://webmail.dimensaogrupo.com.br/cpsess1171988283/3rdparty/roundcube/?_task=mail&_mbox=INBOX.Trash" "Mozilla/5.0 (Windows NT 10.0; Win64; x64) AppleWebKit/537.36 (KHTML, like Gecko) Chrome/138.0.0.0 Safari/537.36"
201.48.138.81 - - [11/Jul/2025:14:44:29 -0300] "GET /cPanel_magic_revision_1605240966/unprotected/cpanel/images/webmail-logo.svg HTTP/2.0" 200 2399 "https://webmail.dimensaogrupo.com.br/cpsess1171988283/3rdparty/roundcube/?_task=mail&_mbox=INBOX.Trash" "Mozilla/5.0 (Windows NT 10.0; Win64; x64) AppleWebKit/537.36 (KHTML, like Gecko) Chrome/138.0.0.0 Safari/537.36"
201.48.138.81 - - [11/Jul/2025:14:44:30 -0300] "GET /cPanel_magic_revision_1648610195/unprotected/cpanel/fonts/open_sans/OpenSans-Regular-webfont.woff HTTP/2.0" 200 22660 "https://webmail.dimensaogrupo.com.br/cPanel_magic_revision_1648610195/unprotected/cpanel/fonts/open_sans/open_sans.min.css" "Mozilla/5.0 (Windows NT 10.0; Win64; x64) AppleWebKit/537.36 (KHTML, like Gecko) Chrome/138.0.0.0 Safari/537.36"
201.48.138.81 - - [11/Jul/2025:14:44:30 -0300] "GET /cPanel_magic_revision_1648610195/unprotected/cpanel/fonts/open_sans/OpenSans-Semibold-webfont.woff HTTP/2.0" 200 22908 "https://webmail.dimensaogrupo.com.br/cPanel_magic_revision_1648610195/unprotected/cpanel/fonts/open_sans/open_sans.min.css" "Mozilla/5.0 (Windows NT 10.0; Win64; x64) AppleWebKit/537.36 (KHTML, like Gecko) Chrome/138.0.0.0 Safari/537.36"
201.48.138.81 - - [11/Jul/2025:14:44:30 -0300] "GET /cPanel_magic_revision_1648610195/unprotected/cpanel/fonts/open_sans/OpenSans-Bold-webfont.woff HTTP/2.0" 200 22432 "https://webmail.dimensaogrupo.com.br/cPanel_magic_revision_1648610195/unprotected/cpanel/fonts/open_sans/open_sans.min.css" "Mozilla/5.0 (Windows NT 10.0; Win64; x64) AppleWebKit/537.36 (KHTML, like Gecko) Chrome/138.0.0.0 Safari/537.36"
201.48.138.81 - - [11/Jul/2025:14:44:30 -0300] "GET /cPanel_magic_revision_1605240966/unprotected/cpanel/images/icon-username.png HTTP/2.0" 200 320 "https://webmail.dimensaogrupo.com.br/cPanel_magic_revision_1677245721/unprotected/cpanel/style_v2_optimized.css" "Mozilla/5.0 (Windows NT 10.0; Win64; x64) AppleWebKit/537.36 (KHTML, like Gecko) Chrome/138.0.0.0 Safari/537.36"
201.48.138.81 - - [11/Jul/2025:14:44:30 -0300] "GET /cPanel_magic_revision_1605240966/unprotected/cpanel/images/notice-error.png HTTP/2.0" 200 1026 "https://webmail.dimensaogrupo.com.br/cPanel_magic_revision_1677245721/unprotected/cpanel/style_v2_optimized.css" "Mozilla/5.0 (Windows NT 10.0; Win64; x64) AppleWebKit/537.36 (KHTML, like Gecko) Chrome/138.0.0.0 Safari/537.36"
201.48.138.81 - - [11/Jul/2025:14:44:30 -0300] "GET /cPanel_magic_revision_1605240966/unprotected/cpanel/images/icon-password.png HTTP/2.0" 200 450 "https://webmail.dimensaogrupo.com.br/cPanel_magic_revision_1677245721/unprotected/cpanel/style_v2_optimized.css" "Mozilla/5.0 (Windows NT 10.0; Win64; x64) AppleWebKit/537.36 (KHTML, like Gecko) Chrome/138.0.0.0 Safari/537.36"
201.48.138.81 - - [11/Jul/2025:14:44:30 -0300] "GET /cPanel_magic_revision_1605240966/unprotected/cpanel/images/warning.png HTTP/2.0" 200 1060 "https://webmail.dimensaogrupo.com.br/cPanel_magic_revision_1677245721/unprotected/cpanel/style_v2_optimized.css" "Mozilla/5.0 (Windows NT 10.0; Win64; x64) AppleWebKit/537.36 (KHTML, like Gecko) Chrome/138.0.0.0 Safari/537.36"
201.48.138.81 - - [11/Jul/2025:14:44:30 -0300] "GET /cPanel_magic_revision_1605240966/unprotected/cpanel/images/notice-success.png HTTP/2.0" 200 962 "https://webmail.dimensaogrupo.com.br/cPanel_magic_revision_1677245721/unprotected/cpanel/style_v2_optimized.css" "Mozilla/5.0 (Windows NT 10.0; Win64; x64) AppleWebKit/537.36 (KHTML, like Gecko) Chrome/138.0.0.0 Safari/537.36"
201.48.138.81 - - [11/Jul/2025:14:44:30 -0300] "GET /cPanel_magic_revision_1605240966/unprotected/cpanel/images/notice-info.png HTTP/2.0" 200 976 "https://webmail.dimensaogrupo.com.br/cPanel_magic_revision_1677245721/unprotected/cpanel/style_v2_optimized.css" "Mozilla/5.0 (Windows NT 10.0; Win64; x64) AppleWebKit/537.36 (KHTML, like Gecko) Chrome/138.0.0.0 Safari/537.36"
201.48.138.81 - - [11/Jul/2025:14:44:32 -0300] "POST /login/?login_only=1 HTTP/2.0" 308 104 "https://webmail.dimensaogrupo.com.br/cpsess1171988283/3rdparty/roundcube/?_task=mail&_mbox=INBOX.Trash" "Mozilla/5.0 (Windows NT 10.0; Win64; x64) AppleWebKit/537.36 (KHTML, like Gecko) Chrome/138.0.0.0 Safari/537.36"
201.48.138.81 - - [11/Jul/2025:14:44:32 -0300] "POST /login/?login_only=1 HTTP/2.0" 200 176 "https://webmail.dimensaogrupo.com.br/cpsess1171988283/3rdparty/roundcube/?_task=mail&_mbox=INBOX.Trash" "Mozilla/5.0 (Windows NT 10.0; Win64; x64) AppleWebKit/537.36 (KHTML, like Gecko) Chrome/138.0.0.0 Safari/537.36"
201.48.138.81 - - [11/Jul/2025:14:44:32 -0300] "GET /cpsess5613808748/3rdparty/roundcube/?_task=mail&_mbox=INBOX.Trash&login=1&post_login=12331002558956 HTTP/2.0" 302 - "https://webmail.dimensaogrupo.com.br/cpsess1171988283/3rdparty/roundcube/?_task=mail&_mbox=INBOX.Trash" "Mozilla/5.0 (Windows NT 10.0; Win64; x64) AppleWebKit/537.36 (KHTML, like Gecko) Chrome/138.0.0.0 Safari/537.36"
201.48.138.81 - - [11/Jul/2025:14:44:33 -0300] "GET /cpsess5613808748/3rdparty/roundcube/?_task=mail&_token=5boQZbPVWAx9IlLB5NX4JCtQXiFD0f5O HTTP/2.0" 200 11405 "https://webmail.dimensaogrupo.com.br/cpsess1171988283/3rdparty/roundcube/?_task=mail&_mbox=INBOX.Trash" "Mozilla/5.0 (Windows NT 10.0; Win64; x64) AppleWebKit/537.36 (KHTML, like Gecko) Chrome/138.0.0.0 Safari/537.36"
201.48.138.81 - - [11/Jul/2025:14:44:33 -0300] "GET /cpsess5613808748/3rdparty/roundcube/skins/elastic/deps/bootstrap.min.css?s=1748763916 HTTP/2.0" 200 25867 "https://webmail.dimensaogrupo.com.br/cpsess5613808748/3rdparty/roundcube/?_task=mail&_token=5boQZbPVWAx9IlLB5NX4JCtQXiFD0f5O" "Mozilla/5.0 (Windows NT 10.0; Win64; x64) AppleWebKit/537.36 (KHTML, like Gecko) Chrome/138.0.0.0 Safari/537.36"
201.48.138.81 - - [11/Jul/2025:14:44:33 -0300] "GET /cpsess5613808748/3rdparty/roundcube/skins/elastic/styles/styles.min.css?s=1748880883 HTTP/2.0" 200 24006 "https://webmail.dimensaogrupo.com.br/cpsess5613808748/3rdparty/roundcube/?_task=mail&_token=5boQZbPVWAx9IlLB5NX4JCtQXiFD0f5O" "Mozilla/5.0 (Windows NT 10.0; Win64; x64) AppleWebKit/537.36 (KHTML, like Gecko) Chrome/138.0.0.0 Safari/537.36"
201.48.138.81 - - [11/Jul/2025:14:44:33 -0300] "GET /cpsess5613808748/3rdparty/roundcube/plugins/return_to_webmail/skins/elastic/return_to_webmail.css?s=1748881325 HTTP/2.0" 200 863 "https://webmail.dimensaogrupo.com.br/cpsess5613808748/3rdparty/roundcube/?_task=mail&_token=5boQZbPVWAx9IlLB5NX4JCtQXiFD0f5O" "Mozilla/5.0 (Windows NT 10.0; Win64; x64) AppleWebKit/537.36 (KHTML, like Gecko) Chrome/138.0.0.0 Safari/537.36"
201.48.138.81 - - [11/Jul/2025:14:44:33 -0300] "GET /cpsess5613808748/3rdparty/roundcube/plugins/carddav/skins/elastic/carddav.css?s=1748881325 HTTP/2.0" 200 77 "https://webmail.dimensaogrupo.com.br/cpsess5613808748/3rdparty/roundcube/?_task=mail&_token=5boQZbPVWAx9IlLB5NX4JCtQXiFD0f5O" "Mozilla/5.0 (Windows NT 10.0; Win64; x64) AppleWebKit/537.36 (KHTML, like Gecko) Chrome/138.0.0.0 Safari/537.36"
201.48.138.81 - - [11/Jul/2025:14:44:33 -0300] "GET /cpsess5613808748/3rdparty/roundcube/plugins/jqueryui/themes/elastic/jquery-ui.min.css?s=1748763912 HTTP/2.0" 200 7701 "https://webmail.dimensaogrupo.com.br/cpsess5613808748/3rdparty/roundcube/?_task=mail&_token=5boQZbPVWAx9IlLB5NX4JCtQXiFD0f5O" "Mozilla/5.0 (Windows NT 10.0; Win64; x64) AppleWebKit/537.36 (KHTML, like Gecko) Chrome/138.0.0.0 Safari/537.36"
201.48.138.81 - - [11/Jul/2025:14:44:33 -0300] "GET /cpsess5613808748/3rdparty/roundcube/plugins/calendar/skins/elastic/calendar.css?s=1748881326 HTTP/2.0" 200 15435 "https://webmail.dimensaogrupo.com.br/cpsess5613808748/3rdparty/roundcube/?_task=mail&_token=5boQZbPVWAx9IlLB5NX4JCtQXiFD0f5O" "Mozilla/5.0 (Windows NT 10.0; Win64; x64) AppleWebKit/537.36 (KHTML, like Gecko) Chrome/138.0.0.0 Safari/537.36"
201.48.138.81 - - [11/Jul/2025:14:44:33 -0300] "GET /cpsess5613808748/3rdparty/roundcube/program/js/jquery.min.js?s=1748763914 HTTP/2.0" 200 32867 "https://webmail.dimensaogrupo.com.br/cpsess5613808748/3rdparty/roundcube/?_task=mail&_token=5boQZbPVWAx9IlLB5NX4JCtQXiFD0f5O" "Mozilla/5.0 (Windows NT 10.0; Win64; x64) AppleWebKit/537.36 (KHTML, like Gecko) Chrome/138.0.0.0 Safari/537.36"
201.48.138.81 - - [11/Jul/2025:14:44:33 -0300] "GET /cpsess5613808748/3rdparty/roundcube/program/js/common.min.js?s=1748763912 HTTP/2.0" 200 4959 "https://webmail.dimensaogrupo.com.br/cpsess5613808748/3rdparty/roundcube/?_task=mail&_token=5boQZbPVWAx9IlLB5NX4JCtQXiFD0f5O" "Mozilla/5.0 (Windows NT 10.0; Win64; x64) AppleWebKit/537.36 (KHTML, like Gecko) Chrome/138.0.0.0 Safari/537.36"
201.48.138.81 - - [11/Jul/2025:14:44:33 -0300] "GET /cpsess5613808748/3rdparty/roundcube/program/js/app.min.js?s=1748880883 HTTP/2.0" 200 50593 "https://webmail.dimensaogrupo.com.br/cpsess5613808748/3rdparty/roundcube/?_task=mail&_token=5boQZbPVWAx9IlLB5NX4JCtQXiFD0f5O" "Mozilla/5.0 (Windows NT 10.0; Win64; x64) AppleWebKit/537.36 (KHTML, like Gecko) Chrome/138.0.0.0 Safari/537.36"
201.48.138.81 - - [11/Jul/2025:14:44:33 -0300] "GET /cpsess5613808748/3rdparty/roundcube/program/js/treelist.min.js?s=1748763912 HTTP/2.0" 200 5390 "https://webmail.dimensaogrupo.com.br/cpsess5613808748/3rdparty/roundcube/?_task=mail&_token=5boQZbPVWAx9IlLB5NX4JCtQXiFD0f5O" "Mozilla/5.0 (Windows NT 10.0; Win64; x64) AppleWebKit/537.36 (KHTML, like Gecko) Chrome/138.0.0.0 Safari/537.36"
201.48.138.81 - - [11/Jul/2025:14:44:33 -0300] "GET /cpsess5613808748/3rdparty/roundcube/program/js/list.min.js?s=1748763912 HTTP/2.0" 200 8316 "https://webmail.dimensaogrupo.com.br/cpsess5613808748/3rdparty/roundcube/?_task=mail&_token=5boQZbPVWAx9IlLB5NX4JCtQXiFD0f5O" "Mozilla/5.0 (Windows NT 10.0; Win64; x64) AppleWebKit/537.36 (KHTML, like Gecko) Chrome/138.0.0.0 Safari/537.36"
201.48.138.81 - - [11/Jul/2025:14:44:33 -0300] "GET /cpsess5613808748/3rdparty/roundcube/plugins/archive/archive.min.js?s=1748763912 HTTP/2.0" 200 743 "https://webmail.dimensaogrupo.com.br/cpsess5613808748/3rdparty/roundcube/?_task=mail&_token=5boQZbPVWAx9IlLB5NX4JCtQXiFD0f5O" "Mozilla/5.0 (Windows NT 10.0; Win64; x64) AppleWebKit/537.36 (KHTML, like Gecko) Chrome/138.0.0.0 Safari/537.36"
201.48.138.81 - - [11/Jul/2025:14:44:33 -0300] "GET /cpsess5613808748/3rdparty/roundcube/plugins/return_to_webmail/return_to_webmail.js?s=1748881325 HTTP/2.0" 200 773 "https://webmail.dimensaogrupo.com.br/cpsess5613808748/3rdparty/roundcube/?_task=mail&_token=5boQZbPVWAx9IlLB5NX4JCtQXiFD0f5O" "Mozilla/5.0 (Windows NT 10.0; Win64; x64) AppleWebKit/537.36 (KHTML, like Gecko) Chrome/138.0.0.0 Safari/537.36"
201.48.138.81 - - [11/Jul/2025:14:44:33 -0300] "GET /cpsess5613808748/3rdparty/roundcube/plugins/markasjunk/markasjunk.min.js?s=1748763912 HTTP/2.0" 200 1144 "https://webmail.dimensaogrupo.com.br/cpsess5613808748/3rdparty/roundcube/?_task=mail&_token=5boQZbPVWAx9IlLB5NX4JCtQXiFD0f5O" "Mozilla/5.0 (Windows NT 10.0; Win64; x64) AppleWebKit/537.36 (KHTML, like Gecko) Chrome/138.0.0.0 Safari/537.36"
201.48.138.81 - - [11/Jul/2025:14:44:33 -0300] "GET /cpsess5613808748/3rdparty/roundcube/plugins/jqueryui/js/jquery-ui.min.js?s=1748763912 HTTP/2.0" 200 74366 "https://webmail.dimensaogrupo.com.br/cpsess5613808748/3rdparty/roundcube/?_task=mail&_token=5boQZbPVWAx9IlLB5NX4JCtQXiFD0f5O" "Mozilla/5.0 (Windows NT 10.0; Win64; x64) AppleWebKit/537.36 (KHTML, like Gecko) Chrome/138.0.0.0 Safari/537.36"
201.48.138.81 - - [11/Jul/2025:14:44:33 -0300] "GET /cpsess5613808748/3rdparty/roundcube/plugins/jqueryui/js/i18n/datepicker-pt-BR.js?s=1748763912 HTTP/2.0" 200 660 "https://webmail.dimensaogrupo.com.br/cpsess5613808748/3rdparty/roundcube/?_task=mail&_token=5boQZbPVWAx9IlLB5NX4JCtQXiFD0f5O" "Mozilla/5.0 (Windows NT 10.0; Win64; x64) AppleWebKit/537.36 (KHTML, like Gecko) Chrome/138.0.0.0 Safari/537.36"
201.48.138.81 - - [11/Jul/2025:14:44:33 -0300] "GET /cpsess5613808748/3rdparty/roundcube/plugins/calendar/calendar_base.js?s=1748881326 HTTP/2.0" 200 1766 "https://webmail.dimensaogrupo.com.br/cpsess5613808748/3rdparty/roundcube/?_task=mail&_token=5boQZbPVWAx9IlLB5NX4JCtQXiFD0f5O" "Mozilla/5.0 (Windows NT 10.0; Win64; x64) AppleWebKit/537.36 (KHTML, like Gecko) Chrome/138.0.0.0 Safari/537.36"
201.48.138.81 - - [11/Jul/2025:14:44:33 -0300] "GET /cpsess5613808748/3rdparty/roundcube/plugins/libcalendaring/libcalendaring.js?s=1748881326 HTTP/2.0" 200 15634 "https://webmail.dimensaogrupo.com.br/cpsess5613808748/3rdparty/roundcube/?_task=mail&_token=5boQZbPVWAx9IlLB5NX4JCtQXiFD0f5O" "Mozilla/5.0 (Windows NT 10.0; Win64; x64) AppleWebKit/537.36 (KHTML, like Gecko) Chrome/138.0.0.0 Safari/537.36"
201.48.138.81 - - [11/Jul/2025:14:44:33 -0300] "GET /cpsess5613808748/3rdparty/roundcube/skins/elastic/images/logo.svg?s=1748763912 HTTP/2.0" 200 397 "https://webmail.dimensaogrupo.com.br/cpsess5613808748/3rdparty/roundcube/?_task=mail&_token=5boQZbPVWAx9IlLB5NX4JCtQXiFD0f5O" "Mozilla/5.0 (Windows NT 10.0; Win64; x64) AppleWebKit/537.36 (KHTML, like Gecko) Chrome/138.0.0.0 Safari/537.36"
201.48.138.81 - - [11/Jul/2025:14:44:33 -0300] "GET /cpsess5613808748/3rdparty/roundcube/skins/elastic/deps/bootstrap.bundle.min.js?s=1748763916 HTTP/2.0" 200 23054 "https://webmail.dimensaogrupo.com.br/cpsess5613808748/3rdparty/roundcube/?_task=mail&_token=5boQZbPVWAx9IlLB5NX4JCtQXiFD0f5O" "Mozilla/5.0 (Windows NT 10.0; Win64; x64) AppleWebKit/537.36 (KHTML, like Gecko) Chrome/138.0.0.0 Safari/537.36"
201.48.138.81 - - [11/Jul/2025:14:44:36 -0300] "GET /cpsess5613808748/3rdparty/roundcube/skins/elastic/ui.min.js?s=1748763912 HTTP/2.0" 200 20576 "https://webmail.dimensaogrupo.com.br/cpsess5613808748/3rdparty/roundcube/?_task=mail&_token=5boQZbPVWAx9IlLB5NX4JCtQXiFD0f5O" "Mozilla/5.0 (Windows NT 10.0; Win64; x64) AppleWebKit/537.36 (KHTML, like Gecko) Chrome/138.0.0.0 Safari/537.36"
201.48.138.81 - - [11/Jul/2025:14:44:36 -0300] "GET /cpsess5613808748/3rdparty/roundcube/skins/elastic/watermark.html HTTP/2.0" 200 494 "https://webmail.dimensaogrupo.com.br/cpsess5613808748/3rdparty/roundcube/?_task=mail&_token=5boQZbPVWAx9IlLB5NX4JCtQXiFD0f5O" "Mozilla/5.0 (Windows NT 10.0; Win64; x64) AppleWebKit/537.36 (KHTML, like Gecko) Chrome/138.0.0.0 Safari/537.36"
201.48.138.81 - - [11/Jul/2025:14:44:36 -0300] "GET /cPanel_magic_revision_1748763912/3rdparty/roundcube/skins/elastic/fonts/roboto-v29-regular.woff2 HTTP/2.0" 200 50240 "https://webmail.dimensaogrupo.com.br/cpsess5613808748/3rdparty/roundcube/skins/elastic/styles/styles.min.css?s=1748880883" "Mozilla/5.0 (Windows NT 10.0; Win64; x64) AppleWebKit/537.36 (KHTML, like Gecko) Chrome/138.0.0.0 Safari/537.36"
201.48.138.81 - - [11/Jul/2025:14:44:36 -0300] "GET /cPanel_magic_revision_1748763912/3rdparty/roundcube/skins/elastic/fonts/fa-solid-900.woff2 HTTP/2.0" 200 75440 "https://webmail.dimensaogrupo.com.br/cpsess5613808748/3rdparty/roundcube/skins/elastic/styles/styles.min.css?s=1748880883" "Mozilla/5.0 (Windows NT 10.0; Win64; x64) AppleWebKit/537.36 (KHTML, like Gecko) Chrome/138.0.0.0 Safari/537.36"
201.48.138.81 - - [11/Jul/2025:14:44:36 -0300] "GET /cPanel_magic_revision_1748763912/3rdparty/roundcube/skins/elastic/fonts/roboto-v29-regular-700.woff2 HTTP/2.0" 200 50196 "https://webmail.dimensaogrupo.com.br/cpsess5613808748/3rdparty/roundcube/skins/elastic/styles/styles.min.css?s=1748880883" "Mozilla/5.0 (Windows NT 10.0; Win64; x64) AppleWebKit/537.36 (KHTML, like Gecko) Chrome/138.0.0.0 Safari/537.36"
201.48.138.81 - - [11/Jul/2025:14:44:36 -0300] "GET /cPanel_magic_revision_1748763912/3rdparty/roundcube/skins/elastic/fonts/fa-regular-400.woff2 HTTP/2.0" 200 13580 "https://webmail.dimensaogrupo.com.br/cpsess5613808748/3rdparty/roundcube/skins/elastic/styles/styles.min.css?s=1748880883" "Mozilla/5.0 (Windows NT 10.0; Win64; x64) AppleWebKit/537.36 (KHTML, like Gecko) Chrome/138.0.0.0 Safari/537.36"
201.48.138.81 - - [11/Jul/2025:14:44:36 -0300] "GET /cpsess5613808748/3rdparty/roundcube/skins/elastic/images/logo.svg HTTP/2.0" 200 397 "https://webmail.dimensaogrupo.com.br/cpsess5613808748/3rdparty/roundcube/skins/elastic/watermark.html" "Mozilla/5.0 (Windows NT 10.0; Win64; x64) AppleWebKit/537.36 (KHTML, like Gecko) Chrome/138.0.0.0 Safari/537.36"
201.48.138.81 - - [11/Jul/2025:14:44:36 -0300] "GET /cpsess5613808748/3rdparty/roundcube/?_task=mail&_action=list&_refresh=1&_layout=widescreen&_mbox=INBOX&_page=&_remote=1&_unlock=loading1752255878748&_=1752255877292 HTTP/2.0" 200 3800 "https://webmail.dimensaogrupo.com.br/cpsess5613808748/3rdparty/roundcube/?_task=mail&_token=5boQZbPVWAx9IlLB5NX4JCtQXiFD0f5O" "Mozilla/5.0 (Windows NT 10.0; Win64; x64) AppleWebKit/537.36 (KHTML, like Gecko) Chrome/138.0.0.0 Safari/537.36"
201.48.138.81 - - [11/Jul/2025:14:44:36 -0300] "GET /cpsess5613808748/3rdparty/roundcube/?_task=mail&_action=getunread&_page=1&_remote=1&_unlock=0&_=1752255877293 HTTP/2.0" 200 351 "https://webmail.dimensaogrupo.com.br/cpsess5613808748/3rdparty/roundcube/?_task=mail&_mbox=INBOX" "Mozilla/5.0 (Windows NT 10.0; Win64; x64) AppleWebKit/537.36 (KHTML, like Gecko) Chrome/138.0.0.0 Safari/537.36"
201.48.138.81 - - [11/Jul/2025:14:44:36 -0300] "GET /cPanel_magic_revision_1748881325/3rdparty/roundcube/plugins/return_to_webmail/skins/elastic/images/cp-logo-RGB-v42015.svg HTTP/2.0" 200 900 "https://webmail.dimensaogrupo.com.br/cpsess5613808748/3rdparty/roundcube/plugins/return_to_webmail/skins/elastic/return_to_webmail.css?s=1748881325" "Mozilla/5.0 (Windows NT 10.0; Win64; x64) AppleWebKit/537.36 (KHTML, like Gecko) Chrome/138.0.0.0 Safari/537.36"
201.48.138.81 - - [11/Jul/2025:14:44:36 -0300] "GET /cpsess5613808748/3rdparty/roundcube/program/resources/blank.tiff HTTP/2.0" 200 270 "https://webmail.dimensaogrupo.com.br/cpsess5613808748/3rdparty/roundcube/?_task=mail&_mbox=INBOX" "Mozilla/5.0 (Windows NT 10.0; Win64; x64) AppleWebKit/537.36 (KHTML, like Gecko) Chrome/138.0.0.0 Safari/537.36"
201.48.138.81 - - [11/Jul/2025:14:44:36 -0300] "GET /cpsess5613808748/3rdparty/roundcube/program/resources/blank.webp HTTP/2.0" 200 86 "https://webmail.dimensaogrupo.com.br/cpsess5613808748/3rdparty/roundcube/?_task=mail&_mbox=INBOX" "Mozilla/5.0 (Windows NT 10.0; Win64; x64) AppleWebKit/537.36 (KHTML, like Gecko) Chrome/138.0.0.0 Safari/537.36"
201.48.138.81 - - [11/Jul/2025:14:44:37 -0300] "GET /cpsess5613808748/3rdparty/roundcube/skins/elastic/images/favicon.ico?s=1748763912 HTTP/2.0" 200 1871 "https://webmail.dimensaogrupo.com.br/cpsess5613808748/3rdparty/roundcube/?_task=mail&_mbox=INBOX" "Mozilla/5.0 (Windows NT 10.0; Win64; x64) AppleWebKit/537.36 (KHTML, like Gecko) Chrome/138.0.0.0 Safari/537.36"
201.48.138.81 - - [11/Jul/2025:14:44:43 -0300] "GET /cpsess5613808748/3rdparty/roundcube/?_task=mail&_caps=pdf%3D1%2Cflash%3D0%2Ctiff%3D0%2Cwebp%3D1%2Cpgpmime%3D0&_uid=37211&_mbox=INBOX&_framed=1&_action=preview HTTP/2.0" 200 11946 "https://webmail.dimensaogrupo.com.br/cpsess5613808748/3rdparty/roundcube/?_task=mail&_mbox=INBOX" "Mozilla/5.0 (Windows NT 10.0; Win64; x64) AppleWebKit/537.36 (KHTML, like Gecko) Chrome/138.0.0.0 Safari/537.36"
201.48.138.81 - - [11/Jul/2025:14:44:43 -0300] "GET /cpsess5613808748/3rdparty/roundcube/?_task=addressbook&_action=photo&_email=marketing%40findme.id&_error=1&_bgcolor=transparent HTTP/2.0" 204 - "https://webmail.dimensaogrupo.com.br/cpsess5613808748/3rdparty/roundcube/?_task=mail&_caps=pdf%3D1%2Cflash%3D0%2Ctiff%3D0%2Cwebp%3D1%2Cpgpmime%3D0&_uid=37211&_mbox=INBOX&_framed=1&_action=preview" "Mozilla/5.0 (Windows NT 10.0; Win64; x64) AppleWebKit/537.36 (KHTML, like Gecko) Chrome/138.0.0.0 Safari/537.36"
201.48.138.81 - - [11/Jul/2025:14:44:43 -0300] "GET /cpsess5613808748/3rdparty/roundcube/program/resources/blocked.gif HTTP/2.0" 200 118 "https://webmail.dimensaogrupo.com.br/cpsess5613808748/3rdparty/roundcube/?_task=mail&_caps=pdf%3D1%2Cflash%3D0%2Ctiff%3D0%2Cwebp%3D1%2Cpgpmime%3D0&_uid=37211&_mbox=INBOX&_framed=1&_action=preview" "Mozilla/5.0 (Windows NT 10.0; Win64; x64) AppleWebKit/537.36 (KHTML, like Gecko) Chrome/138.0.0.0 Safari/537.36"
201.48.138.81 - - [11/Jul/2025:14:44:44 -0300] "GET /cpsess5613808748/3rdparty/roundcube/skins/elastic/images/contactpic.svg HTTP/2.0" 200 367 "https://webmail.dimensaogrupo.com.br/cpsess5613808748/3rdparty/roundcube/?_task=mail&_caps=pdf%3D1%2Cflash%3D0%2Ctiff%3D0%2Cwebp%3D1%2Cpgpmime%3D0&_uid=37211&_mbox=INBOX&_framed=1&_action=preview" "Mozilla/5.0 (Windows NT 10.0; Win64; x64) AppleWebKit/537.36 (KHTML, like Gecko) Chrome/138.0.0.0 Safari/537.36"
201.48.138.81 - - [11/Jul/2025:14:44:53 -0300] "GET /cpsess5613808748/3rdparty/roundcube/skins/elastic/watermark.html HTTP/2.0" 200 494 "https://webmail.dimensaogrupo.com.br/cpsess5613808748/3rdparty/roundcube/?_task=mail&_mbox=INBOX" "Mozilla/5.0 (Windows NT 10.0; Win64; x64) AppleWebKit/537.36 (KHTML, like Gecko) Chrome/138.0.0.0 Safari/537.36"
201.48.138.81 - - [11/Jul/2025:14:44:53 -0300] "GET /cpsess5613808748/3rdparty/roundcube/?_task=mail&_action=list&_refresh=1&_layout=widescreen&_mbox=INBOX.spam&_page=1&_remote=1&_unlock=loading1752255894522&_=1752255877294 HTTP/2.0" 200 4032 "https://webmail.dimensaogrupo.com.br/cpsess5613808748/3rdparty/roundcube/?_task=mail&_mbox=INBOX" "Mozilla/5.0 (Windows NT 10.0; Win64; x64) AppleWebKit/537.36 (KHTML, like Gecko) Chrome/138.0.0.0 Safari/537.36"
201.48.138.81 - - [11/Jul/2025:14:45:05 -0300] "POST /cpsess7653873484/3rdparty/roundcube/?_task=mail&_action=refresh HTTP/2.0" 308 152 "https://webmail.dimensaogrupo.com.br/cpsess7653873484/3rdparty/roundcube/?_task=mail&_mbox=INBOX" "Mozilla/5.0 (Windows NT 10.0; Win64; x64) AppleWebKit/537.36 (KHTML, like Gecko) Chrome/138.0.0.0 Safari/537.36"
201.48.138.81 - - [11/Jul/2025:14:45:05 -0300] "POST /cpsess7653873484/3rdparty/roundcube/?_task=mail&_action=refresh HTTP/2.0" 200 135 "https://webmail.dimensaogrupo.com.br/cpsess7653873484/3rdparty/roundcube/?_task=mail&_mbox=INBOX" "Mozilla/5.0 (Windows NT 10.0; Win64; x64) AppleWebKit/537.36 (KHTML, like Gecko) Chrome/138.0.0.0 Safari/537.36"
201.48.138.81 - - [11/Jul/2025:14:45:06 -0300] "GET /cpsess5613808748/3rdparty/roundcube/?_task=mail&_caps=pdf%3D1%2Cflash%3D0%2Ctiff%3D0%2Cwebp%3D1%2Cpgpmime%3D0&_uid=4692&_mbox=INBOX.spam&_framed=1&_action=preview HTTP/2.0" 200 10503 "https://webmail.dimensaogrupo.com.br/cpsess5613808748/3rdparty/roundcube/?_task=mail&_mbox=INBOX.spam" "Mozilla/5.0 (Windows NT 10.0; Win64; x64) AppleWebKit/537.36 (KHTML, like Gecko) Chrome/138.0.0.0 Safari/537.36"
201.48.138.81 - - [11/Jul/2025:14:45:06 -0300] "GET /cpsess5613808748/3rdparty/roundcube/?_task=addressbook&_action=photo&_email=antonio.junior%40hclpm.spdm.org.br&_error=1&_bgcolor=transparent HTTP/2.0" 204 - "https://webmail.dimensaogrupo.com.br/cpsess5613808748/3rdparty/roundcube/?_task=mail&_caps=pdf%3D1%2Cflash%3D0%2Ctiff%3D0%2Cwebp%3D1%2Cpgpmime%3D0&_uid=4692&_mbox=INBOX.spam&_framed=1&_action=preview" "Mozilla/5.0 (Windows NT 10.0; Win64; x64) AppleWebKit/537.36 (KHTML, like Gecko) Chrome/138.0.0.0 Safari/537.36"
201.48.138.81 - - [11/Jul/2025:14:45:06 -0300] "GET /cpsess5613808748/3rdparty/roundcube/?_task=mail&_action=get&_mbox=INBOX.spam&_uid=4692&_token=5boQZbPVWAx9IlLB5NX4JCtQXiFD0f5O&_part=2&_embed=1&_mimeclass=image HTTP/2.0" 200 20520 "https://webmail.dimensaogrupo.com.br/cpsess5613808748/3rdparty/roundcube/?_task=mail&_caps=pdf%3D1%2Cflash%3D0%2Ctiff%3D0%2Cwebp%3D1%2Cpgpmime%3D0&_uid=4692&_mbox=INBOX.spam&_framed=1&_action=preview" "Mozilla/5.0 (Windows NT 10.0; Win64; x64) AppleWebKit/537.36 (KHTML, like Gecko) Chrome/138.0.0.0 Safari/537.36"
201.48.138.81 - - [11/Jul/2025:14:45:06 -0300] "GET /cpsess5613808748/3rdparty/roundcube/?_task=mail&_action=get&_mbox=INBOX.spam&_uid=4692&_token=5boQZbPVWAx9IlLB5NX4JCtQXiFD0f5O&_part=4&_embed=1&_mimeclass=image HTTP/2.0" 200 38924 "https://webmail.dimensaogrupo.com.br/cpsess5613808748/3rdparty/roundcube/?_task=mail&_caps=pdf%3D1%2Cflash%3D0%2Ctiff%3D0%2Cwebp%3D1%2Cpgpmime%3D0&_uid=4692&_mbox=INBOX.spam&_framed=1&_action=preview" "Mozilla/5.0 (Windows NT 10.0; Win64; x64) AppleWebKit/537.36 (KHTML, like Gecko) Chrome/138.0.0.0 Safari/537.36"
201.48.138.81 - - [11/Jul/2025:14:45:07 -0300] "GET /cpsess5613808748/3rdparty/roundcube/?_task=mail&_action=get&_mbox=INBOX.spam&_uid=4692&_token=5boQZbPVWAx9IlLB5NX4JCtQXiFD0f5O&_part=5&_embed=1&_mimeclass=image HTTP/2.0" 200 3448 "https://webmail.dimensaogrupo.com.br/cpsess5613808748/3rdparty/roundcube/?_task=mail&_caps=pdf%3D1%2Cflash%3D0%2Ctiff%3D0%2Cwebp%3D1%2Cpgpmime%3D0&_uid=4692&_mbox=INBOX.spam&_framed=1&_action=preview" "Mozilla/5.0 (Windows NT 10.0; Win64; x64) AppleWebKit/537.36 (KHTML, like Gecko) Chrome/138.0.0.0 Safari/537.36"
201.48.138.81 - - [11/Jul/2025:14:45:07 -0300] "GET /cpsess5613808748/3rdparty/roundcube/?_task=mail&_action=get&_mbox=INBOX.spam&_uid=4692&_token=5boQZbPVWAx9IlLB5NX4JCtQXiFD0f5O&_part=3&_embed=1&_mimeclass=image HTTP/2.0" 200 31831 "https://webmail.dimensaogrupo.com.br/cpsess5613808748/3rdparty/roundcube/?_task=mail&_caps=pdf%3D1%2Cflash%3D0%2Ctiff%3D0%2Cwebp%3D1%2Cpgpmime%3D0&_uid=4692&_mbox=INBOX.spam&_framed=1&_action=preview" "Mozilla/5.0 (Windows NT 10.0; Win64; x64) AppleWebKit/537.36 (KHTML, like Gecko) Chrome/138.0.0.0 Safari/537.36"
201.48.138.81 - - [11/Jul/2025:14:45:07 -0300] "GET /cPanel_magic_revision_1748763912/3rdparty/roundcube/skins/elastic/fonts/roboto-v29-italic.woff2 HTTP/2.0" 200 54136 "https://webmail.dimensaogrupo.com.br/cpsess5613808748/3rdparty/roundcube/skins/elastic/styles/styles.min.css?s=1748880883" "Mozilla/5.0 (Windows NT 10.0; Win64; x64) AppleWebKit/537.36 (KHTML, like Gecko) Chrome/138.0.0.0 Safari/537.36"
201.48.138.81 - - [11/Jul/2025:14:45:07 -0300] "GET /cPanel_magic_revision_1748763912/3rdparty/roundcube/skins/elastic/fonts/roboto-v29-italic-700.woff2 HTTP/2.0" 200 54292 "https://webmail.dimensaogrupo.com.br/cpsess5613808748/3rdparty/roundcube/skins/elastic/styles/styles.min.css?s=1748880883" "Mozilla/5.0 (Windows NT 10.0; Win64; x64) AppleWebKit/537.36 (KHTML, like Gecko) Chrome/138.0.0.0 Safari/537.36"
201.48.138.81 - - [11/Jul/2025:14:45:11 -0300] "POST /cpsess5613808748/3rdparty/roundcube/?_task=mail&_action=plugin.markasjunk.not_junk HTTP/2.0" 200 208 "https://webmail.dimensaogrupo.com.br/cpsess5613808748/3rdparty/roundcube/?_task=mail&_mbox=INBOX.spam" "Mozilla/5.0 (Windows NT 10.0; Win64; x64) AppleWebKit/537.36 (KHTML, like Gecko) Chrome/138.0.0.0 Safari/537.36"
201.48.138.81 - - [11/Jul/2025:14:45:14 -0300] "POST /cpsess5613808748/3rdparty/roundcube/?_task=mail&_action=move HTTP/2.0" 200 861 "https://webmail.dimensaogrupo.com.br/cpsess5613808748/3rdparty/roundcube/?_task=mail&_mbox=INBOX.spam" "Mozilla/5.0 (Windows NT 10.0; Win64; x64) AppleWebKit/537.36 (KHTML, like Gecko) Chrome/138.0.0.0 Safari/537.36"
201.48.138.81 - - [11/Jul/2025:14:45:14 -0300] "GET /cpsess5613808748/3rdparty/roundcube/skins/elastic/watermark.html HTTP/2.0" 200 494 "https://webmail.dimensaogrupo.com.br/cpsess5613808748/3rdparty/roundcube/?_task=mail&_mbox=INBOX.spam" "Mozilla/5.0 (Windows NT 10.0; Win64; x64) AppleWebKit/537.36 (KHTML, like Gecko) Chrome/138.0.0.0 Safari/537.36"
201.48.138.81 - - [11/Jul/2025:14:45:14 -0300] "GET /cpsess5613808748/3rdparty/roundcube/?_task=mail&_caps=pdf%3D1%2Cflash%3D0%2Ctiff%3D0%2Cwebp%3D1%2Cpgpmime%3D0&_uid=4691&_mbox=INBOX.spam&_framed=1&_action=preview HTTP/2.0" 200 6181 "https://webmail.dimensaogrupo.com.br/cpsess5613808748/3rdparty/roundcube/?_task=mail&_mbox=INBOX.spam" "Mozilla/5.0 (Windows NT 10.0; Win64; x64) AppleWebKit/537.36 (KHTML, like Gecko) Chrome/138.0.0.0 Safari/537.36"
200.219.243.150 - - [11/Jul/2025:14:45:14 -0300] "POST /cpsess0443418330/3rdparty/roundcube/?_task=mail&_action=refresh HTTP/2.0" 308 152 "https://webmail.dimensaogrupo.com.br/cpsess0443418330/3rdparty/roundcube/?_task=mail&_mbox=INBOX.Sent" "Mozilla/5.0 (Windows NT 10.0; Win64; x64) AppleWebKit/537.36 (KHTML, like Gecko) Chrome/137.0.0.0 Safari/537.36"
201.48.138.81 - - [11/Jul/2025:14:45:14 -0300] "GET /cpsess5613808748/3rdparty/roundcube/?_task=addressbook&_action=photo&_email=bravos%40cinemateca.org.br&_error=1&_bgcolor=transparent HTTP/2.0" 204 - "https://webmail.dimensaogrupo.com.br/cpsess5613808748/3rdparty/roundcube/?_task=mail&_caps=pdf%3D1%2Cflash%3D0%2Ctiff%3D0%2Cwebp%3D1%2Cpgpmime%3D0&_uid=4691&_mbox=INBOX.spam&_framed=1&_action=preview" "Mozilla/5.0 (Windows NT 10.0; Win64; x64) AppleWebKit/537.36 (KHTML, like Gecko) Chrome/138.0.0.0 Safari/537.36"
200.219.243.150 - - [11/Jul/2025:14:45:14 -0300] "POST /cpsess0443418330/3rdparty/roundcube/?_task=mail&_action=refresh HTTP/2.0" 200 137 "https://webmail.dimensaogrupo.com.br/cpsess0443418330/3rdparty/roundcube/?_task=mail&_mbox=INBOX.Sent" "Mozilla/5.0 (Windows NT 10.0; Win64; x64) AppleWebKit/537.36 (KHTML, like Gecko) Chrome/137.0.0.0 Safari/537.36"
201.48.138.81 - - [11/Jul/2025:14:45:14 -0300] "GET /cpsess5613808748/3rdparty/roundcube/?_task=mail&_action=get&_mbox=INBOX.spam&_uid=4691&_token=5boQZbPVWAx9IlLB5NX4JCtQXiFD0f5O&_part=1.2&_embed=1&_mimeclass=image HTTP/2.0" 200 141772 "https://webmail.dimensaogrupo.com.br/cpsess5613808748/3rdparty/roundcube/?_task=mail&_caps=pdf%3D1%2Cflash%3D0%2Ctiff%3D0%2Cwebp%3D1%2Cpgpmime%3D0&_uid=4691&_mbox=INBOX.spam&_framed=1&_action=preview" "Mozilla/5.0 (Windows NT 10.0; Win64; x64) AppleWebKit/537.36 (KHTML, like Gecko) Chrome/138.0.0.0 Safari/537.36"
201.48.138.81 - - [11/Jul/2025:14:45:38 -0300] "POST /cpsess5613808748/3rdparty/roundcube/?_task=mail&_action=refresh HTTP/2.0" 200 152 "https://webmail.dimensaogrupo.com.br/cpsess5613808748/3rdparty/roundcube/?_task=mail&_mbox=INBOX.spam" "Mozilla/5.0 (Windows NT 10.0; Win64; x64) AppleWebKit/537.36 (KHTML, like Gecko) Chrome/138.0.0.0 Safari/537.36"
201.48.138.81 - - [11/Jul/2025:14:46:06 -0300] "POST /cpsess7653873484/3rdparty/roundcube/?_task=mail&_action=refresh HTTP/2.0" 200 135 "https://webmail.dimensaogrupo.com.br/cpsess7653873484/3rdparty/roundcube/?_task=mail&_mbox=INBOX" "Mozilla/5.0 (Windows NT 10.0; Win64; x64) AppleWebKit/537.36 (KHTML, like Gecko) Chrome/138.0.0.0 Safari/537.36"
200.219.243.150 - - [11/Jul/2025:14:46:14 -0300] "POST /cpsess0443418330/3rdparty/roundcube/?_task=mail&_action=refresh HTTP/2.0" 308 152 "https://webmail.dimensaogrupo.com.br/cpsess0443418330/3rdparty/roundcube/?_task=mail&_mbox=INBOX.Sent" "Mozilla/5.0 (Windows NT 10.0; Win64; x64) AppleWebKit/537.36 (KHTML, like Gecko) Chrome/137.0.0.0 Safari/537.36"
200.219.243.150 - - [11/Jul/2025:14:46:14 -0300] "POST /cpsess0443418330/3rdparty/roundcube/?_task=mail&_action=refresh HTTP/2.0" 200 137 "https://webmail.dimensaogrupo.com.br/cpsess0443418330/3rdparty/roundcube/?_task=mail&_mbox=INBOX.Sent" "Mozilla/5.0 (Windows NT 10.0; Win64; x64) AppleWebKit/537.36 (KHTML, like Gecko) Chrome/137.0.0.0 Safari/537.36"
201.48.138.81 - - [11/Jul/2025:14:46:38 -0300] "POST /cpsess5613808748/3rdparty/roundcube/?_task=mail&_action=refresh HTTP/2.0" 308 152 "https://webmail.dimensaogrupo.com.br/cpsess5613808748/3rdparty/roundcube/?_task=mail&_mbox=INBOX.spam" "Mozilla/5.0 (Windows NT 10.0; Win64; x64) AppleWebKit/537.36 (KHTML, like Gecko) Chrome/138.0.0.0 Safari/537.36"
201.48.138.81 - - [11/Jul/2025:14:46:38 -0300] "POST /cpsess5613808748/3rdparty/roundcube/?_task=mail&_action=refresh HTTP/2.0" 200 135 "https://webmail.dimensaogrupo.com.br/cpsess5613808748/3rdparty/roundcube/?_task=mail&_mbox=INBOX.spam" "Mozilla/5.0 (Windows NT 10.0; Win64; x64) AppleWebKit/537.36 (KHTML, like Gecko) Chrome/138.0.0.0 Safari/537.36"
201.48.138.81 - - [11/Jul/2025:14:47:07 -0300] "POST /cpsess7653873484/3rdparty/roundcube/?_task=mail&_action=refresh HTTP/2.0" 200 135 "https://webmail.dimensaogrupo.com.br/cpsess7653873484/3rdparty/roundcube/?_task=mail&_mbox=INBOX" "Mozilla/5.0 (Windows NT 10.0; Win64; x64) AppleWebKit/537.36 (KHTML, like Gecko) Chrome/138.0.0.0 Safari/537.36"
200.219.243.150 - - [11/Jul/2025:14:47:14 -0300] "POST /cpsess0443418330/3rdparty/roundcube/?_task=mail&_action=refresh HTTP/2.0" 308 152 "https://webmail.dimensaogrupo.com.br/cpsess0443418330/3rdparty/roundcube/?_task=mail&_mbox=INBOX.Sent" "Mozilla/5.0 (Windows NT 10.0; Win64; x64) AppleWebKit/537.36 (KHTML, like Gecko) Chrome/137.0.0.0 Safari/537.36"
200.219.243.150 - - [11/Jul/2025:14:47:14 -0300] "POST /cpsess0443418330/3rdparty/roundcube/?_task=mail&_action=refresh HTTP/2.0" 200 137 "https://webmail.dimensaogrupo.com.br/cpsess0443418330/3rdparty/roundcube/?_task=mail&_mbox=INBOX.Sent" "Mozilla/5.0 (Windows NT 10.0; Win64; x64) AppleWebKit/537.36 (KHTML, like Gecko) Chrome/137.0.0.0 Safari/537.36"
