47.82.60.97 - - [11/Jul/2025:10:41:22 -0300] "GET /shopdetail/062001142 HTTP/1.1" 404 - "https://dimensaocondominios.dimensaogrupo.com.br/shopdetail/062001142" "Mozilla/5.0 (Windows NT 10.0; Win64; x64) AppleWebKit/537.36 (KHTML, like Gecko) Chrome/114.0.0.0 Safari/537.36 Edg/114.0.1823.43"
20.171.207.71 - - [11/Jul/2025:10:41:25 -0300] "GET /partly/by54/3rorw-17349/ HTTP/2.0" 404 - "-" "Mozilla/5.0 AppleWebKit/537.36 (KHTML, like Gecko; compatible; GPTBot/1.2; +https://openai.com/gptbot)"
20.171.207.71 - - [11/Jul/2025:10:42:26 -0300] "GET /monkey/any10/c7kro-19033/ HTTP/2.0" 404 - "-" "Mozilla/5.0 AppleWebKit/537.36 (KHTML, like Gecko; compatible; GPTBot/1.2; +https://openai.com/gptbot)"
20.171.207.71 - - [11/Jul/2025:10:43:30 -0300] "GET /seem/hunt60/zokn5-13103/ HTTP/2.0" 404 - "-" "Mozilla/5.0 AppleWebKit/537.36 (KHTML, like Gecko; compatible; GPTBot/1.2; +https://openai.com/gptbot)"
47.82.60.54 - - [11/Jul/2025:10:43:31 -0300] "GET /shopdetail/031031109 HTTP/1.1" 404 - "https://dimensaocondominios.dimensaogrupo.com.br/shopdetail/031031109" "Mozilla/5.0 (Windows NT 10.0; Win64; x64) AppleWebKit/537.36 (KHTML, like Gecko) Chrome/114.0.0.0 Safari/537.36 Edg/114.0.1823.43"
47.82.60.56 - - [11/Jul/2025:10:43:36 -0300] "GET /pcmypage?callback=product/review/happyhour1414-gr-e9rq0r734n HTTP/1.1" 404 - "https://dimensaocondominios.dimensaogrupo.com.br/pcmypage?callback=product/review/happyhour1414-gr-e9rq0r734n" "Mozilla/5.0 (Windows NT 10.0; Win64; x64) AppleWebKit/537.36 (KHTML, like Gecko) Chrome/114.0.0.0 Safari/537.36 Edg/114.0.1823.43"
20.171.207.71 - - [11/Jul/2025:10:44:31 -0300] "GET /army/lamp110/ujvjm-31525/ HTTP/2.0" 404 - "-" "Mozilla/5.0 AppleWebKit/537.36 (KHTML, like Gecko; compatible; GPTBot/1.2; +https://openai.com/gptbot)"
20.171.207.71 - - [11/Jul/2025:10:45:36 -0300] "GET /reduce/doll49/96sxb-7786/ HTTP/2.0" 404 - "-" "Mozilla/5.0 AppleWebKit/537.36 (KHTML, like Gecko; compatible; GPTBot/1.2; +https://openai.com/gptbot)"
208.110.64.178 - - [11/Jul/2025:10:45:52 -0300] "GET /wp-includes/install.php HTTP/1.1" 404 - "https://dimensaocondominios.com.br/wp-includes/install.php" "Mozilla/5.0 (Windows NT 10.0; Win64; x64) AppleWebKit/537.36 (KHTML, like Gecko) Chrome/58.0.3029.110 Safari/537.3"
20.171.207.71 - - [11/Jul/2025:10:46:39 -0300] "GET /intend/cave30/ofz09-3819/ HTTP/2.0" 404 - "-" "Mozilla/5.0 AppleWebKit/537.36 (KHTML, like Gecko; compatible; GPTBot/1.2; +https://openai.com/gptbot)"
66.249.77.166 - - [11/Jul/2025:10:47:06 -0300] "GET /stare/comfortable111/h1ckv-43428/ HTTP/2.0" 404 - "-" "Mozilla/5.0 (Linux; Android 6.0.1; Nexus 5X Build/MMB29P) AppleWebKit/537.36 (KHTML, like Gecko) Chrome/137.0.7151.103 Mobile Safari/537.36 (compatible; GoogleOther)"
20.171.207.71 - - [11/Jul/2025:10:47:43 -0300] "GET /afraid/box46/qkb0f-47267/ HTTP/2.0" 404 - "-" "Mozilla/5.0 AppleWebKit/537.36 (KHTML, like Gecko; compatible; GPTBot/1.2; +https://openai.com/gptbot)"
20.171.207.71 - - [11/Jul/2025:10:48:46 -0300] "GET /face/haul45/ja9zz-16318/ HTTP/2.0" 404 - "-" "Mozilla/5.0 AppleWebKit/537.36 (KHTML, like Gecko; compatible; GPTBot/1.2; +https://openai.com/gptbot)"
20.171.207.71 - - [11/Jul/2025:10:49:51 -0300] "GET /estate/web78/9feuh-30543/ HTTP/2.0" 404 - "-" "Mozilla/5.0 AppleWebKit/537.36 (KHTML, like Gecko; compatible; GPTBot/1.2; +https://openai.com/gptbot)"
47.82.60.63 - - [11/Jul/2025:10:50:20 -0300] "GET /shopdetail/072044662 HTTP/1.1" 404 - "https://dimensaocondominios.com.br/shopdetail/072044662" "Mozilla/5.0 (Windows NT 10.0; Win64; x64) AppleWebKit/537.36 (KHTML, like Gecko) Chrome/114.0.0.0 Safari/537.36 Edg/114.0.1823.43"
47.82.60.12 - - [11/Jul/2025:10:50:32 -0300] "GET /shopdetail/123047259 HTTP/1.1" 404 - "https://dimensaocondominios.com.br/shopdetail/123047259" "Mozilla/5.0 (Windows NT 10.0; Win64; x64) AppleWebKit/537.36 (KHTML, like Gecko) Chrome/114.0.0.0 Safari/537.36 Edg/114.0.1823.43"
47.82.60.89 - - [11/Jul/2025:10:50:38 -0300] "GET /shopdetail/043012049 HTTP/1.1" 404 - "https://dimensaocondominios.com.br/shopdetail/043012049" "Mozilla/5.0 (Windows NT 10.0; Win64; x64) AppleWebKit/537.36 (KHTML, like Gecko) Chrome/114.0.0.0 Safari/537.36 Edg/114.0.1823.43"
20.171.207.71 - - [11/Jul/2025:10:50:53 -0300] "GET /fish/spirit73/bl9r2-3252/ HTTP/2.0" 404 - "-" "Mozilla/5.0 AppleWebKit/537.36 (KHTML, like Gecko; compatible; GPTBot/1.2; +https://openai.com/gptbot)"
47.82.60.89 - - [11/Jul/2025:10:50:55 -0300] "GET /shopdetail/164000620 HTTP/1.1" 404 - "https://dimensaocondominios.com.br/shopdetail/164000620" "Mozilla/5.0 (Windows NT 10.0; Win64; x64) AppleWebKit/537.36 (KHTML, like Gecko) Chrome/114.0.0.0 Safari/537.36 Edg/114.0.1823.43"
47.82.60.91 - - [11/Jul/2025:10:51:01 -0300] "GET /shopdetail/168043054 HTTP/1.1" 404 - "https://dimensaocondominios.com.br/shopdetail/168043054" "Mozilla/5.0 (Windows NT 10.0; Win64; x64) AppleWebKit/537.36 (KHTML, like Gecko) Chrome/114.0.0.0 Safari/537.36 Edg/114.0.1823.43"
47.82.60.9 - - [11/Jul/2025:10:51:11 -0300] "GET /shopdetail/071016185 HTTP/1.1" 404 - "https://dimensaocondominios.com.br/shopdetail/071016185" "Mozilla/5.0 (Windows NT 10.0; Win64; x64) AppleWebKit/537.36 (KHTML, like Gecko) Chrome/114.0.0.0 Safari/537.36 Edg/114.0.1823.43"
69.197.135.226 - - [11/Jul/2025:10:51:11 -0300] "GET /wp-includes/install.php HTTP/1.1" 404 - "https://dimensaocondominios.com.br/wp-includes/install.php" "Mozilla/5.0 (Windows NT 10.0; Win64; x64) AppleWebKit/537.36 (KHTML, like Gecko) Chrome/58.0.3029.110 Safari/537.3"
47.82.60.93 - - [11/Jul/2025:10:51:13 -0300] "GET /shopdetail/086008452 HTTP/1.1" 404 - "https://dimensaocondominios.com.br/shopdetail/086008452" "Mozilla/5.0 (Windows NT 10.0; Win64; x64) AppleWebKit/537.36 (KHTML, like Gecko) Chrome/114.0.0.0 Safari/537.36 Edg/114.0.1823.43"
47.82.60.93 - - [11/Jul/2025:10:51:17 -0300] "GET /shopdetail/152028704 HTTP/1.1" 404 - "https://dimensaocondominios.com.br/shopdetail/152028704" "Mozilla/5.0 (Windows NT 10.0; Win64; x64) AppleWebKit/537.36 (KHTML, like Gecko) Chrome/114.0.0.0 Safari/537.36 Edg/114.0.1823.43"
47.82.60.63 - - [11/Jul/2025:10:51:17 -0300] "GET /shopdetail/033030813 HTTP/1.1" 404 - "https://dimensaocondominios.com.br/shopdetail/033030813" "Mozilla/5.0 (Windows NT 10.0; Win64; x64) AppleWebKit/537.36 (KHTML, like Gecko) Chrome/114.0.0.0 Safari/537.36 Edg/114.0.1823.43"
47.82.60.63 - - [11/Jul/2025:10:51:19 -0300] "GET /shopdetail/060039780 HTTP/1.1" 404 - "https://dimensaocondominios.com.br/shopdetail/060039780" "Mozilla/5.0 (Windows NT 10.0; Win64; x64) AppleWebKit/537.36 (KHTML, like Gecko) Chrome/114.0.0.0 Safari/537.36 Edg/114.0.1823.43"
47.82.60.56 - - [11/Jul/2025:10:51:20 -0300] "GET /shopdetail/025026121 HTTP/1.1" 404 - "https://dimensaocondominios.com.br/shopdetail/025026121" "Mozilla/5.0 (Windows NT 10.0; Win64; x64) AppleWebKit/537.36 (KHTML, like Gecko) Chrome/114.0.0.0 Safari/537.36 Edg/114.0.1823.43"
47.82.60.60 - - [11/Jul/2025:10:51:23 -0300] "GET /shopdetail/076000240 HTTP/1.1" 404 - "https://dimensaocondominios.com.br/shopdetail/076000240" "Mozilla/5.0 (Windows NT 10.0; Win64; x64) AppleWebKit/537.36 (KHTML, like Gecko) Chrome/114.0.0.0 Safari/537.36 Edg/114.0.1823.43"
20.171.207.71 - - [11/Jul/2025:10:51:57 -0300] "GET /lay/affair48/3ebki-20851/ HTTP/2.0" 404 - "-" "Mozilla/5.0 AppleWebKit/537.36 (KHTML, like Gecko; compatible; GPTBot/1.2; +https://openai.com/gptbot)"
208.110.64.178 - - [11/Jul/2025:10:52:27 -0300] "GET /wp-includes/install.php HTTP/1.1" 404 - "https://dimensaocondominios.com.br/wp-includes/install.php" "Mozilla/5.0 (Windows NT 10.0; Win64; x64) AppleWebKit/537.36 (KHTML, like Gecko) Chrome/58.0.3029.110 Safari/537.3"
66.249.77.166 - - [11/Jul/2025:10:52:50 -0300] "GET /shopdetail/103004561 HTTP/2.0" 404 - "-" "Mozilla/5.0 (Linux; Android 6.0.1; Nexus 5X Build/MMB29P) AppleWebKit/537.36 (KHTML, like Gecko) Chrome/137.0.7151.103 Mobile Safari/537.36 (compatible; Googlebot/2.1; +http://www.google.com/bot.html)"
20.171.207.71 - - [11/Jul/2025:10:53:03 -0300] "GET /barely/any37/umn5r-11320/ HTTP/2.0" 404 - "-" "Mozilla/5.0 AppleWebKit/537.36 (KHTML, like Gecko; compatible; GPTBot/1.2; +https://openai.com/gptbot)"
47.82.60.19 - - [11/Jul/2025:10:53:39 -0300] "GET /shopdetail/070041702 HTTP/1.1" 404 - "https://dimensaocondominios.com.br/shopdetail/070041702" "Mozilla/5.0 (Windows NT 10.0; Win64; x64) AppleWebKit/537.36 (KHTML, like Gecko) Chrome/114.0.0.0 Safari/537.36 Edg/114.0.1823.43"
20.171.207.71 - - [11/Jul/2025:10:54:07 -0300] "GET /chunk/duty93/ohv5g-39116/ HTTP/2.0" 404 - "-" "Mozilla/5.0 AppleWebKit/537.36 (KHTML, like Gecko; compatible; GPTBot/1.2; +https://openai.com/gptbot)"
47.82.60.27 - - [11/Jul/2025:10:54:20 -0300] "GET /shopdetail/008041008 HTTP/1.1" 404 - "https://dimensaocondominios.com.br/shopdetail/008041008" "Mozilla/5.0 (Windows NT 10.0; Win64; x64) AppleWebKit/537.36 (KHTML, like Gecko) Chrome/114.0.0.0 Safari/537.36 Edg/114.0.1823.43"
20.171.207.71 - - [11/Jul/2025:10:55:08 -0300] "GET /hotel/item30/4tlgb-20225/ HTTP/2.0" 404 - "-" "Mozilla/5.0 AppleWebKit/537.36 (KHTML, like Gecko; compatible; GPTBot/1.2; +https://openai.com/gptbot)"
66.249.77.166 - - [11/Jul/2025:10:55:30 -0300] "GET /pcmypage?callback=product%2Fdetail%2Ffirst34-trusco-2313405 HTTP/2.0" 404 - "-" "Mozilla/5.0 (Linux; Android 6.0.1; Nexus 5X Build/MMB29P) AppleWebKit/537.36 (KHTML, like Gecko) Chrome/137.0.7151.103 Mobile Safari/537.36 (compatible; GoogleOther)"
20.171.207.71 - - [11/Jul/2025:10:56:10 -0300] "GET /enemy/brain13/gt3r5-8414/ HTTP/2.0" 404 - "-" "Mozilla/5.0 AppleWebKit/537.36 (KHTML, like Gecko; compatible; GPTBot/1.2; +https://openai.com/gptbot)"
66.249.77.165 - - [11/Jul/2025:10:56:23 -0300] "GET /shopdetail/093036149 HTTP/2.0" 404 - "-" "Mozilla/5.0 (Linux; Android 6.0.1; Nexus 5X Build/MMB29P) AppleWebKit/537.36 (KHTML, like Gecko) Chrome/137.0.7151.103 Mobile Safari/537.36 (compatible; GoogleOther)"
66.249.77.165 - - [11/Jul/2025:10:56:25 -0300] "GET /bit/conclude17/9c3q1-39148/ HTTP/2.0" 404 - "-" "Mozilla/5.0 (Linux; Android 6.0.1; Nexus 5X Build/MMB29P) AppleWebKit/537.36 (KHTML, like Gecko) Chrome/137.0.7151.103 Mobile Safari/537.36 (compatible; GoogleOther)"
66.249.77.165 - - [11/Jul/2025:10:56:26 -0300] "GET /pcmypage?callback=/product%2Fdetail%2Deco-maison-ds-2169864 HTTP/2.0" 404 - "-" "Mozilla/5.0 (Linux; Android 6.0.1; Nexus 5X Build/MMB29P) AppleWebKit/537.36 (KHTML, like Gecko) Chrome/137.0.7151.103 Mobile Safari/537.36 (compatible; GoogleOther)"
66.249.77.165 - - [11/Jul/2025:10:56:28 -0300] "GET /toll/opening27/xwim0-29248/ HTTP/2.0" 404 - "-" "Mozilla/5.0 (Linux; Android 6.0.1; Nexus 5X Build/MMB29P) AppleWebKit/537.36 (KHTML, like Gecko) Chrome/137.0.7151.103 Mobile Safari/537.36 (compatible; GoogleOther)"
66.249.77.164 - - [11/Jul/2025:10:56:29 -0300] "GET /shopdetail/106002544 HTTP/2.0" 404 - "-" "Mozilla/5.0 (Linux; Android 6.0.1; Nexus 5X Build/MMB29P) AppleWebKit/537.36 (KHTML, like Gecko) Chrome/137.0.7151.103 Mobile Safari/537.36 (compatible; GoogleOther)"
66.249.77.165 - - [11/Jul/2025:10:56:31 -0300] "GET /pcmypage?callback=product/review/fleaboardshop-22ci28mixed2flat-1 HTTP/2.0" 404 - "-" "Mozilla/5.0 (Linux; Android 6.0.1; Nexus 5X Build/MMB29P) AppleWebKit/537.36 (KHTML, like Gecko) Chrome/137.0.7151.103 Mobile Safari/537.36 (compatible; GoogleOther)"
66.249.77.164 - - [11/Jul/2025:10:56:32 -0300] "GET /explanation/forgive84/fyoif-9123/ HTTP/2.0" 404 - "-" "Mozilla/5.0 (Linux; Android 6.0.1; Nexus 5X Build/MMB29P) AppleWebKit/537.36 (KHTML, like Gecko) Chrome/137.0.7151.103 Mobile Safari/537.36 (compatible; GoogleOther)"
66.249.77.164 - - [11/Jul/2025:10:56:36 -0300] "GET /shopdetail/084009052 HTTP/2.0" 404 - "-" "Mozilla/5.0 (Linux; Android 6.0.1; Nexus 5X Build/MMB29P) AppleWebKit/537.36 (KHTML, like Gecko) Chrome/137.0.7151.103 Mobile Safari/537.36 (compatible; GoogleOther)"
66.249.77.164 - - [11/Jul/2025:10:56:39 -0300] "GET /chemical/weave106/la6i0-17547/ HTTP/2.0" 404 - "-" "Mozilla/5.0 (Linux; Android 6.0.1; Nexus 5X Build/MMB29P) AppleWebKit/537.36 (KHTML, like Gecko) Chrome/137.0.7151.103 Mobile Safari/537.36 (compatible; GoogleOther)"
66.249.77.164 - - [11/Jul/2025:10:56:46 -0300] "GET /alike/fisherman27/ouwze-29534/ HTTP/2.0" 404 - "-" "Mozilla/5.0 (Linux; Android 6.0.1; Nexus 5X Build/MMB29P) AppleWebKit/537.36 (KHTML, like Gecko) Chrome/137.0.7151.103 Mobile Safari/537.36 (compatible; GoogleOther)"
66.249.77.164 - - [11/Jul/2025:10:56:49 -0300] "GET /fade/build106/illlm-18821/ HTTP/2.0" 404 - "-" "Mozilla/5.0 (Linux; Android 6.0.1; Nexus 5X Build/MMB29P) AppleWebKit/537.36 (KHTML, like Gecko) Chrome/137.0.7151.103 Mobile Safari/537.36 (compatible; GoogleOther)"
66.249.77.164 - - [11/Jul/2025:10:56:54 -0300] "GET /African/refrigerator84/gkzyv-9175/ HTTP/2.0" 404 - "-" "Mozilla/5.0 (Linux; Android 6.0.1; Nexus 5X Build/MMB29P) AppleWebKit/537.36 (KHTML, like Gecko) Chrome/137.0.7151.103 Mobile Safari/537.36 (compatible; GoogleOther)"
66.249.77.166 - - [11/Jul/2025:10:57:01 -0300] "GET /right/motive27/vabbl-29556/ HTTP/2.0" 404 - "-" "Mozilla/5.0 (Linux; Android 6.0.1; Nexus 5X Build/MMB29P) AppleWebKit/537.36 (KHTML, like Gecko) Chrome/137.0.7151.103 Mobile Safari/537.36 (compatible; GoogleOther)"
66.249.77.165 - - [11/Jul/2025:10:57:03 -0300] "GET /silver/consistent54/xvwnc-19619/ HTTP/2.0" 404 - "-" "Mozilla/5.0 (Linux; Android 6.0.1; Nexus 5X Build/MMB29P) AppleWebKit/537.36 (KHTML, like Gecko) Chrome/137.0.7151.103 Mobile Safari/537.36 (compatible; GoogleOther)"
66.249.77.165 - - [11/Jul/2025:10:57:09 -0300] "GET /shopdetail/172035534 HTTP/2.0" 404 - "-" "Mozilla/5.0 (Linux; Android 6.0.1; Nexus 5X Build/MMB29P) AppleWebKit/537.36 (KHTML, like Gecko) Chrome/137.0.7151.103 Mobile Safari/537.36 (compatible; GoogleOther)"
20.171.207.71 - - [11/Jul/2025:10:57:12 -0300] "GET /else/cross70/k79fd-8253/ HTTP/2.0" 404 - "-" "Mozilla/5.0 AppleWebKit/537.36 (KHTML, like Gecko; compatible; GPTBot/1.2; +https://openai.com/gptbot)"
66.249.77.164 - - [11/Jul/2025:10:57:15 -0300] "GET /five/piano168/qz3jk-21031/ HTTP/2.0" 404 - "-" "Mozilla/5.0 (Linux; Android 6.0.1; Nexus 5X Build/MMB29P) AppleWebKit/537.36 (KHTML, like Gecko) Chrome/137.0.7151.103 Mobile Safari/537.36 (compatible; GoogleOther)"
66.249.77.164 - - [11/Jul/2025:10:57:24 -0300] "GET /shopdetail/150039620 HTTP/2.0" 404 - "-" "Mozilla/5.0 (Linux; Android 6.0.1; Nexus 5X Build/MMB29P) AppleWebKit/537.36 (KHTML, like Gecko) Chrome/137.0.7151.103 Mobile Safari/537.36 (compatible; GoogleOther)"
66.249.77.164 - - [11/Jul/2025:10:57:28 -0300] "GET /shopdetail/084009112 HTTP/2.0" 404 - "-" "Mozilla/5.0 (Linux; Android 6.0.1; Nexus 5X Build/MMB29P) AppleWebKit/537.36 (KHTML, like Gecko) Chrome/137.0.7151.103 Mobile Safari/537.36 (compatible; GoogleOther)"
208.110.64.178 - - [11/Jul/2025:10:57:31 -0300] "GET /wp-includes/install.php HTTP/1.1" 404 - "https://dimensaocondominios.com.br/wp-includes/install.php" "Mozilla/5.0 (Windows NT 10.0; Win64; x64) AppleWebKit/537.36 (KHTML, like Gecko) Chrome/58.0.3029.110 Safari/537.3"
66.249.77.164 - - [11/Jul/2025:10:57:39 -0300] "GET /shopdetail/067001225 HTTP/2.0" 404 - "-" "Mozilla/5.0 (Linux; Android 6.0.1; Nexus 5X Build/MMB29P) AppleWebKit/537.36 (KHTML, like Gecko) Chrome/137.0.7151.103 Mobile Safari/537.36 (compatible; GoogleOther)"
66.249.77.164 - - [11/Jul/2025:10:57:41 -0300] "GET /observer/confident47/9fzxo-27744/ HTTP/2.0" 404 - "-" "Mozilla/5.0 (Linux; Android 6.0.1; Nexus 5X Build/MMB29P) AppleWebKit/537.36 (KHTML, like Gecko) Chrome/137.0.7151.103 Mobile Safari/537.36 (compatible; GoogleOther)"
66.249.77.164 - - [11/Jul/2025:10:57:54 -0300] "GET /drunk/adventure15/kmmk0-2140/ HTTP/2.0" 404 - "-" "Mozilla/5.0 (Linux; Android 6.0.1; Nexus 5X Build/MMB29P) AppleWebKit/537.36 (KHTML, like Gecko) Chrome/137.0.7151.103 Mobile Safari/537.36 (compatible; GoogleOther)"
66.249.77.164 - - [11/Jul/2025:10:58:06 -0300] "GET /upper/slide103/q4k09-4970/ HTTP/2.0" 404 - "-" "Mozilla/5.0 (Linux; Android 6.0.1; Nexus 5X Build/MMB29P) AppleWebKit/537.36 (KHTML, like Gecko) Chrome/137.0.7151.103 Mobile Safari/537.36 (compatible; GoogleOther)"
66.249.77.164 - - [11/Jul/2025:10:58:09 -0300] "GET /pcmypage?callback=/product%2Fdetail%2shopdeclinic-67-2469-86 HTTP/2.0" 404 - "-" "Mozilla/5.0 (Linux; Android 6.0.1; Nexus 5X Build/MMB29P) AppleWebKit/537.36 (KHTML, like Gecko) Chrome/137.0.7151.103 Mobile Safari/537.36 (compatible; GoogleOther)"
66.249.77.164 - - [11/Jul/2025:10:58:25 -0300] "GET /shopdetail/106018816 HTTP/2.0" 404 - "-" "Mozilla/5.0 (Linux; Android 6.0.1; Nexus 5X Build/MMB29P) AppleWebKit/537.36 (KHTML, like Gecko) Chrome/137.0.7151.103 Mobile Safari/537.36 (compatible; GoogleOther)"
20.171.207.71 - - [11/Jul/2025:10:58:30 -0300] "GET /input/tap103/qirox-23070/ HTTP/2.0" 404 - "-" "Mozilla/5.0 AppleWebKit/537.36 (KHTML, like Gecko; compatible; GPTBot/1.2; +https://openai.com/gptbot)"
66.249.77.164 - - [11/Jul/2025:10:58:32 -0300] "GET /shopdetail/106018822 HTTP/2.0" 404 - "-" "Mozilla/5.0 (Linux; Android 6.0.1; Nexus 5X Build/MMB29P) AppleWebKit/537.36 (KHTML, like Gecko) Chrome/137.0.7151.103 Mobile Safari/537.36 (compatible; GoogleOther)"
66.249.77.164 - - [11/Jul/2025:10:58:40 -0300] "GET /unable/jar84/grmlz-9119/ HTTP/2.0" 404 - "-" "Mozilla/5.0 (Linux; Android 6.0.1; Nexus 5X Build/MMB29P) AppleWebKit/537.36 (KHTML, like Gecko) Chrome/137.0.7151.103 Mobile Safari/537.36 (compatible; GoogleOther)"
66.249.77.164 - - [11/Jul/2025:10:58:55 -0300] "GET /shopdetail/165008259 HTTP/2.0" 404 - "-" "Mozilla/5.0 (Linux; Android 6.0.1; Nexus 5X Build/MMB29P) AppleWebKit/537.36 (KHTML, like Gecko) Chrome/137.0.7151.103 Mobile Safari/537.36 (compatible; GoogleOther)"
66.249.77.164 - - [11/Jul/2025:10:58:58 -0300] "GET /shopdetail/106018812 HTTP/2.0" 404 - "-" "Mozilla/5.0 (Linux; Android 6.0.1; Nexus 5X Build/MMB29P) AppleWebKit/537.36 (KHTML, like Gecko) Chrome/137.0.7151.103 Mobile Safari/537.36 (compatible; GoogleOther)"
66.249.77.165 - - [11/Jul/2025:10:59:10 -0300] "GET /shopdetail/069026197 HTTP/2.0" 404 - "-" "Mozilla/5.0 (Linux; Android 6.0.1; Nexus 5X Build/MMB29P) AppleWebKit/537.36 (KHTML, like Gecko) Chrome/137.0.7151.103 Mobile Safari/537.36 (compatible; GoogleOther)"
20.171.207.71 - - [11/Jul/2025:10:59:20 -0300] "GET /slow/watch72/qqbs5-21183/ HTTP/2.0" 404 - "-" "Mozilla/5.0 AppleWebKit/537.36 (KHTML, like Gecko; compatible; GPTBot/1.2; +https://openai.com/gptbot)"
66.249.77.164 - - [11/Jul/2025:10:59:23 -0300] "GET /pcmypage?callback=product/review/mons-onlineshop-c105rlw7hr HTTP/2.0" 404 - "-" "Mozilla/5.0 (Linux; Android 6.0.1; Nexus 5X Build/MMB29P) AppleWebKit/537.36 (KHTML, like Gecko) Chrome/137.0.7151.103 Mobile Safari/537.36 (compatible; GoogleOther)"
66.249.77.164 - - [11/Jul/2025:10:59:25 -0300] "GET /liberal/resemble5/631af-49344/ HTTP/2.0" 404 - "-" "Mozilla/5.0 (Linux; Android 6.0.1; Nexus 5X Build/MMB29P) AppleWebKit/537.36 (KHTML, like Gecko) Chrome/137.0.7151.103 Mobile Safari/537.36 (compatible; GoogleOther)"
66.249.77.164 - - [11/Jul/2025:10:59:40 -0300] "GET /product/edit/shopdeclinic-67-2469-86 HTTP/2.0" 404 - "-" "Mozilla/5.0 (Linux; Android 6.0.1; Nexus 5X Build/MMB29P) AppleWebKit/537.36 (KHTML, like Gecko) Chrome/137.0.7151.103 Mobile Safari/537.36 (compatible; GoogleOther)"
66.249.77.164 - - [11/Jul/2025:10:59:49 -0300] "GET /preliminary/newly57/toicr-20982/ HTTP/2.0" 404 - "-" "Mozilla/5.0 (Linux; Android 6.0.1; Nexus 5X Build/MMB29P) AppleWebKit/537.36 (KHTML, like Gecko) Chrome/137.0.7151.103 Mobile Safari/537.36 (compatible; GoogleOther)"
66.249.77.164 - - [11/Jul/2025:10:59:55 -0300] "GET /pcmypage?callback=product%2Fdetail%2Fdeco-maison-ds-2169864 HTTP/2.0" 404 - "-" "Mozilla/5.0 (Linux; Android 6.0.1; Nexus 5X Build/MMB29P) AppleWebKit/537.36 (KHTML, like Gecko) Chrome/137.0.7151.103 Mobile Safari/537.36 (compatible; GoogleOther)"
47.82.60.60 - - [11/Jul/2025:11:00:06 -0300] "GET /shopdetail/128022132 HTTP/1.1" 404 - "https://dimensaocondominios.com.br/shopdetail/128022132" "Mozilla/5.0 (Windows NT 10.0; Win64; x64) AppleWebKit/537.36 (KHTML, like Gecko) Chrome/114.0.0.0 Safari/537.36 Edg/114.0.1823.43"
66.249.77.166 - - [11/Jul/2025:11:00:11 -0300] "GET /pcmypage?callback=/product%2Fdetail%2mons-onlineshop-c105rlw7hr HTTP/2.0" 404 - "-" "Mozilla/5.0 (Linux; Android 6.0.1; Nexus 5X Build/MMB29P) AppleWebKit/537.36 (KHTML, like Gecko) Chrome/137.0.7151.103 Mobile Safari/537.36 (compatible; GoogleOther)"
66.249.77.164 - - [11/Jul/2025:11:00:15 -0300] "GET /pcmypage?callback=product/review/shopdeclinic-67-2469-86 HTTP/2.0" 404 - "-" "Mozilla/5.0 (Linux; Android 6.0.1; Nexus 5X Build/MMB29P) AppleWebKit/537.36 (KHTML, like Gecko) Chrome/137.0.7151.103 Mobile Safari/537.36 (compatible; GoogleOther)"
20.171.207.71 - - [11/Jul/2025:11:00:20 -0300] "GET /bury/strip178/ioo2s-5317/ HTTP/2.0" 404 - "-" "Mozilla/5.0 AppleWebKit/537.36 (KHTML, like Gecko; compatible; GPTBot/1.2; +https://openai.com/gptbot)"
66.249.77.164 - - [11/Jul/2025:11:00:26 -0300] "GET /according/bottom15/ewv2z-2066/ HTTP/2.0" 404 - "-" "Mozilla/5.0 (Linux; Android 6.0.1; Nexus 5X Build/MMB29P) AppleWebKit/537.36 (KHTML, like Gecko) Chrome/137.0.7151.103 Mobile Safari/537.36 (compatible; GoogleOther)"
47.82.60.30 - - [11/Jul/2025:11:00:27 -0300] "GET /shopdetail/020032394 HTTP/1.1" 404 - "https://dimensaocondominios.com.br/shopdetail/020032394" "Mozilla/5.0 (Windows NT 10.0; Win64; x64) AppleWebKit/537.36 (KHTML, like Gecko) Chrome/114.0.0.0 Safari/537.36 Edg/114.0.1823.43"
47.82.60.26 - - [11/Jul/2025:11:00:28 -0300] "GET /shopdetail/168024552 HTTP/1.1" 404 - "https://dimensaocondominios.com.br/shopdetail/168024552" "Mozilla/5.0 (Windows NT 10.0; Win64; x64) AppleWebKit/537.36 (KHTML, like Gecko) Chrome/114.0.0.0 Safari/537.36 Edg/114.0.1823.43"
47.82.60.71 - - [11/Jul/2025:11:00:33 -0300] "GET /shopdetail/034017760 HTTP/1.1" 404 - "https://dimensaocondominios.com.br/shopdetail/034017760" "Mozilla/5.0 (Windows NT 10.0; Win64; x64) AppleWebKit/537.36 (KHTML, like Gecko) Chrome/114.0.0.0 Safari/537.36 Edg/114.0.1823.43"
47.82.60.77 - - [11/Jul/2025:11:00:34 -0300] "GET /shopdetail/153011197 HTTP/1.1" 404 - "https://dimensaocondominios.com.br/shopdetail/153011197" "Mozilla/5.0 (Windows NT 10.0; Win64; x64) AppleWebKit/537.36 (KHTML, like Gecko) Chrome/114.0.0.0 Safari/537.36 Edg/114.0.1823.43"
66.249.77.164 - - [11/Jul/2025:11:00:41 -0300] "GET /shopdetail/060040652 HTTP/2.0" 404 - "-" "Mozilla/5.0 (Linux; Android 6.0.1; Nexus 5X Build/MMB29P) AppleWebKit/537.36 (KHTML, like Gecko) Chrome/137.0.7151.103 Mobile Safari/537.36 (compatible; GoogleOther)"
66.249.77.164 - - [11/Jul/2025:11:00:42 -0300] "GET /absence/sudden15/95082-2190/ HTTP/2.0" 404 - "-" "Mozilla/5.0 (Linux; Android 6.0.1; Nexus 5X Build/MMB29P) AppleWebKit/537.36 (KHTML, like Gecko) Chrome/137.0.7151.103 Mobile Safari/537.36 (compatible; GoogleOther)"
47.82.60.66 - - [11/Jul/2025:11:01:05 -0300] "GET /shopdetail/033018255 HTTP/1.1" 404 - "https://dimensaocondominios.com.br/shopdetail/033018255" "Mozilla/5.0 (Windows NT 10.0; Win64; x64) AppleWebKit/537.36 (KHTML, like Gecko) Chrome/114.0.0.0 Safari/537.36 Edg/114.0.1823.43"
66.249.77.165 - - [11/Jul/2025:11:01:06 -0300] "GET /month/plus106/3ftds-18811/ HTTP/2.0" 404 - "-" "Mozilla/5.0 (Linux; Android 6.0.1; Nexus 5X Build/MMB29P) AppleWebKit/537.36 (KHTML, like Gecko) Chrome/137.0.7151.103 Mobile Safari/537.36 (compatible; GoogleOther)"
47.82.60.31 - - [11/Jul/2025:11:01:08 -0300] "GET /shopdetail/034035974 HTTP/1.1" 404 - "https://dimensaocondominios.com.br/shopdetail/034035974" "Mozilla/5.0 (Windows NT 10.0; Win64; x64) AppleWebKit/537.36 (KHTML, like Gecko) Chrome/114.0.0.0 Safari/537.36 Edg/114.0.1823.43"
47.82.60.23 - - [11/Jul/2025:11:01:11 -0300] "GET /shopdetail/008004362 HTTP/1.1" 404 - "https://dimensaocondominios.com.br/shopdetail/008004362" "Mozilla/5.0 (Windows NT 10.0; Win64; x64) AppleWebKit/537.36 (KHTML, like Gecko) Chrome/114.0.0.0 Safari/537.36 Edg/114.0.1823.43"
47.82.60.3 - - [11/Jul/2025:11:01:18 -0300] "GET /shopdetail/151046863 HTTP/1.1" 404 - "https://dimensaocondominios.com.br/shopdetail/151046863" "Mozilla/5.0 (Windows NT 10.0; Win64; x64) AppleWebKit/537.36 (KHTML, like Gecko) Chrome/114.0.0.0 Safari/537.36 Edg/114.0.1823.43"
47.82.60.43 - - [11/Jul/2025:11:01:25 -0300] "GET /shopdetail/157031121 HTTP/1.1" 404 - "https://dimensaocondominios.com.br/shopdetail/157031121" "Mozilla/5.0 (Windows NT 10.0; Win64; x64) AppleWebKit/537.36 (KHTML, like Gecko) Chrome/114.0.0.0 Safari/537.36 Edg/114.0.1823.43"
20.171.207.71 - - [11/Jul/2025:11:01:26 -0300] "GET /trend/cure66/q7eb7-6425/ HTTP/2.0" 404 - "-" "Mozilla/5.0 AppleWebKit/537.36 (KHTML, like Gecko; compatible; GPTBot/1.2; +https://openai.com/gptbot)"
20.171.207.71 - - [11/Jul/2025:11:02:27 -0300] "GET /pill/busy29/vn9mb-46452/ HTTP/2.0" 404 - "-" "Mozilla/5.0 AppleWebKit/537.36 (KHTML, like Gecko; compatible; GPTBot/1.2; +https://openai.com/gptbot)"
20.171.207.71 - - [11/Jul/2025:11:03:32 -0300] "GET /sum/radar55/9xwtz-15136/ HTTP/2.0" 404 - "-" "Mozilla/5.0 AppleWebKit/537.36 (KHTML, like Gecko; compatible; GPTBot/1.2; +https://openai.com/gptbot)"
20.171.207.71 - - [11/Jul/2025:11:04:34 -0300] "GET /every/tune19/l3ffr-10994/ HTTP/2.0" 404 - "-" "Mozilla/5.0 AppleWebKit/537.36 (KHTML, like Gecko; compatible; GPTBot/1.2; +https://openai.com/gptbot)"
208.110.64.178 - - [11/Jul/2025:11:05:06 -0300] "GET /wp-includes/install.php HTTP/1.1" 404 - "https://dimensaocondominios.com.br/wp-includes/install.php" "Mozilla/5.0 (Windows NT 10.0; Win64; x64) AppleWebKit/537.36 (KHTML, like Gecko) Chrome/58.0.3029.110 Safari/537.3"
20.171.207.71 - - [11/Jul/2025:11:05:38 -0300] "GET /amid/game146/x2dqg-7697/ HTTP/2.0" 404 - "-" "Mozilla/5.0 AppleWebKit/537.36 (KHTML, like Gecko; compatible; GPTBot/1.2; +https://openai.com/gptbot)"
20.171.207.71 - - [11/Jul/2025:11:06:38 -0300] "GET /nod/cancer18/oe8mq-35491/ HTTP/2.0" 404 - "-" "Mozilla/5.0 AppleWebKit/537.36 (KHTML, like Gecko; compatible; GPTBot/1.2; +https://openai.com/gptbot)"
20.84.145.61 - - [11/Jul/2025:11:06:47 -0300] "GET /version HTTP/1.1" 404 - "-" "Mozilla/5.0 zgrab/0.x"
20.171.207.71 - - [11/Jul/2025:11:07:41 -0300] "GET /over/have11/aig5d-48758/ HTTP/2.0" 404 - "-" "Mozilla/5.0 AppleWebKit/537.36 (KHTML, like Gecko; compatible; GPTBot/1.2; +https://openai.com/gptbot)"
185.247.137.92 - - [11/Jul/2025:11:08:00 -0300] "GET / HTTP/1.1" 200 12218 "-" "Mozilla/5.0 (compatible; InternetMeasurement/1.0; +https://internet-measurement.com/)"
20.171.207.71 - - [11/Jul/2025:11:08:46 -0300] "GET /rapid/dose16/wnpq7-33193/ HTTP/2.0" 404 - "-" "Mozilla/5.0 AppleWebKit/537.36 (KHTML, like Gecko; compatible; GPTBot/1.2; +https://openai.com/gptbot)"
20.171.207.71 - - [11/Jul/2025:11:09:48 -0300] "GET /since/fix135/ihgxi-26464/ HTTP/2.0" 404 - "-" "Mozilla/5.0 AppleWebKit/537.36 (KHTML, like Gecko; compatible; GPTBot/1.2; +https://openai.com/gptbot)"
47.82.60.40 - - [11/Jul/2025:11:10:12 -0300] "GET /shopdetail/198029516 HTTP/1.1" 404 - "https://dimensaocondominios.com.br/shopdetail/198029516" "Mozilla/5.0 (Windows NT 10.0; Win64; x64) AppleWebKit/537.36 (KHTML, like Gecko) Chrome/114.0.0.0 Safari/537.36 Edg/114.0.1823.43"
47.82.60.16 - - [11/Jul/2025:11:10:26 -0300] "GET /shopdetail/038028114 HTTP/1.1" 404 - "https://dimensaocondominios.com.br/shopdetail/038028114" "Mozilla/5.0 (Windows NT 10.0; Win64; x64) AppleWebKit/537.36 (KHTML, like Gecko) Chrome/114.0.0.0 Safari/537.36 Edg/114.0.1823.43"
47.82.60.15 - - [11/Jul/2025:11:10:26 -0300] "GET /shopdetail/143012937 HTTP/1.1" 404 - "https://dimensaocondominios.com.br/shopdetail/143012937" "Mozilla/5.0 (Windows NT 10.0; Win64; x64) AppleWebKit/537.36 (KHTML, like Gecko) Chrome/114.0.0.0 Safari/537.36 Edg/114.0.1823.43"
208.110.64.178 - - [11/Jul/2025:11:10:32 -0300] "GET /wp-includes/install.php HTTP/1.1" 404 - "https://dimensaocondominios.com.br/wp-includes/install.php" "Mozilla/5.0 (Windows NT 10.0; Win64; x64) AppleWebKit/537.36 (KHTML, like Gecko) Chrome/58.0.3029.110 Safari/537.3"
47.82.60.41 - - [11/Jul/2025:11:10:37 -0300] "GET /shopdetail/017022483 HTTP/1.1" 404 - "https://dimensaocondominios.com.br/shopdetail/017022483" "Mozilla/5.0 (Windows NT 10.0; Win64; x64) AppleWebKit/537.36 (KHTML, like Gecko) Chrome/114.0.0.0 Safari/537.36 Edg/114.0.1823.43"
47.82.60.15 - - [11/Jul/2025:11:10:53 -0300] "GET /shopdetail/038001748 HTTP/1.1" 404 - "https://dimensaocondominios.com.br/shopdetail/038001748" "Mozilla/5.0 (Windows NT 10.0; Win64; x64) AppleWebKit/537.36 (KHTML, like Gecko) Chrome/114.0.0.0 Safari/537.36 Edg/114.0.1823.43"
20.171.207.71 - - [11/Jul/2025:11:10:53 -0300] "GET /adopt/gain83/l0cng-35938/ HTTP/2.0" 404 - "-" "Mozilla/5.0 AppleWebKit/537.36 (KHTML, like Gecko; compatible; GPTBot/1.2; +https://openai.com/gptbot)"
47.82.60.33 - - [11/Jul/2025:11:10:53 -0300] "GET /shopdetail/076033590 HTTP/1.1" 404 - "https://dimensaocondominios.com.br/shopdetail/076033590" "Mozilla/5.0 (Windows NT 10.0; Win64; x64) AppleWebKit/537.36 (KHTML, like Gecko) Chrome/114.0.0.0 Safari/537.36 Edg/114.0.1823.43"
47.82.60.26 - - [11/Jul/2025:11:11:08 -0300] "GET /shopdetail/012034500 HTTP/1.1" 404 - "https://dimensaocondominios.com.br/shopdetail/012034500" "Mozilla/5.0 (Windows NT 10.0; Win64; x64) AppleWebKit/537.36 (KHTML, like Gecko) Chrome/114.0.0.0 Safari/537.36 Edg/114.0.1823.43"
66.249.77.164 - - [11/Jul/2025:11:11:23 -0300] "GET /shopdetail/086048662 HTTP/2.0" 404 - "-" "Mozilla/5.0 (Linux; Android 6.0.1; Nexus 5X Build/MMB29P) AppleWebKit/537.36 (KHTML, like Gecko) Chrome/137.0.7151.103 Mobile Safari/537.36 (compatible; GoogleOther)"
20.171.207.71 - - [11/Jul/2025:11:11:54 -0300] "GET /dad/elite126/9vxfn-7595/ HTTP/2.0" 404 - "-" "Mozilla/5.0 AppleWebKit/537.36 (KHTML, like Gecko; compatible; GPTBot/1.2; +https://openai.com/gptbot)"
47.82.60.27 - - [11/Jul/2025:11:12:28 -0300] "GET /pcmypage?callback=product/detail/cocodecow-r804hl HTTP/1.1" 404 - "https://dimensaocondominios.dimensaogrupo.com.br/pcmypage?callback=product%2Fdetail%2Fcocodecow-r804hl" "Mozilla/5.0 (Windows NT 10.0; Win64; x64) AppleWebKit/537.36 (KHTML, like Gecko) Chrome/114.0.0.0 Safari/537.36 Edg/114.0.1823.43"
20.171.207.71 - - [11/Jul/2025:11:12:56 -0300] "GET /bake/river33/ik9hk-45824/ HTTP/2.0" 404 - "-" "Mozilla/5.0 AppleWebKit/537.36 (KHTML, like Gecko; compatible; GPTBot/1.2; +https://openai.com/gptbot)"
20.171.207.71 - - [11/Jul/2025:11:14:00 -0300] "GET /out/wolf198/qvyhy-43861/ HTTP/2.0" 404 - "-" "Mozilla/5.0 AppleWebKit/537.36 (KHTML, like Gecko; compatible; GPTBot/1.2; +https://openai.com/gptbot)"
20.171.207.71 - - [11/Jul/2025:11:15:01 -0300] "GET /rank/price29/9zuzi-24706/ HTTP/2.0" 404 - "-" "Mozilla/5.0 AppleWebKit/537.36 (KHTML, like Gecko; compatible; GPTBot/1.2; +https://openai.com/gptbot)"
20.171.207.71 - - [11/Jul/2025:11:16:04 -0300] "GET /imply/shell4/it9j6-30337/ HTTP/2.0" 404 - "-" "Mozilla/5.0 AppleWebKit/537.36 (KHTML, like Gecko; compatible; GPTBot/1.2; +https://openai.com/gptbot)"
20.171.207.71 - - [11/Jul/2025:11:17:05 -0300] "GET /appear/toy9/2mz8y-11930/ HTTP/2.0" 404 - "-" "Mozilla/5.0 AppleWebKit/537.36 (KHTML, like Gecko; compatible; GPTBot/1.2; +https://openai.com/gptbot)"
20.171.207.71 - - [11/Jul/2025:11:18:06 -0300] "GET /test/bulk49/z1kfs-24408/ HTTP/2.0" 404 - "-" "Mozilla/5.0 AppleWebKit/537.36 (KHTML, like Gecko; compatible; GPTBot/1.2; +https://openai.com/gptbot)"
204.12.252.98 - - [11/Jul/2025:11:18:52 -0300] "GET /wp-includes/install.php HTTP/1.1" 404 - "https://dimensaocondominios.com.br/wp-includes/install.php" "Mozilla/5.0 (Windows NT 10.0; Win64; x64) AppleWebKit/537.36 (KHTML, like Gecko) Chrome/58.0.3029.110 Safari/537.3"
20.171.207.71 - - [11/Jul/2025:11:19:07 -0300] "GET /close/song83/56yej-7674/ HTTP/2.0" 404 - "-" "Mozilla/5.0 AppleWebKit/537.36 (KHTML, like Gecko; compatible; GPTBot/1.2; +https://openai.com/gptbot)"
20.171.207.71 - - [11/Jul/2025:11:20:10 -0300] "GET /lens/sum107/sxuxd-27894/ HTTP/2.0" 404 - "-" "Mozilla/5.0 AppleWebKit/537.36 (KHTML, like Gecko; compatible; GPTBot/1.2; +https://openai.com/gptbot)"
47.82.60.42 - - [11/Jul/2025:11:20:43 -0300] "GET /shopdetail/125015627 HTTP/1.1" 404 - "https://dimensaocondominios.com.br/shopdetail/125015627" "Mozilla/5.0 (Windows NT 10.0; Win64; x64) AppleWebKit/537.36 (KHTML, like Gecko) Chrome/114.0.0.0 Safari/537.36 Edg/114.0.1823.43"
47.82.60.63 - - [11/Jul/2025:11:20:45 -0300] "GET /shopdetail/006029250 HTTP/1.1" 404 - "https://dimensaocondominios.com.br/shopdetail/006029250" "Mozilla/5.0 (Windows NT 10.0; Win64; x64) AppleWebKit/537.36 (KHTML, like Gecko) Chrome/114.0.0.0 Safari/537.36 Edg/114.0.1823.43"
47.82.60.6 - - [11/Jul/2025:11:20:45 -0300] "GET /shopdetail/127033579 HTTP/1.1" 404 - "https://dimensaocondominios.com.br/shopdetail/127033579" "Mozilla/5.0 (Windows NT 10.0; Win64; x64) AppleWebKit/537.36 (KHTML, like Gecko) Chrome/114.0.0.0 Safari/537.36 Edg/114.0.1823.43"
47.82.60.1 - - [11/Jul/2025:11:20:56 -0300] "GET /shopdetail/032015504 HTTP/1.1" 404 - "https://dimensaocondominios.com.br/shopdetail/032015504" "Mozilla/5.0 (Windows NT 10.0; Win64; x64) AppleWebKit/537.36 (KHTML, like Gecko) Chrome/114.0.0.0 Safari/537.36 Edg/114.0.1823.43"
47.82.60.11 - - [11/Jul/2025:11:21:02 -0300] "GET /shopdetail/112040064 HTTP/1.1" 404 - "https://dimensaocondominios.com.br/shopdetail/112040064" "Mozilla/5.0 (Windows NT 10.0; Win64; x64) AppleWebKit/537.36 (KHTML, like Gecko) Chrome/114.0.0.0 Safari/537.36 Edg/114.0.1823.43"
47.82.60.17 - - [11/Jul/2025:11:21:05 -0300] "GET /shopdetail/145009963 HTTP/1.1" 404 - "https://dimensaocondominios.com.br/shopdetail/145009963" "Mozilla/5.0 (Windows NT 10.0; Win64; x64) AppleWebKit/537.36 (KHTML, like Gecko) Chrome/114.0.0.0 Safari/537.36 Edg/114.0.1823.43"
20.171.207.71 - - [11/Jul/2025:11:21:16 -0300] "GET /ratio/hit60/qs5hc-20085/ HTTP/2.0" 404 - "-" "Mozilla/5.0 AppleWebKit/537.36 (KHTML, like Gecko; compatible; GPTBot/1.2; +https://openai.com/gptbot)"
20.171.207.71 - - [11/Jul/2025:11:22:22 -0300] "GET /oak/cost186/mzzmg-13177/ HTTP/2.0" 404 - "-" "Mozilla/5.0 AppleWebKit/537.36 (KHTML, like Gecko; compatible; GPTBot/1.2; +https://openai.com/gptbot)"
20.171.207.71 - - [11/Jul/2025:11:23:24 -0300] "GET /truth/rib119/oydxu-34564/ HTTP/2.0" 404 - "-" "Mozilla/5.0 AppleWebKit/537.36 (KHTML, like Gecko; compatible; GPTBot/1.2; +https://openai.com/gptbot)"
69.197.182.50 - - [11/Jul/2025:11:23:51 -0300] "GET /wp-includes/install.php HTTP/1.1" 404 - "https://dimensaocondominios.com.br/wp-includes/install.php" "Mozilla/5.0 (Windows NT 10.0; Win64; x64) AppleWebKit/537.36 (KHTML, like Gecko) Chrome/58.0.3029.110 Safari/537.3"
20.171.207.71 - - [11/Jul/2025:11:24:28 -0300] "GET /civic/fast25/y0tvg-36782/ HTTP/2.0" 404 - "-" "Mozilla/5.0 AppleWebKit/537.36 (KHTML, like Gecko; compatible; GPTBot/1.2; +https://openai.com/gptbot)"
66.249.77.164 - - [11/Jul/2025:11:25:23 -0300] "GET /grow/hint39/vhq5r-36582/ HTTP/2.0" 404 - "-" "Mozilla/5.0 (Linux; Android 6.0.1; Nexus 5X Build/MMB29P) AppleWebKit/537.36 (KHTML, like Gecko) Chrome/137.0.7151.103 Mobile Safari/537.36 (compatible; GoogleOther)"
66.249.77.165 - - [11/Jul/2025:11:25:23 -0300] "GET /robots.txt HTTP/1.1" 200 454 "-" "Mozilla/5.0 (compatible; Googlebot/2.1; +http://www.google.com/bot.html)"
20.171.207.71 - - [11/Jul/2025:11:25:32 -0300] "GET /do/develop170/om2dz-2139/ HTTP/2.0" 404 - "-" "Mozilla/5.0 AppleWebKit/537.36 (KHTML, like Gecko; compatible; GPTBot/1.2; +https://openai.com/gptbot)"
66.249.77.165 - - [11/Jul/2025:11:26:19 -0300] "GET /product/edit/kingstar-tona-an-358 HTTP/2.0" 404 - "-" "Mozilla/5.0 (Linux; Android 6.0.1; Nexus 5X Build/MMB29P) AppleWebKit/537.36 (KHTML, like Gecko) Chrome/137.0.7151.103 Mobile Safari/537.36 (compatible; GoogleOther)"
66.249.77.164 - - [11/Jul/2025:11:26:21 -0300] "GET /shopdetail/185024053 HTTP/2.0" 404 - "-" "Mozilla/5.0 (Linux; Android 6.0.1; Nexus 5X Build/MMB29P) AppleWebKit/537.36 (KHTML, like Gecko) Chrome/137.0.7151.103 Mobile Safari/537.36 (compatible; GoogleOther)"
66.249.77.165 - - [11/Jul/2025:11:26:23 -0300] "GET /shopdetail/138002026 HTTP/2.0" 404 - "-" "Mozilla/5.0 (Linux; Android 6.0.1; Nexus 5X Build/MMB29P) AppleWebKit/537.36 (KHTML, like Gecko) Chrome/137.0.7151.103 Mobile Safari/537.36 (compatible; GoogleOther)"
66.249.77.164 - - [11/Jul/2025:11:26:27 -0300] "GET /robots.txt HTTP/1.1" 200 454 "-" "Mozilla/5.0 (compatible; Googlebot/2.1; +http://www.google.com/bot.html)"
66.249.77.164 - - [11/Jul/2025:11:26:27 -0300] "GET /surface/hay173/sqwuz-44364/ HTTP/2.0" 404 - "-" "Mozilla/5.0 (Linux; Android 6.0.1; Nexus 5X Build/MMB29P) AppleWebKit/537.36 (KHTML, like Gecko) Chrome/137.0.7151.103 Mobile Safari/537.36 (compatible; GoogleOther)"
66.249.77.164 - - [11/Jul/2025:11:26:32 -0300] "GET /eat/attempt174/oq9xo-19289/ HTTP/2.0" 404 - "-" "Mozilla/5.0 (Linux; Android 6.0.1; Nexus 5X Build/MMB29P) AppleWebKit/537.36 (KHTML, like Gecko) Chrome/137.0.7151.103 Mobile Safari/537.36 (compatible; GoogleOther)"
20.171.207.71 - - [11/Jul/2025:11:26:33 -0300] "GET /jail/twice96/0ypss-36923/ HTTP/2.0" 404 - "-" "Mozilla/5.0 AppleWebKit/537.36 (KHTML, like Gecko; compatible; GPTBot/1.2; +https://openai.com/gptbot)"
66.249.77.164 - - [11/Jul/2025:11:26:34 -0300] "GET /spiritual/shore102/rtvk4-47089/ HTTP/2.0" 404 - "-" "Mozilla/5.0 (Linux; Android 6.0.1; Nexus 5X Build/MMB29P) AppleWebKit/537.36 (KHTML, like Gecko) Chrome/137.0.7151.103 Mobile Safari/537.36 (compatible; GoogleOther)"
66.249.77.164 - - [11/Jul/2025:11:26:42 -0300] "GET /exercise/town173/uhxab-44864/ HTTP/2.0" 404 - "-" "Mozilla/5.0 (Linux; Android 6.0.1; Nexus 5X Build/MMB29P) AppleWebKit/537.36 (KHTML, like Gecko) Chrome/137.0.7151.103 Mobile Safari/537.36 (compatible; GoogleOther)"
66.249.77.164 - - [11/Jul/2025:11:26:45 -0300] "GET /shopdetail/150037496 HTTP/2.0" 404 - "-" "Mozilla/5.0 (Linux; Android 6.0.1; Nexus 5X Build/MMB29P) AppleWebKit/537.36 (KHTML, like Gecko) Chrome/137.0.7151.103 Mobile Safari/537.36 (compatible; GoogleOther)"
66.249.77.164 - - [11/Jul/2025:11:26:49 -0300] "GET /pcmypage?callback=product/review/kingstar-tona-an-358 HTTP/2.0" 404 - "-" "Mozilla/5.0 (Linux; Android 6.0.1; Nexus 5X Build/MMB29P) AppleWebKit/537.36 (KHTML, like Gecko) Chrome/137.0.7151.103 Mobile Safari/537.36 (compatible; GoogleOther)"
66.249.77.164 - - [11/Jul/2025:11:26:57 -0300] "GET /shopdetail/173041885 HTTP/2.0" 404 - "-" "Mozilla/5.0 (Linux; Android 6.0.1; Nexus 5X Build/MMB29P) AppleWebKit/537.36 (KHTML, like Gecko) Chrome/137.0.7151.103 Mobile Safari/537.36 (compatible; GoogleOther)"
66.249.77.164 - - [11/Jul/2025:11:26:58 -0300] "GET /commonly/loose173/17c56-42760/ HTTP/2.0" 404 - "-" "Mozilla/5.0 (Linux; Android 6.0.1; Nexus 5X Build/MMB29P) AppleWebKit/537.36 (KHTML, like Gecko) Chrome/137.0.7151.103 Mobile Safari/537.36 (compatible; GoogleOther)"
66.249.77.164 - - [11/Jul/2025:11:27:11 -0300] "GET /shopdetail/093012937 HTTP/2.0" 404 - "-" "Mozilla/5.0 (Linux; Android 6.0.1; Nexus 5X Build/MMB29P) AppleWebKit/537.36 (KHTML, like Gecko) Chrome/137.0.7151.103 Mobile Safari/537.36 (compatible; GoogleOther)"
66.249.77.164 - - [11/Jul/2025:11:27:23 -0300] "GET /pcmypage?callback=/product%2Fdetail%2kingstar-tona-an-358 HTTP/2.0" 404 - "-" "Mozilla/5.0 (Linux; Android 6.0.1; Nexus 5X Build/MMB29P) AppleWebKit/537.36 (KHTML, like Gecko) Chrome/137.0.7151.103 Mobile Safari/537.36 (compatible; GoogleOther)"
66.249.77.164 - - [11/Jul/2025:11:27:36 -0300] "GET /robots.txt HTTP/1.1" 200 454 "-" "Mozilla/5.0 (compatible; Googlebot/2.1; +http://www.google.com/bot.html)"
66.249.77.164 - - [11/Jul/2025:11:27:36 -0300] "GET /shopdetail/173049323 HTTP/2.0" 404 - "-" "Mozilla/5.0 (Linux; Android 6.0.1; Nexus 5X Build/MMB29P) AppleWebKit/537.36 (KHTML, like Gecko) Chrome/137.0.7151.103 Mobile Safari/537.36 (compatible; GoogleOther)"
20.171.207.71 - - [11/Jul/2025:11:27:37 -0300] "GET /toe/love135/mnssc-48048/ HTTP/2.0" 404 - "-" "Mozilla/5.0 AppleWebKit/537.36 (KHTML, like Gecko; compatible; GPTBot/1.2; +https://openai.com/gptbot)"
66.249.77.164 - - [11/Jul/2025:11:28:25 -0300] "GET /feather/coat190/8ttzw-31935/ HTTP/2.0" 404 - "-" "Mozilla/5.0 (Linux; Android 6.0.1; Nexus 5X Build/MMB29P) AppleWebKit/537.36 (KHTML, like Gecko) Chrome/137.0.7151.103 Mobile Safari/537.36 (compatible; Googlebot/2.1; +http://www.google.com/bot.html)"
20.171.207.71 - - [11/Jul/2025:11:28:39 -0300] "GET /inner/red153/dbxaq-27040/ HTTP/2.0" 404 - "-" "Mozilla/5.0 AppleWebKit/537.36 (KHTML, like Gecko; compatible; GPTBot/1.2; +https://openai.com/gptbot)"
101.99.89.89 - - [11/Jul/2025:11:28:42 -0300] "GET / HTTP/1.1" 200 12107 "-" "Mozilla/5.0 (Windows NT 10.0; Win64; x64) AppleWebKit/537.36 (KHTML, like Gecko) Chrome/114.0.0.0 Safari/537.36"
204.12.252.98 - - [11/Jul/2025:11:29:19 -0300] "GET /wp-includes/install.php HTTP/1.1" 404 - "https://dimensaocondominios.com.br/wp-includes/install.php" "Mozilla/5.0 (Windows NT 10.0; Win64; x64) AppleWebKit/537.36 (KHTML, like Gecko) Chrome/58.0.3029.110 Safari/537.3"
20.171.207.71 - - [11/Jul/2025:11:29:42 -0300] "GET /ideal/rod67/ubhm3-26600/ HTTP/2.0" 404 - "-" "Mozilla/5.0 AppleWebKit/537.36 (KHTML, like Gecko; compatible; GPTBot/1.2; +https://openai.com/gptbot)"
47.82.60.46 - - [11/Jul/2025:11:30:23 -0300] "GET /shopdetail/134017174 HTTP/1.1" 404 - "https://dimensaocondominios.com.br/shopdetail/134017174" "Mozilla/5.0 (Windows NT 10.0; Win64; x64) AppleWebKit/537.36 (KHTML, like Gecko) Chrome/114.0.0.0 Safari/537.36 Edg/114.0.1823.43"
47.82.60.27 - - [11/Jul/2025:11:30:32 -0300] "GET /shopdetail/107037437 HTTP/1.1" 404 - "https://dimensaocondominios.com.br/shopdetail/107037437" "Mozilla/5.0 (Windows NT 10.0; Win64; x64) AppleWebKit/537.36 (KHTML, like Gecko) Chrome/114.0.0.0 Safari/537.36 Edg/114.0.1823.43"
47.82.60.12 - - [11/Jul/2025:11:30:33 -0300] "GET /shopdetail/161048379 HTTP/1.1" 404 - "https://dimensaocondominios.com.br/shopdetail/161048379" "Mozilla/5.0 (Windows NT 10.0; Win64; x64) AppleWebKit/537.36 (KHTML, like Gecko) Chrome/114.0.0.0 Safari/537.36 Edg/114.0.1823.43"
47.82.60.42 - - [11/Jul/2025:11:30:39 -0300] "GET /shopdetail/065029037 HTTP/1.1" 404 - "https://dimensaocondominios.com.br/shopdetail/065029037" "Mozilla/5.0 (Windows NT 10.0; Win64; x64) AppleWebKit/537.36 (KHTML, like Gecko) Chrome/114.0.0.0 Safari/537.36 Edg/114.0.1823.43"
47.82.60.52 - - [11/Jul/2025:11:30:43 -0300] "GET /shopdetail/043002091 HTTP/1.1" 404 - "https://dimensaocondominios.com.br/shopdetail/043002091" "Mozilla/5.0 (Windows NT 10.0; Win64; x64) AppleWebKit/537.36 (KHTML, like Gecko) Chrome/114.0.0.0 Safari/537.36 Edg/114.0.1823.43"
47.82.60.19 - - [11/Jul/2025:11:30:48 -0300] "GET /shopdetail/071046825 HTTP/1.1" 404 - "https://dimensaocondominios.com.br/shopdetail/071046825" "Mozilla/5.0 (Windows NT 10.0; Win64; x64) AppleWebKit/537.36 (KHTML, like Gecko) Chrome/114.0.0.0 Safari/537.36 Edg/114.0.1823.43"
47.82.60.52 - - [11/Jul/2025:11:30:55 -0300] "GET /shopdetail/096033008 HTTP/1.1" 404 - "https://dimensaocondominios.com.br/shopdetail/096033008" "Mozilla/5.0 (Windows NT 10.0; Win64; x64) AppleWebKit/537.36 (KHTML, like Gecko) Chrome/114.0.0.0 Safari/537.36 Edg/114.0.1823.43"
20.171.207.71 - - [11/Jul/2025:11:31:45 -0300] "GET /group/pull110/vbh9q-5925/ HTTP/2.0" 404 - "-" "Mozilla/5.0 AppleWebKit/537.36 (KHTML, like Gecko; compatible; GPTBot/1.2; +https://openai.com/gptbot)"
20.171.207.71 - - [11/Jul/2025:11:31:49 -0300] "GET /evolve/miss61/t8tr6-5396/ HTTP/2.0" 404 - "-" "Mozilla/5.0 AppleWebKit/537.36 (KHTML, like Gecko; compatible; GPTBot/1.2; +https://openai.com/gptbot)"
20.171.207.71 - - [11/Jul/2025:11:32:50 -0300] "GET /check/weed99/odj8t-43462/ HTTP/2.0" 404 - "-" "Mozilla/5.0 AppleWebKit/537.36 (KHTML, like Gecko; compatible; GPTBot/1.2; +https://openai.com/gptbot)"
145.90.8.11 - - [11/Jul/2025:11:33:02 -0300] "HEAD / HTTP/1.1" 200 - "-" "Mozilla/5.0 (Windows NT 10.0; Win64; x64) AppleWebKit/537.36 (KHTML, like Gecko) Chrome/103.0.5060.134 Safari/537.36"
66.249.77.166 - - [11/Jul/2025:11:33:17 -0300] "GET /product/edit/g-bike-22863-80214 HTTP/2.0" 404 - "-" "Mozilla/5.0 (Linux; Android 6.0.1; Nexus 5X Build/MMB29P) AppleWebKit/537.36 (KHTML, like Gecko) Chrome/137.0.7151.103 Mobile Safari/537.36 (compatible; GoogleOther)"
69.197.182.50 - - [11/Jul/2025:11:33:43 -0300] "GET /wp-includes/install.php HTTP/1.1" 404 - "https://dimensaocondominios.com.br/wp-includes/install.php" "Mozilla/5.0 (Windows NT 10.0; Win64; x64) AppleWebKit/537.36 (KHTML, like Gecko) Chrome/58.0.3029.110 Safari/537.3"
20.171.207.71 - - [11/Jul/2025:11:33:52 -0300] "GET /seed/wipe101/rtqkd-12134/ HTTP/2.0" 404 - "-" "Mozilla/5.0 AppleWebKit/537.36 (KHTML, like Gecko; compatible; GPTBot/1.2; +https://openai.com/gptbot)"
20.171.207.71 - - [11/Jul/2025:11:34:54 -0300] "GET /rib/seven39/vgg7a-15976/ HTTP/2.0" 404 - "-" "Mozilla/5.0 AppleWebKit/537.36 (KHTML, like Gecko; compatible; GPTBot/1.2; +https://openai.com/gptbot)"
20.171.207.71 - - [11/Jul/2025:11:35:56 -0300] "GET /disk/fist161/zejeg-27578/ HTTP/2.0" 404 - "-" "Mozilla/5.0 AppleWebKit/537.36 (KHTML, like Gecko; compatible; GPTBot/1.2; +https://openai.com/gptbot)"
20.171.207.71 - - [11/Jul/2025:11:36:58 -0300] "GET /bride/team123/xeu8t-7412/ HTTP/2.0" 404 - "-" "Mozilla/5.0 AppleWebKit/537.36 (KHTML, like Gecko; compatible; GPTBot/1.2; +https://openai.com/gptbot)"
20.171.207.71 - - [11/Jul/2025:11:38:02 -0300] "GET /entity/year15/rk49o-5156/ HTTP/2.0" 404 - "-" "Mozilla/5.0 AppleWebKit/537.36 (KHTML, like Gecko; compatible; GPTBot/1.2; +https://openai.com/gptbot)"
20.171.207.71 - - [11/Jul/2025:11:39:03 -0300] "GET /robot/bomb27/7ohjn-28910/ HTTP/2.0" 404 - "-" "Mozilla/5.0 AppleWebKit/537.36 (KHTML, like Gecko; compatible; GPTBot/1.2; +https://openai.com/gptbot)"
69.197.182.50 - - [11/Jul/2025:11:39:07 -0300] "GET /wp-includes/install.php HTTP/1.1" 404 - "https://dimensaocondominios.com.br/wp-includes/install.php" "Mozilla/5.0 (Windows NT 10.0; Win64; x64) AppleWebKit/537.36 (KHTML, like Gecko) Chrome/58.0.3029.110 Safari/537.3"
20.171.207.71 - - [11/Jul/2025:11:40:03 -0300] "GET /limb/boil13/oz1gv-19556/ HTTP/2.0" 404 - "-" "Mozilla/5.0 AppleWebKit/537.36 (KHTML, like Gecko; compatible; GPTBot/1.2; +https://openai.com/gptbot)"
47.82.60.54 - - [11/Jul/2025:11:40:06 -0300] "GET /shopdetail/090005102 HTTP/1.1" 404 - "https://dimensaocondominios.com.br/shopdetail/090005102" "Mozilla/5.0 (Windows NT 10.0; Win64; x64) AppleWebKit/537.36 (KHTML, like Gecko) Chrome/114.0.0.0 Safari/537.36 Edg/114.0.1823.43"
47.82.60.49 - - [11/Jul/2025:11:40:21 -0300] "GET /shopdetail/021019471 HTTP/1.1" 404 - "https://dimensaocondominios.com.br/shopdetail/021019471" "Mozilla/5.0 (Windows NT 10.0; Win64; x64) AppleWebKit/537.36 (KHTML, like Gecko) Chrome/114.0.0.0 Safari/537.36 Edg/114.0.1823.43"
47.82.60.15 - - [11/Jul/2025:11:40:41 -0300] "GET /shopdetail/160012412 HTTP/1.1" 404 - "https://dimensaocondominios.com.br/shopdetail/160012412" "Mozilla/5.0 (Windows NT 10.0; Win64; x64) AppleWebKit/537.36 (KHTML, like Gecko) Chrome/114.0.0.0 Safari/537.36 Edg/114.0.1823.43"
47.82.60.41 - - [11/Jul/2025:11:40:53 -0300] "GET /shopdetail/033037143 HTTP/1.1" 404 - "https://dimensaocondominios.com.br/shopdetail/033037143" "Mozilla/5.0 (Windows NT 10.0; Win64; x64) AppleWebKit/537.36 (KHTML, like Gecko) Chrome/114.0.0.0 Safari/537.36 Edg/114.0.1823.43"
47.82.60.6 - - [11/Jul/2025:11:40:56 -0300] "GET /shopdetail/182029298 HTTP/1.1" 404 - "https://dimensaocondominios.com.br/shopdetail/182029298" "Mozilla/5.0 (Windows NT 10.0; Win64; x64) AppleWebKit/537.36 (KHTML, like Gecko) Chrome/114.0.0.0 Safari/537.36 Edg/114.0.1823.43"
47.82.60.15 - - [11/Jul/2025:11:40:58 -0300] "GET /shopdetail/116022326 HTTP/1.1" 404 - "https://dimensaocondominios.com.br/shopdetail/116022326" "Mozilla/5.0 (Windows NT 10.0; Win64; x64) AppleWebKit/537.36 (KHTML, like Gecko) Chrome/114.0.0.0 Safari/537.36 Edg/114.0.1823.43"
47.82.60.44 - - [11/Jul/2025:11:41:00 -0300] "GET /shopdetail/066031908 HTTP/1.1" 404 - "https://dimensaocondominios.com.br/shopdetail/066031908" "Mozilla/5.0 (Windows NT 10.0; Win64; x64) AppleWebKit/537.36 (KHTML, like Gecko) Chrome/114.0.0.0 Safari/537.36 Edg/114.0.1823.43"
47.82.60.26 - - [11/Jul/2025:11:41:02 -0300] "GET /shopdetail/122001632 HTTP/1.1" 404 - "https://dimensaocondominios.com.br/shopdetail/122001632" "Mozilla/5.0 (Windows NT 10.0; Win64; x64) AppleWebKit/537.36 (KHTML, like Gecko) Chrome/114.0.0.0 Safari/537.36 Edg/114.0.1823.43"
20.171.207.71 - - [11/Jul/2025:11:41:09 -0300] "GET /bolt/oral107/tj9yy-4350/ HTTP/2.0" 404 - "-" "Mozilla/5.0 AppleWebKit/537.36 (KHTML, like Gecko; compatible; GPTBot/1.2; +https://openai.com/gptbot)"
66.249.77.165 - - [11/Jul/2025:11:41:23 -0300] "GET /African-American/contract39/fi3ti-18216/ HTTP/2.0" 404 - "-" "Mozilla/5.0 (Linux; Android 6.0.1; Nexus 5X Build/MMB29P) AppleWebKit/537.36 (KHTML, like Gecko) Chrome/137.0.7151.103 Mobile Safari/537.36 (compatible; GoogleOther)"
47.82.60.35 - - [11/Jul/2025:11:41:58 -0300] "GET /pcmypage?callback=/product/detail%252premoa-4967576654586 HTTP/1.1" 404 - "https://dimensaocondominios.dimensaogrupo.com.br/pcmypage?callback=/product%2Fdetail%2premoa-4967576654586" "Mozilla/5.0 (Windows NT 10.0; Win64; x64) AppleWebKit/537.36 (KHTML, like Gecko) Chrome/114.0.0.0 Safari/537.36 Edg/114.0.1823.43"
47.82.60.21 - - [11/Jul/2025:11:42:10 -0300] "GET /shopdetail/136042408 HTTP/1.1" 404 - "https://dimensaocondominios.dimensaogrupo.com.br/shopdetail/136042408" "Mozilla/5.0 (Windows NT 10.0; Win64; x64) AppleWebKit/537.36 (KHTML, like Gecko) Chrome/114.0.0.0 Safari/537.36 Edg/114.0.1823.43"
20.171.207.71 - - [11/Jul/2025:11:42:15 -0300] "GET /sign/clue131/widch-19440/ HTTP/2.0" 404 - "-" "Mozilla/5.0 AppleWebKit/537.36 (KHTML, like Gecko; compatible; GPTBot/1.2; +https://openai.com/gptbot)"
47.82.60.7 - - [11/Jul/2025:11:42:15 -0300] "GET /pcmypage?callback=/product/detail!bankanwebshop-aasr51110 HTTP/1.1" 404 - "https://dimensaocondominios.dimensaogrupo.com.br/pcmypage?callback=/product%2Fdetail%21bankanwebshop-aasr51110" "Mozilla/5.0 (Windows NT 10.0; Win64; x64) AppleWebKit/537.36 (KHTML, like Gecko) Chrome/114.0.0.0 Safari/537.36 Edg/114.0.1823.43"
