20.171.207.71 - - [11/Jul/2025:11:43:19 -0300] "GET /roll/trip120/sqqsl-35371/ HTTP/2.0" 404 - "-" "Mozilla/5.0 AppleWebKit/537.36 (KHTML, like Gecko; compatible; GPTBot/1.2; +https://openai.com/gptbot)"
20.171.207.71 - - [11/Jul/2025:11:44:20 -0300] "GET /beside/gym52/1itgy-34107/ HTTP/2.0" 404 - "-" "Mozilla/5.0 AppleWebKit/537.36 (KHTML, like Gecko; compatible; GPTBot/1.2; +https://openai.com/gptbot)"
20.171.207.71 - - [11/Jul/2025:11:45:20 -0300] "GET /rack/armed25/f1ez3-1878/ HTTP/2.0" 404 - "-" "Mozilla/5.0 AppleWebKit/537.36 (KHTML, like Gecko; compatible; GPTBot/1.2; +https://openai.com/gptbot)"
69.197.182.50 - - [11/Jul/2025:11:46:51 -0300] "GET /wp-includes/install.php HTTP/1.1" 404 - "https://dimensaocondominios.com.br/wp-includes/install.php" "Mozilla/5.0 (Windows NT 10.0; Win64; x64) AppleWebKit/537.36 (KHTML, like Gecko) Chrome/58.0.3029.110 Safari/537.3"
20.171.207.71 - - [11/Jul/2025:11:47:54 -0300] "GET /insist/now79/nj1wq-37230/ HTTP/2.0" 404 - "-" "Mozilla/5.0 AppleWebKit/537.36 (KHTML, like Gecko; compatible; GPTBot/1.2; +https://openai.com/gptbot)"
20.171.207.71 - - [11/Jul/2025:11:47:55 -0300] "GET /legacy/yet138/5lnv0-443/ HTTP/2.0" 404 - "-" "Mozilla/5.0 AppleWebKit/537.36 (KHTML, like Gecko; compatible; GPTBot/1.2; +https://openai.com/gptbot)"
20.171.207.71 - - [11/Jul/2025:11:48:58 -0300] "GET /episode/or36/h8j8z-1055/ HTTP/2.0" 404 - "-" "Mozilla/5.0 AppleWebKit/537.36 (KHTML, like Gecko; compatible; GPTBot/1.2; +https://openai.com/gptbot)"
20.171.207.71 - - [11/Jul/2025:11:50:04 -0300] "GET /fly/bother30/atl3u-31637/ HTTP/2.0" 404 - "-" "Mozilla/5.0 AppleWebKit/537.36 (KHTML, like Gecko; compatible; GPTBot/1.2; +https://openai.com/gptbot)"
47.82.60.40 - - [11/Jul/2025:11:50:24 -0300] "GET /shopdetail/040012950 HTTP/1.1" 404 - "https://dimensaocondominios.com.br/shopdetail/040012950" "Mozilla/5.0 (Windows NT 10.0; Win64; x64) AppleWebKit/537.36 (KHTML, like Gecko) Chrome/114.0.0.0 Safari/537.36 Edg/114.0.1823.43"
47.82.60.49 - - [11/Jul/2025:11:50:26 -0300] "GET /shopdetail/001010519 HTTP/1.1" 404 - "https://dimensaocondominios.com.br/shopdetail/001010519" "Mozilla/5.0 (Windows NT 10.0; Win64; x64) AppleWebKit/537.36 (KHTML, like Gecko) Chrome/114.0.0.0 Safari/537.36 Edg/114.0.1823.43"
47.82.60.53 - - [11/Jul/2025:11:50:46 -0300] "GET /shopdetail/130041158 HTTP/1.1" 404 - "https://dimensaocondominios.com.br/shopdetail/130041158" "Mozilla/5.0 (Windows NT 10.0; Win64; x64) AppleWebKit/537.36 (KHTML, like Gecko) Chrome/114.0.0.0 Safari/537.36 Edg/114.0.1823.43"
47.82.60.37 - - [11/Jul/2025:11:50:51 -0300] "GET /shopdetail/069007559 HTTP/1.1" 404 - "https://dimensaocondominios.com.br/shopdetail/069007559" "Mozilla/5.0 (Windows NT 10.0; Win64; x64) AppleWebKit/537.36 (KHTML, like Gecko) Chrome/114.0.0.0 Safari/537.36 Edg/114.0.1823.43"
47.82.60.50 - - [11/Jul/2025:11:50:56 -0300] "GET /shopdetail/148005054 HTTP/1.1" 404 - "https://dimensaocondominios.com.br/shopdetail/148005054" "Mozilla/5.0 (Windows NT 10.0; Win64; x64) AppleWebKit/537.36 (KHTML, like Gecko) Chrome/114.0.0.0 Safari/537.36 Edg/114.0.1823.43"
47.82.60.34 - - [11/Jul/2025:11:51:06 -0300] "GET /shopdetail/191017893 HTTP/1.1" 404 - "https://dimensaocondominios.com.br/shopdetail/191017893" "Mozilla/5.0 (Windows NT 10.0; Win64; x64) AppleWebKit/537.36 (KHTML, like Gecko) Chrome/114.0.0.0 Safari/537.36 Edg/114.0.1823.43"
20.171.207.71 - - [11/Jul/2025:11:51:07 -0300] "GET /bee/topic191/0kyeg-1812/ HTTP/2.0" 404 - "-" "Mozilla/5.0 AppleWebKit/537.36 (KHTML, like Gecko; compatible; GPTBot/1.2; +https://openai.com/gptbot)"
20.171.207.71 - - [11/Jul/2025:11:52:12 -0300] "GET /exist/park12/p2hft-14545/ HTTP/2.0" 404 - "-" "Mozilla/5.0 AppleWebKit/537.36 (KHTML, like Gecko; compatible; GPTBot/1.2; +https://openai.com/gptbot)"
20.171.207.71 - - [11/Jul/2025:11:53:17 -0300] "GET /war/rally163/eorg2-3024/ HTTP/2.0" 404 - "-" "Mozilla/5.0 AppleWebKit/537.36 (KHTML, like Gecko; compatible; GPTBot/1.2; +https://openai.com/gptbot)"
20.171.207.71 - - [11/Jul/2025:11:54:19 -0300] "GET /chest/jazz30/1owwu-25013/ HTTP/2.0" 404 - "-" "Mozilla/5.0 AppleWebKit/537.36 (KHTML, like Gecko; compatible; GPTBot/1.2; +https://openai.com/gptbot)"
20.171.207.71 - - [11/Jul/2025:11:55:24 -0300] "GET /lady/quite58/ka4cl-31435/ HTTP/2.0" 404 - "-" "Mozilla/5.0 AppleWebKit/537.36 (KHTML, like Gecko; compatible; GPTBot/1.2; +https://openai.com/gptbot)"
66.249.77.164 - - [11/Jul/2025:11:55:30 -0300] "GET /pcmypage?callback=product/review/kokolohas-style-202311180743144904810212973 HTTP/2.0" 404 - "-" "Mozilla/5.0 (Linux; Android 6.0.1; Nexus 5X Build/MMB29P) AppleWebKit/537.36 (KHTML, like Gecko) Chrome/137.0.7151.103 Mobile Safari/537.36 (compatible; GoogleOther)"
47.82.60.51 - - [11/Jul/2025:11:56:12 -0300] "GET /shopdetail/166008598 HTTP/1.1" 404 - "https://dimensaocondominios.com.br/shopdetail/166008598" "Mozilla/5.0 (Windows NT 10.0; Win64; x64) AppleWebKit/537.36 (KHTML, like Gecko) Chrome/114.0.0.0 Safari/537.36 Edg/114.0.1823.43"
66.249.77.166 - - [11/Jul/2025:11:56:30 -0300] "GET /vanish/advanced107/9tily-24138/ HTTP/2.0" 404 - "-" "Mozilla/5.0 (Linux; Android 6.0.1; Nexus 5X Build/MMB29P) AppleWebKit/537.36 (KHTML, like Gecko) Chrome/137.0.7151.103 Mobile Safari/537.36 (compatible; GoogleOther)"
66.249.77.165 - - [11/Jul/2025:11:56:32 -0300] "GET /profound/pretend107/xadjh-24136/ HTTP/2.0" 404 - "-" "Mozilla/5.0 (Linux; Android 6.0.1; Nexus 5X Build/MMB29P) AppleWebKit/537.36 (KHTML, like Gecko) Chrome/137.0.7151.103 Mobile Safari/537.36 (compatible; GoogleOther)"
66.249.77.164 - - [11/Jul/2025:11:56:38 -0300] "GET /enact/governor93/7bj2a-30294/ HTTP/2.0" 404 - "-" "Mozilla/5.0 (Linux; Android 6.0.1; Nexus 5X Build/MMB29P) AppleWebKit/537.36 (KHTML, like Gecko) Chrome/137.0.7151.103 Mobile Safari/537.36 (compatible; GoogleOther)"
66.249.77.164 - - [11/Jul/2025:11:56:43 -0300] "GET /joint/suddenly107/z3hft-24062/ HTTP/2.0" 404 - "-" "Mozilla/5.0 (Linux; Android 6.0.1; Nexus 5X Build/MMB29P) AppleWebKit/537.36 (KHTML, like Gecko) Chrome/137.0.7151.103 Mobile Safari/537.36 (compatible; GoogleOther)"
66.249.77.164 - - [11/Jul/2025:11:56:45 -0300] "GET /pcmypage?callback=product%2Fdetail%2Fshinsakustore-yc28 HTTP/2.0" 404 - "-" "Mozilla/5.0 (Linux; Android 6.0.1; Nexus 5X Build/MMB29P) AppleWebKit/537.36 (KHTML, like Gecko) Chrome/137.0.7151.103 Mobile Safari/537.36 (compatible; GoogleOther)"
66.249.77.164 - - [11/Jul/2025:11:56:53 -0300] "GET /product/edit/e-kikai-8376027 HTTP/2.0" 404 - "-" "Mozilla/5.0 (Linux; Android 6.0.1; Nexus 5X Build/MMB29P) AppleWebKit/537.36 (KHTML, like Gecko) Chrome/137.0.7151.103 Mobile Safari/537.36 (compatible; GoogleOther)"
66.249.77.164 - - [11/Jul/2025:11:56:56 -0300] "GET /land/desperate93/ue14o-30246/ HTTP/2.0" 404 - "-" "Mozilla/5.0 (Linux; Android 6.0.1; Nexus 5X Build/MMB29P) AppleWebKit/537.36 (KHTML, like Gecko) Chrome/137.0.7151.103 Mobile Safari/537.36 (compatible; GoogleOther)"
66.249.77.164 - - [11/Jul/2025:11:57:00 -0300] "GET /sentence/invest169/x8q70-17340/ HTTP/2.0" 404 - "-" "Mozilla/5.0 (Linux; Android 6.0.1; Nexus 5X Build/MMB29P) AppleWebKit/537.36 (KHTML, like Gecko) Chrome/137.0.7151.103 Mobile Safari/537.36 (compatible; GoogleOther)"
20.171.207.71 - - [11/Jul/2025:11:57:01 -0300] "GET /heel/count20/9nean-11955/ HTTP/2.0" 404 - "-" "Mozilla/5.0 AppleWebKit/537.36 (KHTML, like Gecko; compatible; GPTBot/1.2; +https://openai.com/gptbot)"
66.249.77.165 - - [11/Jul/2025:11:57:08 -0300] "GET /pcmypage?callback=/product%2Fdetail%2shinsakustore-yc28 HTTP/2.0" 404 - "-" "Mozilla/5.0 (Linux; Android 6.0.1; Nexus 5X Build/MMB29P) AppleWebKit/537.36 (KHTML, like Gecko) Chrome/137.0.7151.103 Mobile Safari/537.36 (compatible; GoogleOther)"
66.249.77.164 - - [11/Jul/2025:11:57:09 -0300] "GET /lab/ugly163/brlbj-39492/ HTTP/2.0" 404 - "-" "Mozilla/5.0 (Linux; Android 6.0.1; Nexus 5X Build/MMB29P) AppleWebKit/537.36 (KHTML, like Gecko) Chrome/137.0.7151.103 Mobile Safari/537.36 (compatible; GoogleOther)"
66.249.77.164 - - [11/Jul/2025:11:57:16 -0300] "GET /shopdetail/183033369 HTTP/2.0" 404 - "-" "Mozilla/5.0 (Linux; Android 6.0.1; Nexus 5X Build/MMB29P) AppleWebKit/537.36 (KHTML, like Gecko) Chrome/137.0.7151.103 Mobile Safari/537.36 (compatible; GoogleOther)"
66.249.77.164 - - [11/Jul/2025:11:57:22 -0300] "GET /request/broad93/170d9-29504/ HTTP/2.0" 404 - "-" "Mozilla/5.0 (Linux; Android 6.0.1; Nexus 5X Build/MMB29P) AppleWebKit/537.36 (KHTML, like Gecko) Chrome/137.0.7151.103 Mobile Safari/537.36 (compatible; GoogleOther)"
4.227.36.17 - - [11/Jul/2025:11:57:23 -0300] "GET /robots.txt HTTP/2.0" 200 454 "-" "Mozilla/5.0 AppleWebKit/537.36 (KHTML, like Gecko; compatible; GPTBot/1.2; +https://openai.com/gptbot)"
66.249.77.164 - - [11/Jul/2025:11:57:31 -0300] "GET /wound/take188/5cg7b-15015/ HTTP/2.0" 404 - "-" "Mozilla/5.0 (Linux; Android 6.0.1; Nexus 5X Build/MMB29P) AppleWebKit/537.36 (KHTML, like Gecko) Chrome/137.0.7151.103 Mobile Safari/537.36 (compatible; GoogleOther)"
66.249.77.164 - - [11/Jul/2025:11:57:34 -0300] "GET /pcmypage?callback=product/review/e-kikai-8376027 HTTP/2.0" 404 - "-" "Mozilla/5.0 (Linux; Android 6.0.1; Nexus 5X Build/MMB29P) AppleWebKit/537.36 (KHTML, like Gecko) Chrome/137.0.7151.103 Mobile Safari/537.36 (compatible; GoogleOther)"
66.249.77.164 - - [11/Jul/2025:11:57:46 -0300] "GET /shopdetail/002006300 HTTP/2.0" 404 - "-" "Mozilla/5.0 (Linux; Android 6.0.1; Nexus 5X Build/MMB29P) AppleWebKit/537.36 (KHTML, like Gecko) Chrome/137.0.7151.103 Mobile Safari/537.36 (compatible; GoogleOther)"
66.249.77.164 - - [11/Jul/2025:11:57:47 -0300] "GET /refuse/prime94/ky59r-18815/ HTTP/2.0" 404 - "-" "Mozilla/5.0 (Linux; Android 6.0.1; Nexus 5X Build/MMB29P) AppleWebKit/537.36 (KHTML, like Gecko) Chrome/137.0.7151.103 Mobile Safari/537.36 (compatible; GoogleOther)"
208.110.64.178 - - [11/Jul/2025:11:57:48 -0300] "GET /wp-includes/install.php HTTP/1.1" 404 - "https://dimensaocondominios.com.br/wp-includes/install.php" "Mozilla/5.0 (Windows NT 10.0; Win64; x64) AppleWebKit/537.36 (KHTML, like Gecko) Chrome/58.0.3029.110 Safari/537.3"
66.249.77.164 - - [11/Jul/2025:11:58:01 -0300] "GET /pcmypage?callback=product%2Fdetail%2Fe-kikai-8376027 HTTP/2.0" 404 - "-" "Mozilla/5.0 (Linux; Android 6.0.1; Nexus 5X Build/MMB29P) AppleWebKit/537.36 (KHTML, like Gecko) Chrome/137.0.7151.103 Mobile Safari/537.36 (compatible; GoogleOther)"
20.171.207.71 - - [11/Jul/2025:11:58:03 -0300] "GET /insist/now79/nj1wq-37230/ HTTP/2.0" 404 - "-" "Mozilla/5.0 AppleWebKit/537.36 (KHTML, like Gecko; compatible; GPTBot/1.2; +https://openai.com/gptbot)"
66.249.77.164 - - [11/Jul/2025:11:58:13 -0300] "GET /ok/awareness107/xadjh-24136/ HTTP/2.0" 404 - "-" "Mozilla/5.0 (Linux; Android 6.0.1; Nexus 5X Build/MMB29P) AppleWebKit/537.36 (KHTML, like Gecko) Chrome/137.0.7151.103 Mobile Safari/537.36 (compatible; GoogleOther)"
66.249.77.164 - - [11/Jul/2025:11:58:39 -0300] "GET /pcmypage?callback=product/review/shinsakustore-yc28 HTTP/2.0" 404 - "-" "Mozilla/5.0 (Linux; Android 6.0.1; Nexus 5X Build/MMB29P) AppleWebKit/537.36 (KHTML, like Gecko) Chrome/137.0.7151.103 Mobile Safari/537.36 (compatible; GoogleOther)"
20.171.207.71 - - [11/Jul/2025:11:59:04 -0300] "GET /rely/loan114/n2rlm-6995/ HTTP/2.0" 404 - "-" "Mozilla/5.0 AppleWebKit/537.36 (KHTML, like Gecko; compatible; GPTBot/1.2; +https://openai.com/gptbot)"
69.197.135.226 - - [11/Jul/2025:12:00:06 -0300] "GET /wp-includes/install.php HTTP/1.1" 404 - "https://dimensaocondominios.com.br/wp-includes/install.php" "Mozilla/5.0 (Windows NT 10.0; Win64; x64) AppleWebKit/537.36 (KHTML, like Gecko) Chrome/58.0.3029.110 Safari/537.3"
20.171.207.71 - - [11/Jul/2025:12:00:07 -0300] "GET /form/outer70/9jrzk-40559/ HTTP/2.0" 404 - "-" "Mozilla/5.0 AppleWebKit/537.36 (KHTML, like Gecko; compatible; GPTBot/1.2; +https://openai.com/gptbot)"
47.82.60.50 - - [11/Jul/2025:12:00:20 -0300] "GET /shopdetail/118046722 HTTP/1.1" 404 - "https://dimensaocondominios.com.br/shopdetail/118046722" "Mozilla/5.0 (Windows NT 10.0; Win64; x64) AppleWebKit/537.36 (KHTML, like Gecko) Chrome/114.0.0.0 Safari/537.36 Edg/114.0.1823.43"
47.82.60.2 - - [11/Jul/2025:12:00:22 -0300] "GET /shopdetail/013009411 HTTP/1.1" 404 - "https://dimensaocondominios.com.br/shopdetail/013009411" "Mozilla/5.0 (Windows NT 10.0; Win64; x64) AppleWebKit/537.36 (KHTML, like Gecko) Chrome/114.0.0.0 Safari/537.36 Edg/114.0.1823.43"
47.82.60.14 - - [11/Jul/2025:12:00:22 -0300] "GET /shopdetail/079001615 HTTP/1.1" 404 - "https://dimensaocondominios.com.br/shopdetail/079001615" "Mozilla/5.0 (Windows NT 10.0; Win64; x64) AppleWebKit/537.36 (KHTML, like Gecko) Chrome/114.0.0.0 Safari/537.36 Edg/114.0.1823.43"
47.82.60.9 - - [11/Jul/2025:12:00:27 -0300] "GET /shopdetail/063002307 HTTP/1.1" 404 - "https://dimensaocondominios.com.br/shopdetail/063002307" "Mozilla/5.0 (Windows NT 10.0; Win64; x64) AppleWebKit/537.36 (KHTML, like Gecko) Chrome/114.0.0.0 Safari/537.36 Edg/114.0.1823.43"
47.82.60.45 - - [11/Jul/2025:12:00:30 -0300] "GET /shopdetail/071046225 HTTP/1.1" 404 - "https://dimensaocondominios.com.br/shopdetail/071046225" "Mozilla/5.0 (Windows NT 10.0; Win64; x64) AppleWebKit/537.36 (KHTML, like Gecko) Chrome/114.0.0.0 Safari/537.36 Edg/114.0.1823.43"
47.82.60.2 - - [11/Jul/2025:12:00:32 -0300] "GET /shopdetail/177039477 HTTP/1.1" 404 - "https://dimensaocondominios.com.br/shopdetail/177039477" "Mozilla/5.0 (Windows NT 10.0; Win64; x64) AppleWebKit/537.36 (KHTML, like Gecko) Chrome/114.0.0.0 Safari/537.36 Edg/114.0.1823.43"
47.82.60.11 - - [11/Jul/2025:12:00:35 -0300] "GET /shopdetail/102034060 HTTP/1.1" 404 - "https://dimensaocondominios.com.br/shopdetail/102034060" "Mozilla/5.0 (Windows NT 10.0; Win64; x64) AppleWebKit/537.36 (KHTML, like Gecko) Chrome/114.0.0.0 Safari/537.36 Edg/114.0.1823.43"
47.82.60.2 - - [11/Jul/2025:12:00:43 -0300] "GET /shopdetail/007010203 HTTP/1.1" 404 - "https://dimensaocondominios.com.br/shopdetail/007010203" "Mozilla/5.0 (Windows NT 10.0; Win64; x64) AppleWebKit/537.36 (KHTML, like Gecko) Chrome/114.0.0.0 Safari/537.36 Edg/114.0.1823.43"
47.82.60.50 - - [11/Jul/2025:12:00:44 -0300] "GET /shopdetail/063029169 HTTP/1.1" 404 - "https://dimensaocondominios.com.br/shopdetail/063029169" "Mozilla/5.0 (Windows NT 10.0; Win64; x64) AppleWebKit/537.36 (KHTML, like Gecko) Chrome/114.0.0.0 Safari/537.36 Edg/114.0.1823.43"
47.82.60.44 - - [11/Jul/2025:12:00:45 -0300] "GET /shopdetail/018035216 HTTP/1.1" 404 - "https://dimensaocondominios.com.br/shopdetail/018035216" "Mozilla/5.0 (Windows NT 10.0; Win64; x64) AppleWebKit/537.36 (KHTML, like Gecko) Chrome/114.0.0.0 Safari/537.36 Edg/114.0.1823.43"
47.82.60.31 - - [11/Jul/2025:12:00:46 -0300] "GET /shopdetail/178018640 HTTP/1.1" 404 - "https://dimensaocondominios.com.br/shopdetail/178018640" "Mozilla/5.0 (Windows NT 10.0; Win64; x64) AppleWebKit/537.36 (KHTML, like Gecko) Chrome/114.0.0.0 Safari/537.36 Edg/114.0.1823.43"
47.82.60.31 - - [11/Jul/2025:12:00:49 -0300] "GET /shopdetail/130046562 HTTP/1.1" 404 - "https://dimensaocondominios.com.br/shopdetail/130046562" "Mozilla/5.0 (Windows NT 10.0; Win64; x64) AppleWebKit/537.36 (KHTML, like Gecko) Chrome/114.0.0.0 Safari/537.36 Edg/114.0.1823.43"
47.82.60.21 - - [11/Jul/2025:12:00:56 -0300] "GET /shopdetail/162019722 HTTP/1.1" 404 - "https://dimensaocondominios.com.br/shopdetail/162019722" "Mozilla/5.0 (Windows NT 10.0; Win64; x64) AppleWebKit/537.36 (KHTML, like Gecko) Chrome/114.0.0.0 Safari/537.36 Edg/114.0.1823.43"
47.82.60.20 - - [11/Jul/2025:12:00:57 -0300] "GET /shopdetail/061003477 HTTP/1.1" 404 - "https://dimensaocondominios.com.br/shopdetail/061003477" "Mozilla/5.0 (Windows NT 10.0; Win64; x64) AppleWebKit/537.36 (KHTML, like Gecko) Chrome/114.0.0.0 Safari/537.36 Edg/114.0.1823.43"
20.171.207.71 - - [11/Jul/2025:12:01:09 -0300] "GET /use/gender83/9sbwh-28844/ HTTP/2.0" 404 - "-" "Mozilla/5.0 AppleWebKit/537.36 (KHTML, like Gecko; compatible; GPTBot/1.2; +https://openai.com/gptbot)"
47.82.60.35 - - [11/Jul/2025:12:01:12 -0300] "GET /shopdetail/001041485 HTTP/1.1" 404 - "https://dimensaocondominios.com.br/shopdetail/001041485" "Mozilla/5.0 (Windows NT 10.0; Win64; x64) AppleWebKit/537.36 (KHTML, like Gecko) Chrome/114.0.0.0 Safari/537.36 Edg/114.0.1823.43"
47.82.60.23 - - [11/Jul/2025:12:01:16 -0300] "GET /shopdetail/101038777 HTTP/1.1" 404 - "https://dimensaocondominios.com.br/shopdetail/101038777" "Mozilla/5.0 (Windows NT 10.0; Win64; x64) AppleWebKit/537.36 (KHTML, like Gecko) Chrome/114.0.0.0 Safari/537.36 Edg/114.0.1823.43"
172.233.156.98 - - [11/Jul/2025:12:01:58 -0300] "GET / HTTP/1.1" 200 - "-" "Mozilla/5.0 (Macintosh; Intel Mac OS X 10_14_6) AppleWebKit/537.36 (KHTML, like Gecko) Chrome/86.0.4217.2 Safari/537.36"
20.171.207.71 - - [11/Jul/2025:12:02:10 -0300] "GET /besides/rim22/v0c3y-5839/ HTTP/2.0" 404 - "-" "Mozilla/5.0 AppleWebKit/537.36 (KHTML, like Gecko; compatible; GPTBot/1.2; +https://openai.com/gptbot)"
20.171.207.71 - - [11/Jul/2025:12:03:14 -0300] "GET /steep/climb2/2tv9g-29165/ HTTP/2.0" 404 - "-" "Mozilla/5.0 AppleWebKit/537.36 (KHTML, like Gecko; compatible; GPTBot/1.2; +https://openai.com/gptbot)"
47.82.60.34 - - [11/Jul/2025:12:03:53 -0300] "GET /shopdetail/172015744 HTTP/1.1" 404 - "https://dimensaocondominios.com.br/shopdetail/172015744" "Mozilla/5.0 (Windows NT 10.0; Win64; x64) AppleWebKit/537.36 (KHTML, like Gecko) Chrome/114.0.0.0 Safari/537.36 Edg/114.0.1823.43"
20.171.207.71 - - [11/Jul/2025:12:04:19 -0300] "GET /gas/stable19/9vkui-22130/ HTTP/2.0" 404 - "-" "Mozilla/5.0 AppleWebKit/537.36 (KHTML, like Gecko; compatible; GPTBot/1.2; +https://openai.com/gptbot)"
20.171.207.71 - - [11/Jul/2025:12:05:23 -0300] "GET /half/pilot187/qikg1-3818/ HTTP/2.0" 404 - "-" "Mozilla/5.0 AppleWebKit/537.36 (KHTML, like Gecko; compatible; GPTBot/1.2; +https://openai.com/gptbot)"
20.171.207.71 - - [11/Jul/2025:12:06:25 -0300] "GET /hole/die141/qldjl-15932/ HTTP/2.0" 404 - "-" "Mozilla/5.0 AppleWebKit/537.36 (KHTML, like Gecko; compatible; GPTBot/1.2; +https://openai.com/gptbot)"
20.171.207.71 - - [11/Jul/2025:12:07:27 -0300] "GET /my/thereby85/v8hfd-11274/ HTTP/2.0" 404 - "-" "Mozilla/5.0 AppleWebKit/537.36 (KHTML, like Gecko; compatible; GPTBot/1.2; +https://openai.com/gptbot)"
20.171.207.71 - - [11/Jul/2025:12:08:31 -0300] "GET /love/still72/sur1h-11547/ HTTP/2.0" 404 - "-" "Mozilla/5.0 AppleWebKit/537.36 (KHTML, like Gecko; compatible; GPTBot/1.2; +https://openai.com/gptbot)"
51.222.253.1 - - [11/Jul/2025:12:08:33 -0300] "GET /?sitemap356.xml HTTP/2.0" 200 13 "-" "Mozilla/5.0 (compatible; AhrefsBot/7.0; +http://ahrefs.com/robot/)"
20.171.207.71 - - [11/Jul/2025:12:09:37 -0300] "GET /tend/actor92/p1aun-44909/ HTTP/2.0" 404 - "-" "Mozilla/5.0 AppleWebKit/537.36 (KHTML, like Gecko; compatible; GPTBot/1.2; +https://openai.com/gptbot)"
47.82.60.53 - - [11/Jul/2025:12:10:25 -0300] "GET /shopdetail/158023612 HTTP/1.1" 404 - "https://dimensaocondominios.com.br/shopdetail/158023612" "Mozilla/5.0 (Windows NT 10.0; Win64; x64) AppleWebKit/537.36 (KHTML, like Gecko) Chrome/114.0.0.0 Safari/537.36 Edg/114.0.1823.43"
47.82.60.45 - - [11/Jul/2025:12:10:26 -0300] "GET /shopdetail/138009694 HTTP/1.1" 404 - "https://dimensaocondominios.com.br/shopdetail/138009694" "Mozilla/5.0 (Windows NT 10.0; Win64; x64) AppleWebKit/537.36 (KHTML, like Gecko) Chrome/114.0.0.0 Safari/537.36 Edg/114.0.1823.43"
47.82.60.37 - - [11/Jul/2025:12:10:28 -0300] "GET /shopdetail/079036151 HTTP/1.1" 404 - "https://dimensaocondominios.com.br/shopdetail/079036151" "Mozilla/5.0 (Windows NT 10.0; Win64; x64) AppleWebKit/537.36 (KHTML, like Gecko) Chrome/114.0.0.0 Safari/537.36 Edg/114.0.1823.43"
47.82.60.31 - - [11/Jul/2025:12:10:34 -0300] "GET /shopdetail/067032569 HTTP/1.1" 404 - "https://dimensaocondominios.com.br/shopdetail/067032569" "Mozilla/5.0 (Windows NT 10.0; Win64; x64) AppleWebKit/537.36 (KHTML, like Gecko) Chrome/114.0.0.0 Safari/537.36 Edg/114.0.1823.43"
47.82.60.16 - - [11/Jul/2025:12:10:37 -0300] "GET /shopdetail/024035154 HTTP/1.1" 404 - "https://dimensaocondominios.com.br/shopdetail/024035154" "Mozilla/5.0 (Windows NT 10.0; Win64; x64) AppleWebKit/537.36 (KHTML, like Gecko) Chrome/114.0.0.0 Safari/537.36 Edg/114.0.1823.43"
47.82.60.2 - - [11/Jul/2025:12:10:40 -0300] "GET /shopdetail/110003918 HTTP/1.1" 404 - "https://dimensaocondominios.com.br/shopdetail/110003918" "Mozilla/5.0 (Windows NT 10.0; Win64; x64) AppleWebKit/537.36 (KHTML, like Gecko) Chrome/114.0.0.0 Safari/537.36 Edg/114.0.1823.43"
20.171.207.71 - - [11/Jul/2025:12:10:40 -0300] "GET /see/crush16/dq6xn-49913/ HTTP/2.0" 404 - "-" "Mozilla/5.0 AppleWebKit/537.36 (KHTML, like Gecko; compatible; GPTBot/1.2; +https://openai.com/gptbot)"
185.242.226.159 - - [11/Jul/2025:12:10:43 -0300] "GET / HTTP/1.1" 200 - "-" "Mozilla/5.0 (Windows NT 10.0; Win64; x64) AppleWebKit/537.36 (KHTML, like Gecko) Chrome/88.0.4324.190 Safari/537.36"
47.82.60.16 - - [11/Jul/2025:12:10:50 -0300] "GET /shopdetail/028008660 HTTP/1.1" 404 - "https://dimensaocondominios.com.br/shopdetail/028008660" "Mozilla/5.0 (Windows NT 10.0; Win64; x64) AppleWebKit/537.36 (KHTML, like Gecko) Chrome/114.0.0.0 Safari/537.36 Edg/114.0.1823.43"
47.82.60.20 - - [11/Jul/2025:12:10:51 -0300] "GET /shopdetail/130006248 HTTP/1.1" 404 - "https://dimensaocondominios.com.br/shopdetail/130006248" "Mozilla/5.0 (Windows NT 10.0; Win64; x64) AppleWebKit/537.36 (KHTML, like Gecko) Chrome/114.0.0.0 Safari/537.36 Edg/114.0.1823.43"
47.82.60.2 - - [11/Jul/2025:12:10:52 -0300] "GET /shopdetail/045046351 HTTP/1.1" 404 - "https://dimensaocondominios.com.br/shopdetail/045046351" "Mozilla/5.0 (Windows NT 10.0; Win64; x64) AppleWebKit/537.36 (KHTML, like Gecko) Chrome/114.0.0.0 Safari/537.36 Edg/114.0.1823.43"
47.82.60.13 - - [11/Jul/2025:12:10:53 -0300] "GET /shopdetail/174028686 HTTP/1.1" 404 - "https://dimensaocondominios.com.br/shopdetail/174028686" "Mozilla/5.0 (Windows NT 10.0; Win64; x64) AppleWebKit/537.36 (KHTML, like Gecko) Chrome/114.0.0.0 Safari/537.36 Edg/114.0.1823.43"
47.82.60.6 - - [11/Jul/2025:12:10:55 -0300] "GET /shopdetail/106011564 HTTP/1.1" 404 - "https://dimensaocondominios.com.br/shopdetail/106011564" "Mozilla/5.0 (Windows NT 10.0; Win64; x64) AppleWebKit/537.36 (KHTML, like Gecko) Chrome/114.0.0.0 Safari/537.36 Edg/114.0.1823.43"
47.82.60.17 - - [11/Jul/2025:12:11:08 -0300] "GET /shopdetail/079029079 HTTP/1.1" 404 - "https://dimensaocondominios.com.br/shopdetail/079029079" "Mozilla/5.0 (Windows NT 10.0; Win64; x64) AppleWebKit/537.36 (KHTML, like Gecko) Chrome/114.0.0.0 Safari/537.36 Edg/114.0.1823.43"
47.82.60.18 - - [11/Jul/2025:12:11:16 -0300] "GET /shopdetail/094000634 HTTP/1.1" 404 - "https://dimensaocondominios.dimensaogrupo.com.br/shopdetail/094000634" "Mozilla/5.0 (Windows NT 10.0; Win64; x64) AppleWebKit/537.36 (KHTML, like Gecko) Chrome/114.0.0.0 Safari/537.36 Edg/114.0.1823.43"
20.171.207.71 - - [11/Jul/2025:12:11:41 -0300] "GET /shall/sue28/n2zuy-39581/ HTTP/2.0" 404 - "-" "Mozilla/5.0 AppleWebKit/537.36 (KHTML, like Gecko; compatible; GPTBot/1.2; +https://openai.com/gptbot)"
208.110.64.178 - - [11/Jul/2025:12:12:39 -0300] "GET /wp-includes/install.php HTTP/1.1" 404 - "https://dimensaocondominios.com.br/wp-includes/install.php" "Mozilla/5.0 (Windows NT 10.0; Win64; x64) AppleWebKit/537.36 (KHTML, like Gecko) Chrome/58.0.3029.110 Safari/537.3"
20.171.207.71 - - [11/Jul/2025:12:12:42 -0300] "GET /milk/prior35/01xkt-5426/ HTTP/2.0" 404 - "-" "Mozilla/5.0 AppleWebKit/537.36 (KHTML, like Gecko; compatible; GPTBot/1.2; +https://openai.com/gptbot)"
157.66.54.162 - - [11/Jul/2025:12:13:27 -0300] "POST /vendor/phpunit/phpunit/src/Util/PHP/eval-stdin.php HTTP/1.1" 200 12265 "-" "python-requests/2.25.1"
157.66.54.162 - - [11/Jul/2025:12:13:30 -0300] "POST /api/phpunit/phpunit/src/Util/PHP/eval-stdin.php HTTP/1.1" 200 12264 "-" "python-requests/2.25.1"
157.66.54.162 - - [11/Jul/2025:12:13:30 -0300] "POST /vendor/phpunit/phpunit/src/Util/PHP/eval-stdin.php HTTP/1.1" 200 12260 "-" "python-requests/2.25.1"
157.66.54.162 - - [11/Jul/2025:12:13:31 -0300] "POST /blog/vendor/phpunit/phpunit/src/Util/PHP/eval-stdin.php HTTP/1.1" 200 12269 "-" "python-requests/2.25.1"
157.66.54.162 - - [11/Jul/2025:12:13:32 -0300] "POST /api/phpunit/phpunit/src/Util/PHP/eval-stdin.php HTTP/1.1" 200 12264 "-" "python-requests/2.25.1"
157.66.54.162 - - [11/Jul/2025:12:13:34 -0300] "POST /blog/vendor/phpunit/phpunit/src/Util/PHP/eval-stdin.php HTTP/1.1" 200 12270 "-" "python-requests/2.25.1"
157.66.54.162 - - [11/Jul/2025:12:13:34 -0300] "POST /beta/vendor/phpunit/phpunit/src/Util/PHP/eval-stdin.php HTTP/1.1" 200 12269 "-" "python-requests/2.25.1"
157.66.54.162 - - [11/Jul/2025:12:13:36 -0300] "POST /beta/vendor/phpunit/phpunit/src/Util/PHP/eval-stdin.php HTTP/1.1" 200 12267 "-" "python-requests/2.25.1"
157.66.54.162 - - [11/Jul/2025:12:13:37 -0300] "POST /lib/vendor/phpunit/phpunit/src/Util/PHP/eval-stdin.php HTTP/1.1" 200 12266 "-" "python-requests/2.25.1"
74.125.218.166 - - [11/Jul/2025:12:13:37 -0300] "GET /stir/warehouse20/c8or9-3601/ HTTP/2.0" 404 - "-" "Mozilla/5.0 (X11; Linux x86_64) AppleWebKit/537.36 (KHTML, like Gecko) Chrome/137.0.7151.119 Safari/537.36"
157.66.54.162 - - [11/Jul/2025:12:13:38 -0300] "POST /lib/vendor/phpunit/phpunit/src/Util/PHP/eval-stdin.php HTTP/1.1" 200 12263 "-" "python-requests/2.25.1"
157.66.54.162 - - [11/Jul/2025:12:13:39 -0300] "POST /v1/phpunit/phpunit/src/Util/PHP/eval-stdin.php HTTP/1.1" 200 12261 "-" "python-requests/2.25.1"
157.66.54.162 - - [11/Jul/2025:12:13:40 -0300] "POST /v1/phpunit/phpunit/src/Util/PHP/eval-stdin.php HTTP/1.1" 200 12262 "-" "python-requests/2.25.1"
157.66.54.162 - - [11/Jul/2025:12:13:41 -0300] "POST /v2/vendor/phpunit/phpunit/src/Util/PHP/eval-stdin.php HTTP/1.1" 200 12268 "-" "python-requests/2.25.1"
157.66.54.162 - - [11/Jul/2025:12:13:42 -0300] "POST /v2/vendor/phpunit/phpunit/src/Util/PHP/eval-stdin.php HTTP/1.1" 200 12268 "-" "python-requests/2.25.1"
157.66.54.162 - - [11/Jul/2025:12:13:43 -0300] "POST /blogs/vendor/phpunit/phpunit/src/Util/PHP/eval-stdin.php HTTP/1.1" 200 12264 "-" "python-requests/2.25.1"
157.66.54.162 - - [11/Jul/2025:12:13:43 -0300] "POST /blogs/vendor/phpunit/phpunit/src/Util/PHP/eval-stdin.php HTTP/1.1" 200 12263 "-" "python-requests/2.25.1"
157.66.54.162 - - [11/Jul/2025:12:13:45 -0300] "POST /public/vendor/phpunit/phpunit/src/Util/PHP/eval-stdin.php HTTP/1.1" 200 12273 "-" "python-requests/2.25.1"
157.66.54.162 - - [11/Jul/2025:12:13:45 -0300] "POST /public/vendor/phpunit/phpunit/src/Util/PHP/eval-stdin.php HTTP/1.1" 200 12271 "-" "python-requests/2.25.1"
20.171.207.71 - - [11/Jul/2025:12:13:47 -0300] "GET /than/odds198/qwedd-11769/ HTTP/2.0" 404 - "-" "Mozilla/5.0 AppleWebKit/537.36 (KHTML, like Gecko; compatible; GPTBot/1.2; +https://openai.com/gptbot)"
20.171.207.71 - - [11/Jul/2025:12:14:49 -0300] "GET /serving/or69/vgp4r-33402/ HTTP/2.0" 404 - "-" "Mozilla/5.0 AppleWebKit/537.36 (KHTML, like Gecko; compatible; GPTBot/1.2; +https://openai.com/gptbot)"
20.171.207.71 - - [11/Jul/2025:12:15:52 -0300] "GET /that/aim151/jdpbv-45800/ HTTP/2.0" 404 - "-" "Mozilla/5.0 AppleWebKit/537.36 (KHTML, like Gecko; compatible; GPTBot/1.2; +https://openai.com/gptbot)"
20.171.207.71 - - [11/Jul/2025:12:16:57 -0300] "GET /fur/green154/tgaeb-23029/ HTTP/2.0" 404 - "-" "Mozilla/5.0 AppleWebKit/537.36 (KHTML, like Gecko; compatible; GPTBot/1.2; +https://openai.com/gptbot)"
20.171.207.71 - - [11/Jul/2025:12:18:00 -0300] "GET /flood/stir121/yaq1b-1964/ HTTP/2.0" 404 - "-" "Mozilla/5.0 AppleWebKit/537.36 (KHTML, like Gecko; compatible; GPTBot/1.2; +https://openai.com/gptbot)"
208.110.64.178 - - [11/Jul/2025:12:18:43 -0300] "GET /wp-includes/install.php HTTP/1.1" 404 - "https://dimensaocondominios.com.br/wp-includes/install.php" "Mozilla/5.0 (Windows NT 10.0; Win64; x64) AppleWebKit/537.36 (KHTML, like Gecko) Chrome/58.0.3029.110 Safari/537.3"
20.171.207.71 - - [11/Jul/2025:12:19:06 -0300] "GET /stock/who131/i5wae-5290/ HTTP/2.0" 404 - "-" "Mozilla/5.0 AppleWebKit/537.36 (KHTML, like Gecko; compatible; GPTBot/1.2; +https://openai.com/gptbot)"
66.249.77.164 - - [11/Jul/2025:12:19:28 -0300] "GET /pcmypage?callback=/product%2Fdetail%2umaimon-oumi-61117500-24 HTTP/2.0" 404 - "-" "Mozilla/5.0 (Linux; Android 6.0.1; Nexus 5X Build/MMB29P) AppleWebKit/537.36 (KHTML, like Gecko) Chrome/137.0.7151.103 Mobile Safari/537.36 (compatible; GoogleOther)"
20.171.207.71 - - [11/Jul/2025:12:20:07 -0300] "GET /leg/flat137/tunzf-47548/ HTTP/2.0" 404 - "-" "Mozilla/5.0 AppleWebKit/537.36 (KHTML, like Gecko; compatible; GPTBot/1.2; +https://openai.com/gptbot)"
47.82.60.44 - - [11/Jul/2025:12:20:28 -0300] "GET /shopdetail/184000074 HTTP/1.1" 404 - "https://dimensaocondominios.com.br/shopdetail/184000074" "Mozilla/5.0 (Windows NT 10.0; Win64; x64) AppleWebKit/537.36 (KHTML, like Gecko) Chrome/114.0.0.0 Safari/537.36 Edg/114.0.1823.43"
47.82.60.37 - - [11/Jul/2025:12:20:32 -0300] "GET /shopdetail/066021084 HTTP/1.1" 404 - "https://dimensaocondominios.com.br/shopdetail/066021084" "Mozilla/5.0 (Windows NT 10.0; Win64; x64) AppleWebKit/537.36 (KHTML, like Gecko) Chrome/114.0.0.0 Safari/537.36 Edg/114.0.1823.43"
47.82.60.13 - - [11/Jul/2025:12:20:42 -0300] "GET /shopdetail/193046983 HTTP/1.1" 404 - "https://dimensaocondominios.com.br/shopdetail/193046983" "Mozilla/5.0 (Windows NT 10.0; Win64; x64) AppleWebKit/537.36 (KHTML, like Gecko) Chrome/114.0.0.0 Safari/537.36 Edg/114.0.1823.43"
47.82.60.26 - - [11/Jul/2025:12:20:44 -0300] "GET /shopdetail/043030083 HTTP/1.1" 404 - "https://dimensaocondominios.com.br/shopdetail/043030083" "Mozilla/5.0 (Windows NT 10.0; Win64; x64) AppleWebKit/537.36 (KHTML, like Gecko) Chrome/114.0.0.0 Safari/537.36 Edg/114.0.1823.43"
47.82.60.10 - - [11/Jul/2025:12:20:49 -0300] "GET /shopdetail/009046503 HTTP/1.1" 404 - "https://dimensaocondominios.com.br/shopdetail/009046503" "Mozilla/5.0 (Windows NT 10.0; Win64; x64) AppleWebKit/537.36 (KHTML, like Gecko) Chrome/114.0.0.0 Safari/537.36 Edg/114.0.1823.43"
47.82.60.18 - - [11/Jul/2025:12:20:53 -0300] "GET /shopdetail/062032152 HTTP/1.1" 404 - "https://dimensaocondominios.com.br/shopdetail/062032152" "Mozilla/5.0 (Windows NT 10.0; Win64; x64) AppleWebKit/537.36 (KHTML, like Gecko) Chrome/114.0.0.0 Safari/537.36 Edg/114.0.1823.43"
47.82.60.30 - - [11/Jul/2025:12:22:45 -0300] "GET /shopdetail/017029501 HTTP/1.1" 404 - "https://dimensaocondominios.dimensaogrupo.com.br/shopdetail/017029501" "Mozilla/5.0 (Windows NT 10.0; Win64; x64) AppleWebKit/537.36 (KHTML, like Gecko) Chrome/114.0.0.0 Safari/537.36 Edg/114.0.1823.43"
208.110.64.178 - - [11/Jul/2025:12:24:04 -0300] "GET /wp-includes/install.php HTTP/1.1" 404 - "https://dimensaocondominios.com.br/wp-includes/install.php" "Mozilla/5.0 (Windows NT 10.0; Win64; x64) AppleWebKit/537.36 (KHTML, like Gecko) Chrome/58.0.3029.110 Safari/537.3"
66.249.77.165 - - [11/Jul/2025:12:26:19 -0300] "GET /shopdetail/082001866 HTTP/2.0" 404 - "-" "Mozilla/5.0 (Linux; Android 6.0.1; Nexus 5X Build/MMB29P) AppleWebKit/537.36 (KHTML, like Gecko) Chrome/137.0.7151.103 Mobile Safari/537.36 (compatible; GoogleOther)"
66.249.77.166 - - [11/Jul/2025:12:26:20 -0300] "GET /too/psychological82/efh8u-885/ HTTP/2.0" 404 - "-" "Mozilla/5.0 (Linux; Android 6.0.1; Nexus 5X Build/MMB29P) AppleWebKit/537.36 (KHTML, like Gecko) Chrome/137.0.7151.103 Mobile Safari/537.36 (compatible; GoogleOther)"
66.249.77.166 - - [11/Jul/2025:12:26:22 -0300] "GET /shopdetail/087038651 HTTP/2.0" 404 - "-" "Mozilla/5.0 (Linux; Android 6.0.1; Nexus 5X Build/MMB29P) AppleWebKit/537.36 (KHTML, like Gecko) Chrome/137.0.7151.103 Mobile Safari/537.36 (compatible; GoogleOther)"
66.249.77.165 - - [11/Jul/2025:12:26:23 -0300] "GET /incorporate/hero92/vwr4e-26897/ HTTP/2.0" 404 - "-" "Mozilla/5.0 (Linux; Android 6.0.1; Nexus 5X Build/MMB29P) AppleWebKit/537.36 (KHTML, like Gecko) Chrome/137.0.7151.103 Mobile Safari/537.36 (compatible; GoogleOther)"
66.249.77.164 - - [11/Jul/2025:12:26:25 -0300] "GET /their/purpose152/gx1tv-41827/ HTTP/2.0" 404 - "-" "Mozilla/5.0 (Linux; Android 6.0.1; Nexus 5X Build/MMB29P) AppleWebKit/537.36 (KHTML, like Gecko) Chrome/137.0.7151.103 Mobile Safari/537.36 (compatible; GoogleOther)"
66.249.77.164 - - [11/Jul/2025:12:26:32 -0300] "GET /shopdetail/184030160 HTTP/2.0" 404 - "-" "Mozilla/5.0 (Linux; Android 6.0.1; Nexus 5X Build/MMB29P) AppleWebKit/537.36 (KHTML, like Gecko) Chrome/137.0.7151.103 Mobile Safari/537.36 (compatible; GoogleOther)"
66.249.77.164 - - [11/Jul/2025:12:26:44 -0300] "GET /confuse/mentally58/o1upi-39719/ HTTP/2.0" 404 - "-" "Mozilla/5.0 (Linux; Android 6.0.1; Nexus 5X Build/MMB29P) AppleWebKit/537.36 (KHTML, like Gecko) Chrome/137.0.7151.103 Mobile Safari/537.36 (compatible; GoogleOther)"
66.249.77.164 - - [11/Jul/2025:12:26:57 -0300] "GET /code/coach87/c7ah8-38810/ HTTP/2.0" 404 - "-" "Mozilla/5.0 (Linux; Android 6.0.1; Nexus 5X Build/MMB29P) AppleWebKit/537.36 (KHTML, like Gecko) Chrome/137.0.7151.103 Mobile Safari/537.36 (compatible; GoogleOther)"
66.249.77.164 - - [11/Jul/2025:12:27:10 -0300] "GET /yet/makeup84/9l56k-4905/ HTTP/2.0" 404 - "-" "Mozilla/5.0 (Linux; Android 6.0.1; Nexus 5X Build/MMB29P) AppleWebKit/537.36 (KHTML, like Gecko) Chrome/137.0.7151.103 Mobile Safari/537.36 (compatible; GoogleOther)"
66.249.77.165 - - [11/Jul/2025:12:27:23 -0300] "GET /accomplishment/brief87/ppe4n-38824/ HTTP/2.0" 404 - "-" "Mozilla/5.0 (Linux; Android 6.0.1; Nexus 5X Build/MMB29P) AppleWebKit/537.36 (KHTML, like Gecko) Chrome/137.0.7151.103 Mobile Safari/537.36 (compatible; GoogleOther)"
66.249.77.164 - - [11/Jul/2025:12:27:36 -0300] "GET /pcmypage?callback=product/review/brandlove-cr-grasscase-hs-1 HTTP/2.0" 404 - "-" "Mozilla/5.0 (Linux; Android 6.0.1; Nexus 5X Build/MMB29P) AppleWebKit/537.36 (KHTML, like Gecko) Chrome/137.0.7151.103 Mobile Safari/537.36 (compatible; GoogleOther)"
66.249.77.166 - - [11/Jul/2025:12:28:02 -0300] "GET /shopdetail/188045566 HTTP/2.0" 404 - "-" "Mozilla/5.0 (Linux; Android 6.0.1; Nexus 5X Build/MMB29P) AppleWebKit/537.36 (KHTML, like Gecko) Chrome/137.0.7151.103 Mobile Safari/537.36 (compatible; GoogleOther)"
66.249.77.164 - - [11/Jul/2025:12:28:27 -0300] "GET /divine/my87/qwhmt-38664/ HTTP/2.0" 404 - "-" "Mozilla/5.0 (Linux; Android 6.0.1; Nexus 5X Build/MMB29P) AppleWebKit/537.36 (KHTML, like Gecko) Chrome/137.0.7151.103 Mobile Safari/537.36 (compatible; GoogleOther)"
66.249.77.164 - - [11/Jul/2025:12:28:53 -0300] "GET /product/edit/brandlove-cr-grasscase-hs-1 HTTP/2.0" 404 - "-" "Mozilla/5.0 (Linux; Android 6.0.1; Nexus 5X Build/MMB29P) AppleWebKit/537.36 (KHTML, like Gecko) Chrome/137.0.7151.103 Mobile Safari/537.36 (compatible; GoogleOther)"
66.249.77.166 - - [11/Jul/2025:12:29:19 -0300] "GET /tactic/personnel1/gr6zh-10210/ HTTP/2.0" 404 - "-" "Mozilla/5.0 (Linux; Android 6.0.1; Nexus 5X Build/MMB29P) AppleWebKit/537.36 (KHTML, like Gecko) Chrome/137.0.7151.103 Mobile Safari/537.36 (compatible; GoogleOther)"
66.249.77.165 - - [11/Jul/2025:12:29:44 -0300] "GET /opposition/partner132/0mu00-32685/ HTTP/2.0" 404 - "-" "Mozilla/5.0 (Linux; Android 6.0.1; Nexus 5X Build/MMB29P) AppleWebKit/537.36 (KHTML, like Gecko) Chrome/137.0.7151.103 Mobile Safari/537.36 (compatible; GoogleOther)"
47.82.60.60 - - [11/Jul/2025:12:30:12 -0300] "GET /shopdetail/166024516 HTTP/1.1" 404 - "https://dimensaocondominios.com.br/shopdetail/166024516" "Mozilla/5.0 (Windows NT 10.0; Win64; x64) AppleWebKit/537.36 (KHTML, like Gecko) Chrome/114.0.0.0 Safari/537.36 Edg/114.0.1823.43"
47.82.60.64 - - [11/Jul/2025:12:30:15 -0300] "GET /shopdetail/151009159 HTTP/1.1" 404 - "https://dimensaocondominios.com.br/shopdetail/151009159" "Mozilla/5.0 (Windows NT 10.0; Win64; x64) AppleWebKit/537.36 (KHTML, like Gecko) Chrome/114.0.0.0 Safari/537.36 Edg/114.0.1823.43"
47.82.60.52 - - [11/Jul/2025:12:30:24 -0300] "GET /shopdetail/073037797 HTTP/1.1" 404 - "https://dimensaocondominios.com.br/shopdetail/073037797" "Mozilla/5.0 (Windows NT 10.0; Win64; x64) AppleWebKit/537.36 (KHTML, like Gecko) Chrome/114.0.0.0 Safari/537.36 Edg/114.0.1823.43"
47.82.60.31 - - [11/Jul/2025:12:30:26 -0300] "GET /shopdetail/148038758 HTTP/1.1" 404 - "https://dimensaocondominios.com.br/shopdetail/148038758" "Mozilla/5.0 (Windows NT 10.0; Win64; x64) AppleWebKit/537.36 (KHTML, like Gecko) Chrome/114.0.0.0 Safari/537.36 Edg/114.0.1823.43"
47.82.60.50 - - [11/Jul/2025:12:30:28 -0300] "GET /shopdetail/110037786 HTTP/1.1" 404 - "https://dimensaocondominios.com.br/shopdetail/110037786" "Mozilla/5.0 (Windows NT 10.0; Win64; x64) AppleWebKit/537.36 (KHTML, like Gecko) Chrome/114.0.0.0 Safari/537.36 Edg/114.0.1823.43"
47.82.60.68 - - [11/Jul/2025:12:30:34 -0300] "GET /shopdetail/083020763 HTTP/1.1" 404 - "https://dimensaocondominios.com.br/shopdetail/083020763" "Mozilla/5.0 (Windows NT 10.0; Win64; x64) AppleWebKit/537.36 (KHTML, like Gecko) Chrome/114.0.0.0 Safari/537.36 Edg/114.0.1823.43"
47.82.60.63 - - [11/Jul/2025:12:30:45 -0300] "GET /shopdetail/071017503 HTTP/1.1" 404 - "https://dimensaocondominios.com.br/shopdetail/071017503" "Mozilla/5.0 (Windows NT 10.0; Win64; x64) AppleWebKit/537.36 (KHTML, like Gecko) Chrome/114.0.0.0 Safari/537.36 Edg/114.0.1823.43"
47.82.60.53 - - [11/Jul/2025:12:30:51 -0300] "GET /shopdetail/007049725 HTTP/1.1" 404 - "https://dimensaocondominios.com.br/shopdetail/007049725" "Mozilla/5.0 (Windows NT 10.0; Win64; x64) AppleWebKit/537.36 (KHTML, like Gecko) Chrome/114.0.0.0 Safari/537.36 Edg/114.0.1823.43"
47.82.60.52 - - [11/Jul/2025:12:30:53 -0300] "GET /shopdetail/078002828 HTTP/1.1" 404 - "https://dimensaocondominios.com.br/shopdetail/078002828" "Mozilla/5.0 (Windows NT 10.0; Win64; x64) AppleWebKit/537.36 (KHTML, like Gecko) Chrome/114.0.0.0 Safari/537.36 Edg/114.0.1823.43"
47.82.60.31 - - [11/Jul/2025:12:30:54 -0300] "GET /shopdetail/002046012 HTTP/1.1" 404 - "https://dimensaocondominios.com.br/shopdetail/002046012" "Mozilla/5.0 (Windows NT 10.0; Win64; x64) AppleWebKit/537.36 (KHTML, like Gecko) Chrome/114.0.0.0 Safari/537.36 Edg/114.0.1823.43"
47.82.60.63 - - [11/Jul/2025:12:30:59 -0300] "GET /shopdetail/022034758 HTTP/1.1" 404 - "https://dimensaocondominios.com.br/shopdetail/022034758" "Mozilla/5.0 (Windows NT 10.0; Win64; x64) AppleWebKit/537.36 (KHTML, like Gecko) Chrome/114.0.0.0 Safari/537.36 Edg/114.0.1823.43"
47.82.60.6 - - [11/Jul/2025:12:31:00 -0300] "GET /shopdetail/091034625 HTTP/1.1" 404 - "https://dimensaocondominios.com.br/shopdetail/091034625" "Mozilla/5.0 (Windows NT 10.0; Win64; x64) AppleWebKit/537.36 (KHTML, like Gecko) Chrome/114.0.0.0 Safari/537.36 Edg/114.0.1823.43"
47.82.60.49 - - [11/Jul/2025:12:31:01 -0300] "GET /shopdetail/199000749 HTTP/1.1" 404 - "https://dimensaocondominios.com.br/shopdetail/199000749" "Mozilla/5.0 (Windows NT 10.0; Win64; x64) AppleWebKit/537.36 (KHTML, like Gecko) Chrome/114.0.0.0 Safari/537.36 Edg/114.0.1823.43"
47.82.60.34 - - [11/Jul/2025:12:31:31 -0300] "GET /shopdetail/115013703 HTTP/1.1" 404 - "https://dimensaocondominios.com.br/shopdetail/115013703" "Mozilla/5.0 (Windows NT 10.0; Win64; x64) AppleWebKit/537.36 (KHTML, like Gecko) Chrome/114.0.0.0 Safari/537.36 Edg/114.0.1823.43"
47.82.60.36 - - [11/Jul/2025:12:31:41 -0300] "GET /shopdetail/026043500 HTTP/1.1" 404 - "https://dimensaocondominios.com.br/shopdetail/026043500" "Mozilla/5.0 (Windows NT 10.0; Win64; x64) AppleWebKit/537.36 (KHTML, like Gecko) Chrome/114.0.0.0 Safari/537.36 Edg/114.0.1823.43"
66.249.77.165 - - [11/Jul/2025:12:37:32 -0300] "GET /meantime/trigger170/iv805-25217/ HTTP/2.0" 404 - "-" "Mozilla/5.0 (Linux; Android 6.0.1; Nexus 5X Build/MMB29P) AppleWebKit/537.36 (KHTML, like Gecko) Chrome/137.0.7151.103 Mobile Safari/537.36 (compatible; Googlebot/2.1; +http://www.google.com/bot.html)"
4.227.36.80 - - [11/Jul/2025:12:37:33 -0300] "GET /robots.txt HTTP/2.0" 200 454 "-" "Mozilla/5.0 AppleWebKit/537.36 (KHTML, like Gecko; compatible; GPTBot/1.2; +https://openai.com/gptbot)"
20.171.207.76 - - [11/Jul/2025:12:37:44 -0300] "GET /?_bd_prev_page=https%3A%2F%2Fdimensaocondominios.com.br%2Fspark.asp%3Fproduct%2FO80%3Fe%3Dsearch&_bdsid=dg056l.n%7EDRWDY.179497437.171969045&_gz=2.199585350.194089546.171488855-862930654.160522360&l=837 HTTP/2.0" 200 - "-" "Mozilla/5.0 AppleWebKit/537.36 (KHTML, like Gecko; compatible; GPTBot/1.2; +https://openai.com/gptbot)"
20.171.207.76 - - [11/Jul/2025:12:37:51 -0300] "GET /?_bd_prev_page=https%3A%2F%2Fdimensaocondominios.com.br%2Fspark.asp%3Fproduct%2FD32%3Fw%3Dsearch&_bdsid=dg056l.n%7EDRWDY.179497437.171969045&_gz=2.199585350.194089546.171488855-862930654.160522360&l=203 HTTP/2.0" 200 - "-" "Mozilla/5.0 AppleWebKit/537.36 (KHTML, like Gecko; compatible; GPTBot/1.2; +https://openai.com/gptbot)"
20.171.207.76 - - [11/Jul/2025:12:37:54 -0300] "GET /?_bd_prev_page=https%3A%2F%2Fdimensaocondominios.com.br%2Fspark.asp%3Fitems%2Fozmpl61%2F40731%3Fkey%3Dassault&_bdsid=dg056l.n%7EDRWDY.179497437.171969045&_gz=2.199585350.194089546.171488855-862930654.160522360 HTTP/2.0" 200 - "-" "Mozilla/5.0 AppleWebKit/537.36 (KHTML, like Gecko; compatible; GPTBot/1.2; +https://openai.com/gptbot)"
20.171.207.76 - - [11/Jul/2025:12:37:56 -0300] "GET /pages.php?items%2Fbbgqj28%2F49568%3Fkey=mechanic HTTP/2.0" 404 - "-" "Mozilla/5.0 AppleWebKit/537.36 (KHTML, like Gecko; compatible; GPTBot/1.2; +https://openai.com/gptbot)"
20.171.207.76 - - [11/Jul/2025:12:37:59 -0300] "GET /pages.php?items%2Fsuqub73%2F10247%3Fkey=homework HTTP/2.0" 404 - "-" "Mozilla/5.0 AppleWebKit/537.36 (KHTML, like Gecko; compatible; GPTBot/1.2; +https://openai.com/gptbot)"
20.171.207.76 - - [11/Jul/2025:12:38:03 -0300] "GET /?_bd_prev_page=https%3A%2F%2Fdimensaocondominios.com.br%2Fspark.asp%3Fitems%2Fhxkfy30%2F30598%3Fkey%3Dfault&_bdsid=dg056l.n%7EDRWDY.179497437.171969045&_gz=2.199585350.194089546.171488855-862930654.160522360 HTTP/2.0" 200 - "-" "Mozilla/5.0 AppleWebKit/537.36 (KHTML, like Gecko; compatible; GPTBot/1.2; +https://openai.com/gptbot)"
20.171.207.76 - - [11/Jul/2025:12:38:06 -0300] "GET /reasonable/always188/8rx13-33705/ HTTP/2.0" 404 - "-" "Mozilla/5.0 AppleWebKit/537.36 (KHTML, like Gecko; compatible; GPTBot/1.2; +https://openai.com/gptbot)"
20.171.207.76 - - [11/Jul/2025:12:38:09 -0300] "GET /dose/plus63/ork5a-26736/ HTTP/2.0" 404 - "-" "Mozilla/5.0 AppleWebKit/537.36 (KHTML, like Gecko; compatible; GPTBot/1.2; +https://openai.com/gptbot)"
20.171.207.76 - - [11/Jul/2025:12:38:11 -0300] "GET /three/mode53/io7iq-32474/ HTTP/2.0" 404 - "-" "Mozilla/5.0 AppleWebKit/537.36 (KHTML, like Gecko; compatible; GPTBot/1.2; +https://openai.com/gptbot)"
20.171.207.76 - - [11/Jul/2025:12:38:13 -0300] "GET /get/church14/6q5it-4925/ HTTP/2.0" 404 - "-" "Mozilla/5.0 AppleWebKit/537.36 (KHTML, like Gecko; compatible; GPTBot/1.2; +https://openai.com/gptbot)"
20.171.207.76 - - [11/Jul/2025:12:38:15 -0300] "GET /path/bias80/pfad5-40117/ HTTP/2.0" 404 - "-" "Mozilla/5.0 AppleWebKit/537.36 (KHTML, like Gecko; compatible; GPTBot/1.2; +https://openai.com/gptbot)"
20.171.207.76 - - [11/Jul/2025:12:38:20 -0300] "GET /kit/fraud52/q6xrp-43255/ HTTP/2.0" 404 - "-" "Mozilla/5.0 AppleWebKit/537.36 (KHTML, like Gecko; compatible; GPTBot/1.2; +https://openai.com/gptbot)"
20.171.207.76 - - [11/Jul/2025:12:38:22 -0300] "GET /mirror/palm4/xy1l3-49311/ HTTP/2.0" 404 - "-" "Mozilla/5.0 AppleWebKit/537.36 (KHTML, like Gecko; compatible; GPTBot/1.2; +https://openai.com/gptbot)"
20.171.207.76 - - [11/Jul/2025:12:38:24 -0300] "GET /below/hot33/npjb5-31744/ HTTP/2.0" 404 - "-" "Mozilla/5.0 AppleWebKit/537.36 (KHTML, like Gecko; compatible; GPTBot/1.2; +https://openai.com/gptbot)"
20.171.207.76 - - [11/Jul/2025:12:38:26 -0300] "GET /down/trend74/dq6xn-49855/ HTTP/2.0" 404 - "-" "Mozilla/5.0 AppleWebKit/537.36 (KHTML, like Gecko; compatible; GPTBot/1.2; +https://openai.com/gptbot)"
20.171.207.76 - - [11/Jul/2025:12:38:29 -0300] "GET /hotel/herb37/mi9ns-25322/ HTTP/2.0" 404 - "-" "Mozilla/5.0 AppleWebKit/537.36 (KHTML, like Gecko; compatible; GPTBot/1.2; +https://openai.com/gptbot)"
20.171.207.76 - - [11/Jul/2025:12:38:32 -0300] "GET /grip/teen141/tsmbd-15470/ HTTP/2.0" 404 - "-" "Mozilla/5.0 AppleWebKit/537.36 (KHTML, like Gecko; compatible; GPTBot/1.2; +https://openai.com/gptbot)"
196.251.117.9 - - [11/Jul/2025:12:38:42 -0300] "GET /.env HTTP/1.1" 404 - "-" "Mozilla/5.0 (Windows NT 6.1; Win64; x64) AppleWebKit/537.36 (KHTML, like Gecko) Chrome/76.0.3804.0 Safari/537.36"
69.197.182.50 - - [11/Jul/2025:12:38:44 -0300] "GET /wp-includes/install.php HTTP/1.1" 404 - "https://dimensaocondominios.com.br/wp-includes/install.php" "Mozilla/5.0 (Windows NT 10.0; Win64; x64) AppleWebKit/537.36 (KHTML, like Gecko) Chrome/58.0.3029.110 Safari/537.3"
20.171.207.76 - - [11/Jul/2025:12:38:49 -0300] "GET /child/spell84/o4em6-7919/ HTTP/2.0" 404 - "-" "Mozilla/5.0 AppleWebKit/537.36 (KHTML, like Gecko; compatible; GPTBot/1.2; +https://openai.com/gptbot)"
20.171.207.76 - - [11/Jul/2025:12:38:51 -0300] "GET /realm/fare87/v0aww-33836/ HTTP/2.0" 404 - "-" "Mozilla/5.0 AppleWebKit/537.36 (KHTML, like Gecko; compatible; GPTBot/1.2; +https://openai.com/gptbot)"
20.171.207.76 - - [11/Jul/2025:12:38:53 -0300] "GET /debate/beg53/gj6wy-31246/ HTTP/2.0" 404 - "-" "Mozilla/5.0 AppleWebKit/537.36 (KHTML, like Gecko; compatible; GPTBot/1.2; +https://openai.com/gptbot)"
20.171.207.76 - - [11/Jul/2025:12:38:55 -0300] "GET /rise/sure194/ud0hl-7461/ HTTP/2.0" 404 - "-" "Mozilla/5.0 AppleWebKit/537.36 (KHTML, like Gecko; compatible; GPTBot/1.2; +https://openai.com/gptbot)"
20.171.207.76 - - [11/Jul/2025:12:38:57 -0300] "GET /seldom/whip81/87hqo-6988/ HTTP/2.0" 404 - "-" "Mozilla/5.0 AppleWebKit/537.36 (KHTML, like Gecko; compatible; GPTBot/1.2; +https://openai.com/gptbot)"
20.171.207.76 - - [11/Jul/2025:12:39:00 -0300] "GET /mix/unless132/tylk4-2001/ HTTP/2.0" 404 - "-" "Mozilla/5.0 AppleWebKit/537.36 (KHTML, like Gecko; compatible; GPTBot/1.2; +https://openai.com/gptbot)"
20.171.207.76 - - [11/Jul/2025:12:39:01 -0300] "GET /prize/home185/0ynro-8094/ HTTP/2.0" 404 - "-" "Mozilla/5.0 AppleWebKit/537.36 (KHTML, like Gecko; compatible; GPTBot/1.2; +https://openai.com/gptbot)"
20.171.207.76 - - [11/Jul/2025:12:39:03 -0300] "GET /solve/seed64/0wmen-20855/ HTTP/2.0" 404 - "-" "Mozilla/5.0 AppleWebKit/537.36 (KHTML, like Gecko; compatible; GPTBot/1.2; +https://openai.com/gptbot)"
20.171.207.76 - - [11/Jul/2025:12:39:05 -0300] "GET /find/male82/s7pgn-25883/ HTTP/2.0" 404 - "-" "Mozilla/5.0 AppleWebKit/537.36 (KHTML, like Gecko; compatible; GPTBot/1.2; +https://openai.com/gptbot)"
20.171.207.76 - - [11/Jul/2025:12:39:23 -0300] "GET /tail/ship161/erdrh-19816/ HTTP/2.0" 404 - "-" "Mozilla/5.0 AppleWebKit/537.36 (KHTML, like Gecko; compatible; GPTBot/1.2; +https://openai.com/gptbot)"
69.197.182.50 - - [11/Jul/2025:12:39:25 -0300] "GET /wp-includes/install.php HTTP/1.1" 404 - "https://dimensaocondominios.com.br/wp-includes/install.php" "Mozilla/5.0 (Windows NT 10.0; Win64; x64) AppleWebKit/537.36 (KHTML, like Gecko) Chrome/58.0.3029.110 Safari/537.3"
20.171.207.76 - - [11/Jul/2025:12:39:31 -0300] "GET /vs/limited41/fo92m-7012/ HTTP/2.0" 404 - "-" "Mozilla/5.0 AppleWebKit/537.36 (KHTML, like Gecko; compatible; GPTBot/1.2; +https://openai.com/gptbot)"
20.171.207.76 - - [11/Jul/2025:12:39:39 -0300] "GET /the/formal141/1rhlh-3668/ HTTP/2.0" 404 - "-" "Mozilla/5.0 AppleWebKit/537.36 (KHTML, like Gecko; compatible; GPTBot/1.2; +https://openai.com/gptbot)"
20.171.207.76 - - [11/Jul/2025:12:39:44 -0300] "GET /able/even125/uzeym-17030/ HTTP/2.0" 404 - "-" "Mozilla/5.0 AppleWebKit/537.36 (KHTML, like Gecko; compatible; GPTBot/1.2; +https://openai.com/gptbot)"
20.171.207.76 - - [11/Jul/2025:12:39:48 -0300] "GET /may/deer130/uitcy-43741/ HTTP/2.0" 404 - "-" "Mozilla/5.0 AppleWebKit/537.36 (KHTML, like Gecko; compatible; GPTBot/1.2; +https://openai.com/gptbot)"
20.171.207.76 - - [11/Jul/2025:12:39:52 -0300] "GET /speech/ask142/vn6ff-1767/ HTTP/2.0" 404 - "-" "Mozilla/5.0 AppleWebKit/537.36 (KHTML, like Gecko; compatible; GPTBot/1.2; +https://openai.com/gptbot)"
20.171.207.76 - - [11/Jul/2025:12:39:55 -0300] "GET /pin/union25/zpn3g-19584/ HTTP/2.0" 404 - "-" "Mozilla/5.0 AppleWebKit/537.36 (KHTML, like Gecko; compatible; GPTBot/1.2; +https://openai.com/gptbot)"
20.171.207.76 - - [11/Jul/2025:12:39:58 -0300] "GET /knee/ahead138/j2xwe-9909/ HTTP/2.0" 404 - "-" "Mozilla/5.0 AppleWebKit/537.36 (KHTML, like Gecko; compatible; GPTBot/1.2; +https://openai.com/gptbot)"
20.171.207.76 - - [11/Jul/2025:12:40:00 -0300] "GET /flee/wood30/jms3b-20665/ HTTP/2.0" 404 - "-" "Mozilla/5.0 AppleWebKit/537.36 (KHTML, like Gecko; compatible; GPTBot/1.2; +https://openai.com/gptbot)"
20.171.207.76 - - [11/Jul/2025:12:40:02 -0300] "GET /brake/wood19/ro9um-40550/ HTTP/2.0" 404 - "-" "Mozilla/5.0 AppleWebKit/537.36 (KHTML, like Gecko; compatible; GPTBot/1.2; +https://openai.com/gptbot)"
20.171.207.76 - - [11/Jul/2025:12:40:06 -0300] "GET /newly/sheep37/tz70y-4036/ HTTP/2.0" 404 - "-" "Mozilla/5.0 AppleWebKit/537.36 (KHTML, like Gecko; compatible; GPTBot/1.2; +https://openai.com/gptbot)"
20.171.207.76 - - [11/Jul/2025:12:40:08 -0300] "GET /select/hat85/rw0kd-34384/ HTTP/2.0" 404 - "-" "Mozilla/5.0 AppleWebKit/537.36 (KHTML, like Gecko; compatible; GPTBot/1.2; +https://openai.com/gptbot)"
20.171.207.76 - - [11/Jul/2025:12:40:10 -0300] "GET /gold/tooth15/7rwkt-11996/ HTTP/2.0" 404 - "-" "Mozilla/5.0 AppleWebKit/537.36 (KHTML, like Gecko; compatible; GPTBot/1.2; +https://openai.com/gptbot)"
20.171.207.76 - - [11/Jul/2025:12:40:12 -0300] "GET /will/steal73/mywb1-28224/ HTTP/2.0" 404 - "-" "Mozilla/5.0 AppleWebKit/537.36 (KHTML, like Gecko; compatible; GPTBot/1.2; +https://openai.com/gptbot)"
20.171.207.76 - - [11/Jul/2025:12:40:14 -0300] "GET /boil/son184/naxlc-21239/ HTTP/2.0" 404 - "-" "Mozilla/5.0 AppleWebKit/537.36 (KHTML, like Gecko; compatible; GPTBot/1.2; +https://openai.com/gptbot)"
20.171.207.76 - - [11/Jul/2025:12:40:17 -0300] "GET /come/each96/ng5dw-25933/ HTTP/2.0" 404 - "-" "Mozilla/5.0 AppleWebKit/537.36 (KHTML, like Gecko; compatible; GPTBot/1.2; +https://openai.com/gptbot)"
20.171.207.76 - - [11/Jul/2025:12:40:20 -0300] "GET /boss/eleven9/b8sm6-31418/ HTTP/2.0" 404 - "-" "Mozilla/5.0 AppleWebKit/537.36 (KHTML, like Gecko; compatible; GPTBot/1.2; +https://openai.com/gptbot)"
